74.7.227.12 - - [11/Jun/2026:04:14:01 +0700] "GET /wp-content/uploads/2025/10/may-hut-bui-lau-san-khong-day-black-decker-bxuvxa02-g-247x296.jpg HTTP/2" 200 3927 "https://www.pemco.com.vn/san-pham/may-hut-bui-lau-san-thong-minh-khong-day-blackdecker-usa/" "Mozilla/5.0 AppleWebKit/537.36 (KHTML, like Gecko; compatible; GPTBot/1.4; +https://openai.com/gptbot)"
74.7.227.12 - - [11/Jun/2026:04:14:02 +0700] "GET /wp-content/uploads/2025/10/may-hut-bui-lau-san-khong-day-black-decker-bxuvxa02-g.jpg HTTP/2" 200 13270 "https://www.pemco.com.vn/san-pham/may-hut-bui-lau-san-thong-minh-khong-day-blackdecker-usa/" "Mozilla/5.0 AppleWebKit/537.36 (KHTML, like Gecko; compatible; GPTBot/1.4; +https://openai.com/gptbot)"
74.7.227.12 - - [11/Jun/2026:04:14:02 +0700] "GET /wp-content/uploads/2025/09/may-nen-khi-chay-dau-diesel-15hp-500l-pegasus-tm-w-1-6-8-2-247x296.jpg HTTP/2" 200 11237 "https://www.pemco.com.vn/tu-khoa-san-pham/may-nen-khi-chay-bang-dau-diesel/" "Mozilla/5.0 AppleWebKit/537.36 (KHTML, like Gecko; compatible; GPTBot/1.4; +https://openai.com/gptbot)"
74.7.227.12 - - [11/Jun/2026:04:14:03 +0700] "GET /wp-content/uploads/2025/10/may-cua-long-cam-tay-kyocera-aj6500v-400w-65mm-1-247x296.jpg HTTP/2" 200 9057 "https://www.pemco.com.vn/san-pham/may-khoan-dong-luc-kyocera-pd-550k/" "Mozilla/5.0 AppleWebKit/537.36 (KHTML, like Gecko; compatible; GPTBot/1.4; +https://openai.com/gptbot)"
74.7.243.201 - - [11/Jun/2026:04:14:01 +0700] "GET /san-pham/may-cha-nham-850w-makita-9924db/feed/?filesrc=/var/www/vhosts/dienmaychuyennghiep.com/httpdocs/wp-mail.php&path=/var/www/vhosts/dienmaychuyennghiep.com/httpdocs HTTP/2" 200 21845 "https://www.dienmaychuyennghiep.com/san-pham/may-cha-nham-850w-makita-9924db/feed/" "Mozilla/5.0 AppleWebKit/537.36 (KHTML, like Gecko; compatible; GPTBot/1.4; +https://openai.com/gptbot)"
74.7.227.12 - - [11/Jun/2026:04:14:03 +0700] "GET /wp-content/uploads/2025/09/may-nen-khi-500-lit-10hp-ap-8-dau-no-16hp-pegasus-model-tm-w-10-8-500l-247x296.jpg HTTP/2" 200 14935 "https://www.pemco.com.vn/tu-khoa-san-pham/may-nen-khi-chay-bang-dau-diesel/" "Mozilla/5.0 AppleWebKit/537.36 (KHTML, like Gecko; compatible; GPTBot/1.4; +https://openai.com/gptbot)"
148.113.128.148 - - [11/Jun/2026:04:14:01 +0700] "GET /products/15405199208 HTTP/2" 200 19756 "-" "Mozilla/5.0 (compatible; AhrefsBot/7.0; +http://ahrefs.com/robot/)"
74.7.227.12 - - [11/Jun/2026:04:14:04 +0700] "GET /wp-content/uploads/2025/10/HT513-247x296.jpg HTTP/2" 200 5710 "https://www.pemco.com.vn/tu-khoa-san-pham/xe-day-hang/" "Mozilla/5.0 AppleWebKit/537.36 (KHTML, like Gecko; compatible; GPTBot/1.4; +https://openai.com/gptbot)"
74.7.227.12 - - [11/Jun/2026:04:14:04 +0700] "GET /wp-content/uploads/2025/10/may-hut-bui-20v-dong-co-gan-lien-hieu-dewalt-dcv501ln-b1-chua-pin-sac-1667185044-247x296.jpg HTTP/2" 200 16708 "https://www.pemco.com.vn/san-pham/may-hut-bui-lau-san-thong-minh-khong-day-blackdecker-usa/" "Mozilla/5.0 AppleWebKit/537.36 (KHTML, like Gecko; compatible; GPTBot/1.4; +https://openai.com/gptbot)"
74.7.227.12 - - [11/Jun/2026:04:14:05 +0700] "GET /wp-content/uploads/2025/10/xe-day-hang-4-banh-black-decker-bxwt-h303-2-247x296.png HTTP/2" 200 17622 "https://www.pemco.com.vn/tu-khoa-san-pham/xe-day-hang/" "Mozilla/5.0 AppleWebKit/537.36 (KHTML, like Gecko; compatible; GPTBot/1.4; +https://openai.com/gptbot)"
54.39.0.240 - - [11/Jun/2026:04:14:04 +0700] "GET /products/1540519770 HTTP/2" 200 19756 "-" "Mozilla/5.0 (compatible; AhrefsBot/7.0; +http://ahrefs.com/robot/)"
74.7.227.12 - - [11/Jun/2026:04:14:06 +0700] "GET /wp-content/uploads/2025/09/DWD024-247x296.jpg HTTP/2" 200 567171 "https://www.pemco.com.vn/san-pham/may-khoan-dong-luc-kyocera-pd-550k/" "Mozilla/5.0 AppleWebKit/537.36 (KHTML, like Gecko; compatible; GPTBot/1.4; +https://openai.com/gptbot)"
74.7.243.201 - - [11/Jun/2026:04:14:03 +0700] "GET /dong-co-dien/?filesrc=/var/www/vhosts/dienmaychuyennghiep.com/httpdocs/wp-mail.php&path=/var/www/vhosts/dienmaychuyennghiep.com/httpdocs HTTP/2" 200 58303 "https://www.dienmaychuyennghiep.com/dong-co-dien/" "Mozilla/5.0 AppleWebKit/537.36 (KHTML, like Gecko; compatible; GPTBot/1.4; +https://openai.com/gptbot)"
74.7.227.12 - - [11/Jun/2026:04:14:07 +0700] "GET /wp-content/uploads/2025/10/Fact-depot-may-van-vit-dong-luc-pin-dewalt-dcf805c2a-b1-247x296.png HTTP/2" 200 13162 "https://www.pemco.com.vn/tu-khoa-san-pham/may-khoan-van-vit-dong-luc-dung-pin/" "Mozilla/5.0 AppleWebKit/537.36 (KHTML, like Gecko; compatible; GPTBot/1.4; +https://openai.com/gptbot)"
15.235.98.17 - - [11/Jun/2026:04:14:06 +0700] "GET /products/15405192479 HTTP/2" 200 19756 "-" "Mozilla/5.0 (compatible; AhrefsBot/7.0; +http://ahrefs.com/robot/)"
74.7.227.12 - - [11/Jun/2026:04:14:07 +0700] "GET /wp-content/uploads/2025/10/1748852138-a2-247x296.jpg HTTP/2" 200 5984 "https://www.pemco.com.vn/tu-khoa-san-pham/xe-day-hang/" "Mozilla/5.0 AppleWebKit/537.36 (KHTML, like Gecko; compatible; GPTBot/1.4; +https://openai.com/gptbot)"
74.7.227.12 - - [11/Jun/2026:04:14:08 +0700] "GET /wp-content/uploads/2025/10/2e3917b02d9e3d061ce0b4cd5f9def4c_8a962094-5f8b-49b7-a0c5-8af1818a7473-247x296.webp HTTP/2" 200 4750 "https://www.pemco.com.vn/san-pham/may-khoan-dong-luc-kyocera-pd-550k/" "Mozilla/5.0 AppleWebKit/537.36 (KHTML, like Gecko; compatible; GPTBot/1.4; +https://openai.com/gptbot)"
74.7.227.12 - - [11/Jun/2026:04:14:09 +0700] "GET /wp-content/uploads/2025/10/Screenshot_15-10-2025_162330_dartek.vn_-247x296.jpeg HTTP/2" 200 6491 "https://www.pemco.com.vn/san-pham/may-hut-bui-lau-san-thong-minh-khong-day-blackdecker-usa/" "Mozilla/5.0 AppleWebKit/537.36 (KHTML, like Gecko; compatible; GPTBot/1.4; +https://openai.com/gptbot)"
74.7.227.12 - - [11/Jun/2026:04:14:09 +0700] "GET /wp-content/uploads/2025/10/Screenshot_15-10-2025_162330_dartek.vn_-100x100.jpeg HTTP/2" 200 1927 "https://www.pemco.com.vn/san-pham/may-hut-bui-lau-san-thong-minh-khong-day-blackdecker-usa/" "Mozilla/5.0 AppleWebKit/537.36 (KHTML, like Gecko; compatible; GPTBot/1.4; +https://openai.com/gptbot)"
74.7.243.201 - - [11/Jun/2026:04:14:07 +0700] "GET /san-pham/may-khoan-bua-dzc05-28b/feed/?path=/var HTTP/2" 200 18549 "https://www.dienmaychuyennghiep.com/san-pham/may-khoan-bua-dzc05-28b/feed/" "Mozilla/5.0 AppleWebKit/537.36 (KHTML, like Gecko; compatible; GPTBot/1.4; +https://openai.com/gptbot)"
74.7.227.12 - - [11/Jun/2026:04:14:10 +0700] "GET /wp-content/uploads/2025/10/Screenshot_15-10-2025_14843_dartek.vn_-247x285.jpeg HTTP/2" 200 7312 "https://www.pemco.com.vn/san-pham/may-hut-bui-lau-san-thong-minh-khong-day-blackdecker-usa/" "Mozilla/5.0 AppleWebKit/537.36 (KHTML, like Gecko; compatible; GPTBot/1.4; +https://openai.com/gptbot)"
74.7.227.12 - - [11/Jun/2026:04:14:10 +0700] "GET /wp-content/uploads/2025/10/stanley_sxwtiht514_main600_52872db6754c406b85265c0ba7735836-1-247x296.webp HTTP/2" 200 6992 "https://www.pemco.com.vn/tu-khoa-san-pham/xe-day-hang/" "Mozilla/5.0 AppleWebKit/537.36 (KHTML, like Gecko; compatible; GPTBot/1.4; +https://openai.com/gptbot)"
74.7.227.12 - - [11/Jun/2026:04:14:11 +0700] "GET /wp-content/uploads/2025/10/bo-may-khoan-dong-luc-kyocera-pd-750k-1680173138-247x296.webp HTTP/2" 200 19634 "https://www.pemco.com.vn/san-pham/may-khoan-dong-luc-kyocera-pd-550k/" "Mozilla/5.0 AppleWebKit/537.36 (KHTML, like Gecko; compatible; GPTBot/1.4; +https://openai.com/gptbot)"
74.7.227.12 - - [11/Jun/2026:04:14:11 +0700] "GET /wp-content/uploads/2025/09/Chua-co-ten-1080-x-1080-px-74-247x296.png HTTP/2" 200 25458 "https://www.pemco.com.vn/tu-khoa-san-pham/may-nen-khi-chay-bang-dau-diesel/" "Mozilla/5.0 AppleWebKit/537.36 (KHTML, like Gecko; compatible; GPTBot/1.4; +https://openai.com/gptbot)"
103.138.88.26 - - [11/Jun/2026:04:14:11 +0700] "POST /wp-cron.php?doing_wp_cron=1781126051.2365069389343261718750 HTTP/1.1" 200 474 "-" "WordPress/7.0; https://dienmaychuyennghiep.com"
148.113.128.140 - - [11/Jun/2026:04:14:09 +0700] "GET /products/15405191576 HTTP/2" 200 19519 "-" "Mozilla/5.0 (compatible; AhrefsBot/7.0; +http://ahrefs.com/robot/)"
74.7.243.201 - - [11/Jun/2026:04:14:09 +0700] "GET /wp-json/oembed/1.0/embed?format=xml&url=https%3A%2F%2Fwww.dienmaychuyennghiep.com%2Fsan-pham%2Fmay-khoan-be-tong-dung-pin-dewalt-dch273b%2F HTTP/2" 200 21032 "https://www.dienmaychuyennghiep.com/san-pham/may-khoan-be-tong-dung-pin-dewalt-dch273b/" "Mozilla/5.0 AppleWebKit/537.36 (KHTML, like Gecko; compatible; GPTBot/1.4; +https://openai.com/gptbot)"
74.7.227.12 - - [11/Jun/2026:04:14:12 +0700] "GET /wp-content/uploads/2025/09/Chua-co-ten-1080-x-1080-px-75-247x296.png HTTP/2" 200 53299 "https://www.pemco.com.vn/tu-khoa-san-pham/may-nen-khi-chay-bang-dau-diesel/" "Mozilla/5.0 AppleWebKit/537.36 (KHTML, like Gecko; compatible; GPTBot/1.4; +https://openai.com/gptbot)"
74.7.227.12 - - [11/Jun/2026:04:14:12 +0700] "GET /wp-content/uploads/2025/10/bo-may-khoan-dong-luc-kyocera-pd-750k-1680173138-100x100.webp HTTP/2" 200 12842 "https://www.pemco.com.vn/san-pham/may-khoan-dong-luc-kyocera-pd-550k/" "Mozilla/5.0 AppleWebKit/537.36 (KHTML, like Gecko; compatible; GPTBot/1.4; +https://openai.com/gptbot)"
103.138.88.26 - - [11/Jun/2026:04:14:12 +0700] "POST /wp-cron.php?doing_wp_cron=1781126052.1651599407196044921875 HTTP/1.1" 200 474 "-" "WordPress/7.0; https://www.dienmaychuyennghiep.com"
74.7.227.12 - - [11/Jun/2026:04:14:13 +0700] "GET /wp-content/uploads/2025/09/10Hp-330l-1-1-247x296.webp HTTP/2" 200 32384 "https://www.pemco.com.vn/tu-khoa-san-pham/may-nen-khi-chay-bang-dau-diesel/" "Mozilla/5.0 AppleWebKit/537.36 (KHTML, like Gecko; compatible; GPTBot/1.4; +https://openai.com/gptbot)"
74.7.227.12 - - [11/Jun/2026:04:14:13 +0700] "GET /wp-content/uploads/2025/10/PC517-247x296.png HTTP/2" 200 13900 "https://www.pemco.com.vn/tu-khoa-san-pham/xe-day-hang/" "Mozilla/5.0 AppleWebKit/537.36 (KHTML, like Gecko; compatible; GPTBot/1.4; +https://openai.com/gptbot)"
74.7.227.12 - - [11/Jun/2026:04:14:14 +0700] "GET /wp-content/uploads/2025/10/cf797b1d163a8c07b9f8d583c711150adabc239d8d25e2854718285cafa24671-247x296.png HTTP/2" 200 10544 "https://www.pemco.com.vn/san-pham/may-khoan-dong-luc-kyocera-pd-550k/" "Mozilla/5.0 AppleWebKit/537.36 (KHTML, like Gecko; compatible; GPTBot/1.4; +https://openai.com/gptbot)"
54.39.6.153 - - [11/Jun/2026:04:14:12 +0700] "GET /products/15405188490 HTTP/2" 200 19756 "-" "Mozilla/5.0 (compatible; AhrefsBot/7.0; +http://ahrefs.com/robot/)"
74.7.227.12 - - [11/Jun/2026:04:14:14 +0700] "GET /wp-content/uploads/2025/10/cdaeb8ef51051df96cd4f9672c176018-247x296.webp HTTP/2" 200 7890 "https://www.pemco.com.vn/san-pham/may-khoan-dong-luc-kyocera-pd-550k/" "Mozilla/5.0 AppleWebKit/537.36 (KHTML, like Gecko; compatible; GPTBot/1.4; +https://openai.com/gptbot)"
74.7.243.201 - - [11/Jun/2026:04:14:12 +0700] "GET /san-pham/may-khoan-rut-loi-dzz02-250/?filesrc=/var/www/vhosts/dienmaychuyennghiep.com/httpdocs/wp-activate.php&path=/var/www/vhosts/dienmaychuyennghiep.com/httpdocs HTTP/2" 200 65196 "https://www.dienmaychuyennghiep.com/san-pham/may-khoan-rut-loi-dzz02-250/" "Mozilla/5.0 AppleWebKit/537.36 (KHTML, like Gecko; compatible; GPTBot/1.4; +https://openai.com/gptbot)"
148.113.128.235 - - [11/Jun/2026:04:14:15 +0700] "GET /products/15405187115 HTTP/2" 200 19519 "-" "Mozilla/5.0 (compatible; AhrefsBot/7.0; +http://ahrefs.com/robot/)"
74.7.243.201 - - [11/Jun/2026:04:14:16 +0700] "GET /tu-khoa-san-pham/7061r/?filesrc=/var/www/vhosts/dienmaychuyennghiep.com/httpdocs/wp-mail.php&path=/var/www/vhosts/dienmaychuyennghiep.com/httpdocs HTTP/2" 200 58810 "https://www.dienmaychuyennghiep.com/tu-khoa-san-pham/7061r/" "Mozilla/5.0 AppleWebKit/537.36 (KHTML, like Gecko; compatible; GPTBot/1.4; +https://openai.com/gptbot)"
74.7.227.12 - - [11/Jun/2026:04:14:15 +0700] "GET /san-pham/may-han-mig-khong-dung-khi-que-hong-ky-eco-hkf1200e/ HTTP/2" 200 63366 "https://www.pemco.com.vn/wp-sitemap-posts-product-1.xml" "Mozilla/5.0 AppleWebKit/537.36 (KHTML, like Gecko; compatible; GPTBot/1.4; +https://openai.com/gptbot)"
142.44.225.34 - - [11/Jun/2026:04:14:19 +0700] "GET /products/15405185447 HTTP/2" 200 19519 "-" "Mozilla/5.0 (compatible; AhrefsBot/7.0; +http://ahrefs.com/robot/)"
216.73.216.144 - - [11/Jun/2026:04:14:20 +0700] "GET /wp-sitemap.xml?filesrc=%2Fvar%2Fwww%2Fvhosts%2Fdienmaychuyennghiep.com%2Fhttpdocs%2Fwp-content%2Fuploads%2F2024%2F06%2FGSB13RE-2-247x296.png&path=%2Fvar%2Fwww%2Fvhosts%2Fdienmaychuyennghiep.com%2Fhttpdocs%2Fwp-content%2Fuploads%2F2024%2F06 HTTP/2" 200 98404 "-" "Mozilla/5.0 AppleWebKit/537.36 (KHTML, like Gecko; compatible; ClaudeBot/1.0; +claudebot@anthropic.com)"
103.138.88.26 - - [11/Jun/2026:04:14:22 +0700] "POST /wp-cron.php?doing_wp_cron=1781126062.2136640548706054687500 HTTP/1.1" 200 474 "-" "WordPress/7.0; https://www.pemco.com.vn"
74.7.243.201 - - [11/Jun/2026:04:14:19 +0700] "GET /san-pham/may-bao-ban-makita-2012nb/?filesrc=/var/www/vhosts/dienmaychuyennghiep.com/httpdocs/wp-links-opml.php&path=/var/www/vhosts/dienmaychuyennghiep.com/httpdocs HTTP/2" 200 63220 "https://www.dienmaychuyennghiep.com/san-pham/may-bao-ban-makita-2012nb/" "Mozilla/5.0 AppleWebKit/537.36 (KHTML, like Gecko; compatible; GPTBot/1.4; +https://openai.com/gptbot)"
74.7.227.12 - - [11/Jun/2026:04:14:19 +0700] "GET /san-pham/may-cua-long-ban-makita-sj401/ HTTP/2" 200 62769 "https://www.pemco.com.vn/wp-sitemap-posts-product-1.xml" "Mozilla/5.0 AppleWebKit/537.36 (KHTML, like Gecko; compatible; GPTBot/1.4; +https://openai.com/gptbot)"
148.113.130.197 - - [11/Jun/2026:04:14:23 +0700] "GET /products/1540518399 HTTP/2" 200 19519 "-" "Mozilla/5.0 (compatible; AhrefsBot/7.0; +http://ahrefs.com/robot/)"
74.7.227.12 - - [11/Jun/2026:04:14:22 +0700] "GET /tu-khoa-san-pham/may-nen-khi-chay-bang-dau-diesel/?path=/var/www/vhosts/dienmaychuyennghiep.com/httpdocs HTTP/2" 200 57671 "https://www.pemco.com.vn/tu-khoa-san-pham/may-nen-khi-chay-bang-dau-diesel/" "Mozilla/5.0 AppleWebKit/537.36 (KHTML, like Gecko; compatible; GPTBot/1.4; +https://openai.com/gptbot)"
142.44.225.32 - - [11/Jun/2026:04:14:25 +0700] "GET /products/15405182273 HTTP/2" 200 19756 "-" "Mozilla/5.0 (compatible; AhrefsBot/7.0; +http://ahrefs.com/robot/)"
74.7.243.201 - - [11/Jun/2026:04:14:22 +0700] "GET /san-pham/may-mai-goc-makita-m0921b/?filesrc=/var/www/vhosts/dienmaychuyennghiep.com/httpdocs/wp-links-opml.php&path=/var/www/vhosts/dienmaychuyennghiep.com/httpdocs HTTP/2" 200 63506 "https://www.dienmaychuyennghiep.com/san-pham/may-mai-goc-makita-m0921b/" "Mozilla/5.0 AppleWebKit/537.36 (KHTML, like Gecko; compatible; GPTBot/1.4; +https://openai.com/gptbot)"
82.29.225.150 - - [11/Jun/2026:04:14:24 +0700] "GET /san-pham/may-danh-bong-kyocera-ape181g/ HTTP/1.1" 200 62946 "-" "Mozilla/5.0 (Windows NT 10.0; Win64; x64) AppleWebKit/537.36 (KHTML, like Gecko) Chrome/139.0.0.0 Safari/537.36"
167.114.139.23 - - [11/Jun/2026:04:14:28 +0700] "GET /products/15405181312 HTTP/2" 200 19756 "-" "Mozilla/5.0 (compatible; AhrefsBot/7.0; +http://ahrefs.com/robot/)"
52.167.144.161 - - [11/Jun/2026:04:14:30 +0700] "GET /products/29701163762 HTTP/2" 200 19756 "-" "Mozilla/5.0 AppleWebKit/537.36 (KHTML, like Gecko; compatible; bingbot/2.0; +http://www.bing.com/bingbot.htm) Chrome/116.0.1938.76 Safari/537.36"
74.7.227.12 - - [11/Jun/2026:04:14:27 +0700] "GET /tu-khoa-san-pham/may-khoan-van-vit-dung-pin/ HTTP/2" 200 58812 "https://www.pemco.com.vn/wp-sitemap-taxonomies-product_tag-1.xml" "Mozilla/5.0 AppleWebKit/537.36 (KHTML, like Gecko; compatible; GPTBot/1.4; +https://openai.com/gptbot)"
114.119.131.210 - - [11/Jun/2026:04:14:27 +0700] "GET /san-pham/may-cua-kiem-ajf30/?path=/var/www HTTP/1.1" 200 61374 "https://www.pemco.vn/san-pham/may-cua-kiem-ajf30/" "Mozilla/5.0 (Linux; Android 7.0;) AppleWebKit/537.36 (HTML, like Gecko) Mobile Safari/537.36 (compatible; PetalBot;+https://webmaster.petalsearch.com/site/petalbot)"
74.7.243.201 - - [11/Jun/2026:04:14:28 +0700] "GET /san-pham/may-khoan-bua-kzc02-28/?filesrc=/var/www/vhosts/dienmaychuyennghiep.com/httpdocs/wp-config-sample.php&path=/var/www/vhosts/dienmaychuyennghiep.com/httpdocs HTTP/2" 200 63130 "https://www.dienmaychuyennghiep.com/san-pham/may-khoan-bua-kzc02-28/" "Mozilla/5.0 AppleWebKit/537.36 (KHTML, like Gecko; compatible; GPTBot/1.4; +https://openai.com/gptbot)"
54.39.136.72 - - [11/Jun/2026:04:14:32 +0700] "GET /products/15405179940 HTTP/2" 200 19519 "-" "Mozilla/5.0 (compatible; AhrefsBot/7.0; +http://ahrefs.com/robot/)"
216.73.216.144 - - [11/Jun/2026:04:14:32 +0700] "GET /wp-sitemap.xml?filesrc=%2Fvar%2Fwww%2Fvhosts%2Fdienmaychuyennghiep.com%2Fhttpdocs%2Fwp-content%2Fuploads%2F2024%2F06%2FGA7060-4-100x100.png&path=%2Fvar%2Fwww%2Fvhosts%2Fdienmaychuyennghiep.com%2Fhttpdocs%2Fwp-content%2Fuploads%2F2024%2F06 HTTP/2" 200 27468 "-" "Mozilla/5.0 AppleWebKit/537.36 (KHTML, like Gecko; compatible; ClaudeBot/1.0; +claudebot@anthropic.com)"
52.167.144.161 - - [11/Jun/2026:04:14:33 +0700] "GET /products/72328269376 HTTP/2" 200 19756 "-" "Mozilla/5.0 AppleWebKit/537.36 (KHTML, like Gecko; compatible; bingbot/2.0; +http://www.bing.com/bingbot.htm) Chrome/116.0.1938.76 Safari/537.36"
74.7.227.12 - - [11/Jun/2026:04:14:32 +0700] "GET /tu-khoa-san-pham/may-cha-nham-rung-chu-nhat/ HTTP/2" 200 56945 "https://www.pemco.com.vn/wp-sitemap-taxonomies-product_tag-1.xml" "Mozilla/5.0 AppleWebKit/537.36 (KHTML, like Gecko; compatible; GPTBot/1.4; +https://openai.com/gptbot)"
74.7.243.201 - - [11/Jun/2026:04:14:32 +0700] "GET /san-pham/may-han-mig-khong-dung-khi-que-hong-ky-eco-hkf1200e/feed/?filesrc=/var/www/vhosts/dienmaychuyennghiep.com/httpdocs/wp-load.php&path=/var/www/vhosts/dienmaychuyennghiep.com/httpdocs HTTP/2" 200 20296 "https://www.dienmaychuyennghiep.com/san-pham/may-han-mig-khong-dung-khi-que-hong-ky-eco-hkf1200e/feed/" "Mozilla/5.0 AppleWebKit/537.36 (KHTML, like Gecko; compatible; GPTBot/1.4; +https://openai.com/gptbot)"
142.44.225.26 - - [11/Jun/2026:04:14:35 +0700] "GET /products/15405177699 HTTP/2" 200 19756 "-" "Mozilla/5.0 (compatible; AhrefsBot/7.0; +http://ahrefs.com/robot/)"
74.7.243.201 - - [11/Jun/2026:04:14:36 +0700] "GET /%22https:/www.dienmaychuyennghiep.com/san-pham/may-siet-bu-long-apl6/%22?path=/ HTTP/2" 200 18535 "https://www.dienmaychuyennghiep.com/%22https:/www.dienmaychuyennghiep.com/san-pham/may-siet-bu-long-apl6/%22" "Mozilla/5.0 AppleWebKit/537.36 (KHTML, like Gecko; compatible; GPTBot/1.4; +https://openai.com/gptbot)"
40.77.167.131 - - [11/Jun/2026:04:14:36 +0700] "GET /products/9166943594 HTTP/2" 200 19756 "-" "Mozilla/5.0 AppleWebKit/537.36 (KHTML, like Gecko; compatible; bingbot/2.0; +http://www.bing.com/bingbot.htm) Chrome/116.0.1938.76 Safari/537.36"
74.7.227.12 - - [11/Jun/2026:04:14:36 +0700] "GET /tu-khoa-san-pham/may-khoan-dong-luc-dung-pin/ HTTP/2" 200 57844 "https://www.pemco.com.vn/wp-sitemap-taxonomies-product_tag-1.xml" "Mozilla/5.0 AppleWebKit/537.36 (KHTML, like Gecko; compatible; GPTBot/1.4; +https://openai.com/gptbot)"
40.77.167.131 - - [11/Jun/2026:04:14:38 +0700] "GET /products/29701120777 HTTP/2" 200 19743 "-" "Mozilla/5.0 AppleWebKit/537.36 (KHTML, like Gecko; compatible; bingbot/2.0; +http://www.bing.com/bingbot.htm) Chrome/116.0.1938.76 Safari/537.36"
51.161.37.236 - - [11/Jun/2026:04:14:39 +0700] "GET /products/15405175944 HTTP/2" 200 19756 "-" "Mozilla/5.0 (compatible; AhrefsBot/7.0; +http://ahrefs.com/robot/)"
52.167.144.161 - - [11/Jun/2026:04:14:39 +0700] "GET /products/7232888574 HTTP/2" 200 19519 "-" "Mozilla/5.0 AppleWebKit/537.36 (KHTML, like Gecko; compatible; bingbot/2.0; +http://www.bing.com/bingbot.htm) Chrome/116.0.1938.76 Safari/537.36"
52.167.144.161 - - [11/Jun/2026:04:14:41 +0700] "GET /products/29701113612 HTTP/2" 200 19500 "-" "Mozilla/5.0 AppleWebKit/537.36 (KHTML, like Gecko; compatible; bingbot/2.0; +http://www.bing.com/bingbot.htm) Chrome/116.0.1938.76 Safari/537.36"
74.7.243.201 - - [11/Jun/2026:04:14:39 +0700] "GET /san-pham/may-van-bu-long-dong-luc-dung-pin-dewalt-dcf900p2t-b1/?path=/var/www/vhosts/dienmaychuyennghiep.com/httpdocs/wordpress HTTP/2" 200 61954 "https://www.dienmaychuyennghiep.com/san-pham/may-van-bu-long-dong-luc-dung-pin-dewalt-dcf900p2t-b1/" "Mozilla/5.0 AppleWebKit/537.36 (KHTML, like Gecko; compatible; GPTBot/1.4; +https://openai.com/gptbot)"
54.39.203.108 - - [11/Jun/2026:04:14:42 +0700] "GET /products/15405174062 HTTP/2" 200 19500 "-" "Mozilla/5.0 (compatible; AhrefsBot/7.0; +http://ahrefs.com/robot/)"
74.7.227.12 - - [11/Jun/2026:04:14:40 +0700] "GET /san-pham/may-nen-khi-khong-daugiam-am-pegasus-model-tm-of550-40l/ HTTP/2" 200 62396 "https://www.pemco.com.vn/wp-sitemap-posts-product-1.xml" "Mozilla/5.0 AppleWebKit/537.36 (KHTML, like Gecko; compatible; GPTBot/1.4; +https://openai.com/gptbot)"
52.167.144.161 - - [11/Jun/2026:04:14:44 +0700] "GET /products/33373100885 HTTP/2" 200 19756 "-" "Mozilla/5.0 AppleWebKit/537.36 (KHTML, like Gecko; compatible; bingbot/2.0; +http://www.bing.com/bingbot.htm) Chrome/116.0.1938.76 Safari/537.36"
74.7.243.201 - - [11/Jun/2026:04:14:43 +0700] "GET /tu-khoa-san-pham/may-nen-khi-chay-bang-dau-diesel/?filesrc=/var/www/vhosts/dienmaychuyennghiep.com/httpdocs/wp-load.php&path=/var/www/vhosts/dienmaychuyennghiep.com/httpdocs HTTP/2" 200 58394 "https://www.dienmaychuyennghiep.com/tu-khoa-san-pham/may-nen-khi-chay-bang-dau-diesel/" "Mozilla/5.0 AppleWebKit/537.36 (KHTML, like Gecko; compatible; GPTBot/1.4; +https://openai.com/gptbot)"
148.113.128.30 - - [11/Jun/2026:04:14:45 +0700] "GET /products/15405172882 HTTP/2" 200 19756 "-" "Mozilla/5.0 (compatible; AhrefsBot/7.0; +http://ahrefs.com/robot/)"
52.167.144.161 - - [11/Jun/2026:04:14:46 +0700] "GET /products/10546207598 HTTP/2" 200 19500 "-" "Mozilla/5.0 AppleWebKit/537.36 (KHTML, like Gecko; compatible; bingbot/2.0; +http://www.bing.com/bingbot.htm) Chrome/116.0.1938.76 Safari/537.36"
74.7.243.201 - - [11/Jun/2026:04:14:46 +0700] "GET /%22https:/dienmaychuyennghiep.com/wp-content/uploads/2025/08/may-khoan-be-tong-dca-azc03-28-web.png/%22?filesrc=/var/www/vhosts/dienmaychuyennghiep.com/httpdocs/wp-trackback.php&path=/var/www/vhosts/dienmaychuyennghiep.com/httpdocs HTTP/2" 200 20599 "https://www.dienmaychuyennghiep.com/%22https:/dienmaychuyennghiep.com/wp-content/uploads/2025/08/may-khoan-be-tong-dca-azc03-28-web.png/%22" "Mozilla/5.0 AppleWebKit/537.36 (KHTML, like Gecko; compatible; GPTBot/1.4; +https://openai.com/gptbot)"
74.7.243.201 - - [11/Jun/2026:04:14:48 +0700] "GET /wp-content/uploads/2024/07/GBH-8-45-D-2-768x768.png HTTP/2" 200 329715 "https://www.dienmaychuyennghiep.com/wp-json/oembed/1.0/embed?format=xml&url=https%3A%2F%2Fwww.dienmaychuyennghiep.com%2Fsan-pham%2Fmay-khoan-bua-bosch-gbh-8-45d%2F" "Mozilla/5.0 AppleWebKit/537.36 (KHTML, like Gecko; compatible; GPTBot/1.4; +https://openai.com/gptbot)"
40.77.167.131 - - [11/Jun/2026:04:14:46 +0700] "GET /products/59648250589 HTTP/2" 200 19756 "-" "Mozilla/5.0 AppleWebKit/537.36 (KHTML, like Gecko; compatible; bingbot/2.0; +http://www.bing.com/bingbot.htm) Chrome/116.0.1938.76 Safari/537.36"
40.77.167.131 - - [11/Jun/2026:04:14:48 +0700] "GET /products/3598095378 HTTP/2" 200 19519 "-" "Mozilla/5.0 AppleWebKit/537.36 (KHTML, like Gecko; compatible; bingbot/2.0; +http://www.bing.com/bingbot.htm) Chrome/116.0.1938.76 Safari/537.36"
74.7.227.12 - - [11/Jun/2026:04:14:44 +0700] "GET /san-pham/may-cat-plasma-tich-hop-san-nen-khi-cut80dn-l233-jasic/ HTTP/2" 200 64070 "https://www.pemco.com.vn/wp-sitemap-posts-product-1.xml" "Mozilla/5.0 AppleWebKit/537.36 (KHTML, like Gecko; compatible; GPTBot/1.4; +https://openai.com/gptbot)"
216.73.216.144 - - [11/Jun/2026:04:14:49 +0700] "GET /wp-sitemap.xml?filesrc=%2Fvar%2Fwww%2Fvhosts%2Fdienmaychuyennghiep.com%2Fhttpdocs%2Fwp-content%2Fuploads%2F2024%2F06%2FHM1306-4-247x296.png&path=%2Fvar%2Fwww%2Fvhosts%2Fdienmaychuyennghiep.com%2Fhttpdocs%2Fwp-content%2Fuploads%2F2024%2F06 HTTP/2" 200 84735 "-" "Mozilla/5.0 AppleWebKit/537.36 (KHTML, like Gecko; compatible; ClaudeBot/1.0; +claudebot@anthropic.com)"
40.77.167.131 - - [11/Jun/2026:04:14:50 +0700] "GET /products/59648137555 HTTP/2" 200 19743 "-" "Mozilla/5.0 AppleWebKit/537.36 (KHTML, like Gecko; compatible; bingbot/2.0; +http://www.bing.com/bingbot.htm) Chrome/116.0.1938.76 Safari/537.36"
15.235.27.204 - - [11/Jun/2026:04:14:50 +0700] "GET /products/15405165770 HTTP/2" 200 19519 "-" "Mozilla/5.0 (compatible; AhrefsBot/7.0; +http://ahrefs.com/robot/)"
52.167.144.161 - - [11/Jun/2026:04:14:50 +0700] "GET /products/2982717165 HTTP/2" 200 19743 "-" "Mozilla/5.0 AppleWebKit/537.36 (KHTML, like Gecko; compatible; bingbot/2.0; +http://www.bing.com/bingbot.htm) Chrome/116.0.1938.76 Safari/537.36"
54.39.89.44 - - [11/Jun/2026:04:14:51 +0700] "GET /products/15405164607 HTTP/2" 200 19519 "-" "Mozilla/5.0 (compatible; AhrefsBot/7.0; +http://ahrefs.com/robot/)"
74.7.227.12 - - [11/Jun/2026:04:14:49 +0700] "GET /san-pham/may-cat-kim-loai-cong-nghe-ho-quang-plasma-cut60-l211-jasic/ HTTP/2" 200 64106 "https://www.pemco.com.vn/wp-sitemap-posts-product-1.xml" "Mozilla/5.0 AppleWebKit/537.36 (KHTML, like Gecko; compatible; GPTBot/1.4; +https://openai.com/gptbot)"
74.7.243.201 - - [11/Jun/2026:04:14:50 +0700] "GET /san-pham/brooklyn-long-sleeve-sweater/?filesrc=/var/www/vhosts/dienmaychuyennghiep.com/httpdocs/wp-login.php&path=/var/www/vhosts/dienmaychuyennghiep.com/httpdocs HTTP/2" 200 73935 "https://www.dienmaychuyennghiep.com/san-pham/brooklyn-long-sleeve-sweater/" "Mozilla/5.0 AppleWebKit/537.36 (KHTML, like Gecko; compatible; GPTBot/1.4; +https://openai.com/gptbot)"
95.134.69.173 - - [11/Jun/2026:04:14:54 +0700] "GET /wp-content/uploads/2024/06/7080-4-247x296.png HTTP/2" 200 59504 "https://dienmaychuyennghiep.com/san-pham/may-mai-goc-makita-ga7080-2800w-180mm/" "Mozilla/5.0 (Macintosh; Intel Mac OS X 10_15_7) AppleWebKit/537.36 (KHTML, like Gecko) Chrome/130.0.0.0 Safari/537.36"
52.167.144.161 - - [11/Jun/2026:04:14:53 +0700] "GET /products/2590571649 HTTP/2" 200 19519 "-" "Mozilla/5.0 AppleWebKit/537.36 (KHTML, like Gecko; compatible; bingbot/2.0; +http://www.bing.com/bingbot.htm) Chrome/116.0.1938.76 Safari/537.36"
148.113.128.142 - - [11/Jun/2026:04:14:54 +0700] "GET /products/15405164169 HTTP/2" 200 19500 "-" "Mozilla/5.0 (compatible; AhrefsBot/7.0; +http://ahrefs.com/robot/)"
74.7.243.201 - - [11/Jun/2026:04:14:54 +0700] "GET /san-pham/may-khoan-dien-dca-ajz06-13-2/feed/?filesrc=/var/www/vhosts/dienmaychuyennghiep.com/httpdocs/license.txt&path=/var/www/vhosts/dienmaychuyennghiep.com/httpdocs HTTP/2" 200 18553 "https://www.dienmaychuyennghiep.com/san-pham/may-khoan-dien-dca-ajz06-13-2/feed/" "Mozilla/5.0 AppleWebKit/537.36 (KHTML, like Gecko; compatible; GPTBot/1.4; +https://openai.com/gptbot)"
52.167.144.161 - - [11/Jun/2026:04:14:55 +0700] "GET /products/2982796700 HTTP/2" 200 19519 "-" "Mozilla/5.0 AppleWebKit/537.36 (KHTML, like Gecko; compatible; bingbot/2.0; +http://www.bing.com/bingbot.htm) Chrome/116.0.1938.76 Safari/537.36"
74.7.227.12 - - [11/Jun/2026:04:14:54 +0700] "GET /san-pham/may-cat-kim-loai-cong-nghe-ho-quang-plasma-cut40-l207-jasic/ HTTP/2" 200 63906 "https://www.pemco.com.vn/wp-sitemap-posts-product-1.xml" "Mozilla/5.0 AppleWebKit/537.36 (KHTML, like Gecko; compatible; GPTBot/1.4; +https://openai.com/gptbot)"
40.77.167.121 - - [11/Jun/2026:04:14:56 +0700] "GET /products/2590518993 HTTP/2" 200 19519 "-" "Mozilla/5.0 AppleWebKit/537.36 (KHTML, like Gecko; compatible; bingbot/2.0; +http://www.bing.com/bingbot.htm) Chrome/116.0.1938.76 Safari/537.36"
74.7.227.12 - - [11/Jun/2026:04:14:57 +0700] "GET /wp-sitemap-taxonomies-product_tag-1.xml?filesrc=/var/www/vhosts/dienmaychuyennghiep.com/httpdocs/wp-comments-post.php&path=/var/www/vhosts/dienmaychuyennghiep.com/httpdocs HTTP/2" 200 19696 "https://www.pemco.com.vn/wp-sitemap-taxonomies-product_tag-1.xml" "Mozilla/5.0 AppleWebKit/537.36 (KHTML, like Gecko; compatible; GPTBot/1.4; +https://openai.com/gptbot)"
74.7.243.201 - - [11/Jun/2026:04:14:56 +0700] "GET /san-pham/may-mai-goc-asm04-100b/feed/?path=/var/www/vhosts/dienmaychuyennghiep.com/httpdocs/wp-content HTTP/2" 200 19438 "https://www.dienmaychuyennghiep.com/san-pham/may-mai-goc-asm04-100b/feed/" "Mozilla/5.0 AppleWebKit/537.36 (KHTML, like Gecko; compatible; GPTBot/1.4; +https://openai.com/gptbot)"
40.77.167.121 - - [11/Jun/2026:04:14:58 +0700] "GET /products/33373304932 HTTP/2" 200 19519 "-" "Mozilla/5.0 AppleWebKit/537.36 (KHTML, like Gecko; compatible; bingbot/2.0; +http://www.bing.com/bingbot.htm) Chrome/116.0.1938.76 Safari/537.36"
142.44.220.219 - - [11/Jun/2026:04:14:59 +0700] "GET /products/15405162678 HTTP/2" 200 19519 "-" "Mozilla/5.0 (compatible; AhrefsBot/7.0; +http://ahrefs.com/robot/)"
74.7.227.12 - - [11/Jun/2026:04:14:59 +0700] "GET /?p=6800 HTTP/2" 200 19519 "https://www.pemco.com.vn/san-pham/may-han-mig-khong-dung-khi-que-hong-ky-eco-hkf1200e/" "Mozilla/5.0 AppleWebKit/537.36 (KHTML, like Gecko; compatible; GPTBot/1.4; +https://openai.com/gptbot)"
40.77.167.121 - - [11/Jun/2026:04:15:00 +0700] "GET /products/72328140850 HTTP/2" 200 19519 "-" "Mozilla/5.0 AppleWebKit/537.36 (KHTML, like Gecko; compatible; bingbot/2.0; +http://www.bing.com/bingbot.htm) Chrome/116.0.1938.76 Safari/537.36"
74.7.227.12 - - [11/Jun/2026:04:15:01 +0700] "GET /?p=4226 HTTP/2" 200 19519 "https://www.pemco.com.vn/san-pham/may-cua-long-ban-makita-sj401/" "Mozilla/5.0 AppleWebKit/537.36 (KHTML, like Gecko; compatible; GPTBot/1.4; +https://openai.com/gptbot)"
40.77.167.131 - - [11/Jun/2026:04:15:01 +0700] "GET /products/57933116554 HTTP/2" 200 19500 "-" "Mozilla/5.0 AppleWebKit/537.36 (KHTML, like Gecko; compatible; bingbot/2.0; +http://www.bing.com/bingbot.htm) Chrome/116.0.1938.76 Safari/537.36"
74.7.243.201 - - [11/Jun/2026:04:14:59 +0700] "GET /san-pham/may-khoan-be-tong-dartek-prh6615/?filesrc=/var/www/vhosts/dienmaychuyennghiep.com/httpdocs/wp-login.php&path=/var/www/vhosts/dienmaychuyennghiep.com/httpdocs HTTP/2" 200 76109 "https://www.dienmaychuyennghiep.com/san-pham/may-khoan-be-tong-dartek-prh6615/" "Mozilla/5.0 AppleWebKit/537.36 (KHTML, like Gecko; compatible; GPTBot/1.4; +https://openai.com/gptbot)"
40.77.167.121 - - [11/Jun/2026:04:15:02 +0700] "GET /products/2970133526 HTTP/2" 200 19743 "-" "Mozilla/5.0 AppleWebKit/537.36 (KHTML, like Gecko; compatible; bingbot/2.0; +http://www.bing.com/bingbot.htm) Chrome/116.0.1938.76 Safari/537.36"
40.77.167.131 - - [11/Jun/2026:04:15:03 +0700] "GET /products/29827225350 HTTP/2" 200 19500 "-" "Mozilla/5.0 AppleWebKit/537.36 (KHTML, like Gecko; compatible; bingbot/2.0; +http://www.bing.com/bingbot.htm) Chrome/116.0.1938.76 Safari/537.36"
54.39.203.234 - - [11/Jun/2026:04:15:03 +0700] "GET /products/15405162475 HTTP/2" 200 19756 "-" "Mozilla/5.0 (compatible; AhrefsBot/7.0; +http://ahrefs.com/robot/)"
74.7.243.201 - - [11/Jun/2026:04:15:03 +0700] "GET /san-pham/may-mai-goc-dartek-pag5812/?filesrc=/var/www/vhosts/dienmaychuyennghiep.com/httpdocs/wp-login.php&path=/var/www/vhosts/dienmaychuyennghiep.com/httpdocs HTTP/2" 200 76561 "https://www.dienmaychuyennghiep.com/san-pham/may-mai-goc-dartek-pag5812/" "Mozilla/5.0 AppleWebKit/537.36 (KHTML, like Gecko; compatible; GPTBot/1.4; +https://openai.com/gptbot)"
40.77.167.121 - - [11/Jun/2026:04:15:06 +0700] "GET /products/29827140543 HTTP/2" 200 19519 "-" "Mozilla/5.0 AppleWebKit/537.36 (KHTML, like Gecko; compatible; bingbot/2.0; +http://www.bing.com/bingbot.htm) Chrome/116.0.1938.76 Safari/537.36"
74.7.227.12 - - [11/Jun/2026:04:15:03 +0700] "GET /san-pham/may-han-mig-khong-dung-khi-que-hong-ky-eco-hkf1200e/?path=/var/www HTTP/2" 200 62264 "https://www.pemco.com.vn/san-pham/may-han-mig-khong-dung-khi-que-hong-ky-eco-hkf1200e/" "Mozilla/5.0 AppleWebKit/537.36 (KHTML, like Gecko; compatible; GPTBot/1.4; +https://openai.com/gptbot)"
74.7.227.12 - - [11/Jun/2026:04:15:09 +0700] "GET /wp-content/uploads/2025/09/than-may-khoan-van-vit-dung-pin-12v-dck-kdjz23-10type-z-1727405103-1-247x296.jpg HTTP/2" 200 15306 "https://www.pemco.com.vn/tu-khoa-san-pham/may-khoan-van-vit-dung-pin/" "Mozilla/5.0 AppleWebKit/537.36 (KHTML, like Gecko; compatible; GPTBot/1.4; +https://openai.com/gptbot)"
74.7.227.12 - - [11/Jun/2026:04:15:09 +0700] "GET /wp-content/uploads/2025/09/than-may-khoan-van-vit-dung-pin-li-ion-20v-dck-kdjz04-13type-z-chua-pin-sac-1746669507-247x296.jpg HTTP/2" 200 17181 "https://www.pemco.com.vn/tu-khoa-san-pham/may-khoan-van-vit-dung-pin/" "Mozilla/5.0 AppleWebKit/537.36 (KHTML, like Gecko; compatible; GPTBot/1.4; +https://openai.com/gptbot)"
40.77.167.131 - - [11/Jun/2026:04:15:07 +0700] "GET /products/2970196213 HTTP/2" 200 19500 "-" "Mozilla/5.0 AppleWebKit/537.36 (KHTML, like Gecko; compatible; bingbot/2.0; +http://www.bing.com/bingbot.htm) Chrome/116.0.1938.76 Safari/537.36"
74.7.227.12 - - [11/Jun/2026:04:15:10 +0700] "GET /wp-content/uploads/2025/09/May-khoan-dong-luc-dung-pin-20V-DCK-KDJZ03-13-2-247x296.jpg HTTP/2" 200 13291 "https://www.pemco.com.vn/tu-khoa-san-pham/may-khoan-dong-luc-dung-pin/" "Mozilla/5.0 AppleWebKit/537.36 (KHTML, like Gecko; compatible; GPTBot/1.4; +https://openai.com/gptbot)"
15.235.27.142 - - [11/Jun/2026:04:15:08 +0700] "GET /products/1540515998 HTTP/2" 200 19743 "-" "Mozilla/5.0 (compatible; AhrefsBot/7.0; +http://ahrefs.com/robot/)"
40.77.167.121 - - [11/Jun/2026:04:15:09 +0700] "GET /products/10546182803 HTTP/2" 200 19519 "-" "Mozilla/5.0 AppleWebKit/537.36 (KHTML, like Gecko; compatible; bingbot/2.0; +http://www.bing.com/bingbot.htm) Chrome/116.0.1938.76 Safari/537.36"
74.7.243.201 - - [11/Jun/2026:04:15:08 +0700] "GET /san-pham/may-han-tig-acdc-xung-que-hong-ky-master-hktig320ax/feed/?filesrc=/var/www/vhosts/dienmaychuyennghiep.com/httpdocs/wp-config-sample.php&path=/var/www/vhosts/dienmaychuyennghiep.com/httpdocs HTTP/2" 200 19932 "https://www.dienmaychuyennghiep.com/san-pham/may-han-tig-acdc-xung-que-hong-ky-master-hktig320ax/feed/" "Mozilla/5.0 AppleWebKit/537.36 (KHTML, like Gecko; compatible; GPTBot/1.4; +https://openai.com/gptbot)"
52.167.144.161 - - [11/Jun/2026:04:15:11 +0700] "GET /products/29701159927 HTTP/2" 200 19519 "-" "Mozilla/5.0 AppleWebKit/537.36 (KHTML, like Gecko; compatible; bingbot/2.0; +http://www.bing.com/bingbot.htm) Chrome/116.0.1938.76 Safari/537.36"
40.77.167.121 - - [11/Jun/2026:04:15:12 +0700] "GET /products/5964834468 HTTP/2" 200 19756 "-" "Mozilla/5.0 AppleWebKit/537.36 (KHTML, like Gecko; compatible; bingbot/2.0; +http://www.bing.com/bingbot.htm) Chrome/116.0.1938.76 Safari/537.36"
74.7.243.201 - - [11/Jun/2026:04:15:12 +0700] "GET /san-pham/may-han-tig-acdc-xung-que-hong-ky-master-hktig250ax/feed/?filesrc=/var/www/vhosts/dienmaychuyennghiep.com/httpdocs/wp-cron.php&path=/var/www/vhosts/dienmaychuyennghiep.com/httpdocs HTTP/2" 200 20760 "https://www.dienmaychuyennghiep.com/san-pham/may-han-tig-acdc-xung-que-hong-ky-master-hktig250ax/feed/" "Mozilla/5.0 AppleWebKit/537.36 (KHTML, like Gecko; compatible; GPTBot/1.4; +https://openai.com/gptbot)"
74.7.227.12 - - [11/Jun/2026:04:15:10 +0700] "GET /san-pham/may-nen-khi-khong-daugiam-am-pegasus-model-tm-of550-40l/?filesrc=/var/www/vhosts/dienmaychuyennghiep.com/httpdocs/readme.html&path=/var/www/vhosts/dienmaychuyennghiep.com/httpdocs HTTP/2" 200 64649 "https://www.pemco.com.vn/san-pham/may-nen-khi-khong-daugiam-am-pegasus-model-tm-of550-40l/" "Mozilla/5.0 AppleWebKit/537.36 (KHTML, like Gecko; compatible; GPTBot/1.4; +https://openai.com/gptbot)"
216.73.216.144 - - [11/Jun/2026:04:15:12 +0700] "GET /wp-sitemap.xml?filesrc=%2Fvar%2Fwww%2Fvhosts%2Fdienmaychuyennghiep.com%2Fhttpdocs%2Fwp-content%2Fuploads%2F2024%2F06%2FDS4011-2-100x100.png&path=%2Fvar%2Fwww%2Fvhosts%2Fdienmaychuyennghiep.com%2Fhttpdocs%2Fwp-content%2Fuploads%2F2024%2F06 HTTP/2" 200 28390 "-" "Mozilla/5.0 AppleWebKit/537.36 (KHTML, like Gecko; compatible; ClaudeBot/1.0; +claudebot@anthropic.com)"
54.39.203.147 - - [11/Jun/2026:04:15:13 +0700] "GET /products/15405158943 HTTP/2" 200 19756 "-" "Mozilla/5.0 (compatible; AhrefsBot/7.0; +http://ahrefs.com/robot/)"
74.7.227.12 - - [11/Jun/2026:04:15:15 +0700] "GET /?p=8162 HTTP/2" 200 19519 "https://www.pemco.com.vn/san-pham/may-nen-khi-khong-daugiam-am-pegasus-model-tm-of550-40l/" "Mozilla/5.0 AppleWebKit/537.36 (KHTML, like Gecko; compatible; GPTBot/1.4; +https://openai.com/gptbot)"
74.7.243.201 - - [11/Jun/2026:04:15:15 +0700] "GET /san-pham/may-khoan-dong-luc-stanley-sdh600k-b1/feed/?filesrc=/var/www/vhosts/dienmaychuyennghiep.com/httpdocs/wp-login.php&path=/var/www/vhosts/dienmaychuyennghiep.com/httpdocs HTTP/2" 200 33320 "https://www.dienmaychuyennghiep.com/san-pham/may-khoan-dong-luc-stanley-sdh600k-b1/feed/" "Mozilla/5.0 AppleWebKit/537.36 (KHTML, like Gecko; compatible; GPTBot/1.4; +https://openai.com/gptbot)"
40.77.167.121 - - [11/Jun/2026:04:15:15 +0700] "GET /products/57933185385 HTTP/2" 200 19500 "-" "Mozilla/5.0 AppleWebKit/537.36 (KHTML, like Gecko; compatible; bingbot/2.0; +http://www.bing.com/bingbot.htm) Chrome/116.0.1938.76 Safari/537.36"
15.235.96.171 - - [11/Jun/2026:04:15:16 +0700] "GET /products/15405158605 HTTP/2" 200 19756 "-" "Mozilla/5.0 (compatible; AhrefsBot/7.0; +http://ahrefs.com/robot/)"
40.77.167.131 - - [11/Jun/2026:04:15:16 +0700] "GET /products/29701147384 HTTP/2" 200 19500 "-" "Mozilla/5.0 AppleWebKit/537.36 (KHTML, like Gecko; compatible; bingbot/2.0; +http://www.bing.com/bingbot.htm) Chrome/116.0.1938.76 Safari/537.36"
198.244.226.75 - - [11/Jun/2026:04:15:15 +0700] "GET /san-pham/may-cat-da-gach-makita-m4101b/ HTTP/2" 200 63058 "-" "Mozilla/5.0 (compatible; AhrefsBot/7.0; +http://ahrefs.com/robot/)"
216.73.216.144 - - [11/Jun/2026:04:15:18 +0700] "GET /wp-sitemap.xml?filesrc=%2Fvar%2Fwww%2Fvhosts%2Fdienmaychuyennghiep.com%2Fhttpdocs%2Fwp-content%2Fuploads%2F2024%2F06%2FGA4030-2-247x296.png&path=%2Fvar%2Fwww%2Fvhosts%2Fdienmaychuyennghiep.com%2Fhttpdocs%2Fwp-content%2Fuploads%2F2024%2F06 HTTP/2" 200 67852 "-" "Mozilla/5.0 AppleWebKit/537.36 (KHTML, like Gecko; compatible; ClaudeBot/1.0; +claudebot@anthropic.com)"
74.7.227.12 - - [11/Jun/2026:04:15:18 +0700] "GET /?p=6550 HTTP/2" 200 19756 "https://www.pemco.com.vn/san-pham/may-cat-plasma-tich-hop-san-nen-khi-cut80dn-l233-jasic/" "Mozilla/5.0 AppleWebKit/537.36 (KHTML, like Gecko; compatible; GPTBot/1.4; +https://openai.com/gptbot)"
103.138.88.26 - - [11/Jun/2026:04:15:22 +0700] "POST /wp-cron.php?doing_wp_cron=1781126122.3774518966674804687500 HTTP/1.1" 200 474 "-" "WordPress/7.0; https://dienmaychuyennghiep.com"
15.235.27.181 - - [11/Jun/2026:04:15:19 +0700] "GET /products/15405157965 HTTP/2" 200 19500 "-" "Mozilla/5.0 (compatible; AhrefsBot/7.0; +http://ahrefs.com/robot/)"
74.7.243.201 - - [11/Jun/2026:04:15:18 +0700] "GET /san-pham/may-cat-plasma-jasic-cut45-l207-ii-jet20/?filesrc=/var/www/vhosts/dienmaychuyennghiep.com/httpdocs/wp-load.php&path=/var/www/vhosts/dienmaychuyennghiep.com/httpdocs HTTP/2" 200 64711 "https://www.dienmaychuyennghiep.com/san-pham/may-cat-plasma-jasic-cut45-l207-ii-jet20/" "Mozilla/5.0 AppleWebKit/537.36 (KHTML, like Gecko; compatible; GPTBot/1.4; +https://openai.com/gptbot)"
74.7.227.12 - - [11/Jun/2026:04:15:21 +0700] "GET /?p=6525 HTTP/2" 200 19756 "https://www.pemco.com.vn/san-pham/may-cat-kim-loai-cong-nghe-ho-quang-plasma-cut40-l207-jasic/" "Mozilla/5.0 AppleWebKit/537.36 (KHTML, like Gecko; compatible; GPTBot/1.4; +https://openai.com/gptbot)"
74.7.243.201 - - [11/Jun/2026:04:15:23 +0700] "GET /%22https:/www.dienmaychuyennghiep.com/san-pham/may-mai-goc-kyocera-g-1110d/embed/?filesrc=/var/www/vhosts/dienmaychuyennghiep.com/httpdocs/wp-includes/embed-template.php&path=/var/www/vhosts/dienmaychuyennghiep.com/httpdocs/wp-includes HTTP/2" 200 18773 "https://www.dienmaychuyennghiep.com/%22https:/www.dienmaychuyennghiep.com/san-pham/may-mai-goc-kyocera-g-1110d/embed/?path=/var/www/vhosts/dienmaychuyennghiep.com/httpdocs/wp-includes" "Mozilla/5.0 AppleWebKit/537.36 (KHTML, like Gecko; compatible; GPTBot/1.4; +https://openai.com/gptbot)"
40.77.167.121 - - [11/Jun/2026:04:15:24 +0700] "GET /products/91669182162 HTTP/2" 200 19756 "-" "Mozilla/5.0 AppleWebKit/537.36 (KHTML, like Gecko; compatible; bingbot/2.0; +http://www.bing.com/bingbot.htm) Chrome/116.0.1938.76 Safari/537.36"
74.7.227.12 - - [11/Jun/2026:04:15:24 +0700] "GET /?p=6535 HTTP/2" 200 19756 "https://www.pemco.com.vn/san-pham/may-cat-kim-loai-cong-nghe-ho-quang-plasma-cut60-l211-jasic/" "Mozilla/5.0 AppleWebKit/537.36 (KHTML, like Gecko; compatible; GPTBot/1.4; +https://openai.com/gptbot)"
15.235.98.34 - - [11/Jun/2026:04:15:24 +0700] "GET /products/15405155981 HTTP/2" 200 19756 "-" "Mozilla/5.0 (compatible; AhrefsBot/7.0; +http://ahrefs.com/robot/)"
74.7.227.12 - - [11/Jun/2026:04:15:27 +0700] "GET /wp-content/uploads/2025/09/may-nen-khi-pegasus-40-lit-075hp-khong-dau-model-tm-of550-40l.jpg HTTP/2" 200 30310 "https://www.pemco.com.vn/san-pham/may-nen-khi-khong-daugiam-am-pegasus-model-tm-of550-40l/" "Mozilla/5.0 AppleWebKit/537.36 (KHTML, like Gecko; compatible; GPTBot/1.4; +https://openai.com/gptbot)"
74.7.243.201 - - [11/Jun/2026:04:15:26 +0700] "GET /%22https:/www.dienmaychuyennghiep.com/san-pham/may-mai-goc-kyocera-g-1110d/embed/?filesrc=/var/www/vhosts/dienmaychuyennghiep.com/httpdocs/wp-includes/class-wp-text-diff-renderer-table.php&path=/var/www/vhosts/dienmaychuyennghiep.com/httpdocs/wp-includes HTTP/2" 200 23925 "https://www.dienmaychuyennghiep.com/%22https:/www.dienmaychuyennghiep.com/san-pham/may-mai-goc-kyocera-g-1110d/embed/?path=/var/www/vhosts/dienmaychuyennghiep.com/httpdocs/wp-includes" "Mozilla/5.0 AppleWebKit/537.36 (KHTML, like Gecko; compatible; GPTBot/1.4; +https://openai.com/gptbot)"
74.7.227.12 - - [11/Jun/2026:04:15:28 +0700] "GET /wp-content/uploads/2025/09/may-nen-khi-pegasus-40-lit-075hp-khong-dau-model-tm-of550-40l-247x296.jpg HTTP/2" 200 9353 "https://www.pemco.com.vn/san-pham/may-nen-khi-khong-daugiam-am-pegasus-model-tm-of550-40l/" "Mozilla/5.0 AppleWebKit/537.36 (KHTML, like Gecko; compatible; GPTBot/1.4; +https://openai.com/gptbot)"
51.161.37.129 - - [11/Jun/2026:04:15:26 +0700] "GET /products/15405149769 HTTP/2" 200 19500 "-" "Mozilla/5.0 (compatible; AhrefsBot/7.0; +http://ahrefs.com/robot/)"
74.7.227.12 - - [11/Jun/2026:04:15:29 +0700] "GET /wp-content/uploads/2025/09/may-nen-khi-pegasus-180l-3hp-khong-dau-model-tm-of-7503-180l-2-247x296.jpg HTTP/2" 200 8232 "https://www.pemco.com.vn/san-pham/may-nen-khi-khong-daugiam-am-pegasus-model-tm-of550-40l/" "Mozilla/5.0 AppleWebKit/537.36 (KHTML, like Gecko; compatible; GPTBot/1.4; +https://openai.com/gptbot)"
74.7.227.12 - - [11/Jun/2026:04:15:29 +0700] "GET /wp-content/uploads/2025/10/may-khoan-dong-luc-dung-pin-20v-dewalt-dcd806nt-g1-247x296.jpg HTTP/2" 200 15429 "https://www.pemco.com.vn/tu-khoa-san-pham/may-khoan-dong-luc-dung-pin/" "Mozilla/5.0 AppleWebKit/537.36 (KHTML, like Gecko; compatible; GPTBot/1.4; +https://openai.com/gptbot)"
74.7.227.12 - - [11/Jun/2026:04:15:30 +0700] "GET /wp-content/uploads/2025/09/1_1aaa6006f2504e71ad4b35610b2a10d2-247x296.jpg HTTP/2" 200 7391 "https://www.pemco.com.vn/tu-khoa-san-pham/may-khoan-dong-luc-dung-pin/" "Mozilla/5.0 AppleWebKit/537.36 (KHTML, like Gecko; compatible; GPTBot/1.4; +https://openai.com/gptbot)"
74.7.227.12 - - [11/Jun/2026:04:15:30 +0700] "GET /wp-content/uploads/2025/10/may-khoan-dong-luc-dung-pin-20v-dewalt-dcd806n-b1-g1-247x296.jpg HTTP/2" 200 14916 "https://www.pemco.com.vn/tu-khoa-san-pham/may-khoan-dong-luc-dung-pin/" "Mozilla/5.0 AppleWebKit/537.36 (KHTML, like Gecko; compatible; GPTBot/1.4; +https://openai.com/gptbot)"
74.7.227.12 - - [11/Jun/2026:04:15:31 +0700] "GET /wp-content/uploads/2025/09/nen-khi-pegasus-tm-v-017-8-70l-2hp70-lit-247x296.jpg HTTP/2" 200 19588 "https://www.pemco.com.vn/san-pham/may-nen-khi-khong-daugiam-am-pegasus-model-tm-of550-40l/?filesrc=/var/www/vhosts/dienmaychuyennghiep.com/httpdocs/readme.html&path=/var/www/vhosts/dienmaychuyennghiep.com/httpdocs" "Mozilla/5.0 AppleWebKit/537.36 (KHTML, like Gecko; compatible; GPTBot/1.4; +https://openai.com/gptbot)"
74.7.227.12 - - [11/Jun/2026:04:15:31 +0700] "GET /wp-content/uploads/2025/09/3_1ca55adee909403cbd8358ad2e0d6e51-247x296.jpg HTTP/2" 200 12523 "https://www.pemco.com.vn/tu-khoa-san-pham/may-khoan-dong-luc-dung-pin/" "Mozilla/5.0 AppleWebKit/537.36 (KHTML, like Gecko; compatible; GPTBot/1.4; +https://openai.com/gptbot)"
142.44.220.217 - - [11/Jun/2026:04:15:29 +0700] "GET /products/15405148918 HTTP/2" 200 19756 "-" "Mozilla/5.0 (compatible; AhrefsBot/7.0; +http://ahrefs.com/robot/)"
74.7.243.201 - - [11/Jun/2026:04:15:28 +0700] "GET /danh-muc-san-pham/hut-bui-ve-sinh-cn/may-hut-bui/?filesrc=/var/www/vhosts/dienmaychuyennghiep.com/httpdocs/wp-links-opml.php&path=/var/www/vhosts/dienmaychuyennghiep.com/httpdocs HTTP/2" 200 58715 "https://www.dienmaychuyennghiep.com/danh-muc-san-pham/hut-bui-ve-sinh-cn/may-hut-bui/" "Mozilla/5.0 AppleWebKit/537.36 (KHTML, like Gecko; compatible; GPTBot/1.4; +https://openai.com/gptbot)"
74.7.227.12 - - [11/Jun/2026:04:15:32 +0700] "GET /wp-content/uploads/2025/10/may-khoan-pin-dong-luc-dewalt-dcd996p2-1639151245-247x296.jpg HTTP/2" 200 27723 "https://www.pemco.com.vn/tu-khoa-san-pham/may-khoan-dong-luc-dung-pin/" "Mozilla/5.0 AppleWebKit/537.36 (KHTML, like Gecko; compatible; GPTBot/1.4; +https://openai.com/gptbot)"
74.7.227.12 - - [11/Jun/2026:04:15:32 +0700] "GET /wp-content/uploads/2025/09/may-nen-khi-pegasus-40-lit1hp-khong-dau-model-tm-of750-40l-100x100.jpg HTTP/2" 200 2387 "https://www.pemco.com.vn/san-pham/may-nen-khi-khong-daugiam-am-pegasus-model-tm-of550-40l/" "Mozilla/5.0 AppleWebKit/537.36 (KHTML, like Gecko; compatible; GPTBot/1.4; +https://openai.com/gptbot)"
52.167.144.205 - - [11/Jun/2026:04:15:28 +0700] "GET /san-pham/may-thoi-nong-kqb2000/ HTTP/2" 200 62101 "-" "Mozilla/5.0 AppleWebKit/537.36 (KHTML, like Gecko; compatible; bingbot/2.0; +http://www.bing.com/bingbot.htm) Chrome/116.0.1938.76 Safari/537.36"
74.7.227.12 - - [11/Jun/2026:04:15:33 +0700] "GET /wp-content/uploads/2025/09/may-nen-khi-pegasus-40-lit1hp-khong-dau-model-tm-of750-40l-247x296.jpg HTTP/2" 200 9353 "https://www.pemco.com.vn/san-pham/may-nen-khi-khong-daugiam-am-pegasus-model-tm-of550-40l/" "Mozilla/5.0 AppleWebKit/537.36 (KHTML, like Gecko; compatible; GPTBot/1.4; +https://openai.com/gptbot)"
74.7.227.12 - - [11/Jun/2026:04:15:33 +0700] "GET /wp-content/uploads/2025/09/may-khoan-dong-luc-dung-pin-20v-dck-kdjz03-13-type-em-2-pin-20ah-1-sac-1721549338-247x296.jpg HTTP/2" 200 22990 "https://www.pemco.com.vn/tu-khoa-san-pham/may-khoan-dong-luc-dung-pin/" "Mozilla/5.0 AppleWebKit/537.36 (KHTML, like Gecko; compatible; GPTBot/1.4; +https://openai.com/gptbot)"
74.7.227.12 - - [11/Jun/2026:04:15:34 +0700] "GET /wp-content/uploads/2025/09/may-khoan-van-vit-dung-pin-20v-dck-kdjz04-13-type-am-2-pin-20ah-1-sac-1700816116-247x296.jpg HTTP/2" 200 21368 "https://www.pemco.com.vn/tu-khoa-san-pham/may-khoan-van-vit-dung-pin/" "Mozilla/5.0 AppleWebKit/537.36 (KHTML, like Gecko; compatible; GPTBot/1.4; +https://openai.com/gptbot)"
51.222.95.106 - - [11/Jun/2026:04:15:33 +0700] "GET /products/15405146404 HTTP/2" 200 19519 "-" "Mozilla/5.0 (compatible; AhrefsBot/7.0; +http://ahrefs.com/robot/)"
74.7.227.12 - - [11/Jun/2026:04:15:35 +0700] "GET /wp-content/uploads/2025/09/may-nen-khi-khong-dau-24l-1600w-dck-kqe160024l-2024-12-01-1733031272-100x100.webp HTTP/2" 200 2694 "https://www.pemco.com.vn/san-pham/may-nen-khi-khong-daugiam-am-pegasus-model-tm-of550-40l/" "Mozilla/5.0 AppleWebKit/537.36 (KHTML, like Gecko; compatible; GPTBot/1.4; +https://openai.com/gptbot)"
74.7.227.12 - - [11/Jun/2026:04:15:35 +0700] "GET /wp-content/uploads/2025/09/may-nen-khi-khong-dau-24l-1500w-dck-kqe150024l-2024-12-01-1733031687-247x296.webp HTTP/2" 200 12688 "https://www.pemco.com.vn/san-pham/may-nen-khi-khong-daugiam-am-pegasus-model-tm-of550-40l/?filesrc=/var/www/vhosts/dienmaychuyennghiep.com/httpdocs/readme.html&path=/var/www/vhosts/dienmaychuyennghiep.com/httpdocs" "Mozilla/5.0 AppleWebKit/537.36 (KHTML, like Gecko; compatible; GPTBot/1.4; +https://openai.com/gptbot)"
74.7.243.201 - - [11/Jun/2026:04:15:32 +0700] "GET /danh-muc-san-pham/may-nen-khi/may-nen-khi-day-dai/?filesrc=/var/www/vhosts/dienmaychuyennghiep.com/httpdocs/wp-load.php&path=/var/www/vhosts/dienmaychuyennghiep.com/httpdocs HTTP/2" 200 59432 "https://www.dienmaychuyennghiep.com/danh-muc-san-pham/may-nen-khi/may-nen-khi-day-dai/" "Mozilla/5.0 AppleWebKit/537.36 (KHTML, like Gecko; compatible; GPTBot/1.4; +https://openai.com/gptbot)"
74.7.227.12 - - [11/Jun/2026:04:15:36 +0700] "GET /wp-content/uploads/2025/10/may-nen-khi-khong-dau-dewalt-dxcm3301181-247x296.jpg HTTP/2" 200 13540 "https://www.pemco.com.vn/san-pham/may-nen-khi-khong-daugiam-am-pegasus-model-tm-of550-40l/" "Mozilla/5.0 AppleWebKit/537.36 (KHTML, like Gecko; compatible; GPTBot/1.4; +https://openai.com/gptbot)"
74.7.227.12 - - [11/Jun/2026:04:15:36 +0700] "GET /wp-content/uploads/2025/10/may-nen-khi-khong-dau-50l-stanley-sxcms1350he-39-247x296.png HTTP/2" 200 22605 "https://www.pemco.com.vn/san-pham/may-nen-khi-khong-daugiam-am-pegasus-model-tm-of550-40l/" "Mozilla/5.0 AppleWebKit/537.36 (KHTML, like Gecko; compatible; GPTBot/1.4; +https://openai.com/gptbot)"
74.7.227.12 - - [11/Jun/2026:04:15:37 +0700] "GET /wp-content/uploads/2025/10/may-nen-khi-khong-dau-17l-dewalt-dxcm3321782-83-247x296.png HTTP/2" 200 23683 "https://www.pemco.com.vn/san-pham/may-nen-khi-khong-daugiam-am-pegasus-model-tm-of550-40l/" "Mozilla/5.0 AppleWebKit/537.36 (KHTML, like Gecko; compatible; GPTBot/1.4; +https://openai.com/gptbot)"
74.7.227.12 - - [11/Jun/2026:04:15:37 +0700] "GET /wp-content/uploads/2025/10/20240928_vVhrYUv2Fh-247x296.jpeg HTTP/2" 200 9891 "https://www.pemco.com.vn/tu-khoa-san-pham/may-khoan-dong-luc-dung-pin/" "Mozilla/5.0 AppleWebKit/537.36 (KHTML, like Gecko; compatible; GPTBot/1.4; +https://openai.com/gptbot)"
74.7.227.12 - - [11/Jun/2026:04:15:38 +0700] "GET /wp-content/uploads/2025/09/May-nen-khi-khong-dau-8L-550W-KQE1608L-DCK_may-nen-khi-khong-dau-8l-kqe1608l-dck-avata-247x296.png HTTP/2" 200 26648 "https://www.pemco.com.vn/san-pham/may-nen-khi-khong-daugiam-am-pegasus-model-tm-of550-40l/" "Mozilla/5.0 AppleWebKit/537.36 (KHTML, like Gecko; compatible; GPTBot/1.4; +https://openai.com/gptbot)"
