15.235.96.8 - - [11/Jun/2026:04:57:34 +0700] "GET /products/5572765718 HTTP/2" 200 19743 "-" "Mozilla/5.0 (compatible; AhrefsBot/7.0; +http://ahrefs.com/robot/)"
216.73.216.144 - - [11/Jun/2026:04:57:38 +0700] "GET /tu-khoa-san-pham/may-thoi-khi-dung-pin/?filesrc=%2Fvar%2Fwww%2Fvhosts%2Fdienmaychuyennghiep.com%2Fhttpdocs%2Fwp-includes%2Fembed.php&path=%2Fvar%2Fwww%2Fvhosts%2Fdienmaychuyennghiep.com%2Fhttpdocs%2Fwp-includes HTTP/2" 403 370 "-" "Mozilla/5.0 AppleWebKit/537.36 (KHTML, like Gecko; compatible; ClaudeBot/1.0; +claudebot@anthropic.com)"
54.39.203.107 - - [11/Jun/2026:04:57:35 +0700] "GET /products/5572758135 HTTP/2" 200 19756 "-" "Mozilla/5.0 (compatible; AhrefsBot/7.0; +http://ahrefs.com/robot/)"
142.44.220.249 - - [11/Jun/2026:04:57:34 +0700] "GET /products/5572763993 HTTP/2" 200 19500 "-" "Mozilla/5.0 (compatible; AhrefsBot/7.0; +http://ahrefs.com/robot/)"
74.7.243.201 - - [11/Jun/2026:04:57:33 +0700] "GET /san-pham/all-star-canvas-hi-converse/?path=/var/www/vhosts/dienmaychuyennghiep.com/wordpress-backups HTTP/2" 200 59703 "https://www.dienmaychuyennghiep.com/san-pham/all-star-canvas-hi-converse/?path=/var/www/vhosts/dienmaychuyennghiep.com" "Mozilla/5.0 AppleWebKit/537.36 (KHTML, like Gecko; compatible; GPTBot/1.4; +https://openai.com/gptbot)"
54.39.136.58 - - [11/Jun/2026:04:57:35 +0700] "GET /products/5572753317 HTTP/2" 200 19743 "-" "Mozilla/5.0 (compatible; AhrefsBot/7.0; +http://ahrefs.com/robot/)"
142.44.225.12 - - [11/Jun/2026:04:57:36 +0700] "GET /products/55727252302 HTTP/2" 200 19756 "-" "Mozilla/5.0 (compatible; AhrefsBot/7.0; +http://ahrefs.com/robot/)"
216.73.216.144 - - [11/Jun/2026:04:57:40 +0700] "GET /tu-khoa-san-pham/may-thoi-khi-dung-pin/?path=%2Fvar%2Fwww%2Fvhosts%2Fdienmaychuyennghiep.com%2Fhttpdocs%2Fwp-content%2Fplugins%2Fsimple-tags%2Fviews HTTP/2" 403 370 "-" "Mozilla/5.0 AppleWebKit/537.36 (KHTML, like Gecko; compatible; ClaudeBot/1.0; +claudebot@anthropic.com)"
54.39.0.71 - - [11/Jun/2026:04:57:35 +0700] "GET /products/5572735548 HTTP/2" 200 19756 "-" "Mozilla/5.0 (compatible; AhrefsBot/7.0; +http://ahrefs.com/robot/)"
51.161.65.70 - - [11/Jun/2026:04:57:35 +0700] "GET /products/5572735938 HTTP/2" 200 19756 "-" "Mozilla/5.0 (compatible; AhrefsBot/7.0; +http://ahrefs.com/robot/)"
15.235.96.188 - - [11/Jun/2026:04:57:37 +0700] "GET /products/55727278126 HTTP/2" 200 19500 "-" "Mozilla/5.0 (compatible; AhrefsBot/7.0; +http://ahrefs.com/robot/)"
114.119.151.175 - - [11/Jun/2026:04:57:34 +0700] "GET /san-pham/may-cat-da-dartek-pmc01-110/?path=/var/www/vhosts HTTP/1.1" 200 61375 "https://www.pemco.vn/san-pham/may-cat-da-dartek-pmc01-110/" "Mozilla/5.0 (Linux; Android 7.0;) AppleWebKit/537.36 (HTML, like Gecko) Mobile Safari/537.36 (compatible; PetalBot;+https://webmaster.petalsearch.com/site/petalbot)"
51.161.37.159 - - [11/Jun/2026:04:57:37 +0700] "GET /products/5572728489 HTTP/2" 200 19519 "-" "Mozilla/5.0 (compatible; AhrefsBot/7.0; +http://ahrefs.com/robot/)"
54.39.210.189 - - [11/Jun/2026:04:57:36 +0700] "GET /products/55727294880 HTTP/2" 200 19519 "-" "Mozilla/5.0 (compatible; AhrefsBot/7.0; +http://ahrefs.com/robot/)"
51.222.95.45 - - [11/Jun/2026:04:57:38 +0700] "GET /products/55727276348 HTTP/2" 200 19519 "-" "Mozilla/5.0 (compatible; AhrefsBot/7.0; +http://ahrefs.com/robot/)"
216.73.216.144 - - [11/Jun/2026:04:57:42 +0700] "GET /san-pham/motor-hong-ky-vo-gang-plc-h1-514c2/feed/?filesrc=%2Fvar%2Fwww%2Fvhosts%2Fdienmaychuyennghiep.com%2Fhttpdocs%2Fwp-includes%2FRequests%2Fsrc%2FResponse.php&path=%2Fvar%2Fwww%2Fvhosts%2Fdienmaychuyennghiep.com%2Fhttpdocs%2Fwp-includes%2FRequests%2Fsrc HTTP/2" 403 370 "-" "Mozilla/5.0 AppleWebKit/537.36 (KHTML, like Gecko; compatible; ClaudeBot/1.0; +claudebot@anthropic.com)"
54.39.0.51 - - [11/Jun/2026:04:57:37 +0700] "GET /products/55727293686 HTTP/2" 200 19756 "-" "Mozilla/5.0 (compatible; AhrefsBot/7.0; +http://ahrefs.com/robot/)"
54.39.89.185 - - [11/Jun/2026:04:57:39 +0700] "GET /products/55727274736 HTTP/2" 200 19519 "-" "Mozilla/5.0 (compatible; AhrefsBot/7.0; +http://ahrefs.com/robot/)"
74.7.243.201 - - [11/Jun/2026:04:57:40 +0700] "GET /danh-muc-san-pham/dung-cu-cam-tay/?path=/var/www/vhosts/dienmaychuyennghiep.com/.cagefs/var/php/apm HTTP/2" 200 54855 "https://www.dienmaychuyennghiep.com/danh-muc-san-pham/dung-cu-cam-tay/?path=/var/www/vhosts/dienmaychuyennghiep.com/.cagefs/var/php" "Mozilla/5.0 AppleWebKit/537.36 (KHTML, like Gecko; compatible; GPTBot/1.4; +https://openai.com/gptbot)"
142.44.233.108 - - [11/Jun/2026:04:57:42 +0700] "GET /products/55727247541 HTTP/2" 200 19519 "-" "Mozilla/5.0 (compatible; AhrefsBot/7.0; +http://ahrefs.com/robot/)"
74.7.227.12 - - [11/Jun/2026:04:57:37 +0700] "GET /san-pham/may-phun-rua-ap-luc-kyocera-ajp-1610/?path=/var/www/vhosts/dienmaychuyennghiep.com HTTP/2" 200 62566 "https://www.pemco.com.vn/san-pham/may-phun-rua-ap-luc-kyocera-ajp-1610/" "Mozilla/5.0 AppleWebKit/537.36 (KHTML, like Gecko; compatible; GPTBot/1.4; +https://openai.com/gptbot)"
74.7.227.12 - - [11/Jun/2026:04:57:44 +0700] "GET /wp-content/uploads/2025/10/91eb78446ae67b7632bd489035e74feb-247x296.webp HTTP/2" 200 3414 "https://www.pemco.com.vn/san-pham/may-phun-rua-ap-luc-kyocera-ajp-1100/" "Mozilla/5.0 AppleWebKit/537.36 (KHTML, like Gecko; compatible; GPTBot/1.4; +https://openai.com/gptbot)"
74.7.227.12 - - [11/Jun/2026:04:57:45 +0700] "GET /san-pham/may-thoi-hoi-nong-makita-hg6030k/ HTTP/2" 200 63416 "https://www.pemco.com.vn/wp-sitemap-posts-product-1.xml" "Mozilla/5.0 AppleWebKit/537.36 (KHTML, like Gecko; compatible; GPTBot/1.4; +https://openai.com/gptbot)"
74.7.243.201 - - [11/Jun/2026:04:57:45 +0700] "GET /danh-muc-san-pham/dung-cu-cam-tay/?path=/var/www/vhosts/dienmaychuyennghiep.com/.cagefs/var/cache/php-eaccelerator HTTP/2" 200 54732 "https://www.dienmaychuyennghiep.com/danh-muc-san-pham/dung-cu-cam-tay/?path=/var/www/vhosts/dienmaychuyennghiep.com/.cagefs/var/cache" "Mozilla/5.0 AppleWebKit/537.36 (KHTML, like Gecko; compatible; GPTBot/1.4; +https://openai.com/gptbot)"
54.39.203.239 - - [11/Jun/2026:04:57:47 +0700] "GET /products/55727247102 HTTP/2" 200 19519 "-" "Mozilla/5.0 (compatible; AhrefsBot/7.0; +http://ahrefs.com/robot/)"
74.7.243.201 - - [11/Jun/2026:04:57:48 +0700] "GET /danh-muc-san-pham/dung-cu-cam-tay/?path=/var/www/vhosts/dienmaychuyennghiep.com/.cagefs/var/run/screen HTTP/2" 200 54735 "https://www.dienmaychuyennghiep.com/danh-muc-san-pham/dung-cu-cam-tay/?path=/var/www/vhosts/dienmaychuyennghiep.com/.cagefs/var/run" "Mozilla/5.0 AppleWebKit/537.36 (KHTML, like Gecko; compatible; GPTBot/1.4; +https://openai.com/gptbot)"
216.73.216.144 - - [11/Jun/2026:04:57:50 +0700] "GET /san-pham/may-khoan-duc-be-tong-bosch-gsh-11e/feed/?path=%2Fvar%2Fwww%2Fvhosts%2Fdienmaychuyennghiep.com%2Fhttpdocs%2Fwp-includes%2FText HTTP/2" 200 17622 "-" "Mozilla/5.0 AppleWebKit/537.36 (KHTML, like Gecko; compatible; ClaudeBot/1.0; +claudebot@anthropic.com)"
74.7.227.12 - - [11/Jun/2026:04:57:48 +0700] "GET /san-pham/may-thoi-hoi-nong-makita-hg6530v/ HTTP/2" 200 63234 "https://www.pemco.com.vn/wp-sitemap-posts-product-1.xml" "Mozilla/5.0 AppleWebKit/537.36 (KHTML, like Gecko; compatible; GPTBot/1.4; +https://openai.com/gptbot)"
51.161.65.184 - - [11/Jun/2026:04:57:51 +0700] "GET /products/55727246555 HTTP/2" 200 19743 "-" "Mozilla/5.0 (compatible; AhrefsBot/7.0; +http://ahrefs.com/robot/)"
74.7.243.201 - - [11/Jun/2026:04:57:51 +0700] "GET /danh-muc-san-pham/dung-cu-cam-tay/?path=/var/www/vhosts/dienmaychuyennghiep.com/.cagefs/var/run/cagefs HTTP/2" 200 54787 "https://www.dienmaychuyennghiep.com/danh-muc-san-pham/dung-cu-cam-tay/?path=/var/www/vhosts/dienmaychuyennghiep.com/.cagefs/var/run" "Mozilla/5.0 AppleWebKit/537.36 (KHTML, like Gecko; compatible; GPTBot/1.4; +https://openai.com/gptbot)"
74.7.227.12 - - [11/Jun/2026:04:57:51 +0700] "GET /san-pham/may-thoi-hoi-nong-makita-hg5030k/ HTTP/2" 200 63218 "https://www.pemco.com.vn/wp-sitemap-posts-product-1.xml" "Mozilla/5.0 AppleWebKit/537.36 (KHTML, like Gecko; compatible; GPTBot/1.4; +https://openai.com/gptbot)"
216.73.216.144 - - [11/Jun/2026:04:57:55 +0700] "GET /san-pham/may-khoan-duc-be-tong-bosch-gsh-11e/feed/?filesrc=%2Fvar%2Fwww%2Fvhosts%2Fdienmaychuyennghiep.com%2Fhttpdocs%2Fwp-includes%2Fclass-wp-block-processor.php&path=%2Fvar%2Fwww%2Fvhosts%2Fdienmaychuyennghiep.com%2Fhttpdocs%2Fwp-includes HTTP/2" 403 370 "-" "Mozilla/5.0 AppleWebKit/537.36 (KHTML, like Gecko; compatible; ClaudeBot/1.0; +claudebot@anthropic.com)"
216.73.216.144 - - [11/Jun/2026:04:57:56 +0700] "GET /tu-khoa-san-pham/may-thoi-khi-dung-pin/?filesrc=%2Fvar%2Fwww%2Fvhosts%2Fdienmaychuyennghiep.com%2Fhttpdocs%2Fwp-includes%2Fclass-wp-term-query.php&path=%2Fvar%2Fwww%2Fvhosts%2Fdienmaychuyennghiep.com%2Fhttpdocs%2Fwp-includes HTTP/2" 403 370 "-" "Mozilla/5.0 AppleWebKit/537.36 (KHTML, like Gecko; compatible; ClaudeBot/1.0; +claudebot@anthropic.com)"
216.73.216.144 - - [11/Jun/2026:04:57:58 +0700] "GET /tu-khoa-san-pham/may-thoi-khi-dung-pin/?path=%2Fvar%2Fwww%2Fvhosts%2Fdienmaychuyennghiep.com%2Fhttpdocs%2Fwordpress%2Fwp-content HTTP/2" 403 370 "-" "Mozilla/5.0 AppleWebKit/537.36 (KHTML, like Gecko; compatible; ClaudeBot/1.0; +claudebot@anthropic.com)"
74.7.243.201 - - [11/Jun/2026:04:57:55 +0700] "GET /danh-muc-san-pham/dung-cu-cam-tay/?path=/var/www/vhosts/dienmaychuyennghiep.com/.cagefs/var/spool/cron HTTP/2" 200 54673 "https://www.dienmaychuyennghiep.com/danh-muc-san-pham/dung-cu-cam-tay/?path=/var/www/vhosts/dienmaychuyennghiep.com/.cagefs/var/spool" "Mozilla/5.0 AppleWebKit/537.36 (KHTML, like Gecko; compatible; GPTBot/1.4; +https://openai.com/gptbot)"
142.44.220.23 - - [11/Jun/2026:04:57:56 +0700] "GET /products/55727245572 HTTP/2" 200 19519 "-" "Mozilla/5.0 (compatible; AhrefsBot/7.0; +http://ahrefs.com/robot/)"
198.244.240.206 - - [11/Jun/2026:04:57:56 +0700] "GET /san-pham/may-khoan-bua-bosch-gbh-2-28-dfv/ HTTP/2" 200 63772 "-" "Mozilla/5.0 (compatible; AhrefsBot/7.0; +http://ahrefs.com/robot/)"
74.7.227.12 - - [11/Jun/2026:04:57:55 +0700] "GET /san-pham/may-khoan-be-tong-sencan-722403/ HTTP/2" 200 63222 "https://www.pemco.com.vn/wp-sitemap-posts-product-1.xml" "Mozilla/5.0 AppleWebKit/537.36 (KHTML, like Gecko; compatible; GPTBot/1.4; +https://openai.com/gptbot)"
216.73.216.144 - - [11/Jun/2026:04:57:59 +0700] "GET /san-pham/motor-hong-ky-vo-gang-plc-h1-514c2/feed/?filesrc=%2Fvar%2Fwww%2Fvhosts%2Fdienmaychuyennghiep.com%2Fhttpdocs%2Fwp-includes%2FRequests%2Fsrc%2FSsl.php&path=%2Fvar%2Fwww%2Fvhosts%2Fdienmaychuyennghiep.com%2Fhttpdocs%2Fwp-includes%2FRequests%2Fsrc HTTP/2" 403 370 "-" "Mozilla/5.0 AppleWebKit/537.36 (KHTML, like Gecko; compatible; ClaudeBot/1.0; +claudebot@anthropic.com)"
74.7.227.12 - - [11/Jun/2026:04:57:58 +0700] "GET /san-pham/may-khoan-be-tong-sencan-722615/ HTTP/2" 200 63057 "https://www.pemco.com.vn/wp-sitemap-posts-product-1.xml" "Mozilla/5.0 AppleWebKit/537.36 (KHTML, like Gecko; compatible; GPTBot/1.4; +https://openai.com/gptbot)"
74.7.243.201 - - [11/Jun/2026:04:57:58 +0700] "GET /san-pham/all-star-canvas-hi-converse/?path=/var/www/vhosts/dienmaychuyennghiep.com/usr/libexec/openssh HTTP/2" 200 59842 "https://www.dienmaychuyennghiep.com/san-pham/all-star-canvas-hi-converse/?path=/var/www/vhosts/dienmaychuyennghiep.com/usr/libexec" "Mozilla/5.0 AppleWebKit/537.36 (KHTML, like Gecko; compatible; GPTBot/1.4; +https://openai.com/gptbot)"
216.73.216.144 - - [11/Jun/2026:04:58:01 +0700] "GET /tu-khoa-san-pham/may-thoi-khi-dung-pin/?path=%2Fvar%2Fwww%2Fvhosts%2Fdienmaychuyennghiep.com%2Fhttpdocs%2Fwp-includes%2Ftheme-compat HTTP/2" 403 370 "-" "Mozilla/5.0 AppleWebKit/537.36 (KHTML, like Gecko; compatible; ClaudeBot/1.0; +claudebot@anthropic.com)"
142.44.233.114 - - [11/Jun/2026:04:58:01 +0700] "GET /products/55727241041 HTTP/2" 200 19519 "-" "Mozilla/5.0 (compatible; AhrefsBot/7.0; +http://ahrefs.com/robot/)"
216.73.216.144 - - [11/Jun/2026:04:58:03 +0700] "GET /tu-khoa-san-pham/may-thoi-khi-dung-pin/?filesrc=%2Fvar%2Fwww%2Fvhosts%2Fdienmaychuyennghiep.com%2Fhttpdocs%2Fwp-includes%2Fclass-wp-fatal-error-handler.php&path=%2Fvar%2Fwww%2Fvhosts%2Fdienmaychuyennghiep.com%2Fhttpdocs%2Fwp-includes HTTP/2" 403 370 "-" "Mozilla/5.0 AppleWebKit/537.36 (KHTML, like Gecko; compatible; ClaudeBot/1.0; +claudebot@anthropic.com)"
74.7.243.201 - - [11/Jun/2026:04:58:01 +0700] "GET /tu-khoa-san-pham/may-mai-thang-dung-pin/?path=/var/www/vhosts/dienmaychuyennghiep.com/.cagefs/tmp HTTP/2" 200 55797 "https://www.dienmaychuyennghiep.com/tu-khoa-san-pham/may-mai-thang-dung-pin/?path=/var/www/vhosts/dienmaychuyennghiep.com/.cagefs" "Mozilla/5.0 AppleWebKit/537.36 (KHTML, like Gecko; compatible; GPTBot/1.4; +https://openai.com/gptbot)"
74.7.227.12 - - [11/Jun/2026:04:58:02 +0700] "GET /san-pham/may-cha-nham-rung-vuong-dsb03-100s/ HTTP/2" 200 62948 "https://www.pemco.com.vn/wp-sitemap-posts-product-1.xml" "Mozilla/5.0 AppleWebKit/537.36 (KHTML, like Gecko; compatible; GPTBot/1.4; +https://openai.com/gptbot)"
216.73.216.144 - - [11/Jun/2026:04:58:05 +0700] "GET /tu-khoa-san-pham/may-thoi-khi-dung-pin/?filesrc=%2Fvar%2Fwww%2Fvhosts%2Fdienmaychuyennghiep.com%2Fhttpdocs%2Fwp-includes%2Fspeculative-loading.php&path=%2Fvar%2Fwww%2Fvhosts%2Fdienmaychuyennghiep.com%2Fhttpdocs%2Fwp-includes HTTP/2" 403 370 "-" "Mozilla/5.0 AppleWebKit/537.36 (KHTML, like Gecko; compatible; ClaudeBot/1.0; +claudebot@anthropic.com)"
74.7.227.12 - - [11/Jun/2026:04:58:05 +0700] "GET /san-pham/may-khoan-ban-hong-ky-220v-hk-kd800/ HTTP/2" 200 62807 "https://www.pemco.com.vn/wp-sitemap-posts-product-1.xml" "Mozilla/5.0 AppleWebKit/537.36 (KHTML, like Gecko; compatible; GPTBot/1.4; +https://openai.com/gptbot)"
216.73.216.144 - - [11/Jun/2026:04:58:07 +0700] "GET /san-pham/may-khoan-dung-pin-dcjz2060i/?filesrc=%2Fvar%2Fwww%2Fvhosts%2Fdienmaychuyennghiep.com%2Fhttpdocs%2Fwp-includes%2Fblock-patterns.php&path=%2Fvar%2Fwww%2Fvhosts%2Fdienmaychuyennghiep.com%2Fhttpdocs%2Fwp-includes HTTP/2" 403 370 "-" "Mozilla/5.0 AppleWebKit/537.36 (KHTML, like Gecko; compatible; ClaudeBot/1.0; +claudebot@anthropic.com)"
74.7.243.201 - - [11/Jun/2026:04:58:05 +0700] "GET /san-pham/all-star-canvas-hi-converse/?path=/var/www/vhosts/dienmaychuyennghiep.com/.cagefs/var/php HTTP/2" 200 59757 "https://www.dienmaychuyennghiep.com/san-pham/all-star-canvas-hi-converse/?path=/var/www/vhosts/dienmaychuyennghiep.com/.cagefs/var" "Mozilla/5.0 AppleWebKit/537.36 (KHTML, like Gecko; compatible; GPTBot/1.4; +https://openai.com/gptbot)"
74.7.243.201 - - [11/Jun/2026:04:58:08 +0700] "GET /san-pham/all-star-canvas-hi-converse/?path=/var/www/vhosts/dienmaychuyennghiep.com/.cagefs/var/cache HTTP/2" 200 59813 "https://www.dienmaychuyennghiep.com/san-pham/all-star-canvas-hi-converse/?path=/var/www/vhosts/dienmaychuyennghiep.com/.cagefs/var" "Mozilla/5.0 AppleWebKit/537.36 (KHTML, like Gecko; compatible; GPTBot/1.4; +https://openai.com/gptbot)"
74.7.227.12 - - [11/Jun/2026:04:58:08 +0700] "GET /san-pham/may-han-tien-dat-500a-380v-day-dong/ HTTP/2" 200 63020 "https://www.pemco.com.vn/wp-sitemap-posts-product-1.xml" "Mozilla/5.0 AppleWebKit/537.36 (KHTML, like Gecko; compatible; GPTBot/1.4; +https://openai.com/gptbot)"
148.113.128.217 - - [11/Jun/2026:04:58:10 +0700] "GET /products/5572723847 HTTP/2" 200 19519 "-" "Mozilla/5.0 (compatible; AhrefsBot/7.0; +http://ahrefs.com/robot/)"
74.7.243.201 - - [11/Jun/2026:04:58:10 +0700] "GET /san-pham/all-star-canvas-hi-converse/?path=/var/www/vhosts/dienmaychuyennghiep.com/.cagefs/var/spool HTTP/2" 200 59767 "https://www.dienmaychuyennghiep.com/san-pham/all-star-canvas-hi-converse/?path=/var/www/vhosts/dienmaychuyennghiep.com/.cagefs/var" "Mozilla/5.0 AppleWebKit/537.36 (KHTML, like Gecko; compatible; GPTBot/1.4; +https://openai.com/gptbot)"
74.7.227.12 - - [11/Jun/2026:04:58:10 +0700] "GET /san-pham/may-nen-khi-day-dai-pegasus-model-tm-w-0-36-8-330l/ HTTP/2" 200 61943 "https://www.pemco.com.vn/wp-sitemap-posts-product-1.xml" "Mozilla/5.0 AppleWebKit/537.36 (KHTML, like Gecko; compatible; GPTBot/1.4; +https://openai.com/gptbot)"
74.7.227.12 - - [11/Jun/2026:04:58:13 +0700] "GET /san-pham/may-nen-khi-day-dai-pegasus-model-tm-v-0-25-8-180l/ HTTP/2" 200 61718 "https://www.pemco.com.vn/wp-sitemap-posts-product-1.xml" "Mozilla/5.0 AppleWebKit/537.36 (KHTML, like Gecko; compatible; GPTBot/1.4; +https://openai.com/gptbot)"
74.7.243.201 - - [11/Jun/2026:04:58:13 +0700] "GET /san-pham/all-star-canvas-hi-converse/?path=/var/www/vhosts/dienmaychuyennghiep.com/.cagefs/var/run HTTP/2" 200 59852 "https://www.dienmaychuyennghiep.com/san-pham/all-star-canvas-hi-converse/?path=/var/www/vhosts/dienmaychuyennghiep.com/.cagefs/var" "Mozilla/5.0 AppleWebKit/537.36 (KHTML, like Gecko; compatible; GPTBot/1.4; +https://openai.com/gptbot)"
142.44.220.106 - - [11/Jun/2026:04:58:14 +0700] "GET /products/55727236159 HTTP/2" 200 19519 "-" "Mozilla/5.0 (compatible; AhrefsBot/7.0; +http://ahrefs.com/robot/)"
74.7.227.12 - - [11/Jun/2026:04:58:16 +0700] "GET /san-pham/may-nen-khi-day-dai-pegasus-model-tm-v-0-25-8-120l/ HTTP/2" 200 61856 "https://www.pemco.com.vn/wp-sitemap-posts-product-1.xml" "Mozilla/5.0 AppleWebKit/537.36 (KHTML, like Gecko; compatible; GPTBot/1.4; +https://openai.com/gptbot)"
74.7.243.201 - - [11/Jun/2026:04:58:16 +0700] "GET /danh-muc-san-pham/dung-cu-cam-tay/?path=/var/www/vhosts/dienmaychuyennghiep.com/.cagefs/var/php/apm/db HTTP/2" 200 54753 "https://www.dienmaychuyennghiep.com/danh-muc-san-pham/dung-cu-cam-tay/?path=/var/www/vhosts/dienmaychuyennghiep.com/.cagefs/var/php/apm" "Mozilla/5.0 AppleWebKit/537.36 (KHTML, like Gecko; compatible; GPTBot/1.4; +https://openai.com/gptbot)"
15.235.96.76 - - [11/Jun/2026:04:58:18 +0700] "GET /products/55727236134 HTTP/2" 200 19519 "-" "Mozilla/5.0 (compatible; AhrefsBot/7.0; +http://ahrefs.com/robot/)"
74.7.227.12 - - [11/Jun/2026:04:58:18 +0700] "GET /?p=3184 HTTP/2" 200 19500 "https://www.pemco.com.vn/san-pham/may-thoi-hoi-nong-makita-hg6030k/" "Mozilla/5.0 AppleWebKit/537.36 (KHTML, like Gecko; compatible; GPTBot/1.4; +https://openai.com/gptbot)"
74.7.243.201 - - [11/Jun/2026:04:58:19 +0700] "GET /san-pham/all-star-canvas-hi-converse/?path=/var/www/vhosts/dienmaychuyennghiep.com/.cagefs/var/lib HTTP/2" 200 59749 "https://www.dienmaychuyennghiep.com/san-pham/all-star-canvas-hi-converse/?path=/var/www/vhosts/dienmaychuyennghiep.com/.cagefs/var" "Mozilla/5.0 AppleWebKit/537.36 (KHTML, like Gecko; compatible; GPTBot/1.4; +https://openai.com/gptbot)"
74.7.227.12 - - [11/Jun/2026:04:58:20 +0700] "GET /?p=3208 HTTP/2" 200 19519 "https://www.pemco.com.vn/san-pham/may-thoi-hoi-nong-makita-hg6530v/" "Mozilla/5.0 AppleWebKit/537.36 (KHTML, like Gecko; compatible; GPTBot/1.4; +https://openai.com/gptbot)"
74.7.227.12 - - [11/Jun/2026:04:58:22 +0700] "GET /?p=3169 HTTP/2" 200 19519 "https://www.pemco.com.vn/san-pham/may-thoi-hoi-nong-makita-hg5030k/" "Mozilla/5.0 AppleWebKit/537.36 (KHTML, like Gecko; compatible; GPTBot/1.4; +https://openai.com/gptbot)"
74.7.243.201 - - [11/Jun/2026:04:58:22 +0700] "GET /tu-khoa-san-pham/may-mai-thang-dung-pin/?path=/var/www/vhosts/dienmaychuyennghiep.com/.cagefs/var HTTP/2" 200 56086 "https://www.dienmaychuyennghiep.com/tu-khoa-san-pham/may-mai-thang-dung-pin/?path=/var/www/vhosts/dienmaychuyennghiep.com/.cagefs" "Mozilla/5.0 AppleWebKit/537.36 (KHTML, like Gecko; compatible; GPTBot/1.4; +https://openai.com/gptbot)"
74.7.227.12 - - [11/Jun/2026:04:58:24 +0700] "GET /?p=3652 HTTP/2" 200 19519 "https://www.pemco.com.vn/san-pham/may-khoan-be-tong-sencan-722403/" "Mozilla/5.0 AppleWebKit/537.36 (KHTML, like Gecko; compatible; GPTBot/1.4; +https://openai.com/gptbot)"
54.39.136.126 - - [11/Jun/2026:04:58:24 +0700] "GET /products/55727234249 HTTP/2" 200 19756 "-" "Mozilla/5.0 (compatible; AhrefsBot/7.0; +http://ahrefs.com/robot/)"
103.138.88.26 - - [11/Jun/2026:04:58:28 +0700] "POST /wp-cron.php?doing_wp_cron=1781128708.0813701152801513671875 HTTP/1.1" 200 474 "-" "WordPress/7.0; https://www.pemco.com.vn"
114.119.153.15 - - [11/Jun/2026:04:58:28 +0700] "GET /wp-content/uploads/2024/07/GA9060-3-247x296.png HTTP/1.1" 200 59005 "https://dienmaychuyennghiep.com/san-pham/may-mai-goc-makita-ga9060/" "Mozilla/5.0 (Linux; Android 7.0;) AppleWebKit/537.36 (HTML, like Gecko) Mobile Safari/537.36 (compatible; PetalBot;+https://webmaster.petalsearch.com/site/petalbot)"
74.7.227.12 - - [11/Jun/2026:04:58:26 +0700] "GET /?p=3659 HTTP/2" 200 19519 "https://www.pemco.com.vn/san-pham/may-khoan-be-tong-sencan-722615/" "Mozilla/5.0 AppleWebKit/537.36 (KHTML, like Gecko; compatible; GPTBot/1.4; +https://openai.com/gptbot)"
103.138.88.26 - - [11/Jun/2026:04:58:29 +0700] "POST /wp-cron.php?doing_wp_cron=1781128709.1076409816741943359375 HTTP/1.1" 200 474 "-" "WordPress/7.0; https://www.dienmaychuyennghiep.com"
74.7.243.201 - - [11/Jun/2026:04:58:26 +0700] "GET /featured_item_category/design/feed/?path=/var/www/vhosts/dienmaychuyennghiep.com/httpdocs/wordpress HTTP/2" 200 18771 "https://www.dienmaychuyennghiep.com/featured_item_category/design/feed/" "Mozilla/5.0 AppleWebKit/537.36 (KHTML, like Gecko; compatible; GPTBot/1.4; +https://openai.com/gptbot)"
74.7.227.12 - - [11/Jun/2026:04:58:28 +0700] "GET /?p=7245 HTTP/2" 200 19756 "https://www.pemco.com.vn/san-pham/may-cha-nham-rung-vuong-dsb03-100s/" "Mozilla/5.0 AppleWebKit/537.36 (KHTML, like Gecko; compatible; GPTBot/1.4; +https://openai.com/gptbot)"
74.7.243.201 - - [11/Jun/2026:04:58:29 +0700] "GET /featured_item_category/design/feed/?path=/var/www/vhosts/dienmaychuyennghiep.com/httpdocs HTTP/2" 200 19519 "https://www.dienmaychuyennghiep.com/featured_item_category/design/feed/" "Mozilla/5.0 AppleWebKit/537.36 (KHTML, like Gecko; compatible; GPTBot/1.4; +https://openai.com/gptbot)"
54.39.89.216 - - [11/Jun/2026:04:58:30 +0700] "GET /products/55727232970 HTTP/2" 200 19519 "-" "Mozilla/5.0 (compatible; AhrefsBot/7.0; +http://ahrefs.com/robot/)"
74.7.227.12 - - [11/Jun/2026:04:58:30 +0700] "GET /?p=6852 HTTP/2" 200 19756 "https://www.pemco.com.vn/san-pham/may-khoan-ban-hong-ky-220v-hk-kd800/" "Mozilla/5.0 AppleWebKit/537.36 (KHTML, like Gecko; compatible; GPTBot/1.4; +https://openai.com/gptbot)"
74.7.227.12 - - [11/Jun/2026:04:58:32 +0700] "GET /?p=9145 HTTP/2" 200 19519 "https://www.pemco.com.vn/san-pham/may-han-tien-dat-500a-380v-day-dong/" "Mozilla/5.0 AppleWebKit/537.36 (KHTML, like Gecko; compatible; GPTBot/1.4; +https://openai.com/gptbot)"
74.7.243.201 - - [11/Jun/2026:04:58:32 +0700] "GET /tu-khoa-san-pham/may-mai-thang-dung-pin/?path=/var/www/vhosts/dienmaychuyennghiep.com/.cl.selector HTTP/2" 200 55887 "https://www.dienmaychuyennghiep.com/tu-khoa-san-pham/may-mai-thang-dung-pin/?path=/var/www/vhosts/dienmaychuyennghiep.com" "Mozilla/5.0 AppleWebKit/537.36 (KHTML, like Gecko; compatible; GPTBot/1.4; +https://openai.com/gptbot)"
74.7.227.12 - - [11/Jun/2026:04:58:34 +0700] "GET /?p=8229 HTTP/2" 200 19756 "https://www.pemco.com.vn/san-pham/may-nen-khi-day-dai-pegasus-model-tm-w-0-36-8-330l/" "Mozilla/5.0 AppleWebKit/537.36 (KHTML, like Gecko; compatible; GPTBot/1.4; +https://openai.com/gptbot)"
40.77.167.78 - - [11/Jun/2026:04:58:35 +0700] "GET /products/12597134003 HTTP/2" 200 19756 "-" "Mozilla/5.0 AppleWebKit/537.36 (KHTML, like Gecko; compatible; bingbot/2.0; +http://www.bing.com/bingbot.htm) Chrome/116.0.1938.76 Safari/537.36"
74.7.243.201 - - [11/Jun/2026:04:58:35 +0700] "GET /tu-khoa-san-pham/may-mai-thang-dung-pin/?path=/var/www/vhosts/dienmaychuyennghiep.com/wordpress-backups HTTP/2" 200 55880 "https://www.dienmaychuyennghiep.com/tu-khoa-san-pham/may-mai-thang-dung-pin/?path=/var/www/vhosts/dienmaychuyennghiep.com" "Mozilla/5.0 AppleWebKit/537.36 (KHTML, like Gecko; compatible; GPTBot/1.4; +https://openai.com/gptbot)"
148.113.128.83 - - [11/Jun/2026:04:58:36 +0700] "GET /products/55727232405 HTTP/2" 200 19756 "-" "Mozilla/5.0 (compatible; AhrefsBot/7.0; +http://ahrefs.com/robot/)"
74.7.227.12 - - [11/Jun/2026:04:58:36 +0700] "GET /?p=8201 HTTP/2" 200 19756 "https://www.pemco.com.vn/san-pham/may-nen-khi-day-dai-pegasus-model-tm-v-0-25-8-180l/" "Mozilla/5.0 AppleWebKit/537.36 (KHTML, like Gecko; compatible; GPTBot/1.4; +https://openai.com/gptbot)"
74.7.227.12 - - [11/Jun/2026:04:58:39 +0700] "GET /?p=8195 HTTP/2" 200 19756 "https://www.pemco.com.vn/san-pham/may-nen-khi-day-dai-pegasus-model-tm-v-0-25-8-120l/" "Mozilla/5.0 AppleWebKit/537.36 (KHTML, like Gecko; compatible; GPTBot/1.4; +https://openai.com/gptbot)"
74.7.227.12 - - [11/Jun/2026:04:58:41 +0700] "GET /wp-content/uploads/2025/10/May-han-tien-dat-500A-400x400-1-247x296.jpg HTTP/2" 200 12195 "https://www.pemco.com.vn/san-pham/may-han-tien-dat-500a-380v-day-dong/" "Mozilla/5.0 AppleWebKit/537.36 (KHTML, like Gecko; compatible; GPTBot/1.4; +https://openai.com/gptbot)"
74.7.227.12 - - [11/Jun/2026:04:58:41 +0700] "GET /wp-content/uploads/2025/10/May-han-tien-dat-500A-400x400-1.jpg HTTP/2" 200 19797 "https://www.pemco.com.vn/san-pham/may-han-tien-dat-500a-380v-day-dong/" "Mozilla/5.0 AppleWebKit/537.36 (KHTML, like Gecko; compatible; GPTBot/1.4; +https://openai.com/gptbot)"
40.77.167.51 - - [11/Jun/2026:04:58:39 +0700] "GET /products/72134143405 HTTP/2" 200 19500 "-" "Mozilla/5.0 AppleWebKit/537.36 (KHTML, like Gecko; compatible; bingbot/2.0; +http://www.bing.com/bingbot.htm) Chrome/116.0.1938.76 Safari/537.36"
74.7.243.201 - - [11/Jun/2026:04:58:39 +0700] "GET /san-pham/all-star-canvas-hi-converse/?path=/var/www/vhosts/dienmaychuyennghiep.com/.cagefs/var/php/apm HTTP/2" 200 59855 "https://www.dienmaychuyennghiep.com/san-pham/all-star-canvas-hi-converse/?path=/var/www/vhosts/dienmaychuyennghiep.com/.cagefs/var/php" "Mozilla/5.0 AppleWebKit/537.36 (KHTML, like Gecko; compatible; GPTBot/1.4; +https://openai.com/gptbot)"
74.7.227.12 - - [11/Jun/2026:04:58:42 +0700] "GET /wp-content/uploads/2025/10/May-han-tien-dat-400A-400x400-1-100x100.jpg HTTP/2" 200 2630 "https://www.pemco.com.vn/san-pham/may-han-tien-dat-500a-380v-day-dong/" "Mozilla/5.0 AppleWebKit/537.36 (KHTML, like Gecko; compatible; GPTBot/1.4; +https://openai.com/gptbot)"
74.7.227.12 - - [11/Jun/2026:04:58:42 +0700] "GET /wp-content/uploads/2025/09/May-nen-khi-8kg-220v-247x296.webp HTTP/2" 200 9798 "https://www.pemco.com.vn/san-pham/may-nen-khi-day-dai-pegasus-model-tm-w-0-36-8-330l/" "Mozilla/5.0 AppleWebKit/537.36 (KHTML, like Gecko; compatible; GPTBot/1.4; +https://openai.com/gptbot)"
74.7.227.12 - - [11/Jun/2026:04:58:43 +0700] "GET /wp-content/uploads/2025/10/may-han-tien-dat-250a-400x400-1-247x296.jpg HTTP/2" 200 9019 "https://www.pemco.com.vn/san-pham/may-han-tien-dat-500a-380v-day-dong/" "Mozilla/5.0 AppleWebKit/537.36 (KHTML, like Gecko; compatible; GPTBot/1.4; +https://openai.com/gptbot)"
74.7.227.12 - - [11/Jun/2026:04:58:43 +0700] "GET /wp-content/uploads/2025/09/nen-khi-pegasus-tm-w-036-125-230l-220v-4hp-230-lit-ap-125-100x100.jpg HTTP/2" 200 3703 "https://www.pemco.com.vn/san-pham/may-nen-khi-day-dai-pegasus-model-tm-w-0-36-8-330l/" "Mozilla/5.0 AppleWebKit/537.36 (KHTML, like Gecko; compatible; GPTBot/1.4; +https://openai.com/gptbot)"
142.44.233.215 - - [11/Jun/2026:04:58:42 +0700] "GET /products/55727227414 HTTP/2" 200 19519 "-" "Mozilla/5.0 (compatible; AhrefsBot/7.0; +http://ahrefs.com/robot/)"
74.7.227.12 - - [11/Jun/2026:04:58:44 +0700] "GET /wp-content/uploads/2025/10/29-may-khoan-8-tat-2_11-1-247x296.jpg HTTP/2" 200 11622 "https://www.pemco.com.vn/san-pham/may-han-tien-dat-500a-380v-day-dong/" "Mozilla/5.0 AppleWebKit/537.36 (KHTML, like Gecko; compatible; GPTBot/1.4; +https://openai.com/gptbot)"
74.7.227.12 - - [11/Jun/2026:04:58:44 +0700] "GET /wp-content/uploads/2025/09/nen-khi-pegasus-model-tm-v-025-8-120l-220v-3hp-120-lit-ap-8-1-510x510.jpg HTTP/2" 200 28088 "https://www.pemco.com.vn/san-pham/may-nen-khi-day-dai-pegasus-model-tm-v-0-25-8-120l/" "Mozilla/5.0 AppleWebKit/537.36 (KHTML, like Gecko; compatible; GPTBot/1.4; +https://openai.com/gptbot)"
74.7.227.12 - - [11/Jun/2026:04:58:45 +0700] "GET /wp-content/uploads/2025/09/nen-khi-pegasus-model-tm-v-025-8-120l-220v-3hp-120-lit-ap-8-100x100.jpg HTTP/2" 200 2413 "https://www.pemco.com.vn/san-pham/may-nen-khi-day-dai-pegasus-model-tm-v-0-25-8-120l/" "Mozilla/5.0 AppleWebKit/537.36 (KHTML, like Gecko; compatible; GPTBot/1.4; +https://openai.com/gptbot)"
74.7.227.12 - - [11/Jun/2026:04:58:45 +0700] "GET /wp-content/uploads/2025/10/khoan-ban-tien-dat-1m2-400x400-1-247x296.jpg HTTP/2" 200 9147 "https://www.pemco.com.vn/san-pham/may-han-tien-dat-500a-380v-day-dong/" "Mozilla/5.0 AppleWebKit/537.36 (KHTML, like Gecko; compatible; GPTBot/1.4; +https://openai.com/gptbot)"
74.7.227.12 - - [11/Jun/2026:04:58:46 +0700] "GET /wp-content/uploads/2025/09/nen-khi-pegasus-model-tm-v-025-8-120l-220v-3hp-120-lit-ap-8-1.jpg HTTP/2" 200 74717 "https://www.pemco.com.vn/san-pham/may-nen-khi-day-dai-pegasus-model-tm-v-0-25-8-120l/" "Mozilla/5.0 AppleWebKit/537.36 (KHTML, like Gecko; compatible; GPTBot/1.4; +https://openai.com/gptbot)"
74.7.243.201 - - [11/Jun/2026:04:58:42 +0700] "GET /san-pham/all-star-canvas-hi-converse/?path=/var/www/vhosts/dienmaychuyennghiep.com/.cagefs/var/cache/php-eaccelerator HTTP/2" 200 59693 "https://www.dienmaychuyennghiep.com/san-pham/all-star-canvas-hi-converse/?path=/var/www/vhosts/dienmaychuyennghiep.com/.cagefs/var/cache" "Mozilla/5.0 AppleWebKit/537.36 (KHTML, like Gecko; compatible; GPTBot/1.4; +https://openai.com/gptbot)"
74.7.227.12 - - [11/Jun/2026:04:58:47 +0700] "GET /wp-content/uploads/2025/09/May-nen-khi-8kg-220v.webp HTTP/2" 200 15030 "https://www.pemco.com.vn/san-pham/may-nen-khi-day-dai-pegasus-model-tm-w-0-36-8-330l/" "Mozilla/5.0 AppleWebKit/537.36 (KHTML, like Gecko; compatible; GPTBot/1.4; +https://openai.com/gptbot)"
74.7.227.12 - - [11/Jun/2026:04:58:47 +0700] "GET /wp-content/uploads/2025/10/may-han-tien-dat-300a-day-dong-2-1-247x296.webp HTTP/2" 200 11082 "https://www.pemco.com.vn/san-pham/may-han-tien-dat-500a-380v-day-dong/" "Mozilla/5.0 AppleWebKit/537.36 (KHTML, like Gecko; compatible; GPTBot/1.4; +https://openai.com/gptbot)"
74.7.227.12 - - [11/Jun/2026:04:58:48 +0700] "GET /wp-content/uploads/2025/09/May-nen-khi-8kg-220v-510x510.webp HTTP/2" 200 16928 "https://www.pemco.com.vn/san-pham/may-nen-khi-day-dai-pegasus-model-tm-w-0-36-8-330l/" "Mozilla/5.0 AppleWebKit/537.36 (KHTML, like Gecko; compatible; GPTBot/1.4; +https://openai.com/gptbot)"
74.7.227.12 - - [11/Jun/2026:04:58:48 +0700] "GET /wp-content/uploads/2025/09/3hp-180l-1-100x100.webp HTTP/2" 200 7288 "https://www.pemco.com.vn/san-pham/may-nen-khi-day-dai-pegasus-model-tm-v-0-25-8-180l/" "Mozilla/5.0 AppleWebKit/537.36 (KHTML, like Gecko; compatible; GPTBot/1.4; +https://openai.com/gptbot)"
216.73.216.144 - - [11/Jun/2026:04:58:43 +0700] "GET /san-pham/may-khoan-dung-pin-dcjz2060i/?filesrc=%2Fvar%2Fwww%2Fvhosts%2Fdienmaychuyennghiep.com%2Fhttpdocs%2Fwp-includes%2Fblock-editor.php&path=%2Fvar%2Fwww%2Fvhosts%2Fdienmaychuyennghiep.com%2Fhttpdocs%2Fwp-includes HTTP/2" 200 68588 "-" "Mozilla/5.0 AppleWebKit/537.36 (KHTML, like Gecko; compatible; ClaudeBot/1.0; +claudebot@anthropic.com)"
74.7.227.12 - - [11/Jun/2026:04:58:49 +0700] "GET /wp-content/uploads/2025/09/May-nen-khi-8kg-220v-1-100x100.webp HTTP/2" 200 5076 "https://www.pemco.com.vn/san-pham/may-nen-khi-day-dai-pegasus-model-tm-w-0-36-8-330l/" "Mozilla/5.0 AppleWebKit/537.36 (KHTML, like Gecko; compatible; GPTBot/1.4; +https://openai.com/gptbot)"
74.7.227.12 - - [11/Jun/2026:04:58:49 +0700] "GET /wp-content/uploads/2025/09/3HP-120l-100x100.webp HTTP/2" 200 6592 "https://www.pemco.com.vn/san-pham/may-nen-khi-day-dai-pegasus-model-tm-v-0-25-8-120l/" "Mozilla/5.0 AppleWebKit/537.36 (KHTML, like Gecko; compatible; GPTBot/1.4; +https://openai.com/gptbot)"
74.7.243.201 - - [11/Jun/2026:04:58:46 +0700] "GET /san-pham/all-star-canvas-hi-converse/?path=/var/www/vhosts/dienmaychuyennghiep.com/.cagefs/var/spool/cron HTTP/2" 200 59700 "https://www.dienmaychuyennghiep.com/san-pham/all-star-canvas-hi-converse/?path=/var/www/vhosts/dienmaychuyennghiep.com/.cagefs/var/spool" "Mozilla/5.0 AppleWebKit/537.36 (KHTML, like Gecko; compatible; GPTBot/1.4; +https://openai.com/gptbot)"
74.7.227.12 - - [11/Jun/2026:04:58:50 +0700] "GET /wp-content/uploads/2025/10/may-han-tien-dat-250a-day-dong-1-2-247x296.webp HTTP/2" 200 10984 "https://www.pemco.com.vn/san-pham/may-han-tien-dat-500a-380v-day-dong/" "Mozilla/5.0 AppleWebKit/537.36 (KHTML, like Gecko; compatible; GPTBot/1.4; +https://openai.com/gptbot)"
51.161.65.114 - - [11/Jun/2026:04:58:48 +0700] "GET /products/55727226055 HTTP/2" 200 19519 "-" "Mozilla/5.0 (compatible; AhrefsBot/7.0; +http://ahrefs.com/robot/)"
74.7.227.12 - - [11/Jun/2026:04:58:50 +0700] "GET /wp-content/uploads/2025/10/may-han-tien-dat-250a-380v-day-dong-1-247x296.webp HTTP/2" 200 10162 "https://www.pemco.com.vn/san-pham/may-han-tien-dat-500a-380v-day-dong/" "Mozilla/5.0 AppleWebKit/537.36 (KHTML, like Gecko; compatible; GPTBot/1.4; +https://openai.com/gptbot)"
216.73.216.144 - - [11/Jun/2026:04:58:50 +0700] "GET /san-pham/may-khoan-dung-pin-dcjz2060i/?filesrc=%2Fvar%2Fwww%2Fvhosts%2Fdienmaychuyennghiep.com%2Fhttpdocs%2Fwp-includes%2Ffeed-rss2.php&path=%2Fvar%2Fwww%2Fvhosts%2Fdienmaychuyennghiep.com%2Fhttpdocs%2Fwp-includes HTTP/2" 403 370 "-" "Mozilla/5.0 AppleWebKit/537.36 (KHTML, like Gecko; compatible; ClaudeBot/1.0; +claudebot@anthropic.com)"
74.7.227.12 - - [11/Jun/2026:04:58:51 +0700] "GET /wp-content/uploads/2025/09/3hp-180l-1.webp HTTP/2" 200 117694 "https://www.pemco.com.vn/san-pham/may-nen-khi-day-dai-pegasus-model-tm-v-0-25-8-180l/" "Mozilla/5.0 AppleWebKit/537.36 (KHTML, like Gecko; compatible; GPTBot/1.4; +https://openai.com/gptbot)"
216.73.216.144 - - [11/Jun/2026:04:58:52 +0700] "GET /san-pham/may-khoan-duc-be-tong-bosch-gsh-11e/feed/?filesrc=%2Fvar%2Fwww%2Fvhosts%2Fdienmaychuyennghiep.com%2Fhttpdocs%2Fwp-includes%2Fclass-wp-xmlrpc-server.php&path=%2Fvar%2Fwww%2Fvhosts%2Fdienmaychuyennghiep.com%2Fhttpdocs%2Fwp-includes HTTP/2" 403 370 "-" "Mozilla/5.0 AppleWebKit/537.36 (KHTML, like Gecko; compatible; ClaudeBot/1.0; +claudebot@anthropic.com)"
74.7.243.201 - - [11/Jun/2026:04:58:49 +0700] "GET /san-pham/all-star-canvas-hi-converse/?path=/var/www/vhosts/dienmaychuyennghiep.com/.cagefs/var/run/screen HTTP/2" 200 59630 "https://www.dienmaychuyennghiep.com/san-pham/all-star-canvas-hi-converse/?path=/var/www/vhosts/dienmaychuyennghiep.com/.cagefs/var/run" "Mozilla/5.0 AppleWebKit/537.36 (KHTML, like Gecko; compatible; GPTBot/1.4; +https://openai.com/gptbot)"
74.7.227.12 - - [11/Jun/2026:04:58:52 +0700] "GET /wp-content/uploads/2025/10/f400-2-5hp-247x296.webp HTTP/2" 200 6648 "https://www.pemco.com.vn/san-pham/may-han-tien-dat-500a-380v-day-dong/" "Mozilla/5.0 AppleWebKit/537.36 (KHTML, like Gecko; compatible; GPTBot/1.4; +https://openai.com/gptbot)"
74.7.227.12 - - [11/Jun/2026:04:58:52 +0700] "GET /wp-content/uploads/2025/09/3hp-120l-380v-100x100.webp HTTP/2" 200 8238 "https://www.pemco.com.vn/san-pham/may-nen-khi-day-dai-pegasus-model-tm-v-0-25-8-180l/" "Mozilla/5.0 AppleWebKit/537.36 (KHTML, like Gecko; compatible; GPTBot/1.4; +https://openai.com/gptbot)"
216.73.216.144 - - [11/Jun/2026:04:58:54 +0700] "GET /tu-khoa-san-pham/may-thoi-khi-dung-pin/?path=%2Fvar%2Fwww%2Fvhosts%2Fdienmaychuyennghiep.com%2Fhttpdocs%2Fwp-includes%2Fblocks HTTP/2" 403 370 "-" "Mozilla/5.0 AppleWebKit/537.36 (KHTML, like Gecko; compatible; ClaudeBot/1.0; +claudebot@anthropic.com)"
216.73.216.144 - - [11/Jun/2026:04:58:55 +0700] "GET /san-pham/may-khoan-dung-pin-dcjz2060i/?filesrc=%2Fvar%2Fwww%2Fvhosts%2Fdienmaychuyennghiep.com%2Fhttpdocs%2Fwp-includes%2Fclass-wp-term.php&path=%2Fvar%2Fwww%2Fvhosts%2Fdienmaychuyennghiep.com%2Fhttpdocs%2Fwp-includes HTTP/2" 403 370 "-" "Mozilla/5.0 AppleWebKit/537.36 (KHTML, like Gecko; compatible; ClaudeBot/1.0; +claudebot@anthropic.com)"
74.7.227.12 - - [11/Jun/2026:04:58:53 +0700] "GET /san-pham/may-han-tien-dat-500a-380v-day-dong/?path=/var/www/vhosts/dienmaychuyennghiep.com/httpdocs/wordpress HTTP/2" 200 62076 "https://www.pemco.com.vn/san-pham/may-han-tien-dat-500a-380v-day-dong/" "Mozilla/5.0 AppleWebKit/537.36 (KHTML, like Gecko; compatible; GPTBot/1.4; +https://openai.com/gptbot)"
15.235.27.63 - - [11/Jun/2026:04:58:55 +0700] "GET /products/55727225205 HTTP/2" 200 19519 "-" "Mozilla/5.0 (compatible; AhrefsBot/7.0; +http://ahrefs.com/robot/)"
74.7.243.201 - - [11/Jun/2026:04:58:53 +0700] "GET /san-pham/all-star-canvas-hi-converse/?path=/var/www/vhosts/dienmaychuyennghiep.com/.cagefs/var/run/cagefs HTTP/2" 200 59814 "https://www.dienmaychuyennghiep.com/san-pham/all-star-canvas-hi-converse/?path=/var/www/vhosts/dienmaychuyennghiep.com/.cagefs/var/run" "Mozilla/5.0 AppleWebKit/537.36 (KHTML, like Gecko; compatible; GPTBot/1.4; +https://openai.com/gptbot)"
216.73.216.144 - - [11/Jun/2026:04:58:57 +0700] "GET /san-pham/may-khoan-dung-pin-dcjz2060i/?filesrc=%2Fvar%2Fwww%2Fvhosts%2Fdienmaychuyennghiep.com%2Fhttpdocs%2Fwp-includes%2Fclass-wp-meta-query.php&path=%2Fvar%2Fwww%2Fvhosts%2Fdienmaychuyennghiep.com%2Fhttpdocs%2Fwp-includes HTTP/2" 403 370 "-" "Mozilla/5.0 AppleWebKit/537.36 (KHTML, like Gecko; compatible; ClaudeBot/1.0; +claudebot@anthropic.com)"
74.7.243.201 - - [11/Jun/2026:04:58:56 +0700] "GET /san-pham/all-star-canvas-hi-converse/?path=/var/www/vhosts/dienmaychuyennghiep.com/.cagefs/var/lib/php HTTP/2" 200 59788 "https://www.dienmaychuyennghiep.com/san-pham/all-star-canvas-hi-converse/?path=/var/www/vhosts/dienmaychuyennghiep.com/.cagefs/var/lib" "Mozilla/5.0 AppleWebKit/537.36 (KHTML, like Gecko; compatible; GPTBot/1.4; +https://openai.com/gptbot)"
52.167.144.211 - - [11/Jun/2026:04:58:57 +0700] "GET /products/2982771965 HTTP/2" 200 19756 "-" "Mozilla/5.0 AppleWebKit/537.36 (KHTML, like Gecko; compatible; bingbot/2.0; +http://www.bing.com/bingbot.htm) Chrome/116.0.1938.76 Safari/537.36"
74.7.227.12 - - [11/Jun/2026:04:58:56 +0700] "GET /san-pham/may-nen-khi-day-dai-pegasus-model-tm-v-0-17-8-180l/ HTTP/2" 200 61990 "https://www.pemco.com.vn/wp-sitemap-posts-product-1.xml" "Mozilla/5.0 AppleWebKit/537.36 (KHTML, like Gecko; compatible; GPTBot/1.4; +https://openai.com/gptbot)"
216.73.216.144 - - [11/Jun/2026:04:58:59 +0700] "GET /tu-khoa-san-pham/may-thoi-khi-dung-pin/?filesrc=%2Fvar%2Fwww%2Fvhosts%2Fdienmaychuyennghiep.com%2Fhttpdocs%2Fwp-includes%2Fblock-template-utils.php&path=%2Fvar%2Fwww%2Fvhosts%2Fdienmaychuyennghiep.com%2Fhttpdocs%2Fwp-includes HTTP/2" 403 370 "-" "Mozilla/5.0 AppleWebKit/537.36 (KHTML, like Gecko; compatible; ClaudeBot/1.0; +claudebot@anthropic.com)"
52.167.144.211 - - [11/Jun/2026:04:58:59 +0700] "GET /products/2982784715 HTTP/2" 200 19519 "-" "Mozilla/5.0 AppleWebKit/537.36 (KHTML, like Gecko; compatible; bingbot/2.0; +http://www.bing.com/bingbot.htm) Chrome/116.0.1938.76 Safari/537.36"
114.119.131.210 - - [11/Jun/2026:04:58:58 +0700] "GET /san-pham/may-can-muc-laser-makita-sk103pz/ HTTP/1.1" 200 63016 "https://www.pemco.vn/danh-muc-san-pham/may-cam-tay/may-can-muc-laser/" "Mozilla/5.0 (Linux; Android 7.0;) AppleWebKit/537.36 (HTML, like Gecko) Mobile Safari/537.36 (compatible; PetalBot;+https://webmaster.petalsearch.com/site/petalbot)"
74.7.227.12 - - [11/Jun/2026:04:58:59 +0700] "GET /san-pham/may-nen-khi-day-dai-pegasus-model-tm-v-0-17-8-120l/ HTTP/2" 200 62090 "https://www.pemco.com.vn/wp-sitemap-posts-product-1.xml" "Mozilla/5.0 AppleWebKit/537.36 (KHTML, like Gecko; compatible; GPTBot/1.4; +https://openai.com/gptbot)"
216.73.216.144 - - [11/Jun/2026:04:59:01 +0700] "GET /danh-muc-san-pham/music/albums/feed/?path=%2Fvar%2Fwww%2Fvhosts%2Fdienmaychuyennghiep.com%2Fhttpdocs%2Fwp-content%2Fplugins%2Felementor-pro%2Fbase HTTP/2" 403 370 "-" "Mozilla/5.0 AppleWebKit/537.36 (KHTML, like Gecko; compatible; ClaudeBot/1.0; +claudebot@anthropic.com)"
74.7.243.201 - - [11/Jun/2026:04:58:59 +0700] "GET /tu-khoa-san-pham/may-mai-thang-dung-pin/?path=/var/www/vhosts/dienmaychuyennghiep.com/.cagefs/var/php HTTP/2" 200 56038 "https://www.dienmaychuyennghiep.com/tu-khoa-san-pham/may-mai-thang-dung-pin/?path=/var/www/vhosts/dienmaychuyennghiep.com/.cagefs/var" "Mozilla/5.0 AppleWebKit/537.36 (KHTML, like Gecko; compatible; GPTBot/1.4; +https://openai.com/gptbot)"
216.73.216.144 - - [11/Jun/2026:04:59:03 +0700] "GET /san-pham/may-khoan-dung-pin-dcjz2060i/?filesrc=%2Fvar%2Fwww%2Fvhosts%2Fdienmaychuyennghiep.com%2Fhttpdocs%2Fwp-includes%2Fblock-template-utils.php&path=%2Fvar%2Fwww%2Fvhosts%2Fdienmaychuyennghiep.com%2Fhttpdocs%2Fwp-includes HTTP/2" 403 370 "-" "Mozilla/5.0 AppleWebKit/537.36 (KHTML, like Gecko; compatible; ClaudeBot/1.0; +claudebot@anthropic.com)"
40.77.167.42 - - [11/Jun/2026:04:59:02 +0700] "GET /products/91669278714 HTTP/2" 200 19756 "-" "Mozilla/5.0 AppleWebKit/537.36 (KHTML, like Gecko; compatible; bingbot/2.0; +http://www.bing.com/bingbot.htm) Chrome/116.0.1938.76 Safari/537.36"
52.167.144.173 - - [11/Jun/2026:04:59:02 +0700] "GET /products/29827286969 HTTP/2" 200 19519 "-" "Mozilla/5.0 AppleWebKit/537.36 (KHTML, like Gecko; compatible; bingbot/2.0; +http://www.bing.com/bingbot.htm) Chrome/116.0.1938.76 Safari/537.36"
74.7.243.201 - - [11/Jun/2026:04:59:02 +0700] "GET /tu-khoa-san-pham/may-mai-thang-dung-pin/?path=/var/www/vhosts/dienmaychuyennghiep.com/.cagefs/var/cache HTTP/2" 200 56024 "https://www.dienmaychuyennghiep.com/tu-khoa-san-pham/may-mai-thang-dung-pin/?path=/var/www/vhosts/dienmaychuyennghiep.com/.cagefs/var" "Mozilla/5.0 AppleWebKit/537.36 (KHTML, like Gecko; compatible; GPTBot/1.4; +https://openai.com/gptbot)"
74.7.227.12 - - [11/Jun/2026:04:59:02 +0700] "GET /san-pham/may-nen-khi-day-dai-pegasus-model-tm-w-0-36-8-120l/ HTTP/2" 200 61900 "https://www.pemco.com.vn/wp-sitemap-posts-product-1.xml" "Mozilla/5.0 AppleWebKit/537.36 (KHTML, like Gecko; compatible; GPTBot/1.4; +https://openai.com/gptbot)"
40.77.167.62 - - [11/Jun/2026:04:59:06 +0700] "GET /wp-content/uploads/2024/07/M2401B-6-100x100.png HTTP/2" 200 17099 "-" "Mozilla/5.0 AppleWebKit/537.36 (KHTML, like Gecko; compatible; bingbot/2.0; +http://www.bing.com/bingbot.htm) Chrome/116.0.1938.76 Safari/537.36"
52.167.144.173 - - [11/Jun/2026:04:59:04 +0700] "GET /products/33373173658 HTTP/2" 200 19519 "-" "Mozilla/5.0 AppleWebKit/537.36 (KHTML, like Gecko; compatible; bingbot/2.0; +http://www.bing.com/bingbot.htm) Chrome/116.0.1938.76 Safari/537.36"
54.39.210.219 - - [11/Jun/2026:04:59:05 +0700] "GET /products/55727219213 HTTP/2" 200 19519 "-" "Mozilla/5.0 (compatible; AhrefsBot/7.0; +http://ahrefs.com/robot/)"
74.7.227.12 - - [11/Jun/2026:04:59:05 +0700] "GET /san-pham/may-nen-khi-day-dai-pegasus-model-tm-v-0-12-8-70l/feed/ HTTP/2" 200 20008 "https://www.pemco.com.vn/san-pham/may-nen-khi-day-dai-pegasus-model-tm-v-0-12-8-70l/" "Mozilla/5.0 AppleWebKit/537.36 (KHTML, like Gecko; compatible; GPTBot/1.4; +https://openai.com/gptbot)"
52.167.144.211 - - [11/Jun/2026:04:59:07 +0700] "GET /products/1054671922 HTTP/2" 200 19500 "-" "Mozilla/5.0 AppleWebKit/537.36 (KHTML, like Gecko; compatible; bingbot/2.0; +http://www.bing.com/bingbot.htm) Chrome/116.0.1938.76 Safari/537.36"
74.7.243.201 - - [11/Jun/2026:04:59:05 +0700] "GET /tu-khoa-san-pham/may-mai-thang-dung-pin/?path=/var/www/vhosts/dienmaychuyennghiep.com/.cagefs/var/run HTTP/2" 200 55967 "https://www.dienmaychuyennghiep.com/tu-khoa-san-pham/may-mai-thang-dung-pin/?path=/var/www/vhosts/dienmaychuyennghiep.com/.cagefs/var" "Mozilla/5.0 AppleWebKit/537.36 (KHTML, like Gecko; compatible; GPTBot/1.4; +https://openai.com/gptbot)"
40.77.167.62 - - [11/Jun/2026:04:59:07 +0700] "GET /products/2982781813 HTTP/2" 200 19519 "-" "Mozilla/5.0 AppleWebKit/537.36 (KHTML, like Gecko; compatible; bingbot/2.0; +http://www.bing.com/bingbot.htm) Chrome/116.0.1938.76 Safari/537.36"
52.167.144.211 - - [11/Jun/2026:04:59:08 +0700] "GET /products/91669275537 HTTP/2" 200 19519 "-" "Mozilla/5.0 AppleWebKit/537.36 (KHTML, like Gecko; compatible; bingbot/2.0; +http://www.bing.com/bingbot.htm) Chrome/116.0.1938.76 Safari/537.36"
216.73.216.144 - - [11/Jun/2026:04:59:09 +0700] "GET /tu-khoa-san-pham/may-thoi-khi-dung-pin/?filesrc=%2Fvar%2Fwww%2Fvhosts%2Fdienmaychuyennghiep.com%2Fhttpdocs%2Fwp-includes%2Fclass-walker-comment.php&path=%2Fvar%2Fwww%2Fvhosts%2Fdienmaychuyennghiep.com%2Fhttpdocs%2Fwp-includes HTTP/2" 403 370 "-" "Mozilla/5.0 AppleWebKit/537.36 (KHTML, like Gecko; compatible; ClaudeBot/1.0; +claudebot@anthropic.com)"
216.73.216.144 - - [11/Jun/2026:04:59:10 +0700] "GET /tu-khoa-san-pham/may-thoi-khi-dung-pin/?filesrc=%2Fvar%2Fwww%2Fvhosts%2Fdienmaychuyennghiep.com%2Fhttpdocs%2Fwp-includes%2Ffeed-rss2.php&path=%2Fvar%2Fwww%2Fvhosts%2Fdienmaychuyennghiep.com%2Fhttpdocs%2Fwp-includes HTTP/2" 403 370 "-" "Mozilla/5.0 AppleWebKit/537.36 (KHTML, like Gecko; compatible; ClaudeBot/1.0; +claudebot@anthropic.com)"
52.167.144.211 - - [11/Jun/2026:04:59:09 +0700] "GET /products/1054664664 HTTP/2" 200 19519 "-" "Mozilla/5.0 AppleWebKit/537.36 (KHTML, like Gecko; compatible; bingbot/2.0; +http://www.bing.com/bingbot.htm) Chrome/116.0.1938.76 Safari/537.36"
74.7.227.12 - - [11/Jun/2026:04:59:08 +0700] "GET /san-pham/may-khoan-pin-12v-kyocera-bd-120c-2b/ HTTP/2" 200 63163 "https://www.pemco.com.vn/wp-sitemap-posts-product-1.xml" "Mozilla/5.0 AppleWebKit/537.36 (KHTML, like Gecko; compatible; GPTBot/1.4; +https://openai.com/gptbot)"
74.7.243.201 - - [11/Jun/2026:04:59:09 +0700] "GET /tu-khoa-san-pham/may-mai-thang-dung-pin/?path=/var/www/vhosts/dienmaychuyennghiep.com/.cagefs/var/spool HTTP/2" 200 55941 "https://www.dienmaychuyennghiep.com/tu-khoa-san-pham/may-mai-thang-dung-pin/?path=/var/www/vhosts/dienmaychuyennghiep.com/.cagefs/var" "Mozilla/5.0 AppleWebKit/537.36 (KHTML, like Gecko; compatible; GPTBot/1.4; +https://openai.com/gptbot)"
52.167.144.173 - - [11/Jun/2026:04:59:11 +0700] "GET /products/723289230 HTTP/2" 200 19519 "-" "Mozilla/5.0 AppleWebKit/537.36 (KHTML, like Gecko; compatible; bingbot/2.0; +http://www.bing.com/bingbot.htm) Chrome/116.0.1938.76 Safari/537.36"
52.167.144.211 - - [11/Jun/2026:04:59:10 +0700] "GET /products/5793334542 HTTP/2" 200 19500 "-" "Mozilla/5.0 AppleWebKit/537.36 (KHTML, like Gecko; compatible; bingbot/2.0; +http://www.bing.com/bingbot.htm) Chrome/116.0.1938.76 Safari/537.36"
216.73.216.144 - - [11/Jun/2026:04:59:12 +0700] "GET /tu-khoa-san-pham/may-thoi-khi-dung-pin/?filesrc=%2Fvar%2Fwww%2Fvhosts%2Fdienmaychuyennghiep.com%2Fhttpdocs%2Fwp-includes%2Fblock-editor.php&path=%2Fvar%2Fwww%2Fvhosts%2Fdienmaychuyennghiep.com%2Fhttpdocs%2Fwp-includes HTTP/2" 403 370 "-" "Mozilla/5.0 AppleWebKit/537.36 (KHTML, like Gecko; compatible; ClaudeBot/1.0; +claudebot@anthropic.com)"
54.39.136.87 - - [11/Jun/2026:04:59:12 +0700] "GET /products/55727213461 HTTP/2" 200 19519 "-" "Mozilla/5.0 (compatible; AhrefsBot/7.0; +http://ahrefs.com/robot/)"
74.7.227.12 - - [11/Jun/2026:04:59:11 +0700] "GET /san-pham/may-van-vit-cam-tay-makita-td0101/ HTTP/2" 200 63115 "https://www.pemco.com.vn/wp-sitemap-posts-product-1.xml" "Mozilla/5.0 AppleWebKit/537.36 (KHTML, like Gecko; compatible; GPTBot/1.4; +https://openai.com/gptbot)"
52.167.144.211 - - [11/Jun/2026:04:59:12 +0700] "GET /products/72328180796 HTTP/2" 200 19519 "-" "Mozilla/5.0 AppleWebKit/537.36 (KHTML, like Gecko; compatible; bingbot/2.0; +http://www.bing.com/bingbot.htm) Chrome/116.0.1938.76 Safari/537.36"
216.73.216.144 - - [11/Jun/2026:04:59:14 +0700] "GET /san-pham/may-khoan-dung-pin-dcjz2060i/?filesrc=%2Fvar%2Fwww%2Fvhosts%2Fdienmaychuyennghiep.com%2Fhttpdocs%2Fwp-includes%2Fembed-template.php&path=%2Fvar%2Fwww%2Fvhosts%2Fdienmaychuyennghiep.com%2Fhttpdocs%2Fwp-includes HTTP/2" 403 370 "-" "Mozilla/5.0 AppleWebKit/537.36 (KHTML, like Gecko; compatible; ClaudeBot/1.0; +claudebot@anthropic.com)"
74.7.243.201 - - [11/Jun/2026:04:59:12 +0700] "GET /tu-khoa-san-pham/may-mai-thang-dung-pin/?path=/var/www/vhosts/dienmaychuyennghiep.com/error_docs HTTP/2" 200 56698 "https://www.dienmaychuyennghiep.com/tu-khoa-san-pham/may-mai-thang-dung-pin/?path=/var/www/vhosts/dienmaychuyennghiep.com" "Mozilla/5.0 AppleWebKit/537.36 (KHTML, like Gecko; compatible; GPTBot/1.4; +https://openai.com/gptbot)"
52.167.144.158 - - [11/Jun/2026:04:59:13 +0700] "GET /san-pham/may-duc-be-tong-azg06-6s/ HTTP/2" 200 62232 "-" "Mozilla/5.0 AppleWebKit/537.36 (KHTML, like Gecko; compatible; bingbot/2.0; +http://www.bing.com/bingbot.htm) Chrome/116.0.1938.76 Safari/537.36"
52.167.144.173 - - [11/Jun/2026:04:59:13 +0700] "GET /products/33373166698 HTTP/2" 200 19519 "-" "Mozilla/5.0 AppleWebKit/537.36 (KHTML, like Gecko; compatible; bingbot/2.0; +http://www.bing.com/bingbot.htm) Chrome/116.0.1938.76 Safari/537.36"
52.167.144.173 - - [11/Jun/2026:04:59:15 +0700] "GET /products/72328212954 HTTP/2" 200 19519 "-" "Mozilla/5.0 AppleWebKit/537.36 (KHTML, like Gecko; compatible; bingbot/2.0; +http://www.bing.com/bingbot.htm) Chrome/116.0.1938.76 Safari/537.36"
74.7.227.12 - - [11/Jun/2026:04:59:14 +0700] "GET /tu-khoa-san-pham/may-cat-canh-dung-pin/ HTTP/2" 200 56912 "https://www.pemco.com.vn/wp-sitemap-taxonomies-product_tag-1.xml" "Mozilla/5.0 AppleWebKit/537.36 (KHTML, like Gecko; compatible; GPTBot/1.4; +https://openai.com/gptbot)"
52.167.144.173 - - [11/Jun/2026:04:59:17 +0700] "GET /products/1054686533 HTTP/2" 200 19519 "-" "Mozilla/5.0 AppleWebKit/537.36 (KHTML, like Gecko; compatible; bingbot/2.0; +http://www.bing.com/bingbot.htm) Chrome/116.0.1938.76 Safari/537.36"
52.167.144.211 - - [11/Jun/2026:04:59:17 +0700] "GET /products/57933195501 HTTP/2" 200 19756 "-" "Mozilla/5.0 AppleWebKit/537.36 (KHTML, like Gecko; compatible; bingbot/2.0; +http://www.bing.com/bingbot.htm) Chrome/116.0.1938.76 Safari/537.36"
74.7.243.201 - - [11/Jun/2026:04:59:15 +0700] "GET /san-pham/all-star-canvas-hi-converse/?path=/var/www/vhosts/dienmaychuyennghiep.com/.cagefs/var/php/apm/db HTTP/2" 200 59689 "https://www.dienmaychuyennghiep.com/san-pham/all-star-canvas-hi-converse/?path=/var/www/vhosts/dienmaychuyennghiep.com/.cagefs/var/php/apm" "Mozilla/5.0 AppleWebKit/537.36 (KHTML, like Gecko; compatible; GPTBot/1.4; +https://openai.com/gptbot)"
216.73.216.144 - - [11/Jun/2026:04:59:18 +0700] "GET /tu-khoa-san-pham/may-thoi-khi-dung-pin/?path=%2Fvar%2Fwww%2Fvhosts%2Fdienmaychuyennghiep.com%2Fhttpdocs%2Fwp-content%2Fplugins%2Fsimple-tags%2Fassets HTTP/2" 403 370 "-" "Mozilla/5.0 AppleWebKit/537.36 (KHTML, like Gecko; compatible; ClaudeBot/1.0; +claudebot@anthropic.com)"
