74.7.227.12 - - [11/Jun/2026:04:28:46 +0700] "GET /wp-content/uploads/2025/10/may-cat-rung-da-nang-dung-pin-dewalt-dcs356n-5-700x467-1.jpg HTTP/2" 200 28191 "https://www.pemco.com.vn/san-pham/may-cat-rung-da-nang-dung-pin-dewalt-dcs365n-kr/" "Mozilla/5.0 AppleWebKit/537.36 (KHTML, like Gecko; compatible; GPTBot/1.4; +https://openai.com/gptbot)"
74.7.243.201 - - [11/Jun/2026:04:28:43 +0700] "GET /tu-khoa-san-pham/may-khoan-dong-luc/?path=/var/www/vhosts/dienmaychuyennghiep.com/httpdocs/.well-known HTTP/2" 200 56802 "https://www.dienmaychuyennghiep.com/tu-khoa-san-pham/may-khoan-dong-luc/" "Mozilla/5.0 AppleWebKit/537.36 (KHTML, like Gecko; compatible; GPTBot/1.4; +https://openai.com/gptbot)"
74.7.227.12 - - [11/Jun/2026:04:28:46 +0700] "GET /wp-content/uploads/2025/10/may-cat-rung-da-nang-dung-pin-dewalt-dcs356n-6-700x467-1.jpg HTTP/2" 200 27868 "https://www.pemco.com.vn/san-pham/may-cat-rung-da-nang-dung-pin-dewalt-dcs365n-kr/" "Mozilla/5.0 AppleWebKit/537.36 (KHTML, like Gecko; compatible; GPTBot/1.4; +https://openai.com/gptbot)"
216.73.216.144 - - [11/Jun/2026:04:28:45 +0700] "GET /?filesrc=%2Fvar%2Fwww%2Fvhosts%2Fdienmaychuyennghiep.com%2Fhttpdocs%2Fwp-admin%2Fpress-this.php&path=%2Fvar%2Fwww%2Fvhosts%2Fdienmaychuyennghiep.com%2Fhttpdocs%2Fwp-admin HTTP/2" 403 370 "-" "Mozilla/5.0 AppleWebKit/537.36 (KHTML, like Gecko; compatible; ClaudeBot/1.0; +claudebot@anthropic.com)"
74.7.227.12 - - [11/Jun/2026:04:28:47 +0700] "GET /wp-content/uploads/2025/10/may-cat-rung-da-nang-dung-pin-dewalt-dcs356n-4-700x467-1.jpg HTTP/2" 200 17673 "https://www.pemco.com.vn/san-pham/may-cat-rung-da-nang-dung-pin-dewalt-dcs365n-kr/" "Mozilla/5.0 AppleWebKit/537.36 (KHTML, like Gecko; compatible; GPTBot/1.4; +https://openai.com/gptbot)"
74.7.227.12 - - [11/Jun/2026:04:28:47 +0700] "GET /wp-content/uploads/2025/10/may-cat-rung-da-nang-dung-pin-dewalt-dcs356n-1-700x467-1-247x296.jpg HTTP/2" 200 7867 "https://www.pemco.com.vn/san-pham/may-cat-rung-da-nang-dung-pin-dewalt-dcs365n-kr/" "Mozilla/5.0 AppleWebKit/537.36 (KHTML, like Gecko; compatible; GPTBot/1.4; +https://openai.com/gptbot)"
74.7.227.12 - - [11/Jun/2026:04:28:48 +0700] "GET /wp-content/uploads/2025/10/may-cat-rung-da-nang-dung-pin-dewalt-dcs356n-4-700x467-1-247x296.jpg HTTP/2" 200 5328 "https://www.pemco.com.vn/san-pham/may-cat-rung-da-nang-dung-pin-dewalt-dcs365n-kr/" "Mozilla/5.0 AppleWebKit/537.36 (KHTML, like Gecko; compatible; GPTBot/1.4; +https://openai.com/gptbot)"
74.7.227.12 - - [11/Jun/2026:04:28:48 +0700] "GET /wp-content/uploads/2025/10/may-cat-rung-da-nang-dung-pin-dewalt-dcs356n-6-700x467-1-510x340.jpg HTTP/2" 200 11860 "https://www.pemco.com.vn/san-pham/may-cat-rung-da-nang-dung-pin-dewalt-dcs365n-kr/" "Mozilla/5.0 AppleWebKit/537.36 (KHTML, like Gecko; compatible; GPTBot/1.4; +https://openai.com/gptbot)"
74.7.243.201 - - [11/Jun/2026:04:28:46 +0700] "GET /tu-khoa-san-pham/may-nen-khi-chay-bang-dau-diesel/?path=/var/www/vhosts/dienmaychuyennghiep.com/lib HTTP/2" 200 56653 "https://www.dienmaychuyennghiep.com/tu-khoa-san-pham/may-nen-khi-chay-bang-dau-diesel/?path=/var/www/vhosts/dienmaychuyennghiep.com" "Mozilla/5.0 AppleWebKit/537.36 (KHTML, like Gecko; compatible; GPTBot/1.4; +https://openai.com/gptbot)"
74.7.227.12 - - [11/Jun/2026:04:28:49 +0700] "GET /wp-content/uploads/2025/10/may-cat-rung-da-nang-dung-pin-dewalt-dcs356n-4-700x467-1-510x340.jpg HTTP/2" 200 7012 "https://www.pemco.com.vn/san-pham/may-cat-rung-da-nang-dung-pin-dewalt-dcs365n-kr/" "Mozilla/5.0 AppleWebKit/537.36 (KHTML, like Gecko; compatible; GPTBot/1.4; +https://openai.com/gptbot)"
74.7.227.12 - - [11/Jun/2026:04:28:49 +0700] "GET /wp-content/uploads/2025/10/may-cat-rung-da-nang-dung-pin-dewalt-dcs356n-5-700x467-1-247x296.jpg HTTP/2" 200 9114 "https://www.pemco.com.vn/san-pham/may-cat-rung-da-nang-dung-pin-dewalt-dcs365n-kr/" "Mozilla/5.0 AppleWebKit/537.36 (KHTML, like Gecko; compatible; GPTBot/1.4; +https://openai.com/gptbot)"
74.7.227.12 - - [11/Jun/2026:04:28:50 +0700] "GET /wp-content/uploads/2025/10/may-cat-rung-da-nang-dung-pin-dewalt-dcs356n-1-700x467-1-510x340.jpg HTTP/2" 200 10309 "https://www.pemco.com.vn/san-pham/may-cat-rung-da-nang-dung-pin-dewalt-dcs365n-kr/" "Mozilla/5.0 AppleWebKit/537.36 (KHTML, like Gecko; compatible; GPTBot/1.4; +https://openai.com/gptbot)"
74.7.227.12 - - [11/Jun/2026:04:28:50 +0700] "GET /wp-content/uploads/2025/10/may-cat-rung-da-nang-dung-pin-dewalt-dcs356n-5-700x467-1-510x340.jpg HTTP/2" 200 11796 "https://www.pemco.com.vn/san-pham/may-cat-rung-da-nang-dung-pin-dewalt-dcs365n-kr/" "Mozilla/5.0 AppleWebKit/537.36 (KHTML, like Gecko; compatible; GPTBot/1.4; +https://openai.com/gptbot)"
148.113.130.76 - - [11/Jun/2026:04:28:48 +0700] "GET /vedios/truc-tiep-giai-euro.html HTTP/2" 200 19519 "-" "Mozilla/5.0 (compatible; AhrefsBot/7.0; +http://ahrefs.com/robot/)"
40.77.167.20 - - [11/Jun/2026:04:28:49 +0700] "GET /products/91669257032 HTTP/2" 200 19519 "-" "Mozilla/5.0 AppleWebKit/537.36 (KHTML, like Gecko; compatible; bingbot/2.0; +http://www.bing.com/bingbot.htm) Chrome/116.0.1938.76 Safari/537.36"
74.7.227.12 - - [11/Jun/2026:04:28:51 +0700] "GET /wp-content/uploads/2025/10/may-cat-rung-da-nang-dung-pin-dewalt-dcs356n-6-700x467-1-247x296.jpg HTTP/2" 200 9032 "https://www.pemco.com.vn/san-pham/may-cat-rung-da-nang-dung-pin-dewalt-dcs365n-kr/" "Mozilla/5.0 AppleWebKit/537.36 (KHTML, like Gecko; compatible; GPTBot/1.4; +https://openai.com/gptbot)"
74.7.243.201 - - [11/Jun/2026:04:28:49 +0700] "GET /tu-khoa-san-pham/may-khoan-dong-luc-dung-pin/?path=/var/www/vhosts/dienmaychuyennghiep.com/.composer HTTP/2" 200 56996 "https://www.dienmaychuyennghiep.com/tu-khoa-san-pham/may-khoan-dong-luc-dung-pin/?path=/var/www/vhosts/dienmaychuyennghiep.com" "Mozilla/5.0 AppleWebKit/537.36 (KHTML, like Gecko; compatible; GPTBot/1.4; +https://openai.com/gptbot)"
40.77.167.20 - - [11/Jun/2026:04:28:51 +0700] "GET /products/25905216607 HTTP/2" 200 19519 "-" "Mozilla/5.0 AppleWebKit/537.36 (KHTML, like Gecko; compatible; bingbot/2.0; +http://www.bing.com/bingbot.htm) Chrome/116.0.1938.76 Safari/537.36"
74.7.227.12 - - [11/Jun/2026:04:28:51 +0700] "GET /wp-content/uploads/2025/10/may-cat-rung-da-nang-dung-pin-dewalt-dcs356n-3-700x467-1-510x340.jpg HTTP/2" 200 7683 "https://www.pemco.com.vn/san-pham/may-cat-rung-da-nang-dung-pin-dewalt-dcs365n-kr/" "Mozilla/5.0 AppleWebKit/537.36 (KHTML, like Gecko; compatible; GPTBot/1.4; +https://openai.com/gptbot)"
74.7.227.12 - - [11/Jun/2026:04:28:52 +0700] "GET /wp-content/uploads/2025/10/may-cat-rung-da-nang-dung-pin-dewalt-dcs356n-3-700x467-1-247x296.jpg HTTP/2" 200 5775 "https://www.pemco.com.vn/san-pham/may-cat-rung-da-nang-dung-pin-dewalt-dcs365n-kr/" "Mozilla/5.0 AppleWebKit/537.36 (KHTML, like Gecko; compatible; GPTBot/1.4; +https://openai.com/gptbot)"
74.7.227.12 - - [11/Jun/2026:04:28:52 +0700] "GET /wp-content/uploads/2025/10/may-xit-rua-ap-luc-cao-2000w-annovi-reverberi-191k-x-tra-1681977181-510x510.jpg HTTP/2" 200 33121 "https://www.pemco.com.vn/san-pham/may-xit-rua-ap-luc-annovi-reverberi-italy-191k-x-tra/" "Mozilla/5.0 AppleWebKit/537.36 (KHTML, like Gecko; compatible; GPTBot/1.4; +https://openai.com/gptbot)"
74.7.227.12 - - [11/Jun/2026:04:28:53 +0700] "GET /wp-content/uploads/2025/10/may-xit-rua-chuyen-dung-annovi-reverberi-4k-twin-flow-g2-100x100.jpg HTTP/2" 200 2270 "https://www.pemco.com.vn/san-pham/may-xit-rua-ap-luc-annovi-reverberi-italy-191k-x-tra/" "Mozilla/5.0 AppleWebKit/537.36 (KHTML, like Gecko; compatible; GPTBot/1.4; +https://openai.com/gptbot)"
74.7.227.12 - - [11/Jun/2026:04:28:54 +0700] "GET /wp-content/uploads/2025/10/may-xit-rua-ap-luc-cao-2000w-annovi-reverberi-191k-x-tra-1681977181.jpg HTTP/2" 200 134872 "https://www.pemco.com.vn/san-pham/may-xit-rua-ap-luc-annovi-reverberi-italy-191k-x-tra/" "Mozilla/5.0 AppleWebKit/537.36 (KHTML, like Gecko; compatible; GPTBot/1.4; +https://openai.com/gptbot)"
74.7.243.201 - - [11/Jun/2026:04:28:52 +0700] "GET /tu-khoa-san-pham/may-siet-cat-bu-long/?path=/var/www/vhosts/dienmaychuyennghiep.com/httpdocs/wordpress HTTP/2" 200 56092 "https://www.dienmaychuyennghiep.com/tu-khoa-san-pham/may-siet-cat-bu-long/" "Mozilla/5.0 AppleWebKit/537.36 (KHTML, like Gecko; compatible; GPTBot/1.4; +https://openai.com/gptbot)"
116.179.32.80 - - [11/Jun/2026:04:28:52 +0700] "GET /san-pham/may-duc-be-tong-kzg03-15/ HTTP/2" 200 69036 "-" "Mozilla/5.0 (compatible; Baiduspider/2.0; +http://www.baidu.com/search/spider.html)"
74.7.227.12 - - [11/Jun/2026:04:28:55 +0700] "GET /wp-content/uploads/2025/09/may-cat-da-nang-dung-pin-li-ion-20v-dck-kdmd20type-em-1705027680-100x100.jpg HTTP/2" 200 8956 "https://www.pemco.com.vn/san-pham/may-cat-rung-da-nang-dung-pin-dewalt-dcs365n-kr/" "Mozilla/5.0 AppleWebKit/537.36 (KHTML, like Gecko; compatible; GPTBot/1.4; +https://openai.com/gptbot)"
74.7.227.12 - - [11/Jun/2026:04:28:55 +0700] "GET /wp-content/uploads/2025/09/may-nen-khi-truc-vit-bien-tan-pegasus-tmbt20a-nd.webp HTTP/2" 200 14164 "https://www.pemco.com.vn/san-pham/may-nen-khi-truc-vit-pegasus-model-tmpm-30hp-1-2-mpa/" "Mozilla/5.0 AppleWebKit/537.36 (KHTML, like Gecko; compatible; GPTBot/1.4; +https://openai.com/gptbot)"
51.161.65.176 - - [11/Jun/2026:04:28:54 +0700] "GET /vedios/sex-nhan-vien-van-phong.html HTTP/2" 200 19756 "-" "Mozilla/5.0 (compatible; AhrefsBot/7.0; +http://ahrefs.com/robot/)"
74.7.227.12 - - [11/Jun/2026:04:28:56 +0700] "GET /wp-content/uploads/2025/09/may-nen-khi-truc-vit-bien-tan-pegasus-tmbt20a-nd-510x304.webp HTTP/2" 200 9402 "https://www.pemco.com.vn/san-pham/may-nen-khi-truc-vit-pegasus-model-tmpm-30hp-1-2-mpa/" "Mozilla/5.0 AppleWebKit/537.36 (KHTML, like Gecko; compatible; GPTBot/1.4; +https://openai.com/gptbot)"
74.7.243.201 - - [11/Jun/2026:04:28:55 +0700] "GET /san-pham/varanise-cn-tee-hilfiger-denim/?path=/var/www/vhosts/dienmaychuyennghiep.com/.cagefs/var/lib/php/session HTTP/2" 200 59836 "https://www.dienmaychuyennghiep.com/san-pham/varanise-cn-tee-hilfiger-denim/?path=/var/www/vhosts/dienmaychuyennghiep.com/.cagefs/var/lib/php" "Mozilla/5.0 AppleWebKit/537.36 (KHTML, like Gecko; compatible; GPTBot/1.4; +https://openai.com/gptbot)"
74.7.227.12 - - [11/Jun/2026:04:28:56 +0700] "GET /san-pham/may-khoan-dong-luc-bosch-gsb-550-bo-set-valy-19-mon-phu-kien/ HTTP/2" 200 63546 "https://www.pemco.com.vn/wp-sitemap-posts-product-1.xml" "Mozilla/5.0 AppleWebKit/537.36 (KHTML, like Gecko; compatible; GPTBot/1.4; +https://openai.com/gptbot)"
116.179.37.181 - - [11/Jun/2026:04:28:59 +0700] "GET /wp-content/uploads/2025/10/may-duc-be-tong-5kg-stanley-sthm5khv-b1-1100w38-700x467-1-247x296.jpg HTTP/1.1" 200 4604 "https://dienmaychuyennghiep.com/san-pham/may-duc-be-tong-kzg03-15/" "Mozilla/5.0 (compatible; Baiduspider-render/2.0; +http://www.baidu.com/search/spider.html)"
116.179.37.104 - - [11/Jun/2026:04:28:59 +0700] "GET /wp-content/uploads/2024/07/M8600B-2-247x296.png HTTP/1.1" 200 44564 "https://dienmaychuyennghiep.com/san-pham/may-duc-be-tong-kzg03-15/" "Mozilla/5.0 (compatible; Baiduspider-render/2.0; +http://www.baidu.com/search/spider.html)"
74.7.243.201 - - [11/Jun/2026:04:28:58 +0700] "GET /san-pham/raglan-tee-denim-supply-ralph-lauren/?path=/var/www/vhosts/dienmaychuyennghiep.com/.cagefs HTTP/2" 200 59915 "https://www.dienmaychuyennghiep.com/san-pham/raglan-tee-denim-supply-ralph-lauren/?path=/var/www/vhosts/dienmaychuyennghiep.com" "Mozilla/5.0 AppleWebKit/537.36 (KHTML, like Gecko; compatible; GPTBot/1.4; +https://openai.com/gptbot)"
116.179.37.111 - - [11/Jun/2026:04:29:00 +0700] "GET /wp-content/uploads/2025/08/may-duc-be-tong-dck-kzg03-15-g-510x383.jpg HTTP/1.1" 200 14245 "https://dienmaychuyennghiep.com/san-pham/may-duc-be-tong-kzg03-15/" "Mozilla/5.0 (compatible; Baiduspider-render/2.0; +http://www.baidu.com/search/spider.html)"
116.179.37.188 - - [11/Jun/2026:04:29:00 +0700] "GET /wp-content/uploads/2024/07/Sencan-726503-1-247x296.png HTTP/1.1" 200 50223 "https://dienmaychuyennghiep.com/san-pham/may-duc-be-tong-kzg03-15/" "Mozilla/5.0 (compatible; Baiduspider-render/2.0; +http://www.baidu.com/search/spider.html)"
74.7.227.12 - - [11/Jun/2026:04:28:59 +0700] "GET /san-pham/may-nen-khi-truc-vit-pegasus-model-tmpm-30hp-0-8-mpa/ HTTP/2" 200 62463 "https://www.pemco.com.vn/wp-sitemap-posts-product-1.xml" "Mozilla/5.0 AppleWebKit/537.36 (KHTML, like Gecko; compatible; GPTBot/1.4; +https://openai.com/gptbot)"
142.44.233.122 - - [11/Jun/2026:04:29:00 +0700] "GET /vedios/sex-message.html HTTP/2" 200 19519 "-" "Mozilla/5.0 (compatible; AhrefsBot/7.0; +http://ahrefs.com/robot/)"
74.7.243.201 - - [11/Jun/2026:04:29:00 +0700] "GET /tu-khoa-san-pham/black-and-decker/?path=/var/www/vhosts/dienmaychuyennghiep.com/httpdocs/.well-known HTTP/2" 200 56323 "https://www.dienmaychuyennghiep.com/tu-khoa-san-pham/black-and-decker/" "Mozilla/5.0 AppleWebKit/537.36 (KHTML, like Gecko; compatible; GPTBot/1.4; +https://openai.com/gptbot)"
216.73.216.144 - - [11/Jun/2026:04:29:03 +0700] "GET /?filesrc=%2Fvar%2Fwww%2Fvhosts%2Fdienmaychuyennghiep.com%2Fhttpdocs%2Fwp-includes%2Fclass-wp-image-editor-gd.php&path=%2Fvar%2Fwww%2Fvhosts%2Fdienmaychuyennghiep.com%2Fhttpdocs%2Fwp-includes HTTP/2" 403 370 "-" "Mozilla/5.0 AppleWebKit/537.36 (KHTML, like Gecko; compatible; ClaudeBot/1.0; +claudebot@anthropic.com)"
216.73.216.144 - - [11/Jun/2026:04:29:03 +0700] "GET /?filesrc=%2Fvar%2Fwww%2Fvhosts%2Fdienmaychuyennghiep.com%2Fhttpdocs%2Fwp-admin%2Foptions-head.php&path=%2Fvar%2Fwww%2Fvhosts%2Fdienmaychuyennghiep.com%2Fhttpdocs%2Fwp-admin HTTP/2" 403 370 "-" "Mozilla/5.0 AppleWebKit/537.36 (KHTML, like Gecko; compatible; ClaudeBot/1.0; +claudebot@anthropic.com)"
216.73.216.144 - - [11/Jun/2026:04:29:03 +0700] "GET /?filesrc=%2Fvar%2Fwww%2Fvhosts%2Fdienmaychuyennghiep.com%2Fhttpdocs%2Fwp-includes%2Fnav-menu-template.php&path=%2Fvar%2Fwww%2Fvhosts%2Fdienmaychuyennghiep.com%2Fhttpdocs%2Fwp-includes HTTP/2" 403 370 "-" "Mozilla/5.0 AppleWebKit/537.36 (KHTML, like Gecko; compatible; ClaudeBot/1.0; +claudebot@anthropic.com)"
216.73.216.144 - - [11/Jun/2026:04:29:03 +0700] "GET /?filesrc=%2Fvar%2Fwww%2Fvhosts%2Fdienmaychuyennghiep.com%2Fhttpdocs%2Fwp-admin%2Foptions-reading.php&path=%2Fvar%2Fwww%2Fvhosts%2Fdienmaychuyennghiep.com%2Fhttpdocs%2Fwp-admin HTTP/2" 403 370 "-" "Mozilla/5.0 AppleWebKit/537.36 (KHTML, like Gecko; compatible; ClaudeBot/1.0; +claudebot@anthropic.com)"
216.73.216.144 - - [11/Jun/2026:04:29:03 +0700] "GET /?filesrc=%2Fvar%2Fwww%2Fvhosts%2Fdienmaychuyennghiep.com%2Fhttpdocs%2Fwp-admin%2Fupgrade-functions.php&path=%2Fvar%2Fwww%2Fvhosts%2Fdienmaychuyennghiep.com%2Fhttpdocs%2Fwp-admin HTTP/2" 403 370 "-" "Mozilla/5.0 AppleWebKit/537.36 (KHTML, like Gecko; compatible; ClaudeBot/1.0; +claudebot@anthropic.com)"
216.73.216.144 - - [11/Jun/2026:04:29:03 +0700] "GET /?filesrc=%2Fvar%2Fwww%2Fvhosts%2Fdienmaychuyennghiep.com%2Fhttpdocs%2Fwp-includes%2Fclass-wp-phpmailer.php&path=%2Fvar%2Fwww%2Fvhosts%2Fdienmaychuyennghiep.com%2Fhttpdocs%2Fwp-includes HTTP/2" 403 370 "-" "Mozilla/5.0 AppleWebKit/537.36 (KHTML, like Gecko; compatible; ClaudeBot/1.0; +claudebot@anthropic.com)"
216.73.216.144 - - [11/Jun/2026:04:29:03 +0700] "GET /?filesrc=%2Fvar%2Fwww%2Fvhosts%2Fdienmaychuyennghiep.com%2Fhttpdocs%2Fwp-includes%2Fclass-phpmailer.php&path=%2Fvar%2Fwww%2Fvhosts%2Fdienmaychuyennghiep.com%2Fhttpdocs%2Fwp-includes HTTP/2" 403 370 "-" "Mozilla/5.0 AppleWebKit/537.36 (KHTML, like Gecko; compatible; ClaudeBot/1.0; +claudebot@anthropic.com)"
216.73.216.144 - - [11/Jun/2026:04:29:03 +0700] "GET /?filesrc=%2Fvar%2Fwww%2Fvhosts%2Fdienmaychuyennghiep.com%2Fhttpdocs%2Fwp-includes%2Fclass-wp-roles.php&path=%2Fvar%2Fwww%2Fvhosts%2Fdienmaychuyennghiep.com%2Fhttpdocs%2Fwp-includes HTTP/2" 403 370 "-" "Mozilla/5.0 AppleWebKit/537.36 (KHTML, like Gecko; compatible; ClaudeBot/1.0; +claudebot@anthropic.com)"
74.7.227.12 - - [11/Jun/2026:04:29:02 +0700] "GET /san-pham/may-han-tig-dc-mot-chuc-nang-hong-ky-eco-hktig200z/ HTTP/2" 200 63384 "https://www.pemco.com.vn/wp-sitemap-posts-product-1.xml" "Mozilla/5.0 AppleWebKit/537.36 (KHTML, like Gecko; compatible; GPTBot/1.4; +https://openai.com/gptbot)"
216.73.216.144 - - [11/Jun/2026:04:29:04 +0700] "GET /?filesrc=%2Fvar%2Fwww%2Fvhosts%2Fdienmaychuyennghiep.com%2Fhttpdocs%2Fwp-includes%2Frewrite.php&path=%2Fvar%2Fwww%2Fvhosts%2Fdienmaychuyennghiep.com%2Fhttpdocs%2Fwp-includes HTTP/2" 403 370 "-" "Mozilla/5.0 AppleWebKit/537.36 (KHTML, like Gecko; compatible; ClaudeBot/1.0; +claudebot@anthropic.com)"
216.73.216.144 - - [11/Jun/2026:04:29:04 +0700] "GET /?filesrc=%2Fvar%2Fwww%2Fvhosts%2Fdienmaychuyennghiep.com%2Fhttpdocs%2Fwp-includes%2Fbookmark.php&path=%2Fvar%2Fwww%2Fvhosts%2Fdienmaychuyennghiep.com%2Fhttpdocs%2Fwp-includes HTTP/2" 403 370 "-" "Mozilla/5.0 AppleWebKit/537.36 (KHTML, like Gecko; compatible; ClaudeBot/1.0; +claudebot@anthropic.com)"
216.73.216.144 - - [11/Jun/2026:04:29:04 +0700] "GET /?filesrc=%2Fvar%2Fwww%2Fvhosts%2Fdienmaychuyennghiep.com%2Fhttpdocs%2Fwp-includes%2Foption.php&path=%2Fvar%2Fwww%2Fvhosts%2Fdienmaychuyennghiep.com%2Fhttpdocs%2Fwp-includes HTTP/2" 403 370 "-" "Mozilla/5.0 AppleWebKit/537.36 (KHTML, like Gecko; compatible; ClaudeBot/1.0; +claudebot@anthropic.com)"
216.73.216.144 - - [11/Jun/2026:04:29:04 +0700] "GET /?filesrc=%2Fvar%2Fwww%2Fvhosts%2Fdienmaychuyennghiep.com%2Fhttpdocs%2Fwp-includes%2Fregistration-functions.php&path=%2Fvar%2Fwww%2Fvhosts%2Fdienmaychuyennghiep.com%2Fhttpdocs%2Fwp-includes HTTP/2" 403 370 "-" "Mozilla/5.0 AppleWebKit/537.36 (KHTML, like Gecko; compatible; ClaudeBot/1.0; +claudebot@anthropic.com)"
216.73.216.144 - - [11/Jun/2026:04:29:04 +0700] "GET /?filesrc=%2Fvar%2Fwww%2Fvhosts%2Fdienmaychuyennghiep.com%2Fhttpdocs%2Fwp-includes%2Fclass-wp-block-list.php&path=%2Fvar%2Fwww%2Fvhosts%2Fdienmaychuyennghiep.com%2Fhttpdocs%2Fwp-includes HTTP/2" 403 370 "-" "Mozilla/5.0 AppleWebKit/537.36 (KHTML, like Gecko; compatible; ClaudeBot/1.0; +claudebot@anthropic.com)"
216.73.216.144 - - [11/Jun/2026:04:29:04 +0700] "GET /?filesrc=%2Fvar%2Fwww%2Fvhosts%2Fdienmaychuyennghiep.com%2Fhttpdocs%2Fwp-includes%2Fauthor-template.php&path=%2Fvar%2Fwww%2Fvhosts%2Fdienmaychuyennghiep.com%2Fhttpdocs%2Fwp-includes HTTP/2" 403 370 "-" "Mozilla/5.0 AppleWebKit/537.36 (KHTML, like Gecko; compatible; ClaudeBot/1.0; +claudebot@anthropic.com)"
216.73.216.144 - - [11/Jun/2026:04:29:04 +0700] "GET /?filesrc=%2Fvar%2Fwww%2Fvhosts%2Fdienmaychuyennghiep.com%2Fhttpdocs%2Fwp-includes%2Fclass-wp-role.php&path=%2Fvar%2Fwww%2Fvhosts%2Fdienmaychuyennghiep.com%2Fhttpdocs%2Fwp-includes HTTP/2" 403 370 "-" "Mozilla/5.0 AppleWebKit/537.36 (KHTML, like Gecko; compatible; ClaudeBot/1.0; +claudebot@anthropic.com)"
216.73.216.144 - - [11/Jun/2026:04:29:04 +0700] "GET /?filesrc=%2Fvar%2Fwww%2Fvhosts%2Fdienmaychuyennghiep.com%2Fhttpdocs%2Fwp-includes%2Ftheme-templates.php&path=%2Fvar%2Fwww%2Fvhosts%2Fdienmaychuyennghiep.com%2Fhttpdocs%2Fwp-includes HTTP/2" 403 370 "-" "Mozilla/5.0 AppleWebKit/537.36 (KHTML, like Gecko; compatible; ClaudeBot/1.0; +claudebot@anthropic.com)"
116.179.37.116 - - [11/Jun/2026:04:29:04 +0700] "GET /wp-content/uploads/2025/08/may-duc-be-tong-dck-kzg03-15-g.jpg HTTP/1.1" 200 18730 "https://dienmaychuyennghiep.com/san-pham/may-duc-be-tong-kzg03-15/" "Mozilla/5.0 (compatible; Baiduspider-render/2.0; +http://www.baidu.com/search/spider.html)"
74.7.243.201 - - [11/Jun/2026:04:29:03 +0700] "GET /tu-khoa-san-pham/duc-be-tong/?path=/var/www/vhosts/dienmaychuyennghiep.com/httpdocs/.well-known HTTP/2" 200 58088 "https://www.dienmaychuyennghiep.com/tu-khoa-san-pham/duc-be-tong/" "Mozilla/5.0 AppleWebKit/537.36 (KHTML, like Gecko; compatible; GPTBot/1.4; +https://openai.com/gptbot)"
216.73.216.144 - - [11/Jun/2026:04:29:05 +0700] "GET /?filesrc=%2Fvar%2Fwww%2Fvhosts%2Fdienmaychuyennghiep.com%2Fhttpdocs%2Fwp-admin%2Fms-options.php&path=%2Fvar%2Fwww%2Fvhosts%2Fdienmaychuyennghiep.com%2Fhttpdocs%2Fwp-admin HTTP/2" 403 370 "-" "Mozilla/5.0 AppleWebKit/537.36 (KHTML, like Gecko; compatible; ClaudeBot/1.0; +claudebot@anthropic.com)"
216.73.216.144 - - [11/Jun/2026:04:29:03 +0700] "GET /?filesrc=%2Fvar%2Fwww%2Fvhosts%2Fdienmaychuyennghiep.com%2Fhttpdocs%2Fwp-includes%2Fclass-wp-site.php&path=%2Fvar%2Fwww%2Fvhosts%2Fdienmaychuyennghiep.com%2Fhttpdocs%2Fwp-includes HTTP/2" 200 57453 "-" "Mozilla/5.0 AppleWebKit/537.36 (KHTML, like Gecko; compatible; ClaudeBot/1.0; +claudebot@anthropic.com)"
216.73.216.144 - - [11/Jun/2026:04:29:03 +0700] "GET /?filesrc=%2Fvar%2Fwww%2Fvhosts%2Fdienmaychuyennghiep.com%2Fhttpdocs%2Fwp-includes%2Fclass-walker-category.php&path=%2Fvar%2Fwww%2Fvhosts%2Fdienmaychuyennghiep.com%2Fhttpdocs%2Fwp-includes HTTP/2" 200 58152 "-" "Mozilla/5.0 AppleWebKit/537.36 (KHTML, like Gecko; compatible; ClaudeBot/1.0; +claudebot@anthropic.com)"
51.161.37.168 - - [11/Jun/2026:04:29:05 +0700] "GET /vedios/sex-gay-boyfriend.html HTTP/2" 200 19519 "-" "Mozilla/5.0 (compatible; AhrefsBot/7.0; +http://ahrefs.com/robot/)"
74.7.227.12 - - [11/Jun/2026:04:29:04 +0700] "GET /san-pham/may-hut-bui-cong-nghiep-3-chuc-nang-dewalt-dxv34p/ HTTP/2" 200 63009 "https://www.pemco.com.vn/wp-sitemap-posts-product-1.xml" "Mozilla/5.0 AppleWebKit/537.36 (KHTML, like Gecko; compatible; GPTBot/1.4; +https://openai.com/gptbot)"
74.7.243.201 - - [11/Jun/2026:04:29:06 +0700] "GET /tu-khoa-san-pham/khoan-rut-loi/?path=/var/www/vhosts/dienmaychuyennghiep.com/httpdocs/.well-known HTTP/2" 200 56453 "https://www.dienmaychuyennghiep.com/tu-khoa-san-pham/khoan-rut-loi/" "Mozilla/5.0 AppleWebKit/537.36 (KHTML, like Gecko; compatible; GPTBot/1.4; +https://openai.com/gptbot)"
74.7.227.12 - - [11/Jun/2026:04:29:08 +0700] "GET /san-pham/may-hut-bui-cong-nghiep-3-chuc-nang-dewalt-dxv30s/ HTTP/2" 200 62469 "https://www.pemco.com.vn/wp-sitemap-posts-product-1.xml" "Mozilla/5.0 AppleWebKit/537.36 (KHTML, like Gecko; compatible; GPTBot/1.4; +https://openai.com/gptbot)"
104.223.117.167 - - [11/Jun/2026:04:29:10 +0700] "GET /wp-content/uploads/2024/07/DWD024-B1-4-510x510.png HTTP/2" 200 168693 "https://dienmaychuyennghiep.com/san-pham/may-khoan-dong-luc-dewalt-dwd024/" "Mozilla/5.0 (Macintosh; Intel Mac OS X 10_15_7) AppleWebKit/537.36 (KHTML, like Gecko) Chrome/130.0.0.0 Safari/537.36"
51.222.95.218 - - [11/Jun/2026:04:29:11 +0700] "GET /vedios/phim-sex-dit-nhau-khong-che.html HTTP/2" 200 19756 "-" "Mozilla/5.0 (compatible; AhrefsBot/7.0; +http://ahrefs.com/robot/)"
74.7.243.201 - - [11/Jun/2026:04:29:09 +0700] "GET /tu-khoa-san-pham/may-mai-goc-dung-pin/?path=/var/www/vhosts/dienmaychuyennghiep.com/httpdocs/.well-known HTTP/2" 200 57731 "https://www.dienmaychuyennghiep.com/tu-khoa-san-pham/may-mai-goc-dung-pin/" "Mozilla/5.0 AppleWebKit/537.36 (KHTML, like Gecko; compatible; GPTBot/1.4; +https://openai.com/gptbot)"
74.7.227.12 - - [11/Jun/2026:04:29:11 +0700] "GET /san-pham/may-hut-bui-cong-nghiep-3-chuc-nang-dewalt-dxv23p/ HTTP/2" 200 62922 "https://www.pemco.com.vn/wp-sitemap-posts-product-1.xml" "Mozilla/5.0 AppleWebKit/537.36 (KHTML, like Gecko; compatible; GPTBot/1.4; +https://openai.com/gptbot)"
74.7.243.201 - - [11/Jun/2026:04:29:14 +0700] "GET /tu-khoa-san-pham/may-khoan-rut-loi/?path=/var/www/vhosts/dienmaychuyennghiep.com/httpdocs/.well-known HTTP/2" 200 56563 "https://www.dienmaychuyennghiep.com/tu-khoa-san-pham/may-khoan-rut-loi/" "Mozilla/5.0 AppleWebKit/537.36 (KHTML, like Gecko; compatible; GPTBot/1.4; +https://openai.com/gptbot)"
54.39.210.185 - - [11/Jun/2026:04:29:15 +0700] "GET /vedios/phim-bo-han-quoc-hay-thuyet-minh.html HTTP/2" 200 19500 "-" "Mozilla/5.0 (compatible; AhrefsBot/7.0; +http://ahrefs.com/robot/)"
74.7.227.12 - - [11/Jun/2026:04:29:14 +0700] "GET /san-pham/may-hut-bui-cong-nghiep-3-chuc-nang-dewalt-dxv38s/ HTTP/2" 200 62406 "https://www.pemco.com.vn/wp-sitemap-posts-product-1.xml" "Mozilla/5.0 AppleWebKit/537.36 (KHTML, like Gecko; compatible; GPTBot/1.4; +https://openai.com/gptbot)"
47.128.122.107 - - [11/Jun/2026:04:29:16 +0700] "GET /z0f76a1d14fd21a8fb5fd0d03e0fdc3d3cedae52f?id=7fa3b767c460b54a2be4d49030b349c7&pdata=https%253A%252F%252Fdienmaychuyennghiep.com%252Fsan-pham%252Fmay-mai-goc-lon-dewalt-d28414-b1%252F%253Fpath%253D%25252F&ts=1781116062&wsidchk=6775917 HTTP/2" 200 19756 "-" "Mozilla/5.0 (Linux; Android 5.0) AppleWebKit/537.36 (KHTML, like Gecko) Mobile Safari/537.36 (compatible; TikTokSpider; ttspider-feedback@tiktok.com)"
81.65.167.122 - - [11/Jun/2026:04:29:17 +0700] "GET /san-pham/may-khoan-ban-hong-ky-220v-hk-kd800/?path=/var/www/vhosts HTTP/1.1" 200 62247 "https://dienmaychuyennghiep.com/san-pham/may-khoan-ban-hong-ky-220v-hk-kd800/" "Mozilla/5.0 (Linux; Android 15; OPPO PCLM2) AppleWebKit/537.36 (KHTML, like Gecko) Chrome/149.0.5164.117 Mobile Safari/537.36"
74.7.243.201 - - [11/Jun/2026:04:29:17 +0700] "GET /tu-khoa-san-pham/may-nen-khi-chay-bang-dau-diesel/?path=/var/www/vhosts/dienmaychuyennghiep.com/.cagefs HTTP/2" 200 56832 "https://www.dienmaychuyennghiep.com/tu-khoa-san-pham/may-nen-khi-chay-bang-dau-diesel/?path=/var/www/vhosts/dienmaychuyennghiep.com" "Mozilla/5.0 AppleWebKit/537.36 (KHTML, like Gecko; compatible; GPTBot/1.4; +https://openai.com/gptbot)"
74.7.227.12 - - [11/Jun/2026:04:29:18 +0700] "GET /san-pham/may-khoan-dong-luc-bosch-gsb-600-bo-set-valy-100-mon-phu-kien/ HTTP/2" 200 63767 "https://www.pemco.com.vn/wp-sitemap-posts-product-1.xml" "Mozilla/5.0 AppleWebKit/537.36 (KHTML, like Gecko; compatible; GPTBot/1.4; +https://openai.com/gptbot)"
148.113.130.170 - - [11/Jun/2026:04:29:20 +0700] "GET /vedios/lich-thi-dau-u24-viet-nam.html HTTP/2" 200 19519 "-" "Mozilla/5.0 (compatible; AhrefsBot/7.0; +http://ahrefs.com/robot/)"
103.138.88.26 - - [11/Jun/2026:04:29:22 +0700] "POST /wp-cron.php?doing_wp_cron=1781126962.8352539539337158203125 HTTP/1.1" 200 474 "-" "WordPress/7.0; https://www.dienmaychuyennghiep.com"
74.7.243.201 - - [11/Jun/2026:04:29:20 +0700] "GET /danh-muc-san-pham/quat-cong-nghiep/?path=/var/www/vhosts/dienmaychuyennghiep.com/httpdocs/.well-known HTTP/2" 200 56709 "https://www.dienmaychuyennghiep.com/danh-muc-san-pham/quat-cong-nghiep/" "Mozilla/5.0 AppleWebKit/537.36 (KHTML, like Gecko; compatible; GPTBot/1.4; +https://openai.com/gptbot)"
74.7.227.12 - - [11/Jun/2026:04:29:21 +0700] "GET /san-pham/may-khoan-sat-toc-do-cao-makita-dp2010/ HTTP/2" 200 63200 "https://www.pemco.com.vn/wp-sitemap-posts-product-1.xml" "Mozilla/5.0 AppleWebKit/537.36 (KHTML, like Gecko; compatible; GPTBot/1.4; +https://openai.com/gptbot)"
74.7.243.201 - - [11/Jun/2026:04:29:23 +0700] "GET /danh-muc-san-pham/may-danh-bong-dung-pin/?path=/var/www/vhosts/dienmaychuyennghiep.com/.cagefs/var/spool HTTP/2" 200 55899 "https://www.dienmaychuyennghiep.com/danh-muc-san-pham/may-danh-bong-dung-pin/?path=/var/www/vhosts/dienmaychuyennghiep.com/.cagefs/var" "Mozilla/5.0 AppleWebKit/537.36 (KHTML, like Gecko; compatible; GPTBot/1.4; +https://openai.com/gptbot)"
74.7.227.12 - - [11/Jun/2026:04:29:23 +0700] "GET /san-pham/may-han-tig-dc-mot-chuc-nang-hong-ky-eco-hktig200i/ HTTP/2" 200 63576 "https://www.pemco.com.vn/wp-sitemap-posts-product-1.xml" "Mozilla/5.0 AppleWebKit/537.36 (KHTML, like Gecko; compatible; GPTBot/1.4; +https://openai.com/gptbot)"
51.161.65.192 - - [11/Jun/2026:04:29:25 +0700] "GET /san-pham/xe-day-hang-2-banh-black-and-decker-h305/feed/ HTTP/2" 200 19756 "-" "Mozilla/5.0 (compatible; AhrefsBot/7.0; +http://ahrefs.com/robot/)"
74.7.243.201 - - [11/Jun/2026:04:29:26 +0700] "GET /tu-khoa-san-pham/may-siet-bu-long/?path=/var/www/vhosts/dienmaychuyennghiep.com/httpdocs/wordpress HTTP/2" 200 57811 "https://www.dienmaychuyennghiep.com/tu-khoa-san-pham/may-siet-bu-long/" "Mozilla/5.0 AppleWebKit/537.36 (KHTML, like Gecko; compatible; GPTBot/1.4; +https://openai.com/gptbot)"
51.161.37.248 - - [11/Jun/2026:04:29:28 +0700] "GET /vedios/keo-real-mc.html HTTP/2" 200 19756 "-" "Mozilla/5.0 (compatible; AhrefsBot/7.0; +http://ahrefs.com/robot/)"
74.7.227.12 - - [11/Jun/2026:04:29:27 +0700] "GET /san-pham/may-hut-bui-cong-nghiep-4-chuc-nang-stanley-sl19403pe-8a/ HTTP/2" 200 62891 "https://www.pemco.com.vn/wp-sitemap-posts-product-1.xml" "Mozilla/5.0 AppleWebKit/537.36 (KHTML, like Gecko; compatible; GPTBot/1.4; +https://openai.com/gptbot)"
74.7.227.12 - - [11/Jun/2026:04:29:29 +0700] "GET /?p=2535 HTTP/2" 200 19519 "https://www.pemco.com.vn/san-pham/may-khoan-dong-luc-bosch-gsb-550-bo-set-valy-19-mon-phu-kien/" "Mozilla/5.0 AppleWebKit/537.36 (KHTML, like Gecko; compatible; GPTBot/1.4; +https://openai.com/gptbot)"
74.7.243.201 - - [11/Jun/2026:04:29:29 +0700] "GET /tu-khoa-san-pham/may-bat-vit-dung-pin/?path=/var/www/vhosts/dienmaychuyennghiep.com/httpdocs/wordpress HTTP/2" 200 56326 "https://www.dienmaychuyennghiep.com/tu-khoa-san-pham/may-bat-vit-dung-pin/" "Mozilla/5.0 AppleWebKit/537.36 (KHTML, like Gecko; compatible; GPTBot/1.4; +https://openai.com/gptbot)"
216.73.216.144 - - [11/Jun/2026:04:29:31 +0700] "GET /?filesrc=%2Fvar%2Fwww%2Fvhosts%2Fdienmaychuyennghiep.com%2Fhttpdocs%2Fwp-includes%2Fmedia.php&path=%2Fvar%2Fwww%2Fvhosts%2Fdienmaychuyennghiep.com%2Fhttpdocs%2Fwp-includes HTTP/2" 403 370 "-" "Mozilla/5.0 AppleWebKit/537.36 (KHTML, like Gecko; compatible; ClaudeBot/1.0; +claudebot@anthropic.com)"
216.73.216.144 - - [11/Jun/2026:04:29:31 +0700] "GET /?filesrc=%2Fvar%2Fwww%2Fvhosts%2Fdienmaychuyennghiep.com%2Fhttpdocs%2Fwp-admin%2Fpost-new.php&path=%2Fvar%2Fwww%2Fvhosts%2Fdienmaychuyennghiep.com%2Fhttpdocs%2Fwp-admin HTTP/2" 403 370 "-" "Mozilla/5.0 AppleWebKit/537.36 (KHTML, like Gecko; compatible; ClaudeBot/1.0; +claudebot@anthropic.com)"
216.73.216.144 - - [11/Jun/2026:04:29:31 +0700] "GET /?filesrc=%2Fvar%2Fwww%2Fvhosts%2Fdienmaychuyennghiep.com%2Fhttpdocs%2Fwp-admin%2Fnav-menus.php&path=%2Fvar%2Fwww%2Fvhosts%2Fdienmaychuyennghiep.com%2Fhttpdocs%2Fwp-admin HTTP/2" 403 370 "-" "Mozilla/5.0 AppleWebKit/537.36 (KHTML, like Gecko; compatible; ClaudeBot/1.0; +claudebot@anthropic.com)"
216.73.216.144 - - [11/Jun/2026:04:29:31 +0700] "GET /?filesrc=%2Fvar%2Fwww%2Fvhosts%2Fdienmaychuyennghiep.com%2Fhttpdocs%2Fwp-includes%2Fclass-wp-ajax-response.php&path=%2Fvar%2Fwww%2Fvhosts%2Fdienmaychuyennghiep.com%2Fhttpdocs%2Fwp-includes HTTP/2" 403 370 "-" "Mozilla/5.0 AppleWebKit/537.36 (KHTML, like Gecko; compatible; ClaudeBot/1.0; +claudebot@anthropic.com)"
216.73.216.144 - - [11/Jun/2026:04:29:31 +0700] "GET /?filesrc=%2Fvar%2Fwww%2Fvhosts%2Fdienmaychuyennghiep.com%2Fhttpdocs%2Fwp-includes%2Fms-files.php&path=%2Fvar%2Fwww%2Fvhosts%2Fdienmaychuyennghiep.com%2Fhttpdocs%2Fwp-includes HTTP/2" 403 370 "-" "Mozilla/5.0 AppleWebKit/537.36 (KHTML, like Gecko; compatible; ClaudeBot/1.0; +claudebot@anthropic.com)"
216.73.216.144 - - [11/Jun/2026:04:29:31 +0700] "GET /?filesrc=%2Fvar%2Fwww%2Fvhosts%2Fdienmaychuyennghiep.com%2Fhttpdocs%2Fwp-admin%2Flink-manager.php&path=%2Fvar%2Fwww%2Fvhosts%2Fdienmaychuyennghiep.com%2Fhttpdocs%2Fwp-admin HTTP/2" 403 370 "-" "Mozilla/5.0 AppleWebKit/537.36 (KHTML, like Gecko; compatible; ClaudeBot/1.0; +claudebot@anthropic.com)"
216.73.216.144 - - [11/Jun/2026:04:29:31 +0700] "GET /?filesrc=%2Fvar%2Fwww%2Fvhosts%2Fdienmaychuyennghiep.com%2Fhttpdocs%2Fwp-includes%2Fclass-wp-locale.php&path=%2Fvar%2Fwww%2Fvhosts%2Fdienmaychuyennghiep.com%2Fhttpdocs%2Fwp-includes HTTP/2" 403 370 "-" "Mozilla/5.0 AppleWebKit/537.36 (KHTML, like Gecko; compatible; ClaudeBot/1.0; +claudebot@anthropic.com)"
216.73.216.144 - - [11/Jun/2026:04:29:31 +0700] "GET /?filesrc=%2Fvar%2Fwww%2Fvhosts%2Fdienmaychuyennghiep.com%2Fhttpdocs%2Fwp-admin%2Fms-themes.php&path=%2Fvar%2Fwww%2Fvhosts%2Fdienmaychuyennghiep.com%2Fhttpdocs%2Fwp-admin HTTP/2" 403 370 "-" "Mozilla/5.0 AppleWebKit/537.36 (KHTML, like Gecko; compatible; ClaudeBot/1.0; +claudebot@anthropic.com)"
216.73.216.144 - - [11/Jun/2026:04:29:32 +0700] "GET /?filesrc=%2Fvar%2Fwww%2Fvhosts%2Fdienmaychuyennghiep.com%2Fhttpdocs%2Fwp-admin%2Fmedia.php&path=%2Fvar%2Fwww%2Fvhosts%2Fdienmaychuyennghiep.com%2Fhttpdocs%2Fwp-admin HTTP/2" 403 370 "-" "Mozilla/5.0 AppleWebKit/537.36 (KHTML, like Gecko; compatible; ClaudeBot/1.0; +claudebot@anthropic.com)"
216.73.216.144 - - [11/Jun/2026:04:29:32 +0700] "GET /?filesrc=%2Fvar%2Fwww%2Fvhosts%2Fdienmaychuyennghiep.com%2Fhttpdocs%2Fwp-includes%2Fms-site.php&path=%2Fvar%2Fwww%2Fvhosts%2Fdienmaychuyennghiep.com%2Fhttpdocs%2Fwp-includes HTTP/2" 403 370 "-" "Mozilla/5.0 AppleWebKit/537.36 (KHTML, like Gecko; compatible; ClaudeBot/1.0; +claudebot@anthropic.com)"
216.73.216.144 - - [11/Jun/2026:04:29:32 +0700] "GET /?filesrc=%2Fvar%2Fwww%2Fvhosts%2Fdienmaychuyennghiep.com%2Fhttpdocs%2Fwp-admin%2Foptions-writing.php&path=%2Fvar%2Fwww%2Fvhosts%2Fdienmaychuyennghiep.com%2Fhttpdocs%2Fwp-admin HTTP/2" 403 370 "-" "Mozilla/5.0 AppleWebKit/537.36 (KHTML, like Gecko; compatible; ClaudeBot/1.0; +claudebot@anthropic.com)"
216.73.216.144 - - [11/Jun/2026:04:29:32 +0700] "GET /?filesrc=%2Fvar%2Fwww%2Fvhosts%2Fdienmaychuyennghiep.com%2Fhttpdocs%2Fwp-includes%2Fdefault-filters.php&path=%2Fvar%2Fwww%2Fvhosts%2Fdienmaychuyennghiep.com%2Fhttpdocs%2Fwp-includes HTTP/2" 403 370 "-" "Mozilla/5.0 AppleWebKit/537.36 (KHTML, like Gecko; compatible; ClaudeBot/1.0; +claudebot@anthropic.com)"
216.73.216.144 - - [11/Jun/2026:04:29:32 +0700] "GET /?filesrc=%2Fvar%2Fwww%2Fvhosts%2Fdienmaychuyennghiep.com%2Fhttpdocs%2Fwp-includes%2Fkses.php&path=%2Fvar%2Fwww%2Fvhosts%2Fdienmaychuyennghiep.com%2Fhttpdocs%2Fwp-includes HTTP/2" 403 370 "-" "Mozilla/5.0 AppleWebKit/537.36 (KHTML, like Gecko; compatible; ClaudeBot/1.0; +claudebot@anthropic.com)"
216.73.216.144 - - [11/Jun/2026:04:29:32 +0700] "GET /?filesrc=%2Fvar%2Fwww%2Fvhosts%2Fdienmaychuyennghiep.com%2Fhttpdocs%2Fwp-includes%2Fclass-wp-widget-factory.php&path=%2Fvar%2Fwww%2Fvhosts%2Fdienmaychuyennghiep.com%2Fhttpdocs%2Fwp-includes HTTP/2" 403 370 "-" "Mozilla/5.0 AppleWebKit/537.36 (KHTML, like Gecko; compatible; ClaudeBot/1.0; +claudebot@anthropic.com)"
74.7.227.12 - - [11/Jun/2026:04:29:31 +0700] "GET /?p=8306 HTTP/2" 200 19519 "https://www.pemco.com.vn/san-pham/may-nen-khi-truc-vit-pegasus-model-tmpm-30hp-0-8-mpa/" "Mozilla/5.0 AppleWebKit/537.36 (KHTML, like Gecko; compatible; GPTBot/1.4; +https://openai.com/gptbot)"
216.73.216.144 - - [11/Jun/2026:04:29:32 +0700] "GET /?filesrc=%2Fvar%2Fwww%2Fvhosts%2Fdienmaychuyennghiep.com%2Fhttpdocs%2Fwp-includes%2Fpost-formats.php&path=%2Fvar%2Fwww%2Fvhosts%2Fdienmaychuyennghiep.com%2Fhttpdocs%2Fwp-includes HTTP/2" 403 370 "-" "Mozilla/5.0 AppleWebKit/537.36 (KHTML, like Gecko; compatible; ClaudeBot/1.0; +claudebot@anthropic.com)"
216.73.216.144 - - [11/Jun/2026:04:29:33 +0700] "GET /?filesrc=%2Fvar%2Fwww%2Fvhosts%2Fdienmaychuyennghiep.com%2Fhttpdocs%2Fwp-includes%2Fvars.php&path=%2Fvar%2Fwww%2Fvhosts%2Fdienmaychuyennghiep.com%2Fhttpdocs%2Fwp-includes HTTP/2" 403 370 "-" "Mozilla/5.0 AppleWebKit/537.36 (KHTML, like Gecko; compatible; ClaudeBot/1.0; +claudebot@anthropic.com)"
216.73.216.144 - - [11/Jun/2026:04:29:33 +0700] "GET /?filesrc=%2Fvar%2Fwww%2Fvhosts%2Fdienmaychuyennghiep.com%2Ferror_docs%2Fbad_request.html&path=%2Fvar%2Fwww%2Fvhosts%2Fdienmaychuyennghiep.com%2Ferror_docs HTTP/2" 403 370 "-" "Mozilla/5.0 AppleWebKit/537.36 (KHTML, like Gecko; compatible; ClaudeBot/1.0; +claudebot@anthropic.com)"
216.73.216.144 - - [11/Jun/2026:04:29:33 +0700] "GET /?filesrc=%2Fvar%2Fwww%2Fvhosts%2Fdienmaychuyennghiep.com%2Fhttpdocs%2Fwp-includes%2Flink-template.php&path=%2Fvar%2Fwww%2Fvhosts%2Fdienmaychuyennghiep.com%2Fhttpdocs%2Fwp-includes HTTP/2" 403 370 "-" "Mozilla/5.0 AppleWebKit/537.36 (KHTML, like Gecko; compatible; ClaudeBot/1.0; +claudebot@anthropic.com)"
74.7.227.12 - - [11/Jun/2026:04:29:32 +0700] "GET /?p=6818 HTTP/2" 200 19519 "https://www.pemco.com.vn/san-pham/may-han-tig-dc-mot-chuc-nang-hong-ky-eco-hktig200z/" "Mozilla/5.0 AppleWebKit/537.36 (KHTML, like Gecko; compatible; GPTBot/1.4; +https://openai.com/gptbot)"
74.7.243.201 - - [11/Jun/2026:04:29:32 +0700] "GET /san-pham/raglan-tee-denim-supply-ralph-lauren/?path=/var/www/vhosts/dienmaychuyennghiep.com/.cagefs/tmp HTTP/2" 200 59721 "https://www.dienmaychuyennghiep.com/san-pham/raglan-tee-denim-supply-ralph-lauren/?path=/var/www/vhosts/dienmaychuyennghiep.com/.cagefs" "Mozilla/5.0 AppleWebKit/537.36 (KHTML, like Gecko; compatible; GPTBot/1.4; +https://openai.com/gptbot)"
51.161.65.205 - - [11/Jun/2026:04:29:32 +0700] "GET /san-pham/may-cua-long-makita-4350ct/feed/ HTTP/2" 200 19953 "-" "Mozilla/5.0 (compatible; AhrefsBot/7.0; +http://ahrefs.com/robot/)"
74.7.227.12 - - [11/Jun/2026:04:29:34 +0700] "GET /?p=8849 HTTP/2" 200 19756 "https://www.pemco.com.vn/san-pham/may-hut-bui-cong-nghiep-3-chuc-nang-dewalt-dxv34p/" "Mozilla/5.0 AppleWebKit/537.36 (KHTML, like Gecko; compatible; GPTBot/1.4; +https://openai.com/gptbot)"
148.113.128.169 - - [11/Jun/2026:04:29:35 +0700] "GET /vedios/hermione-granger-sex.html HTTP/2" 200 19519 "-" "Mozilla/5.0 (compatible; AhrefsBot/7.0; +http://ahrefs.com/robot/)"
74.7.227.12 - - [11/Jun/2026:04:29:36 +0700] "GET /?p=8847 HTTP/2" 200 19519 "https://www.pemco.com.vn/san-pham/may-hut-bui-cong-nghiep-3-chuc-nang-dewalt-dxv30s/" "Mozilla/5.0 AppleWebKit/537.36 (KHTML, like Gecko; compatible; GPTBot/1.4; +https://openai.com/gptbot)"
74.7.243.201 - - [11/Jun/2026:04:29:35 +0700] "GET /san-pham/raglan-tee-denim-supply-ralph-lauren/?path=/var/www/vhosts/dienmaychuyennghiep.com/.cagefs/var HTTP/2" 200 59972 "https://www.dienmaychuyennghiep.com/san-pham/raglan-tee-denim-supply-ralph-lauren/?path=/var/www/vhosts/dienmaychuyennghiep.com/.cagefs" "Mozilla/5.0 AppleWebKit/537.36 (KHTML, like Gecko; compatible; GPTBot/1.4; +https://openai.com/gptbot)"
74.7.227.12 - - [11/Jun/2026:04:29:37 +0700] "GET /?p=8842 HTTP/2" 200 19519 "https://www.pemco.com.vn/san-pham/may-hut-bui-cong-nghiep-3-chuc-nang-dewalt-dxv23p/" "Mozilla/5.0 AppleWebKit/537.36 (KHTML, like Gecko; compatible; GPTBot/1.4; +https://openai.com/gptbot)"
74.7.227.12 - - [11/Jun/2026:04:29:39 +0700] "GET /?p=8851 HTTP/2" 200 19519 "https://www.pemco.com.vn/san-pham/may-hut-bui-cong-nghiep-3-chuc-nang-dewalt-dxv38s/" "Mozilla/5.0 AppleWebKit/537.36 (KHTML, like Gecko; compatible; GPTBot/1.4; +https://openai.com/gptbot)"
74.7.243.201 - - [11/Jun/2026:04:29:37 +0700] "GET /san-pham/may-mai-goc-dck-ksm14-100/?path=/var/www HTTP/2" 200 61239 "https://www.dienmaychuyennghiep.com/san-pham/may-mai-goc-dck-ksm14-100/" "Mozilla/5.0 AppleWebKit/537.36 (KHTML, like Gecko; compatible; GPTBot/1.4; +https://openai.com/gptbot)"
74.7.227.12 - - [11/Jun/2026:04:29:40 +0700] "GET /?p=2540 HTTP/2" 200 19519 "https://www.pemco.com.vn/san-pham/may-khoan-dong-luc-bosch-gsb-600-bo-set-valy-100-mon-phu-kien/" "Mozilla/5.0 AppleWebKit/537.36 (KHTML, like Gecko; compatible; GPTBot/1.4; +https://openai.com/gptbot)"
74.7.243.201 - - [11/Jun/2026:04:29:40 +0700] "GET /san-pham/may-mai-goc-dck-ksm06-100/?path=/var/www HTTP/2" 200 61214 "https://www.dienmaychuyennghiep.com/san-pham/may-mai-goc-dck-ksm06-100/" "Mozilla/5.0 AppleWebKit/537.36 (KHTML, like Gecko; compatible; GPTBot/1.4; +https://openai.com/gptbot)"
74.7.227.12 - - [11/Jun/2026:04:29:42 +0700] "GET /?p=2192 HTTP/2" 200 19519 "https://www.pemco.com.vn/san-pham/may-khoan-sat-toc-do-cao-makita-dp2010/" "Mozilla/5.0 AppleWebKit/537.36 (KHTML, like Gecko; compatible; GPTBot/1.4; +https://openai.com/gptbot)"
15.235.27.187 - - [11/Jun/2026:04:29:41 +0700] "GET /vedios/girl-sex-video.html HTTP/2" 200 19519 "-" "Mozilla/5.0 (compatible; AhrefsBot/7.0; +http://ahrefs.com/robot/)"
74.7.227.12 - - [11/Jun/2026:04:29:44 +0700] "GET /?p=6790 HTTP/2" 200 19519 "https://www.pemco.com.vn/san-pham/may-han-tig-dc-mot-chuc-nang-hong-ky-eco-hktig200i/" "Mozilla/5.0 AppleWebKit/537.36 (KHTML, like Gecko; compatible; GPTBot/1.4; +https://openai.com/gptbot)"
54.39.210.226 - - [11/Jun/2026:04:29:45 +0700] "GET /vedios/anh-sex-sao-viet.html HTTP/2" 200 19519 "-" "Mozilla/5.0 (compatible; AhrefsBot/7.0; +http://ahrefs.com/robot/)"
74.7.243.201 - - [11/Jun/2026:04:29:43 +0700] "GET /san-pham/may-mai-goc-dck-ksm10-100h/?path=/var/www HTTP/2" 200 61322 "https://www.dienmaychuyennghiep.com/san-pham/may-mai-goc-dck-ksm10-100h/" "Mozilla/5.0 AppleWebKit/537.36 (KHTML, like Gecko; compatible; GPTBot/1.4; +https://openai.com/gptbot)"
74.7.227.12 - - [11/Jun/2026:04:29:45 +0700] "GET /?p=8824 HTTP/2" 200 19756 "https://www.pemco.com.vn/san-pham/may-hut-bui-cong-nghiep-4-chuc-nang-stanley-sl19403pe-8a/" "Mozilla/5.0 AppleWebKit/537.36 (KHTML, like Gecko; compatible; GPTBot/1.4; +https://openai.com/gptbot)"
74.7.227.12 - - [11/Jun/2026:04:29:47 +0700] "GET /wp-content/uploads/2025/10/may-hut-bui-cong-nghiep-kho-va-uot-dewalt-dxv38s-1-247x296.jpg HTTP/2" 200 13235 "https://www.pemco.com.vn/san-pham/may-hut-bui-cong-nghiep-3-chuc-nang-dewalt-dxv38s/" "Mozilla/5.0 AppleWebKit/537.36 (KHTML, like Gecko; compatible; GPTBot/1.4; +https://openai.com/gptbot)"
74.7.227.12 - - [11/Jun/2026:04:29:47 +0700] "GET /wp-content/uploads/2025/10/may-hut-bui-cong-nghiep-kho-va-uot-dewalt-dxv38s-1-510x383.jpg HTTP/2" 200 20359 "https://www.pemco.com.vn/san-pham/may-hut-bui-cong-nghiep-3-chuc-nang-dewalt-dxv38s/" "Mozilla/5.0 AppleWebKit/537.36 (KHTML, like Gecko; compatible; GPTBot/1.4; +https://openai.com/gptbot)"
114.119.154.113 - - [11/Jun/2026:04:29:45 +0700] "GET /san-pham/may-cua-dia-kmy02-235/ HTTP/1.1" 200 62656 "https://www.pemco.vn/tu-khoa-san-pham/dck/page/2/" "Mozilla/5.0 (Linux; Android 7.0;) AppleWebKit/537.36 (HTML, like Gecko) Mobile Safari/537.36 (compatible; PetalBot;+https://webmaster.petalsearch.com/site/petalbot)"
74.7.227.12 - - [11/Jun/2026:04:29:48 +0700] "GET /wp-content/uploads/2025/10/may-hut-bui-3-chuc-nang-dewalt-usa-dxv23p-1591339939-247x296.jpg HTTP/2" 200 15363 "https://www.pemco.com.vn/san-pham/may-hut-bui-cong-nghiep-3-chuc-nang-dewalt-dxv23p/" "Mozilla/5.0 AppleWebKit/537.36 (KHTML, like Gecko; compatible; GPTBot/1.4; +https://openai.com/gptbot)"
74.7.227.12 - - [11/Jun/2026:04:29:48 +0700] "GET /wp-content/uploads/2025/09/may-duc-be-tong-dewalt-d25901k-1561439547-247x296.jpg HTTP/2" 200 9039 "https://www.pemco.com.vn/san-pham/may-hut-bui-cong-nghiep-3-chuc-nang-dewalt-dxv23p/" "Mozilla/5.0 AppleWebKit/537.36 (KHTML, like Gecko; compatible; GPTBot/1.4; +https://openai.com/gptbot)"
74.7.227.12 - - [11/Jun/2026:04:29:49 +0700] "GET /wp-content/uploads/2025/10/may-hut-bui-cong-nghiep-kho-va-uot-dewalt-dxv38s-1.jpg HTTP/2" 200 38201 "https://www.pemco.com.vn/san-pham/may-hut-bui-cong-nghiep-3-chuc-nang-dewalt-dxv38s/" "Mozilla/5.0 AppleWebKit/537.36 (KHTML, like Gecko; compatible; GPTBot/1.4; +https://openai.com/gptbot)"
74.7.243.201 - - [11/Jun/2026:04:29:47 +0700] "GET /san-pham/may-mai-goc-dca-asm15-100b/?path=/var/www HTTP/2" 200 61277 "https://www.dienmaychuyennghiep.com/san-pham/may-mai-goc-dca-asm15-100b/" "Mozilla/5.0 AppleWebKit/537.36 (KHTML, like Gecko; compatible; GPTBot/1.4; +https://openai.com/gptbot)"
74.7.227.12 - - [11/Jun/2026:04:29:49 +0700] "GET /wp-content/uploads/2025/10/may-hut-bui-3-chuc-nang-dewalt-usa-dxv23p-1591339939.jpg HTTP/2" 200 95254 "https://www.pemco.com.vn/san-pham/may-hut-bui-cong-nghiep-3-chuc-nang-dewalt-dxv23p/" "Mozilla/5.0 AppleWebKit/537.36 (KHTML, like Gecko; compatible; GPTBot/1.4; +https://openai.com/gptbot)"
216.73.216.144 - - [11/Jun/2026:04:29:49 +0700] "GET /?filesrc=%2Fvar%2Fwww%2Fvhosts%2Fdienmaychuyennghiep.com%2Fhttpdocs%2Fwp-includes%2Fl10n.php&path=%2Fvar%2Fwww%2Fvhosts%2Fdienmaychuyennghiep.com%2Fhttpdocs%2Fwp-includes HTTP/2" 403 370 "-" "Mozilla/5.0 AppleWebKit/537.36 (KHTML, like Gecko; compatible; ClaudeBot/1.0; +claudebot@anthropic.com)"
216.73.216.144 - - [11/Jun/2026:04:29:49 +0700] "GET /?filesrc=%2Fvar%2Fwww%2Fvhosts%2Fdienmaychuyennghiep.com%2Fhttpdocs%2Fwp-includes%2Fclass-wp-textdomain-registry.php&path=%2Fvar%2Fwww%2Fvhosts%2Fdienmaychuyennghiep.com%2Fhttpdocs%2Fwp-includes HTTP/2" 403 370 "-" "Mozilla/5.0 AppleWebKit/537.36 (KHTML, like Gecko; compatible; ClaudeBot/1.0; +claudebot@anthropic.com)"
216.73.216.144 - - [11/Jun/2026:04:29:49 +0700] "GET /?filesrc=%2Fvar%2Fwww%2Fvhosts%2Fdienmaychuyennghiep.com%2Ferror_docs%2Fstyles.css&path=%2Fvar%2Fwww%2Fvhosts%2Fdienmaychuyennghiep.com%2Ferror_docs HTTP/2" 403 370 "-" "Mozilla/5.0 AppleWebKit/537.36 (KHTML, like Gecko; compatible; ClaudeBot/1.0; +claudebot@anthropic.com)"
216.73.216.144 - - [11/Jun/2026:04:29:49 +0700] "GET /?filesrc=%2Fvar%2Fwww%2Fvhosts%2Fdienmaychuyennghiep.com%2Fhttpdocs%2Fwp-includes%2Fclass-wp-locale-switcher.php&path=%2Fvar%2Fwww%2Fvhosts%2Fdienmaychuyennghiep.com%2Fhttpdocs%2Fwp-includes HTTP/2" 403 370 "-" "Mozilla/5.0 AppleWebKit/537.36 (KHTML, like Gecko; compatible; ClaudeBot/1.0; +claudebot@anthropic.com)"
216.73.216.144 - - [11/Jun/2026:04:29:49 +0700] "GET /?filesrc=%2Fvar%2Fwww%2Fvhosts%2Fdienmaychuyennghiep.com%2Fhttpdocs%2Fwp-admin%2Ffreedoms.php&path=%2Fvar%2Fwww%2Fvhosts%2Fdienmaychuyennghiep.com%2Fhttpdocs%2Fwp-admin HTTP/2" 403 370 "-" "Mozilla/5.0 AppleWebKit/537.36 (KHTML, like Gecko; compatible; ClaudeBot/1.0; +claudebot@anthropic.com)"
216.73.216.144 - - [11/Jun/2026:04:29:49 +0700] "GET /?filesrc=%2Fvar%2Fwww%2Fvhosts%2Fdienmaychuyennghiep.com%2Fhttpdocs%2Fwp-includes%2Fmedia-template.php&path=%2Fvar%2Fwww%2Fvhosts%2Fdienmaychuyennghiep.com%2Fhttpdocs%2Fwp-includes HTTP/2" 403 370 "-" "Mozilla/5.0 AppleWebKit/537.36 (KHTML, like Gecko; compatible; ClaudeBot/1.0; +claudebot@anthropic.com)"
216.73.216.144 - - [11/Jun/2026:04:29:49 +0700] "GET /?filesrc=%2Fvar%2Fwww%2Fvhosts%2Fdienmaychuyennghiep.com%2Fhttpdocs%2Fwp-includes%2Fclass-wp-duotone.php&path=%2Fvar%2Fwww%2Fvhosts%2Fdienmaychuyennghiep.com%2Fhttpdocs%2Fwp-includes HTTP/2" 403 370 "-" "Mozilla/5.0 AppleWebKit/537.36 (KHTML, like Gecko; compatible; ClaudeBot/1.0; +claudebot@anthropic.com)"
216.73.216.144 - - [11/Jun/2026:04:29:49 +0700] "GET /?filesrc=%2Fvar%2Fwww%2Fvhosts%2Fdienmaychuyennghiep.com%2Fhttpdocs%2Fwp-includes%2Fconnectors.php&path=%2Fvar%2Fwww%2Fvhosts%2Fdienmaychuyennghiep.com%2Fhttpdocs%2Fwp-includes HTTP/2" 403 370 "-" "Mozilla/5.0 AppleWebKit/537.36 (KHTML, like Gecko; compatible; ClaudeBot/1.0; +claudebot@anthropic.com)"
216.73.216.144 - - [11/Jun/2026:04:29:49 +0700] "GET /?filesrc=%2Fvar%2Fwww%2Fvhosts%2Fdienmaychuyennghiep.com%2Fhttpdocs%2Fwp-admin%2Fmedia-upload.php&path=%2Fvar%2Fwww%2Fvhosts%2Fdienmaychuyennghiep.com%2Fhttpdocs%2Fwp-admin HTTP/2" 403 370 "-" "Mozilla/5.0 AppleWebKit/537.36 (KHTML, like Gecko; compatible; ClaudeBot/1.0; +claudebot@anthropic.com)"
216.73.216.144 - - [11/Jun/2026:04:29:49 +0700] "GET /?filesrc=%2Fvar%2Fwww%2Fvhosts%2Fdienmaychuyennghiep.com%2Fhttpdocs%2Fwp-admin%2Fcredits.php&path=%2Fvar%2Fwww%2Fvhosts%2Fdienmaychuyennghiep.com%2Fhttpdocs%2Fwp-admin HTTP/2" 403 370 "-" "Mozilla/5.0 AppleWebKit/537.36 (KHTML, like Gecko; compatible; ClaudeBot/1.0; +claudebot@anthropic.com)"
74.7.227.12 - - [11/Jun/2026:04:29:50 +0700] "GET /wp-content/uploads/2025/10/may-hut-bui-cong-nghiep-stanley-sl19403pe-8a-g-247x296.jpg HTTP/2" 200 8553 "https://www.pemco.com.vn/san-pham/may-hut-bui-cong-nghiep-4-chuc-nang-stanley-sl19403pe-8a/" "Mozilla/5.0 AppleWebKit/537.36 (KHTML, like Gecko; compatible; GPTBot/1.4; +https://openai.com/gptbot)"
74.7.227.12 - - [11/Jun/2026:04:29:50 +0700] "GET /wp-content/uploads/2025/10/may-hut-bui-cong-nghiep-stanley-sl19403pe-8a-g-510x383.jpg HTTP/2" 200 12518 "https://www.pemco.com.vn/san-pham/may-hut-bui-cong-nghiep-4-chuc-nang-stanley-sl19403pe-8a/" "Mozilla/5.0 AppleWebKit/537.36 (KHTML, like Gecko; compatible; GPTBot/1.4; +https://openai.com/gptbot)"
216.73.216.144 - - [11/Jun/2026:04:29:50 +0700] "GET /?filesrc=%2Fvar%2Fwww%2Fvhosts%2Fdienmaychuyennghiep.com%2Fhttpdocs%2Fwp-includes%2Fclass-wp-tax-query.php&path=%2Fvar%2Fwww%2Fvhosts%2Fdienmaychuyennghiep.com%2Fhttpdocs%2Fwp-includes HTTP/2" 403 370 "-" "Mozilla/5.0 AppleWebKit/537.36 (KHTML, like Gecko; compatible; ClaudeBot/1.0; +claudebot@anthropic.com)"
216.73.216.144 - - [11/Jun/2026:04:29:50 +0700] "GET /?filesrc=%2Fvar%2Fwww%2Fvhosts%2Fdienmaychuyennghiep.com%2Fhttpdocs%2Fwp-admin%2Fms-sites.php&path=%2Fvar%2Fwww%2Fvhosts%2Fdienmaychuyennghiep.com%2Fhttpdocs%2Fwp-admin HTTP/2" 403 370 "-" "Mozilla/5.0 AppleWebKit/537.36 (KHTML, like Gecko; compatible; ClaudeBot/1.0; +claudebot@anthropic.com)"
216.73.216.144 - - [11/Jun/2026:04:29:50 +0700] "GET /?filesrc=%2Fvar%2Fwww%2Fvhosts%2Fdienmaychuyennghiep.com%2Fhttpdocs%2Fwp-includes%2Fclass-wp-session-tokens.php&path=%2Fvar%2Fwww%2Fvhosts%2Fdienmaychuyennghiep.com%2Fhttpdocs%2Fwp-includes HTTP/2" 403 370 "-" "Mozilla/5.0 AppleWebKit/537.36 (KHTML, like Gecko; compatible; ClaudeBot/1.0; +claudebot@anthropic.com)"
216.73.216.144 - - [11/Jun/2026:04:29:50 +0700] "GET /?filesrc=%2Fvar%2Fwww%2Fvhosts%2Fdienmaychuyennghiep.com%2Fhttpdocs%2Fwp-includes%2Fclass-wp-block-bindings-registry.php&path=%2Fvar%2Fwww%2Fvhosts%2Fdienmaychuyennghiep.com%2Fhttpdocs%2Fwp-includes HTTP/2" 403 370 "-" "Mozilla/5.0 AppleWebKit/537.36 (KHTML, like Gecko; compatible; ClaudeBot/1.0; +claudebot@anthropic.com)"
216.73.216.144 - - [11/Jun/2026:04:29:50 +0700] "GET /?filesrc=%2Fvar%2Fwww%2Fvhosts%2Fdienmaychuyennghiep.com%2Fhttpdocs%2Fwp-admin%2Foptions-discussion.php&path=%2Fvar%2Fwww%2Fvhosts%2Fdienmaychuyennghiep.com%2Fhttpdocs%2Fwp-admin HTTP/2" 403 370 "-" "Mozilla/5.0 AppleWebKit/537.36 (KHTML, like Gecko; compatible; ClaudeBot/1.0; +claudebot@anthropic.com)"
216.73.216.144 - - [11/Jun/2026:04:29:50 +0700] "GET /?filesrc=%2Fvar%2Fwww%2Fvhosts%2Fdienmaychuyennghiep.com%2Fhttpdocs%2Fwp-includes%2Fclass-wp-block-supports.php&path=%2Fvar%2Fwww%2Fvhosts%2Fdienmaychuyennghiep.com%2Fhttpdocs%2Fwp-includes HTTP/2" 403 370 "-" "Mozilla/5.0 AppleWebKit/537.36 (KHTML, like Gecko; compatible; ClaudeBot/1.0; +claudebot@anthropic.com)"
216.73.216.144 - - [11/Jun/2026:04:29:50 +0700] "GET /?filesrc=%2Fvar%2Fwww%2Fvhosts%2Fdienmaychuyennghiep.com%2Fhttpdocs%2Fwp-admin%2Foptions-privacy.php&path=%2Fvar%2Fwww%2Fvhosts%2Fdienmaychuyennghiep.com%2Fhttpdocs%2Fwp-admin HTTP/2" 403 370 "-" "Mozilla/5.0 AppleWebKit/537.36 (KHTML, like Gecko; compatible; ClaudeBot/1.0; +claudebot@anthropic.com)"
74.7.227.12 - - [11/Jun/2026:04:29:51 +0700] "GET /wp-content/uploads/2025/10/may-hut-bui-cong-nghiep-stanley-sl19403pe-8a-g.jpg HTTP/2" 200 46566 "https://www.pemco.com.vn/san-pham/may-hut-bui-cong-nghiep-4-chuc-nang-stanley-sl19403pe-8a/" "Mozilla/5.0 AppleWebKit/537.36 (KHTML, like Gecko; compatible; GPTBot/1.4; +https://openai.com/gptbot)"
