167.114.139.202 - - [11/Jun/2026:04:32:17 +0700] "GET /products/79164295348 HTTP/2" 200 19756 "-" "Mozilla/5.0 (compatible; AhrefsBot/7.0; +http://ahrefs.com/robot/)"
15.235.27.225 - - [11/Jun/2026:04:32:16 +0700] "GET /products/7916447074 HTTP/2" 200 19743 "-" "Mozilla/5.0 (compatible; AhrefsBot/7.0; +http://ahrefs.com/robot/)"
54.39.136.169 - - [11/Jun/2026:04:32:15 +0700] "GET /products/791646940 HTTP/2" 200 19756 "-" "Mozilla/5.0 (compatible; AhrefsBot/7.0; +http://ahrefs.com/robot/)"
51.222.95.226 - - [11/Jun/2026:04:32:16 +0700] "GET /products/7916460034 HTTP/2" 200 19500 "-" "Mozilla/5.0 (compatible; AhrefsBot/7.0; +http://ahrefs.com/robot/)"
74.7.227.12 - - [11/Jun/2026:04:32:15 +0700] "GET /?p=8457 HTTP/2" 200 19756 "https://www.pemco.com.vn/san-pham/may-khoan-van-vit-dung-pin-dewalt-dcd791m2-b1/" "Mozilla/5.0 AppleWebKit/537.36 (KHTML, like Gecko; compatible; GPTBot/1.4; +https://openai.com/gptbot)"
74.7.227.12 - - [11/Jun/2026:04:32:21 +0700] "GET /wp-content/uploads/2025/09/may-van-vit-dung-pin-20v-dck-kdpl208em-1718243128-247x296.jpg HTTP/2" 200 24961 "https://www.pemco.com.vn/tu-khoa-san-pham/may-van-vit-dong-luc-dung-pin/" "Mozilla/5.0 AppleWebKit/537.36 (KHTML, like Gecko; compatible; GPTBot/1.4; +https://openai.com/gptbot)"
74.7.243.201 - - [11/Jun/2026:04:32:16 +0700] "GET /may-cam-tay/may-cha-nham-go/?path=/var/www/vhosts/dienmaychuyennghiep.com/.cagefs/var/lib/php HTTP/2" 200 55508 "https://www.dienmaychuyennghiep.com/may-cam-tay/may-cha-nham-go/?path=/var/www/vhosts/dienmaychuyennghiep.com/.cagefs/var/lib" "Mozilla/5.0 AppleWebKit/537.36 (KHTML, like Gecko; compatible; GPTBot/1.4; +https://openai.com/gptbot)"
142.44.228.117 - - [11/Jun/2026:04:32:20 +0700] "GET /products/79164293930 HTTP/2" 200 19756 "-" "Mozilla/5.0 (compatible; AhrefsBot/7.0; +http://ahrefs.com/robot/)"
74.7.227.12 - - [11/Jun/2026:04:32:21 +0700] "GET /?p=8844 HTTP/2" 200 19500 "https://www.pemco.com.vn/san-pham/may-hut-bui-cong-nghiep-3-chuc-nang-dewalt-dxv25s/" "Mozilla/5.0 AppleWebKit/537.36 (KHTML, like Gecko; compatible; GPTBot/1.4; +https://openai.com/gptbot)"
74.7.227.12 - - [11/Jun/2026:04:32:23 +0700] "GET /wp-content/uploads/2025/09/AVT-WEBSITE-2-2-247x296.jpg HTTP/2" 200 9876 "https://www.pemco.com.vn/tu-khoa-san-pham/may-van-vit-dong-luc-dung-pin/" "Mozilla/5.0 AppleWebKit/537.36 (KHTML, like Gecko; compatible; GPTBot/1.4; +https://openai.com/gptbot)"
74.7.227.12 - - [11/Jun/2026:04:32:24 +0700] "GET /wp-content/uploads/2025/10/may-van-bu-long-dong-luc-pin-dewalt-dcf894n-kr-6-700x467-1.jpg HTTP/2" 200 18518 "https://www.pemco.com.vn/san-pham/may-van-bu-long-dong-luc-dung-pin-dewalt-dcf894n-kr/" "Mozilla/5.0 AppleWebKit/537.36 (KHTML, like Gecko; compatible; GPTBot/1.4; +https://openai.com/gptbot)"
74.7.227.12 - - [11/Jun/2026:04:32:24 +0700] "GET /wp-content/uploads/2025/10/may-van-bu-long-dong-luc-pin-dewalt-dcf894n-kr-4-700x467-1.jpg HTTP/2" 200 34204 "https://www.pemco.com.vn/san-pham/may-van-bu-long-dong-luc-dung-pin-dewalt-dcf894n-kr/" "Mozilla/5.0 AppleWebKit/537.36 (KHTML, like Gecko; compatible; GPTBot/1.4; +https://openai.com/gptbot)"
74.7.227.12 - - [11/Jun/2026:04:32:25 +0700] "GET /wp-content/uploads/2025/10/may-van-bu-long-dong-luc-pin-dewalt-dcf894n-kr-3-1-700x467-1.jpg HTTP/2" 200 30429 "https://www.pemco.com.vn/san-pham/may-van-bu-long-dong-luc-dung-pin-dewalt-dcf894n-kr/" "Mozilla/5.0 AppleWebKit/537.36 (KHTML, like Gecko; compatible; GPTBot/1.4; +https://openai.com/gptbot)"
74.7.243.201 - - [11/Jun/2026:04:32:23 +0700] "GET /san-pham/patient-ninja/?path=/var/www/vhosts/dienmaychuyennghiep.com/wordpress-backups HTTP/2" 200 58690 "https://www.dienmaychuyennghiep.com/san-pham/patient-ninja/?path=/var/www/vhosts/dienmaychuyennghiep.com" "Mozilla/5.0 AppleWebKit/537.36 (KHTML, like Gecko; compatible; GPTBot/1.4; +https://openai.com/gptbot)"
74.7.227.12 - - [11/Jun/2026:04:32:25 +0700] "GET /wp-content/uploads/2025/10/may-van-bu-long-dong-luc-pin-dewalt-dcf894n-kr-1-1-700x467-1.jpg HTTP/2" 200 29252 "https://www.pemco.com.vn/san-pham/may-van-bu-long-dong-luc-dung-pin-dewalt-dcf894n-kr/" "Mozilla/5.0 AppleWebKit/537.36 (KHTML, like Gecko; compatible; GPTBot/1.4; +https://openai.com/gptbot)"
74.7.227.12 - - [11/Jun/2026:04:32:26 +0700] "GET /wp-content/uploads/2025/10/may-van-bu-long-dong-luc-pin-dewalt-dcf894n-kr-4-700x467-1-510x340.jpg HTTP/2" 200 14600 "https://www.pemco.com.vn/san-pham/may-van-bu-long-dong-luc-dung-pin-dewalt-dcf894n-kr/" "Mozilla/5.0 AppleWebKit/537.36 (KHTML, like Gecko; compatible; GPTBot/1.4; +https://openai.com/gptbot)"
74.7.227.12 - - [11/Jun/2026:04:32:26 +0700] "GET /wp-content/uploads/2025/10/may-van-bu-long-dong-luc-pin-dewalt-dcf894n-kr-4-700x467-1-247x296.jpg HTTP/2" 200 11152 "https://www.pemco.com.vn/san-pham/may-van-bu-long-dong-luc-dung-pin-dewalt-dcf894n-kr/" "Mozilla/5.0 AppleWebKit/537.36 (KHTML, like Gecko; compatible; GPTBot/1.4; +https://openai.com/gptbot)"
74.7.227.12 - - [11/Jun/2026:04:32:27 +0700] "GET /wp-content/uploads/2025/10/may-van-bu-long-dong-luc-pin-dewalt-dcf894n-kr-6-700x467-1-510x340.jpg HTTP/2" 200 7818 "https://www.pemco.com.vn/san-pham/may-van-bu-long-dong-luc-dung-pin-dewalt-dcf894n-kr/" "Mozilla/5.0 AppleWebKit/537.36 (KHTML, like Gecko; compatible; GPTBot/1.4; +https://openai.com/gptbot)"
74.7.243.201 - - [11/Jun/2026:04:32:25 +0700] "GET /featured_item/portfolio-typography/?path=/var/www/vhosts/dienmaychuyennghiep.com/.cl.selector HTTP/2" 200 54543 "https://www.dienmaychuyennghiep.com/featured_item/portfolio-typography/?path=/var/www/vhosts/dienmaychuyennghiep.com" "Mozilla/5.0 AppleWebKit/537.36 (KHTML, like Gecko; compatible; GPTBot/1.4; +https://openai.com/gptbot)"
15.235.98.13 - - [11/Jun/2026:04:32:26 +0700] "GET /products/79164290633 HTTP/2" 200 19756 "-" "Mozilla/5.0 (compatible; AhrefsBot/7.0; +http://ahrefs.com/robot/)"
74.7.227.12 - - [11/Jun/2026:04:32:27 +0700] "GET /wp-content/uploads/2025/10/may-van-bu-long-dong-luc-pin-dewalt-dcf894n-kr-6-700x467-1-247x296.jpg HTTP/2" 200 5760 "https://www.pemco.com.vn/san-pham/may-van-bu-long-dong-luc-dung-pin-dewalt-dcf894n-kr/" "Mozilla/5.0 AppleWebKit/537.36 (KHTML, like Gecko; compatible; GPTBot/1.4; +https://openai.com/gptbot)"
74.7.227.12 - - [11/Jun/2026:04:32:28 +0700] "GET /wp-content/uploads/2025/10/may-khoan-da-nang-pin-dewalt-dcd703d2-b1-2-100x100.jpg HTTP/2" 200 11140 "https://www.pemco.com.vn/san-pham/may-khoan-van-vit-dung-pin-dewalt-dcd791m2-b1/" "Mozilla/5.0 AppleWebKit/537.36 (KHTML, like Gecko; compatible; GPTBot/1.4; +https://openai.com/gptbot)"
142.44.220.27 - - [11/Jun/2026:04:32:27 +0700] "GET /androids/than-tuong-phim.html HTTP/2" 200 19500 "-" "Mozilla/5.0 (compatible; AhrefsBot/7.0; +http://ahrefs.com/robot/)"
54.39.6.131 - - [11/Jun/2026:04:32:28 +0700] "GET /androids/du-em-lon-hong.html HTTP/2" 200 19519 "-" "Mozilla/5.0 (compatible; AhrefsBot/7.0; +http://ahrefs.com/robot/)"
74.7.227.12 - - [11/Jun/2026:04:32:28 +0700] "GET /wp-content/uploads/2025/10/may-van-bu-long-dong-luc-pin-dewalt-dcf894n-kr-3-1-700x467-1-247x296.jpg HTTP/2" 200 10202 "https://www.pemco.com.vn/san-pham/may-van-bu-long-dong-luc-dung-pin-dewalt-dcf894n-kr/" "Mozilla/5.0 AppleWebKit/537.36 (KHTML, like Gecko; compatible; GPTBot/1.4; +https://openai.com/gptbot)"
74.7.227.12 - - [11/Jun/2026:04:32:29 +0700] "GET /wp-content/uploads/2025/10/may-van-bu-long-dong-luc-pin-dewalt-dcf894n-kr-3-1-700x467-1-510x340.jpg HTTP/2" 200 13393 "https://www.pemco.com.vn/san-pham/may-van-bu-long-dong-luc-dung-pin-dewalt-dcf894n-kr/" "Mozilla/5.0 AppleWebKit/537.36 (KHTML, like Gecko; compatible; GPTBot/1.4; +https://openai.com/gptbot)"
74.7.243.201 - - [11/Jun/2026:04:32:27 +0700] "GET /featured_item/portfolio-typography/?path=/var/www/vhosts/dienmaychuyennghiep.com/error_docs HTTP/2" 200 55289 "https://www.dienmaychuyennghiep.com/featured_item/portfolio-typography/?path=/var/www/vhosts/dienmaychuyennghiep.com" "Mozilla/5.0 AppleWebKit/537.36 (KHTML, like Gecko; compatible; GPTBot/1.4; +https://openai.com/gptbot)"
74.7.227.12 - - [11/Jun/2026:04:32:29 +0700] "GET /wp-content/uploads/2025/10/may-van-bu-long-dong-luc-pin-dewalt-dcf894n-kr-1-1-700x467-1-247x296.jpg HTTP/2" 200 9838 "https://www.pemco.com.vn/san-pham/may-van-bu-long-dong-luc-dung-pin-dewalt-dcf894n-kr/" "Mozilla/5.0 AppleWebKit/537.36 (KHTML, like Gecko; compatible; GPTBot/1.4; +https://openai.com/gptbot)"
74.7.227.12 - - [11/Jun/2026:04:32:30 +0700] "GET /wp-content/uploads/2025/10/may-van-bu-long-dong-luc-pin-dewalt-dcf894n-kr-1-1-700x467-1-510x340.jpg HTTP/2" 200 12926 "https://www.pemco.com.vn/san-pham/may-van-bu-long-dong-luc-dung-pin-dewalt-dcf894n-kr/" "Mozilla/5.0 AppleWebKit/537.36 (KHTML, like Gecko; compatible; GPTBot/1.4; +https://openai.com/gptbot)"
15.235.98.122 - - [11/Jun/2026:04:32:29 +0700] "GET /vedios/yo88-2024.html HTTP/2" 200 19519 "-" "Mozilla/5.0 (compatible; AhrefsBot/7.0; +http://ahrefs.com/robot/)"
103.138.88.26 - - [11/Jun/2026:04:32:31 +0700] "POST /wp-cron.php?doing_wp_cron=1781127151.1492190361022949218750 HTTP/1.1" 200 474 "-" "WordPress/7.0; https://dienmaychuyennghiep.com"
148.113.128.229 - - [11/Jun/2026:04:32:29 +0700] "GET /androids/ban-bao-ve-cham-soc-suc-khoe-can-bo-tinh.html HTTP/2" 200 19519 "-" "Mozilla/5.0 (compatible; AhrefsBot/7.0; +http://ahrefs.com/robot/)"
103.138.88.26 - - [11/Jun/2026:04:32:31 +0700] "POST /wp-cron.php?doing_wp_cron=1781127151.8956980705261230468750 HTTP/1.1" 200 474 "-" "WordPress/7.0; https://dienmaychuyennghiep.com"
74.7.227.12 - - [11/Jun/2026:04:32:31 +0700] "GET /wp-content/uploads/2025/10/may-hut-bui-3-chuc-nang-dewalt-usa-dxv23p-1591339939-100x100.jpg HTTP/2" 200 3584 "https://www.pemco.com.vn/san-pham/may-hut-bui-cong-nghiep-3-chuc-nang-dewalt-dxv25s/" "Mozilla/5.0 AppleWebKit/537.36 (KHTML, like Gecko; compatible; GPTBot/1.4; +https://openai.com/gptbot)"
74.7.227.12 - - [11/Jun/2026:04:32:31 +0700] "GET /wp-content/uploads/2025/10/may-siet-bu-long-dung-pin-20v-max-dewalt-dcf900n-b1-chua-pin-sac-1658970423-100x100.jpg HTTP/2" 200 12701 "https://www.pemco.com.vn/san-pham/may-van-bu-long-dong-luc-dung-pin-dewalt-dcf894n-kr/" "Mozilla/5.0 AppleWebKit/537.36 (KHTML, like Gecko; compatible; GPTBot/1.4; +https://openai.com/gptbot)"
74.7.227.12 - - [11/Jun/2026:04:32:31 +0700] "GET /wp-content/uploads/2025/10/may-hut-bui-cong-nghiep-dewalt-dxv25s.jpg HTTP/2" 200 37425 "https://www.pemco.com.vn/san-pham/may-hut-bui-cong-nghiep-3-chuc-nang-dewalt-dxv25s/" "Mozilla/5.0 AppleWebKit/537.36 (KHTML, like Gecko; compatible; GPTBot/1.4; +https://openai.com/gptbot)"
74.7.227.12 - - [11/Jun/2026:04:32:32 +0700] "GET /wp-content/uploads/2025/10/may-hut-bui-cong-nghiep-dewalt-dxv25s-247x296.jpg HTTP/2" 200 12814 "https://www.pemco.com.vn/san-pham/may-hut-bui-cong-nghiep-3-chuc-nang-dewalt-dxv25s/" "Mozilla/5.0 AppleWebKit/537.36 (KHTML, like Gecko; compatible; GPTBot/1.4; +https://openai.com/gptbot)"
74.7.243.201 - - [11/Jun/2026:04:32:30 +0700] "GET /featured_item/portfolio-typography/?path=/var/www/vhosts/dienmaychuyennghiep.com/.clwpos HTTP/2" 200 54532 "https://www.dienmaychuyennghiep.com/featured_item/portfolio-typography/?path=/var/www/vhosts/dienmaychuyennghiep.com" "Mozilla/5.0 AppleWebKit/537.36 (KHTML, like Gecko; compatible; GPTBot/1.4; +https://openai.com/gptbot)"
148.113.130.94 - - [11/Jun/2026:04:32:30 +0700] "GET /vedios/phim-sex-dit-nhau-khong-che.html HTTP/2" 200 19519 "-" "Mozilla/5.0 (compatible; AhrefsBot/7.0; +http://ahrefs.com/robot/)"
103.138.88.26 - - [11/Jun/2026:04:32:32 +0700] "POST /wp-cron.php?doing_wp_cron=1781127152.6281499862670898437500 HTTP/1.1" 200 474 "-" "WordPress/7.0; https://www.dienmaychuyennghiep.com"
51.222.168.149 - - [11/Jun/2026:04:32:30 +0700] "GET /vedios/phim-bo-han-quoc-hay-thuyet-minh.html HTTP/2" 200 19519 "-" "Mozilla/5.0 (compatible; AhrefsBot/7.0; +http://ahrefs.com/robot/)"
74.7.227.12 - - [11/Jun/2026:04:32:33 +0700] "GET /wp-content/uploads/2025/10/may-hut-bui-cong-nghiep-dewalt-dxv25s-510x383.jpg HTTP/2" 200 19508 "https://www.pemco.com.vn/san-pham/may-hut-bui-cong-nghiep-3-chuc-nang-dewalt-dxv25s/" "Mozilla/5.0 AppleWebKit/537.36 (KHTML, like Gecko; compatible; GPTBot/1.4; +https://openai.com/gptbot)"
103.138.88.26 - - [11/Jun/2026:04:32:33 +0700] "POST /wp-cron.php?doing_wp_cron=1781127153.1227040290832519531250 HTTP/1.1" 200 474 "-" "WordPress/7.0; https://dienmaychuyennghiep.com"
51.161.37.202 - - [11/Jun/2026:04:32:31 +0700] "GET /products/79164289755 HTTP/2" 200 19519 "-" "Mozilla/5.0 (compatible; AhrefsBot/7.0; +http://ahrefs.com/robot/)"
142.44.225.124 - - [11/Jun/2026:04:32:32 +0700] "GET /androids/anime-tentacle-sex.html HTTP/2" 200 19743 "-" "Mozilla/5.0 (compatible; AhrefsBot/7.0; +http://ahrefs.com/robot/)"
15.235.96.243 - - [11/Jun/2026:04:32:32 +0700] "GET /vedios/hermione-granger-sex.html HTTP/2" 200 19756 "-" "Mozilla/5.0 (compatible; AhrefsBot/7.0; +http://ahrefs.com/robot/)"
148.113.130.226 - - [11/Jun/2026:04:32:33 +0700] "GET /vedios/24h-bong-da-world-cup.html HTTP/2" 200 19743 "-" "Mozilla/5.0 (compatible; AhrefsBot/7.0; +http://ahrefs.com/robot/)"
54.39.0.80 - - [11/Jun/2026:04:32:34 +0700] "GET /products/7916486199 HTTP/2" 200 19756 "-" "Mozilla/5.0 (compatible; AhrefsBot/7.0; +http://ahrefs.com/robot/)"
52.167.144.179 - - [11/Jun/2026:04:32:34 +0700] "GET /products/72328120760 HTTP/2" 200 19500 "-" "Mozilla/5.0 AppleWebKit/537.36 (KHTML, like Gecko; compatible; bingbot/2.0; +http://www.bing.com/bingbot.htm) Chrome/116.0.1938.76 Safari/537.36"
15.235.27.188 - - [11/Jun/2026:04:32:34 +0700] "GET /products/7916489273 HTTP/2" 200 19756 "-" "Mozilla/5.0 (compatible; AhrefsBot/7.0; +http://ahrefs.com/robot/)"
142.44.220.31 - - [11/Jun/2026:04:32:36 +0700] "GET /products/7916428971 HTTP/2" 200 19500 "-" "Mozilla/5.0 (compatible; AhrefsBot/7.0; +http://ahrefs.com/robot/)"
74.7.243.201 - - [11/Jun/2026:04:32:33 +0700] "GET /featured_item/portfolio-typography/?path=/var/www/vhosts/dienmaychuyennghiep.com/.cagefs HTTP/2" 200 54505 "https://www.dienmaychuyennghiep.com/featured_item/portfolio-typography/?path=/var/www/vhosts/dienmaychuyennghiep.com" "Mozilla/5.0 AppleWebKit/537.36 (KHTML, like Gecko; compatible; GPTBot/1.4; +https://openai.com/gptbot)"
54.39.0.229 - - [11/Jun/2026:04:32:36 +0700] "GET /products/7916475531 HTTP/2" 200 19519 "-" "Mozilla/5.0 (compatible; AhrefsBot/7.0; +http://ahrefs.com/robot/)"
54.39.6.227 - - [11/Jun/2026:04:32:37 +0700] "GET /products/7916463590 HTTP/2" 200 19756 "-" "Mozilla/5.0 (compatible; AhrefsBot/7.0; +http://ahrefs.com/robot/)"
52.167.144.218 - - [11/Jun/2026:04:32:38 +0700] "GET /products/2970189826 HTTP/2" 200 19519 "-" "Mozilla/5.0 AppleWebKit/537.36 (KHTML, like Gecko; compatible; bingbot/2.0; +http://www.bing.com/bingbot.htm) Chrome/116.0.1938.76 Safari/537.36"
52.167.144.179 - - [11/Jun/2026:04:32:39 +0700] "GET /products/9166919741 HTTP/2" 200 19519 "-" "Mozilla/5.0 AppleWebKit/537.36 (KHTML, like Gecko; compatible; bingbot/2.0; +http://www.bing.com/bingbot.htm) Chrome/116.0.1938.76 Safari/537.36"
40.77.167.20 - - [11/Jun/2026:04:32:38 +0700] "GET /products/25905141013 HTTP/2" 200 19519 "-" "Mozilla/5.0 AppleWebKit/537.36 (KHTML, like Gecko; compatible; bingbot/2.0; +http://www.bing.com/bingbot.htm) Chrome/116.0.1938.76 Safari/537.36"
74.7.227.12 - - [11/Jun/2026:04:32:33 +0700] "GET /san-pham/may-khoan-bua-makita-m8103kx2b-bo-26-phu-kien/?filesrc=/var/www/vhosts/dienmaychuyennghiep.com/httpdocs/wp-load.php&path=/var/www/vhosts/dienmaychuyennghiep.com/httpdocs HTTP/2" 200 64024 "https://www.pemco.com.vn/san-pham/may-khoan-bua-makita-m8103kx2b-bo-26-phu-kien/" "Mozilla/5.0 AppleWebKit/537.36 (KHTML, like Gecko; compatible; GPTBot/1.4; +https://openai.com/gptbot)"
74.7.227.12 - - [11/Jun/2026:04:32:41 +0700] "GET /wp-content/uploads/2025/09/may-van-vit-dong-luc-dung-pin-li-ion-12v-kdpl04-8-type-ek-dck-247x296.jpg HTTP/2" 200 13146 "https://www.pemco.com.vn/tu-khoa-san-pham/may-van-vit-dong-luc-dung-pin/" "Mozilla/5.0 AppleWebKit/537.36 (KHTML, like Gecko; compatible; GPTBot/1.4; +https://openai.com/gptbot)"
54.39.210.229 - - [11/Jun/2026:04:32:40 +0700] "GET /products/79164289480 HTTP/2" 200 19519 "-" "Mozilla/5.0 (compatible; AhrefsBot/7.0; +http://ahrefs.com/robot/)"
51.161.37.221 - - [11/Jun/2026:04:32:39 +0700] "GET /products/7916450136 HTTP/2" 200 19519 "-" "Mozilla/5.0 (compatible; AhrefsBot/7.0; +http://ahrefs.com/robot/)"
74.7.227.12 - - [11/Jun/2026:04:32:41 +0700] "GET /wp-content/uploads/2025/09/than-may-van-vit-dong-luc-dung-pin-li-ion-20v-kdpl208-type-z-dck-247x296.jpg HTTP/2" 200 10344 "https://www.pemco.com.vn/tu-khoa-san-pham/may-van-vit-dong-luc-dung-pin/" "Mozilla/5.0 AppleWebKit/537.36 (KHTML, like Gecko; compatible; GPTBot/1.4; +https://openai.com/gptbot)"
114.119.154.237 - - [11/Jun/2026:04:32:37 +0700] "GET /san-pham/may-cha-tuong-ksf02-180/?path=/var/www/vhosts HTTP/1.1" 200 61120 "https://www.pemco.vn/san-pham/may-cha-tuong-ksf02-180/" "Mozilla/5.0 (Linux; Android 7.0;) AppleWebKit/537.36 (HTML, like Gecko) Mobile Safari/537.36 (compatible; PetalBot;+https://webmaster.petalsearch.com/site/petalbot)"
74.7.243.201 - - [11/Jun/2026:04:32:40 +0700] "GET /featured_item/portfolio-typography/?path=/var/www/vhosts/dienmaychuyennghiep.com/tmp HTTP/2" 200 54368 "https://www.dienmaychuyennghiep.com/featured_item/portfolio-typography/?path=/var/www/vhosts/dienmaychuyennghiep.com" "Mozilla/5.0 AppleWebKit/537.36 (KHTML, like Gecko; compatible; GPTBot/1.4; +https://openai.com/gptbot)"
142.44.225.103 - - [11/Jun/2026:04:32:42 +0700] "GET /products/79164295348 HTTP/2" 200 19519 "-" "Mozilla/5.0 (compatible; AhrefsBot/7.0; +http://ahrefs.com/robot/)"
142.44.225.225 - - [11/Jun/2026:04:32:41 +0700] "GET /products/7916449068 HTTP/2" 200 19519 "-" "Mozilla/5.0 (compatible; AhrefsBot/7.0; +http://ahrefs.com/robot/)"
54.39.136.9 - - [11/Jun/2026:04:32:41 +0700] "GET /products/7916438073 HTTP/2" 200 19519 "-" "Mozilla/5.0 (compatible; AhrefsBot/7.0; +http://ahrefs.com/robot/)"
52.167.144.179 - - [11/Jun/2026:04:32:42 +0700] "GET /products/9166925165 HTTP/2" 200 19519 "-" "Mozilla/5.0 AppleWebKit/537.36 (KHTML, like Gecko; compatible; bingbot/2.0; +http://www.bing.com/bingbot.htm) Chrome/116.0.1938.76 Safari/537.36"
52.167.144.218 - - [11/Jun/2026:04:32:41 +0700] "GET /products/33373110060 HTTP/2" 200 19500 "-" "Mozilla/5.0 AppleWebKit/537.36 (KHTML, like Gecko; compatible; bingbot/2.0; +http://www.bing.com/bingbot.htm) Chrome/116.0.1938.76 Safari/537.36"
74.7.227.12 - - [11/Jun/2026:04:32:42 +0700] "GET /tu-khoa-san-pham/may-van-vit-dong-luc-dung-pin/?filesrc=/var/www/vhosts/dienmaychuyennghiep.com/httpdocs/wp-config-sample.php&path=/var/www/vhosts/dienmaychuyennghiep.com/httpdocs HTTP/2" 200 57581 "https://www.pemco.com.vn/tu-khoa-san-pham/may-van-vit-dong-luc-dung-pin/" "Mozilla/5.0 AppleWebKit/537.36 (KHTML, like Gecko; compatible; GPTBot/1.4; +https://openai.com/gptbot)"
51.222.95.152 - - [11/Jun/2026:04:32:45 +0700] "GET /androids/phim-tinh-cam-sex.html HTTP/2" 200 19519 "-" "Mozilla/5.0 (compatible; AhrefsBot/7.0; +http://ahrefs.com/robot/)"
74.7.243.201 - - [11/Jun/2026:04:32:45 +0700] "GET /featured_item/portfolio-typography/?path=/var/www/vhosts/dienmaychuyennghiep.com/etc HTTP/2" 200 54496 "https://www.dienmaychuyennghiep.com/featured_item/portfolio-typography/?path=/var/www/vhosts/dienmaychuyennghiep.com" "Mozilla/5.0 AppleWebKit/537.36 (KHTML, like Gecko; compatible; GPTBot/1.4; +https://openai.com/gptbot)"
148.113.130.32 - - [11/Jun/2026:04:32:46 +0700] "GET /products/79164288342 HTTP/2" 200 19756 "-" "Mozilla/5.0 (compatible; AhrefsBot/7.0; +http://ahrefs.com/robot/)"
54.39.203.171 - - [11/Jun/2026:04:32:46 +0700] "GET /androids/khuyen-mai-b52.html HTTP/2" 200 19500 "-" "Mozilla/5.0 (compatible; AhrefsBot/7.0; +http://ahrefs.com/robot/)"
52.167.144.179 - - [11/Jun/2026:04:32:46 +0700] "GET /products/91669202822 HTTP/2" 200 19756 "-" "Mozilla/5.0 AppleWebKit/537.36 (KHTML, like Gecko; compatible; bingbot/2.0; +http://www.bing.com/bingbot.htm) Chrome/116.0.1938.76 Safari/537.36"
74.7.227.12 - - [11/Jun/2026:04:32:45 +0700] "GET /tu-khoa-san-pham/may-van-vit-dong-luc-dung-pin/?path=/var/www/vhosts HTTP/2" 200 56156 "https://www.pemco.com.vn/tu-khoa-san-pham/may-van-vit-dong-luc-dung-pin/" "Mozilla/5.0 AppleWebKit/537.36 (KHTML, like Gecko; compatible; GPTBot/1.4; +https://openai.com/gptbot)"
148.113.128.163 - - [11/Jun/2026:04:32:47 +0700] "GET /androids/gia-cau-thu-dls-2022.html HTTP/2" 200 19756 "-" "Mozilla/5.0 (compatible; AhrefsBot/7.0; +http://ahrefs.com/robot/)"
52.167.144.179 - - [11/Jun/2026:04:32:48 +0700] "GET /products/29827150783 HTTP/2" 200 19519 "-" "Mozilla/5.0 AppleWebKit/537.36 (KHTML, like Gecko; compatible; bingbot/2.0; +http://www.bing.com/bingbot.htm) Chrome/116.0.1938.76 Safari/537.36"
74.7.243.201 - - [11/Jun/2026:04:32:48 +0700] "GET /featured_item/portfolio-typography/?path=/var/www/vhosts/dienmaychuyennghiep.com/usr HTTP/2" 200 54510 "https://www.dienmaychuyennghiep.com/featured_item/portfolio-typography/?path=/var/www/vhosts/dienmaychuyennghiep.com" "Mozilla/5.0 AppleWebKit/537.36 (KHTML, like Gecko; compatible; GPTBot/1.4; +https://openai.com/gptbot)"
40.77.167.20 - - [11/Jun/2026:04:32:50 +0700] "GET /products/3337342269 HTTP/2" 200 19756 "-" "Mozilla/5.0 AppleWebKit/537.36 (KHTML, like Gecko; compatible; bingbot/2.0; +http://www.bing.com/bingbot.htm) Chrome/116.0.1938.76 Safari/537.36"
74.7.227.12 - - [11/Jun/2026:04:32:49 +0700] "GET /san-pham/may-duc-be-tong-mui-luc-giac-makita-hm1306/?path=/var/www/vhosts/dienmaychuyennghiep.com HTTP/2" 200 62828 "https://www.pemco.com.vn/san-pham/may-duc-be-tong-mui-luc-giac-makita-hm1306/" "Mozilla/5.0 AppleWebKit/537.36 (KHTML, like Gecko; compatible; GPTBot/1.4; +https://openai.com/gptbot)"
74.7.227.12 - - [11/Jun/2026:04:32:52 +0700] "GET /wp-content/uploads/2025/10/may-khoan-van-vit-dung-pin-dewalt-dcd791m2-b1-kem-2-pin-4.0-ah-va-sac-dcd791m2dcd791m2dcd791m2.png HTTP/2" 200 415606 "https://www.pemco.com.vn/san-pham/may-khoan-van-vit-dung-pin-dewalt-dcd791m2-b1/" "Mozilla/5.0 AppleWebKit/537.36 (KHTML, like Gecko; compatible; GPTBot/1.4; +https://openai.com/gptbot)"
74.7.227.12 - - [11/Jun/2026:04:32:54 +0700] "GET /wp-content/uploads/2025/10/may-khoan-van-vit-dung-pin-dewalt-dcd791m2-b1-kem-2-pin-4.0-ah-va-sac-dcd791m2dcd791m2dcd791m2-510x428.png HTTP/2" 200 106172 "https://www.pemco.com.vn/san-pham/may-khoan-van-vit-dung-pin-dewalt-dcd791m2-b1/" "Mozilla/5.0 AppleWebKit/537.36 (KHTML, like Gecko; compatible; GPTBot/1.4; +https://openai.com/gptbot)"
74.7.243.201 - - [11/Jun/2026:04:32:51 +0700] "GET /featured_item/portfolio-typography/?path=/var/www/vhosts/dienmaychuyennghiep.com/.composer HTTP/2" 200 54479 "https://www.dienmaychuyennghiep.com/featured_item/portfolio-typography/?path=/var/www/vhosts/dienmaychuyennghiep.com" "Mozilla/5.0 AppleWebKit/537.36 (KHTML, like Gecko; compatible; GPTBot/1.4; +https://openai.com/gptbot)"
216.73.216.144 - - [11/Jun/2026:04:32:52 +0700] "GET /wp-sitemap.xml?filesrc=%2Fvar%2Fwww%2Fvhosts%2Fdienmaychuyennghiep.com%2Fhttpdocs%2Fwp-content%2Fuploads%2F2025%2F07%2FHK250A-4-280x280.webp&path=%2Fvar%2Fwww%2Fvhosts%2Fdienmaychuyennghiep.com%2Fhttpdocs%2Fwp-content%2Fuploads%2F2025%2F07 HTTP/2" 200 24451 "-" "Mozilla/5.0 AppleWebKit/537.36 (KHTML, like Gecko; compatible; ClaudeBot/1.0; +claudebot@anthropic.com)"
40.77.167.20 - - [11/Jun/2026:04:32:52 +0700] "GET /products/29701138357 HTTP/2" 200 19756 "-" "Mozilla/5.0 AppleWebKit/537.36 (KHTML, like Gecko; compatible; bingbot/2.0; +http://www.bing.com/bingbot.htm) Chrome/116.0.1938.76 Safari/537.36"
216.73.216.144 - - [11/Jun/2026:04:32:52 +0700] "GET /wp-sitemap.xml?filesrc=%2Fvar%2Fwww%2Fvhosts%2Fdienmaychuyennghiep.com%2Fhttpdocs%2Fwp-content%2Fuploads%2F2025%2F07%2FHKM160D-2-768x604.webp&path=%2Fvar%2Fwww%2Fvhosts%2Fdienmaychuyennghiep.com%2Fhttpdocs%2Fwp-content%2Fuploads%2F2025%2F07 HTTP/2" 200 33391 "-" "Mozilla/5.0 AppleWebKit/537.36 (KHTML, like Gecko; compatible; ClaudeBot/1.0; +claudebot@anthropic.com)"
216.73.216.144 - - [11/Jun/2026:04:32:52 +0700] "GET /wp-sitemap.xml?filesrc=%2Fvar%2Fwww%2Fvhosts%2Fdienmaychuyennghiep.com%2Fhttpdocs%2Fwp-content%2Fuploads%2F2025%2F07%2FHKSUB500-3-280x280.webp&path=%2Fvar%2Fwww%2Fvhosts%2Fdienmaychuyennghiep.com%2Fhttpdocs%2Fwp-content%2Fuploads%2F2025%2F07 HTTP/2" 200 25348 "-" "Mozilla/5.0 AppleWebKit/537.36 (KHTML, like Gecko; compatible; ClaudeBot/1.0; +claudebot@anthropic.com)"
216.73.216.144 - - [11/Jun/2026:04:32:52 +0700] "GET /wp-sitemap.xml?filesrc=%2Fvar%2Fwww%2Fvhosts%2Fdienmaychuyennghiep.com%2Fhttpdocs%2Fwp-content%2Fuploads%2F2025%2F07%2FHKM1250-2-768x604.webp&path=%2Fvar%2Fwww%2Fvhosts%2Fdienmaychuyennghiep.com%2Fhttpdocs%2Fwp-content%2Fuploads%2F2025%2F07 HTTP/2" 200 33748 "-" "Mozilla/5.0 AppleWebKit/537.36 (KHTML, like Gecko; compatible; ClaudeBot/1.0; +claudebot@anthropic.com)"
216.73.216.144 - - [11/Jun/2026:04:32:52 +0700] "GET /wp-sitemap.xml?filesrc=%2Fvar%2Fwww%2Fvhosts%2Fdienmaychuyennghiep.com%2Fhttpdocs%2Fwp-content%2Fuploads%2F2025%2F07%2FHKTIG400X-247x296.webp&path=%2Fvar%2Fwww%2Fvhosts%2Fdienmaychuyennghiep.com%2Fhttpdocs%2Fwp-content%2Fuploads%2F2025%2F07 HTTP/2" 200 28607 "-" "Mozilla/5.0 AppleWebKit/537.36 (KHTML, like Gecko; compatible; ClaudeBot/1.0; +claudebot@anthropic.com)"
216.73.216.144 - - [11/Jun/2026:04:32:52 +0700] "GET /wp-sitemap.xml?filesrc=%2Fvar%2Fwww%2Fvhosts%2Fdienmaychuyennghiep.com%2Fhttpdocs%2Fwp-content%2Fuploads%2F2025%2F07%2FHK200Z-1-280x280.webp&path=%2Fvar%2Fwww%2Fvhosts%2Fdienmaychuyennghiep.com%2Fhttpdocs%2Fwp-content%2Fuploads%2F2025%2F07 HTTP/2" 200 25080 "-" "Mozilla/5.0 AppleWebKit/537.36 (KHTML, like Gecko; compatible; ClaudeBot/1.0; +claudebot@anthropic.com)"
216.73.216.144 - - [11/Jun/2026:04:32:52 +0700] "GET /wp-sitemap.xml?filesrc=%2Fvar%2Fwww%2Fvhosts%2Fdienmaychuyennghiep.com%2Fhttpdocs%2Fwp-includes%2Fbuild%2Froutes%2Ffonts-home%2Froute.js&path=%2Fvar%2Fwww%2Fvhosts%2Fdienmaychuyennghiep.com%2Fhttpdocs%2Fwp-includes%2Fbuild%2Froutes%2Ffonts-home HTTP/2" 200 18925 "-" "Mozilla/5.0 AppleWebKit/537.36 (KHTML, like Gecko; compatible; ClaudeBot/1.0; +claudebot@anthropic.com)"
216.73.216.144 - - [11/Jun/2026:04:32:52 +0700] "GET /wp-sitemap.xml?filesrc=%2Fvar%2Fwww%2Fvhosts%2Fdienmaychuyennghiep.com%2Fhttpdocs%2Fwp-content%2Fuploads%2F2025%2F07%2FHK-KC14-247x296.webp&path=%2Fvar%2Fwww%2Fvhosts%2Fdienmaychuyennghiep.com%2Fhttpdocs%2Fwp-content%2Fuploads%2F2025%2F07 HTTP/2" 200 24707 "-" "Mozilla/5.0 AppleWebKit/537.36 (KHTML, like Gecko; compatible; ClaudeBot/1.0; +claudebot@anthropic.com)"
216.73.216.144 - - [11/Jun/2026:04:32:52 +0700] "GET /san-pham/may-duc-be-tong-kzg06-6s/feed/?filesrc=%2Fvar%2Fwww%2Fvhosts%2Fdienmaychuyennghiep.com%2Fhttpdocs%2Fwp-includes%2Fl10n.php&path=%2Fvar%2Fwww%2Fvhosts%2Fdienmaychuyennghiep.com%2Fhttpdocs%2Fwp-includes HTTP/2" 200 33892 "-" "Mozilla/5.0 AppleWebKit/537.36 (KHTML, like Gecko; compatible; ClaudeBot/1.0; +claudebot@anthropic.com)"
216.73.216.144 - - [11/Jun/2026:04:32:52 +0700] "GET /san-pham/may-duc-be-tong-kzg06-6s/feed/?filesrc=%2Fvar%2Fwww%2Fvhosts%2Fdienmaychuyennghiep.com%2Fhttpdocs%2Fwp-admin%2Fadmin-footer.php&path=%2Fvar%2Fwww%2Fvhosts%2Fdienmaychuyennghiep.com%2Fhttpdocs%2Fwp-admin HTTP/2" 200 20166 "-" "Mozilla/5.0 AppleWebKit/537.36 (KHTML, like Gecko; compatible; ClaudeBot/1.0; +claudebot@anthropic.com)"
51.222.168.92 - - [11/Jun/2026:04:32:52 +0700] "GET /products/79164286811 HTTP/2" 200 19743 "-" "Mozilla/5.0 (compatible; AhrefsBot/7.0; +http://ahrefs.com/robot/)"
54.39.0.165 - - [11/Jun/2026:04:32:56 +0700] "GET /products/79164285283 HTTP/2" 200 19519 "-" "Mozilla/5.0 (compatible; AhrefsBot/7.0; +http://ahrefs.com/robot/)"
216.73.216.144 - - [11/Jun/2026:04:32:52 +0700] "GET /san-pham/may-duc-be-tong-kzg06-6s/feed/?filesrc=%2Fvar%2Fwww%2Fvhosts%2Fdienmaychuyennghiep.com%2Fhttpdocs%2Fwp-includes%2Fclass-wp-block-metadata-registry.php&path=%2Fvar%2Fwww%2Fvhosts%2Fdienmaychuyennghiep.com%2Fhttpdocs%2Fwp-includes HTTP/2" 200 22880 "-" "Mozilla/5.0 AppleWebKit/537.36 (KHTML, like Gecko; compatible; ClaudeBot/1.0; +claudebot@anthropic.com)"
52.167.144.179 - - [11/Jun/2026:04:32:55 +0700] "GET /products/5964880935 HTTP/2" 200 19519 "-" "Mozilla/5.0 AppleWebKit/537.36 (KHTML, like Gecko; compatible; bingbot/2.0; +http://www.bing.com/bingbot.htm) Chrome/116.0.1938.76 Safari/537.36"
216.73.216.144 - - [11/Jun/2026:04:32:57 +0700] "GET /wp-sitemap.xml?filesrc=%2Fvar%2Fwww%2Fvhosts%2Fdienmaychuyennghiep.com%2Fhttpdocs%2Fwp-content%2Fuploads%2F2025%2F07%2FHKF1200S-2-100x100.webp&path=%2Fvar%2Fwww%2Fvhosts%2Fdienmaychuyennghiep.com%2Fhttpdocs%2Fwp-content%2Fuploads%2F2025%2F07 HTTP/2" 200 22340 "-" "Mozilla/5.0 AppleWebKit/537.36 (KHTML, like Gecko; compatible; ClaudeBot/1.0; +claudebot@anthropic.com)"
216.73.216.144 - - [11/Jun/2026:04:32:57 +0700] "GET /wp-sitemap.xml?filesrc=%2Fvar%2Fwww%2Fvhosts%2Fdienmaychuyennghiep.com%2Fhttpdocs%2Fwp-content%2Fuploads%2F2025%2F09%2F10Hp-330l-280x280.webp&path=%2Fvar%2Fwww%2Fvhosts%2Fdienmaychuyennghiep.com%2Fhttpdocs%2Fwp-content%2Fuploads%2F2025%2F09 HTTP/2" 200 54919 "-" "Mozilla/5.0 AppleWebKit/537.36 (KHTML, like Gecko; compatible; ClaudeBot/1.0; +claudebot@anthropic.com)"
74.7.227.12 - - [11/Jun/2026:04:32:54 +0700] "GET /san-pham/may-cat-plasma-hong-ky-master-hkcut100/ HTTP/2" 200 63701 "https://www.pemco.com.vn/wp-sitemap-posts-product-1.xml" "Mozilla/5.0 AppleWebKit/537.36 (KHTML, like Gecko; compatible; GPTBot/1.4; +https://openai.com/gptbot)"
74.7.243.201 - - [11/Jun/2026:04:32:55 +0700] "GET /featured_item/portfolio-typography/?path=/var/www/vhosts/dienmaychuyennghiep.com/logs HTTP/2" 200 55489 "https://www.dienmaychuyennghiep.com/featured_item/portfolio-typography/?path=/var/www/vhosts/dienmaychuyennghiep.com" "Mozilla/5.0 AppleWebKit/537.36 (KHTML, like Gecko; compatible; GPTBot/1.4; +https://openai.com/gptbot)"
52.167.144.179 - - [11/Jun/2026:04:33:01 +0700] "GET /products/59648239635 HTTP/2" 200 19519 "-" "Mozilla/5.0 AppleWebKit/537.36 (KHTML, like Gecko; compatible; bingbot/2.0; +http://www.bing.com/bingbot.htm) Chrome/116.0.1938.76 Safari/537.36"
74.7.243.201 - - [11/Jun/2026:04:33:02 +0700] "GET /may-cam-tay/may-cha-nham-go/?path=/var/www/vhosts/dienmaychuyennghiep.com/.cagefs/var/lib/php/session HTTP/2" 200 55297 "https://www.dienmaychuyennghiep.com/may-cam-tay/may-cha-nham-go/?path=/var/www/vhosts/dienmaychuyennghiep.com/.cagefs/var/lib/php" "Mozilla/5.0 AppleWebKit/537.36 (KHTML, like Gecko; compatible; GPTBot/1.4; +https://openai.com/gptbot)"
74.7.227.12 - - [11/Jun/2026:04:33:01 +0700] "GET /san-pham/may-khoan-dong-luc-bosch-gsb-600-kem-bo-hop-cong-cu/ HTTP/2" 200 63786 "https://www.pemco.com.vn/wp-sitemap-posts-product-1.xml" "Mozilla/5.0 AppleWebKit/537.36 (KHTML, like Gecko; compatible; GPTBot/1.4; +https://openai.com/gptbot)"
52.167.144.179 - - [11/Jun/2026:04:33:03 +0700] "GET /products/5793350198 HTTP/2" 200 19519 "-" "Mozilla/5.0 AppleWebKit/537.36 (KHTML, like Gecko; compatible; bingbot/2.0; +http://www.bing.com/bingbot.htm) Chrome/116.0.1938.76 Safari/537.36"
216.73.216.144 - - [11/Jun/2026:04:33:03 +0700] "GET /wp-sitemap.xml?filesrc=%2Fvar%2Fwww%2Fvhosts%2Fdienmaychuyennghiep.com%2Fhttpdocs%2Fwp-content%2Fuploads%2F2025%2F07%2FHK-120F-3-280x280.webp&path=%2Fvar%2Fwww%2Fvhosts%2Fdienmaychuyennghiep.com%2Fhttpdocs%2Fwp-content%2Fuploads%2F2025%2F07 HTTP/2" 200 23655 "-" "Mozilla/5.0 AppleWebKit/537.36 (KHTML, like Gecko; compatible; ClaudeBot/1.0; +claudebot@anthropic.com)"
216.73.216.144 - - [11/Jun/2026:04:33:03 +0700] "GET /wp-sitemap.xml?filesrc=%2Fvar%2Fwww%2Fvhosts%2Fdienmaychuyennghiep.com%2Fhttpdocs%2Fwp-content%2Fuploads%2F2025%2F07%2FHK200Z-2-247x296.webp&path=%2Fvar%2Fwww%2Fvhosts%2Fdienmaychuyennghiep.com%2Fhttpdocs%2Fwp-content%2Fuploads%2F2025%2F07 HTTP/2" 200 23392 "-" "Mozilla/5.0 AppleWebKit/537.36 (KHTML, like Gecko; compatible; ClaudeBot/1.0; +claudebot@anthropic.com)"
216.73.216.144 - - [11/Jun/2026:04:33:03 +0700] "GET /wp-sitemap.xml?filesrc=%2Fvar%2Fwww%2Fvhosts%2Fdienmaychuyennghiep.com%2Fhttpdocs%2Fwp-content%2Fuploads%2F2025%2F07%2FHKTIG200A-247x296.webp&path=%2Fvar%2Fwww%2Fvhosts%2Fdienmaychuyennghiep.com%2Fhttpdocs%2Fwp-content%2Fuploads%2F2025%2F07 HTTP/2" 200 27640 "-" "Mozilla/5.0 AppleWebKit/537.36 (KHTML, like Gecko; compatible; ClaudeBot/1.0; +claudebot@anthropic.com)"
216.73.216.144 - - [11/Jun/2026:04:33:03 +0700] "GET /wp-sitemap.xml?filesrc=%2Fvar%2Fwww%2Fvhosts%2Fdienmaychuyennghiep.com%2Fhttpdocs%2Fwp-content%2Fuploads%2F2025%2F07%2FHK-KCP15-247x296.webp&path=%2Fvar%2Fwww%2Fvhosts%2Fdienmaychuyennghiep.com%2Fhttpdocs%2Fwp-content%2Fuploads%2F2025%2F07 HTTP/2" 200 24458 "-" "Mozilla/5.0 AppleWebKit/537.36 (KHTML, like Gecko; compatible; ClaudeBot/1.0; +claudebot@anthropic.com)"
216.73.216.144 - - [11/Jun/2026:04:33:03 +0700] "GET /wp-sitemap.xml?filesrc=%2Fvar%2Fwww%2Fvhosts%2Fdienmaychuyennghiep.com%2Fhttpdocs%2Fwp-content%2Fuploads%2F2025%2F07%2FHKM1250-4-1017x800.webp&path=%2Fvar%2Fwww%2Fvhosts%2Fdienmaychuyennghiep.com%2Fhttpdocs%2Fwp-content%2Fuploads%2F2025%2F07 HTTP/2" 200 34722 "-" "Mozilla/5.0 AppleWebKit/537.36 (KHTML, like Gecko; compatible; ClaudeBot/1.0; +claudebot@anthropic.com)"
216.73.216.144 - - [11/Jun/2026:04:33:03 +0700] "GET /wp-sitemap.xml?filesrc=%2Fvar%2Fwww%2Fvhosts%2Fdienmaychuyennghiep.com%2Fhttpdocs%2Fwp-content%2Fuploads%2F2025%2F07%2FHKM160D-3-280x280.webp&path=%2Fvar%2Fwww%2Fvhosts%2Fdienmaychuyennghiep.com%2Fhttpdocs%2Fwp-content%2Fuploads%2F2025%2F07 HTTP/2" 200 22781 "-" "Mozilla/5.0 AppleWebKit/537.36 (KHTML, like Gecko; compatible; ClaudeBot/1.0; +claudebot@anthropic.com)"
216.73.216.144 - - [11/Jun/2026:04:33:03 +0700] "GET /wp-sitemap.xml?filesrc=%2Fvar%2Fwww%2Fvhosts%2Fdienmaychuyennghiep.com%2Fhttpdocs%2Fwp-content%2Fuploads%2F2025%2F07%2FHKF1200S-510x408.webp&path=%2Fvar%2Fwww%2Fvhosts%2Fdienmaychuyennghiep.com%2Fhttpdocs%2Fwp-content%2Fuploads%2F2025%2F07 HTTP/2" 200 32932 "-" "Mozilla/5.0 AppleWebKit/537.36 (KHTML, like Gecko; compatible; ClaudeBot/1.0; +claudebot@anthropic.com)"
54.39.0.41 - - [11/Jun/2026:04:33:05 +0700] "GET /products/79164282330 HTTP/2" 200 19500 "-" "Mozilla/5.0 (compatible; AhrefsBot/7.0; +http://ahrefs.com/robot/)"
216.73.216.144 - - [11/Jun/2026:04:33:03 +0700] "GET /wp-sitemap.xml?filesrc=%2Fvar%2Fwww%2Fvhosts%2Fdienmaychuyennghiep.com%2Fhttpdocs%2Fwp-content%2Fuploads%2F2025%2F07%2FKBE120C-768x604.webp&path=%2Fvar%2Fwww%2Fvhosts%2Fdienmaychuyennghiep.com%2Fhttpdocs%2Fwp-content%2Fuploads%2F2025%2F07 HTTP/2" 200 32049 "-" "Mozilla/5.0 AppleWebKit/537.36 (KHTML, like Gecko; compatible; ClaudeBot/1.0; +claudebot@anthropic.com)"
216.73.216.144 - - [11/Jun/2026:04:33:03 +0700] "GET /wp-sitemap.xml?filesrc=%2Fvar%2Fwww%2Fvhosts%2Fdienmaychuyennghiep.com%2Fhttpdocs%2Fwp-content%2Fuploads%2F2025%2F07%2FHK400A-4-100x100.webp&path=%2Fvar%2Fwww%2Fvhosts%2Fdienmaychuyennghiep.com%2Fhttpdocs%2Fwp-content%2Fuploads%2F2025%2F07 HTTP/2" 200 20361 "-" "Mozilla/5.0 AppleWebKit/537.36 (KHTML, like Gecko; compatible; ClaudeBot/1.0; +claudebot@anthropic.com)"
216.73.216.144 - - [11/Jun/2026:04:33:03 +0700] "GET /san-pham/may-duc-be-tong-kzg06-6s/feed/?filesrc=%2Fvar%2Fwww%2Fvhosts%2Fdienmaychuyennghiep.com%2Fhttpdocs%2Fwp-admin%2Foptions-writing.php&path=%2Fvar%2Fwww%2Fvhosts%2Fdienmaychuyennghiep.com%2Fhttpdocs%2Fwp-admin HTTP/2" 200 22379 "-" "Mozilla/5.0 AppleWebKit/537.36 (KHTML, like Gecko; compatible; ClaudeBot/1.0; +claudebot@anthropic.com)"
52.167.144.179 - - [11/Jun/2026:04:33:04 +0700] "GET /products/35980113319 HTTP/2" 200 19756 "-" "Mozilla/5.0 AppleWebKit/537.36 (KHTML, like Gecko; compatible; bingbot/2.0; +http://www.bing.com/bingbot.htm) Chrome/116.0.1938.76 Safari/537.36"
167.114.139.32 - - [11/Jun/2026:04:33:09 +0700] "GET /products/79164282231 HTTP/2" 200 19756 "-" "Mozilla/5.0 (compatible; AhrefsBot/7.0; +http://ahrefs.com/robot/)"
216.73.216.144 - - [11/Jun/2026:04:33:03 +0700] "GET /wp-sitemap.xml?filesrc=%2Fvar%2Fwww%2Fvhosts%2Fdienmaychuyennghiep.com%2Fhttpdocs%2Fwp-content%2Fuploads%2F2025%2F07%2FHK200E-3-100x100.webp&path=%2Fvar%2Fwww%2Fvhosts%2Fdienmaychuyennghiep.com%2Fhttpdocs%2Fwp-content%2Fuploads%2F2025%2F07 HTTP/2" 200 19852 "-" "Mozilla/5.0 AppleWebKit/537.36 (KHTML, like Gecko; compatible; ClaudeBot/1.0; +claudebot@anthropic.com)"
40.77.167.20 - - [11/Jun/2026:04:33:08 +0700] "GET /products/9166934882 HTTP/2" 200 19743 "-" "Mozilla/5.0 AppleWebKit/537.36 (KHTML, like Gecko; compatible; bingbot/2.0; +http://www.bing.com/bingbot.htm) Chrome/116.0.1938.76 Safari/537.36"
216.73.216.144 - - [11/Jun/2026:04:33:08 +0700] "GET /wp-sitemap.xml?filesrc=%2Fvar%2Fwww%2Fvhosts%2Fdienmaychuyennghiep.com%2Fhttpdocs%2Fwp-content%2Fuploads%2F2025%2F07%2FHKMIG350-2-100x100.webp&path=%2Fvar%2Fwww%2Fvhosts%2Fdienmaychuyennghiep.com%2Fhttpdocs%2Fwp-content%2Fuploads%2F2025%2F07 HTTP/2" 200 20215 "-" "Mozilla/5.0 AppleWebKit/537.36 (KHTML, like Gecko; compatible; ClaudeBot/1.0; +claudebot@anthropic.com)"
52.167.144.218 - - [11/Jun/2026:04:33:09 +0700] "GET /products/7232844165 HTTP/2" 200 19756 "-" "Mozilla/5.0 AppleWebKit/537.36 (KHTML, like Gecko; compatible; bingbot/2.0; +http://www.bing.com/bingbot.htm) Chrome/116.0.1938.76 Safari/537.36"
74.7.243.201 - - [11/Jun/2026:04:33:07 +0700] "GET /featured_item/portfolio-typography/?path=/var/www/vhosts/dienmaychuyennghiep.com/lib HTTP/2" 200 54365 "https://www.dienmaychuyennghiep.com/featured_item/portfolio-typography/?path=/var/www/vhosts/dienmaychuyennghiep.com" "Mozilla/5.0 AppleWebKit/537.36 (KHTML, like Gecko; compatible; GPTBot/1.4; +https://openai.com/gptbot)"
74.7.227.12 - - [11/Jun/2026:04:33:07 +0700] "GET /san-pham/may-mai-goc-makita-ga5093x01-co-dieu-toc/ HTTP/2" 200 63017 "https://www.pemco.com.vn/wp-sitemap-posts-product-1.xml" "Mozilla/5.0 AppleWebKit/537.36 (KHTML, like Gecko; compatible; GPTBot/1.4; +https://openai.com/gptbot)"
52.167.144.179 - - [11/Jun/2026:04:33:12 +0700] "GET /products/35980276946 HTTP/2" 200 19500 "-" "Mozilla/5.0 AppleWebKit/537.36 (KHTML, like Gecko; compatible; bingbot/2.0; +http://www.bing.com/bingbot.htm) Chrome/116.0.1938.76 Safari/537.36"
216.73.216.144 - - [11/Jun/2026:04:33:08 +0700] "GET /san-pham/may-duc-be-tong-kzg06-6s/feed/?filesrc=%2Fvar%2Fwww%2Fvhosts%2Fdienmaychuyennghiep.com%2Fhttpdocs%2Fwp-includes%2Ftheme.json&path=%2Fvar%2Fwww%2Fvhosts%2Fdienmaychuyennghiep.com%2Fhttpdocs%2Fwp-includes HTTP/2" 200 21935 "-" "Mozilla/5.0 AppleWebKit/537.36 (KHTML, like Gecko; compatible; ClaudeBot/1.0; +claudebot@anthropic.com)"
52.167.144.190 - - [11/Jun/2026:04:33:14 +0700] "GET /wp-content/uploads/2024/07/M2300B-6-768x768.png HTTP/2" 200 245350 "-" "Mozilla/5.0 AppleWebKit/537.36 (KHTML, like Gecko; compatible; bingbot/2.0; +http://www.bing.com/bingbot.htm) Chrome/116.0.1938.76 Safari/537.36"
52.167.144.179 - - [11/Jun/2026:04:33:13 +0700] "GET /products/33373177805 HTTP/2" 200 19519 "-" "Mozilla/5.0 AppleWebKit/537.36 (KHTML, like Gecko; compatible; bingbot/2.0; +http://www.bing.com/bingbot.htm) Chrome/116.0.1938.76 Safari/537.36"
52.167.144.218 - - [11/Jun/2026:04:33:14 +0700] "GET /products/29827175994 HTTP/2" 200 19756 "-" "Mozilla/5.0 AppleWebKit/537.36 (KHTML, like Gecko; compatible; bingbot/2.0; +http://www.bing.com/bingbot.htm) Chrome/116.0.1938.76 Safari/537.36"
216.73.216.144 - - [11/Jun/2026:04:33:14 +0700] "GET /wp-sitemap.xml?filesrc=%2Fvar%2Fwww%2Fvhosts%2Fdienmaychuyennghiep.com%2Fhttpdocs%2Fwp-content%2Fuploads%2F2025%2F07%2FHK160A-247x296.webp&path=%2Fvar%2Fwww%2Fvhosts%2Fdienmaychuyennghiep.com%2Fhttpdocs%2Fwp-content%2Fuploads%2F2025%2F07 HTTP/2" 200 0 "-" "Mozilla/5.0 AppleWebKit/537.36 (KHTML, like Gecko; compatible; ClaudeBot/1.0; +claudebot@anthropic.com)"
216.73.216.144 - - [11/Jun/2026:04:33:14 +0700] "GET /wp-sitemap.xml?filesrc=%2Fvar%2Fwww%2Fvhosts%2Fdienmaychuyennghiep.com%2Fhttpdocs%2Fwp-content%2Fuploads%2F2025%2F07%2FHK-KC10-508x400.webp&path=%2Fvar%2Fwww%2Fvhosts%2Fdienmaychuyennghiep.com%2Fhttpdocs%2Fwp-content%2Fuploads%2F2025%2F07 HTTP/2" 200 0 "-" "Mozilla/5.0 AppleWebKit/537.36 (KHTML, like Gecko; compatible; ClaudeBot/1.0; +claudebot@anthropic.com)"
216.73.216.144 - - [11/Jun/2026:04:33:14 +0700] "GET /wp-sitemap.xml?filesrc=%2Fvar%2Fwww%2Fvhosts%2Fdienmaychuyennghiep.com%2Fhttpdocs%2Fwp-content%2Fuploads%2F2025%2F07%2F3.gx25.png&path=%2Fvar%2Fwww%2Fvhosts%2Fdienmaychuyennghiep.com%2Fhttpdocs%2Fwp-content%2Fuploads%2F2025%2F07 HTTP/2" 200 368200 "-" "Mozilla/5.0 AppleWebKit/537.36 (KHTML, like Gecko; compatible; ClaudeBot/1.0; +claudebot@anthropic.com)"
216.73.216.144 - - [11/Jun/2026:04:33:14 +0700] "GET /wp-sitemap.xml?filesrc=%2Fvar%2Fwww%2Fvhosts%2Fdienmaychuyennghiep.com%2Fhttpdocs%2Fwp-content%2Fuploads%2F2025%2F07%2FHKTIG200Z-510x401.webp&path=%2Fvar%2Fwww%2Fvhosts%2Fdienmaychuyennghiep.com%2Fhttpdocs%2Fwp-content%2Fuploads%2F2025%2F07 HTTP/2" 200 34115 "-" "Mozilla/5.0 AppleWebKit/537.36 (KHTML, like Gecko; compatible; ClaudeBot/1.0; +claudebot@anthropic.com)"
51.161.37.8 - - [11/Jun/2026:04:33:15 +0700] "GET /products/79164279275 HTTP/2" 200 19756 "-" "Mozilla/5.0 (compatible; AhrefsBot/7.0; +http://ahrefs.com/robot/)"
216.73.216.144 - - [11/Jun/2026:04:33:14 +0700] "GET /wp-sitemap.xml?filesrc=%2Fvar%2Fwww%2Fvhosts%2Fdienmaychuyennghiep.com%2Fhttpdocs%2Fwp-content%2Fuploads%2F2025%2F07%2FHKTIG200Z-508x400.webp&path=%2Fvar%2Fwww%2Fvhosts%2Fdienmaychuyennghiep.com%2Fhttpdocs%2Fwp-content%2Fuploads%2F2025%2F07 HTTP/2" 200 34020 "-" "Mozilla/5.0 AppleWebKit/537.36 (KHTML, like Gecko; compatible; ClaudeBot/1.0; +claudebot@anthropic.com)"
216.73.216.144 - - [11/Jun/2026:04:33:14 +0700] "GET /wp-sitemap.xml?filesrc=%2Fvar%2Fwww%2Fvhosts%2Fdienmaychuyennghiep.com%2Fhttpdocs%2Fwp-content%2Fuploads%2F2025%2F07%2FHK-120F-3-100x100.webp&path=%2Fvar%2Fwww%2Fvhosts%2Fdienmaychuyennghiep.com%2Fhttpdocs%2Fwp-content%2Fuploads%2F2025%2F07 HTTP/2" 200 20029 "-" "Mozilla/5.0 AppleWebKit/537.36 (KHTML, like Gecko; compatible; ClaudeBot/1.0; +claudebot@anthropic.com)"
216.73.216.144 - - [11/Jun/2026:04:33:14 +0700] "GET /wp-sitemap.xml?filesrc=%2Fvar%2Fwww%2Fvhosts%2Fdienmaychuyennghiep.com%2Fhttpdocs%2Fwp-content%2Fuploads%2F2025%2F07%2FHK-KC10-510x401.webp&path=%2Fvar%2Fwww%2Fvhosts%2Fdienmaychuyennghiep.com%2Fhttpdocs%2Fwp-content%2Fuploads%2F2025%2F07 HTTP/2" 200 27103 "-" "Mozilla/5.0 AppleWebKit/537.36 (KHTML, like Gecko; compatible; ClaudeBot/1.0; +claudebot@anthropic.com)"
216.73.216.144 - - [11/Jun/2026:04:33:14 +0700] "GET /wp-sitemap.xml?filesrc=%2Fvar%2Fwww%2Fvhosts%2Fdienmaychuyennghiep.com%2Fhttpdocs%2Fwp-content%2Fuploads%2F2025%2F07%2FHK120A-2-618x400.webp&path=%2Fvar%2Fwww%2Fvhosts%2Fdienmaychuyennghiep.com%2Fhttpdocs%2Fwp-content%2Fuploads%2F2025%2F07 HTTP/2" 200 29774 "-" "Mozilla/5.0 AppleWebKit/537.36 (KHTML, like Gecko; compatible; ClaudeBot/1.0; +claudebot@anthropic.com)"
216.73.216.144 - - [11/Jun/2026:04:33:14 +0700] "GET /wp-sitemap.xml?filesrc=%2Fvar%2Fwww%2Fvhosts%2Fdienmaychuyennghiep.com%2Fhttpdocs%2Fwp-content%2Fuploads%2F2025%2F07%2FHK250Z-2-247x296.webp&path=%2Fvar%2Fwww%2Fvhosts%2Fdienmaychuyennghiep.com%2Fhttpdocs%2Fwp-content%2Fuploads%2F2025%2F07 HTTP/2" 200 24202 "-" "Mozilla/5.0 AppleWebKit/537.36 (KHTML, like Gecko; compatible; ClaudeBot/1.0; +claudebot@anthropic.com)"
216.73.216.144 - - [11/Jun/2026:04:33:14 +0700] "GET /wp-sitemap.xml?filesrc=%2Fvar%2Fwww%2Fvhosts%2Fdienmaychuyennghiep.com%2Fhttpdocs%2Fwp-content%2Fuploads%2F2025%2F07%2FHK250A-3-100x100.webp&path=%2Fvar%2Fwww%2Fvhosts%2Fdienmaychuyennghiep.com%2Fhttpdocs%2Fwp-content%2Fuploads%2F2025%2F07 HTTP/2" 200 20505 "-" "Mozilla/5.0 AppleWebKit/537.36 (KHTML, like Gecko; compatible; ClaudeBot/1.0; +claudebot@anthropic.com)"
216.73.216.144 - - [11/Jun/2026:04:33:14 +0700] "GET /wp-sitemap.xml?filesrc=%2Fvar%2Fwww%2Fvhosts%2Fdienmaychuyennghiep.com%2Fhttpdocs%2Fwp-content%2Fuploads%2F2025%2F07%2FHK-KT14-247x296.webp&path=%2Fvar%2Fwww%2Fvhosts%2Fdienmaychuyennghiep.com%2Fhttpdocs%2Fwp-content%2Fuploads%2F2025%2F07 HTTP/2" 200 24430 "-" "Mozilla/5.0 AppleWebKit/537.36 (KHTML, like Gecko; compatible; ClaudeBot/1.0; +claudebot@anthropic.com)"
103.138.88.26 - - [11/Jun/2026:04:33:22 +0700] "POST /wp-cron.php?doing_wp_cron=1781127202.7613699436187744140625 HTTP/1.1" 200 474 "-" "WordPress/7.0; https://www.pemco.vn"
52.167.144.218 - - [11/Jun/2026:04:33:19 +0700] "GET /products/57933120077 HTTP/2" 200 19756 "-" "Mozilla/5.0 AppleWebKit/537.36 (KHTML, like Gecko; compatible; bingbot/2.0; +http://www.bing.com/bingbot.htm) Chrome/116.0.1938.76 Safari/537.36"
216.73.216.144 - - [11/Jun/2026:04:33:19 +0700] "GET /wp-sitemap.xml?filesrc=%2Fvar%2Fwww%2Fvhosts%2Fdienmaychuyennghiep.com%2Fhttpdocs%2Fwp-content%2Fuploads%2F2025%2F07%2FHK-KDC800-510x401.webp&path=%2Fvar%2Fwww%2Fvhosts%2Fdienmaychuyennghiep.com%2Fhttpdocs%2Fwp-content%2Fuploads%2F2025%2F07 HTTP/2" 200 26223 "-" "Mozilla/5.0 AppleWebKit/537.36 (KHTML, like Gecko; compatible; ClaudeBot/1.0; +claudebot@anthropic.com)"
74.7.243.201 - - [11/Jun/2026:04:33:14 +0700] "GET /featured_item/portfolio-typography/?path=/var/www/vhosts/dienmaychuyennghiep.com/bin HTTP/2" 200 55391 "https://www.dienmaychuyennghiep.com/featured_item/portfolio-typography/?path=/var/www/vhosts/dienmaychuyennghiep.com" "Mozilla/5.0 AppleWebKit/537.36 (KHTML, like Gecko; compatible; GPTBot/1.4; +https://openai.com/gptbot)"
52.167.144.179 - - [11/Jun/2026:04:33:15 +0700] "GET /products/2590523475 HTTP/2" 200 19500 "-" "Mozilla/5.0 AppleWebKit/537.36 (KHTML, like Gecko; compatible; bingbot/2.0; +http://www.bing.com/bingbot.htm) Chrome/116.0.1938.76 Safari/537.36"
74.7.227.12 - - [11/Jun/2026:04:33:15 +0700] "GET /san-pham/may-cua-dia-bosch-gks-235-turbo-kem-phu-kien/ HTTP/2" 200 63277 "https://www.pemco.com.vn/wp-sitemap-posts-product-1.xml" "Mozilla/5.0 AppleWebKit/537.36 (KHTML, like Gecko; compatible; GPTBot/1.4; +https://openai.com/gptbot)"
54.39.89.104 - - [11/Jun/2026:04:33:21 +0700] "GET /products/79164272518 HTTP/2" 200 19519 "-" "Mozilla/5.0 (compatible; AhrefsBot/7.0; +http://ahrefs.com/robot/)"
216.73.216.144 - - [11/Jun/2026:04:33:19 +0700] "GET /san-pham/may-khoan-dung-pin-dcjz2060i/feed/?path=%2Fvar%2Fwww%2Fvhosts%2Fdienmaychuyennghiep.com%2Fhttpdocs%2Fwp-content HTTP/2" 200 19671 "-" "Mozilla/5.0 AppleWebKit/537.36 (KHTML, like Gecko; compatible; ClaudeBot/1.0; +claudebot@anthropic.com)"
52.167.144.179 - - [11/Jun/2026:04:33:23 +0700] "GET /products/9166976241 HTTP/2" 200 19743 "-" "Mozilla/5.0 AppleWebKit/537.36 (KHTML, like Gecko; compatible; bingbot/2.0; +http://www.bing.com/bingbot.htm) Chrome/116.0.1938.76 Safari/537.36"
216.73.216.144 - - [11/Jun/2026:04:33:24 +0700] "GET /wp-sitemap.xml?filesrc=%2Fvar%2Fwww%2Fvhosts%2Fdienmaychuyennghiep.com%2Fhttpdocs%2Fwp-content%2Fuploads%2F2025%2F09%2FD25132K-1.png&path=%2Fvar%2Fwww%2Fvhosts%2Fdienmaychuyennghiep.com%2Fhttpdocs%2Fwp-content%2Fuploads%2F2025%2F09 HTTP/2" 200 181290 "-" "Mozilla/5.0 AppleWebKit/537.36 (KHTML, like Gecko; compatible; ClaudeBot/1.0; +claudebot@anthropic.com)"
216.73.216.144 - - [11/Jun/2026:04:33:24 +0700] "GET /wp-sitemap.xml?filesrc=%2Fvar%2Fwww%2Fvhosts%2Fdienmaychuyennghiep.com%2Fusr%2Flib64%2Flibnss_compat.so.2&path=%2Fvar%2Fwww%2Fvhosts%2Fdienmaychuyennghiep.com%2Fusr%2Flib64 HTTP/2" 200 32960 "-" "Mozilla/5.0 AppleWebKit/537.36 (KHTML, like Gecko; compatible; ClaudeBot/1.0; +claudebot@anthropic.com)"
216.73.216.144 - - [11/Jun/2026:04:33:24 +0700] "GET /wp-sitemap.xml?filesrc=%2Fvar%2Fwww%2Fvhosts%2Fdienmaychuyennghiep.com%2Fhttpdocs%2Fwp-content%2Fuploads%2F2025%2F07%2FHKF1200S-3-768x614.webp&path=%2Fvar%2Fwww%2Fvhosts%2Fdienmaychuyennghiep.com%2Fhttpdocs%2Fwp-content%2Fuploads%2F2025%2F07 HTTP/2" 200 32670 "-" "Mozilla/5.0 AppleWebKit/537.36 (KHTML, like Gecko; compatible; ClaudeBot/1.0; +claudebot@anthropic.com)"
216.73.216.144 - - [11/Jun/2026:04:33:24 +0700] "GET /wp-sitemap.xml?filesrc=%2Fvar%2Fwww%2Fvhosts%2Fdienmaychuyennghiep.com%2Fhttpdocs%2Fwp-content%2Fuploads%2F2025%2F07%2FHK215A-2-247x296.webp&path=%2Fvar%2Fwww%2Fvhosts%2Fdienmaychuyennghiep.com%2Fhttpdocs%2Fwp-content%2Fuploads%2F2025%2F07 HTTP/2" 200 23267 "-" "Mozilla/5.0 AppleWebKit/537.36 (KHTML, like Gecko; compatible; ClaudeBot/1.0; +claudebot@anthropic.com)"
216.73.216.144 - - [11/Jun/2026:04:33:24 +0700] "GET /san-pham/may-duc-be-tong-kzg06-6s/feed/?filesrc=%2Fvar%2Fwww%2Fvhosts%2Fdienmaychuyennghiep.com%2Fhttpdocs%2Fwp-admin%2Fthemes.php&path=%2Fvar%2Fwww%2Fvhosts%2Fdienmaychuyennghiep.com%2Fhttpdocs%2Fwp-admin HTTP/2" 200 28998 "-" "Mozilla/5.0 AppleWebKit/537.36 (KHTML, like Gecko; compatible; ClaudeBot/1.0; +claudebot@anthropic.com)"
54.39.0.45 - - [11/Jun/2026:04:33:26 +0700] "GET /products/79164272248 HTTP/2" 200 19743 "-" "Mozilla/5.0 (compatible; AhrefsBot/7.0; +http://ahrefs.com/robot/)"
52.167.144.218 - - [11/Jun/2026:04:33:26 +0700] "GET /products/29701236037 HTTP/2" 200 19756 "-" "Mozilla/5.0 AppleWebKit/537.36 (KHTML, like Gecko; compatible; bingbot/2.0; +http://www.bing.com/bingbot.htm) Chrome/116.0.1938.76 Safari/537.36"
216.73.216.144 - - [11/Jun/2026:04:33:24 +0700] "GET /wp-sitemap.xml?filesrc=%2Fvar%2Fwww%2Fvhosts%2Fdienmaychuyennghiep.com%2Fhttpdocs%2Fwp-content%2Fuploads%2F2025%2F07%2FHK200A-4-768x498.webp&path=%2Fvar%2Fwww%2Fvhosts%2Fdienmaychuyennghiep.com%2Fhttpdocs%2Fwp-content%2Fuploads%2F2025%2F07 HTTP/2" 200 30716 "-" "Mozilla/5.0 AppleWebKit/537.36 (KHTML, like Gecko; compatible; ClaudeBot/1.0; +claudebot@anthropic.com)"
216.73.216.144 - - [11/Jun/2026:04:33:24 +0700] "GET /wp-sitemap.xml?filesrc=%2Fvar%2Fwww%2Fvhosts%2Fdienmaychuyennghiep.com%2Fhttpdocs%2Fwp-content%2Fuploads%2F2025%2F07%2FHKMIG350-3-280x280.webp&path=%2Fvar%2Fwww%2Fvhosts%2Fdienmaychuyennghiep.com%2Fhttpdocs%2Fwp-content%2Fuploads%2F2025%2F07 HTTP/2" 200 0 "-" "Mozilla/5.0 AppleWebKit/537.36 (KHTML, like Gecko; compatible; ClaudeBot/1.0; +claudebot@anthropic.com)"
216.73.216.144 - - [11/Jun/2026:04:33:24 +0700] "GET /wp-sitemap.xml?filesrc=%2Fvar%2Fwww%2Fvhosts%2Fdienmaychuyennghiep.com%2Fusr%2Flib64%2Flibdl.so.2&path=%2Fvar%2Fwww%2Fvhosts%2Fdienmaychuyennghiep.com%2Fusr%2Flib64 HTTP/2" 200 24422 "-" "Mozilla/5.0 AppleWebKit/537.36 (KHTML, like Gecko; compatible; ClaudeBot/1.0; +claudebot@anthropic.com)"
