216.73.216.144 - - [11/Jun/2026:04:35:04 +0700] "GET /wp-sitemap.xml?filesrc=%2Fvar%2Fwww%2Fvhosts%2Fdienmaychuyennghiep.com%2Fhttpdocs%2Fwp-content%2Fuploads%2F2025%2F07%2FHKM1250E-1-100x100.webp&path=%2Fvar%2Fwww%2Fvhosts%2Fdienmaychuyennghiep.com%2Fhttpdocs%2Fwp-content%2Fuploads%2F2025%2F07 HTTP/2" 200 21143 "-" "Mozilla/5.0 AppleWebKit/537.36 (KHTML, like Gecko; compatible; ClaudeBot/1.0; +claudebot@anthropic.com)"
74.7.243.201 - - [11/Jun/2026:04:35:03 +0700] "GET /san-pham/may-mai-goc-dsm09-100s/?path=/var/www HTTP/2" 200 61701 "https://www.dienmaychuyennghiep.com/san-pham/may-mai-goc-dsm09-100s/" "Mozilla/5.0 AppleWebKit/537.36 (KHTML, like Gecko; compatible; GPTBot/1.4; +https://openai.com/gptbot)"
74.7.227.12 - - [11/Jun/2026:04:35:06 +0700] "GET /?p=8575 HTTP/2" 200 19519 "https://www.pemco.com.vn/san-pham/may-khoan-be-tong-dung-pin-dewalt-dch172n-kr/" "Mozilla/5.0 AppleWebKit/537.36 (KHTML, like Gecko; compatible; GPTBot/1.4; +https://openai.com/gptbot)"
74.7.227.12 - - [11/Jun/2026:04:35:08 +0700] "GET /?p=10 HTTP/2" 200 19756 "https://www.pemco.com.vn/thanh-toan/" "Mozilla/5.0 AppleWebKit/537.36 (KHTML, like Gecko; compatible; GPTBot/1.4; +https://openai.com/gptbot)"
15.235.96.109 - - [11/Jun/2026:04:35:08 +0700] "GET /products/79164185033 HTTP/2" 200 19519 "-" "Mozilla/5.0 (compatible; AhrefsBot/7.0; +http://ahrefs.com/robot/)"
74.7.243.201 - - [11/Jun/2026:04:35:08 +0700] "GET /san-pham/may-cua-dia-kmy02-185/?path=/var/www HTTP/2" 200 61131 "https://www.dienmaychuyennghiep.com/san-pham/may-cua-dia-kmy02-185/" "Mozilla/5.0 AppleWebKit/537.36 (KHTML, like Gecko; compatible; GPTBot/1.4; +https://openai.com/gptbot)"
74.7.227.12 - - [11/Jun/2026:04:35:10 +0700] "GET /?p=8920 HTTP/2" 200 19519 "https://www.pemco.com.vn/san-pham/xe-day-hang-2-banh-black-and-decker-h305/" "Mozilla/5.0 AppleWebKit/537.36 (KHTML, like Gecko; compatible; GPTBot/1.4; +https://openai.com/gptbot)"
74.7.227.12 - - [11/Jun/2026:04:35:12 +0700] "GET /wp-content/uploads/2025/10/xe-day-hang-2-banh-black-decker-bxwt-h305-4-510x383.jpg HTTP/2" 200 8053 "https://www.pemco.com.vn/san-pham/xe-day-hang-2-banh-black-and-decker-h305/" "Mozilla/5.0 AppleWebKit/537.36 (KHTML, like Gecko; compatible; GPTBot/1.4; +https://openai.com/gptbot)"
142.44.225.230 - - [11/Jun/2026:04:35:12 +0700] "GET /products/79164177408 HTTP/2" 200 19519 "-" "Mozilla/5.0 (compatible; AhrefsBot/7.0; +http://ahrefs.com/robot/)"
74.7.243.201 - - [11/Jun/2026:04:35:11 +0700] "GET /san-pham/may-mai-goc-asm03-180/?path=/var/www HTTP/2" 200 61679 "https://www.dienmaychuyennghiep.com/san-pham/may-mai-goc-asm03-180/" "Mozilla/5.0 AppleWebKit/537.36 (KHTML, like Gecko; compatible; GPTBot/1.4; +https://openai.com/gptbot)"
74.7.227.12 - - [11/Jun/2026:04:35:12 +0700] "GET /?p=8504 HTTP/2" 200 19519 "https://www.pemco.com.vn/san-pham/may-van-bu-long-dong-luc-dung-pin-dewalt-dcf902d2-kr/" "Mozilla/5.0 AppleWebKit/537.36 (KHTML, like Gecko; compatible; GPTBot/1.4; +https://openai.com/gptbot)"
74.7.227.12 - - [11/Jun/2026:04:35:14 +0700] "GET /?p=8916 HTTP/2" 200 19519 "https://www.pemco.com.vn/san-pham/xe-day-hang-2-banh-black-and-decker-h302/" "Mozilla/5.0 AppleWebKit/537.36 (KHTML, like Gecko; compatible; GPTBot/1.4; +https://openai.com/gptbot)"
74.7.243.201 - - [11/Jun/2026:04:35:14 +0700] "GET /san-pham/may-cat-gach-kze02-110/?path=/var/www HTTP/2" 200 60873 "https://www.dienmaychuyennghiep.com/san-pham/may-cat-gach-kze02-110/" "Mozilla/5.0 AppleWebKit/537.36 (KHTML, like Gecko; compatible; GPTBot/1.4; +https://openai.com/gptbot)"
74.7.227.12 - - [11/Jun/2026:04:35:16 +0700] "GET /?p=8918 HTTP/2" 200 19519 "https://www.pemco.com.vn/san-pham/xe-day-hang-4-banh-black-and-decker-h303/" "Mozilla/5.0 AppleWebKit/537.36 (KHTML, like Gecko; compatible; GPTBot/1.4; +https://openai.com/gptbot)"
51.222.95.79 - - [11/Jun/2026:04:35:16 +0700] "GET /products/79164169899 HTTP/2" 200 19519 "-" "Mozilla/5.0 (compatible; AhrefsBot/7.0; +http://ahrefs.com/robot/)"
74.7.227.12 - - [11/Jun/2026:04:35:17 +0700] "GET /?p=6399 HTTP/2" 200 19519 "https://www.pemco.com.vn/san-pham/may-han-mig-dau-roi-model-nb270df-j443-jasic/" "Mozilla/5.0 AppleWebKit/537.36 (KHTML, like Gecko; compatible; GPTBot/1.4; +https://openai.com/gptbot)"
74.7.243.201 - - [11/Jun/2026:04:35:16 +0700] "GET /san-pham/may-cat-sat-ajg04-355s/?path=/var/www HTTP/2" 200 60950 "https://www.dienmaychuyennghiep.com/san-pham/may-cat-sat-ajg04-355s/" "Mozilla/5.0 AppleWebKit/537.36 (KHTML, like Gecko; compatible; GPTBot/1.4; +https://openai.com/gptbot)"
216.73.216.144 - - [11/Jun/2026:04:35:18 +0700] "GET /wp-sitemap.xml?filesrc=%2Fvar%2Fwww%2Fvhosts%2Fdienmaychuyennghiep.com%2Fhttpdocs%2Fwp-content%2Fuploads%2F2025%2F07%2FHK215A-1-768x768.webp&path=%2Fvar%2Fwww%2Fvhosts%2Fdienmaychuyennghiep.com%2Fhttpdocs%2Fwp-content%2Fuploads%2F2025%2F07 HTTP/2" 200 46039 "-" "Mozilla/5.0 AppleWebKit/537.36 (KHTML, like Gecko; compatible; ClaudeBot/1.0; +claudebot@anthropic.com)"
216.73.216.144 - - [11/Jun/2026:04:35:18 +0700] "GET /wp-sitemap.xml?filesrc=%2Fvar%2Fwww%2Fvhosts%2Fdienmaychuyennghiep.com%2Fhttpdocs%2Fwp-content%2Fuploads%2F2025%2F07%2FHKMIG500-1-768x614.webp&path=%2Fvar%2Fwww%2Fvhosts%2Fdienmaychuyennghiep.com%2Fhttpdocs%2Fwp-content%2Fuploads%2F2025%2F07 HTTP/2" 200 41335 "-" "Mozilla/5.0 AppleWebKit/537.36 (KHTML, like Gecko; compatible; ClaudeBot/1.0; +claudebot@anthropic.com)"
216.73.216.144 - - [11/Jun/2026:04:35:18 +0700] "GET /wp-sitemap.xml?filesrc=%2Fvar%2Fwww%2Fvhosts%2Fdienmaychuyennghiep.com%2Fhttpdocs%2Fwp-content%2Fuploads%2F2025%2F07%2FHKM160D-3-508x400.webp&path=%2Fvar%2Fwww%2Fvhosts%2Fdienmaychuyennghiep.com%2Fhttpdocs%2Fwp-content%2Fuploads%2F2025%2F07 HTTP/2" 200 24336 "-" "Mozilla/5.0 AppleWebKit/537.36 (KHTML, like Gecko; compatible; ClaudeBot/1.0; +claudebot@anthropic.com)"
216.73.216.144 - - [11/Jun/2026:04:35:18 +0700] "GET /wp-sitemap.xml?filesrc=%2Fvar%2Fwww%2Fvhosts%2Fdienmaychuyennghiep.com%2Fhttpdocs%2Fwp-content%2Fuploads%2F2025%2F07%2FHK160A-510x420.webp&path=%2Fvar%2Fwww%2Fvhosts%2Fdienmaychuyennghiep.com%2Fhttpdocs%2Fwp-content%2Fuploads%2F2025%2F07 HTTP/2" 200 30384 "-" "Mozilla/5.0 AppleWebKit/537.36 (KHTML, like Gecko; compatible; ClaudeBot/1.0; +claudebot@anthropic.com)"
216.73.216.144 - - [11/Jun/2026:04:35:18 +0700] "GET /wp-sitemap.xml?filesrc=%2Fvar%2Fwww%2Fvhosts%2Fdienmaychuyennghiep.com%2Fhttpdocs%2Fwp-content%2Fuploads%2F2025%2F07%2FMZ1250-M312-II-3.png&path=%2Fvar%2Fwww%2Fvhosts%2Fdienmaychuyennghiep.com%2Fhttpdocs%2Fwp-content%2Fuploads%2F2025%2F07 HTTP/2" 200 174597 "-" "Mozilla/5.0 AppleWebKit/537.36 (KHTML, like Gecko; compatible; ClaudeBot/1.0; +claudebot@anthropic.com)"
216.73.216.144 - - [11/Jun/2026:04:35:18 +0700] "GET /wp-sitemap.xml?filesrc=%2Fvar%2Fwww%2Fvhosts%2Fdienmaychuyennghiep.com%2Fhttpdocs%2Fwp-content%2Fuploads%2F2025%2F10%2Fhotsale_result.png&path=%2Fvar%2Fwww%2Fvhosts%2Fdienmaychuyennghiep.com%2Fhttpdocs%2Fwp-content%2Fuploads%2F2025%2F10 HTTP/2" 200 24275 "-" "Mozilla/5.0 AppleWebKit/537.36 (KHTML, like Gecko; compatible; ClaudeBot/1.0; +claudebot@anthropic.com)"
216.73.216.144 - - [11/Jun/2026:04:35:18 +0700] "GET /wp-sitemap.xml?filesrc=%2Fvar%2Fwww%2Fvhosts%2Fdienmaychuyennghiep.com%2Fhttpdocs%2Fwp-content%2Fuploads%2F2025%2F07%2FHKMIG250-1-768x614.webp&path=%2Fvar%2Fwww%2Fvhosts%2Fdienmaychuyennghiep.com%2Fhttpdocs%2Fwp-content%2Fuploads%2F2025%2F07 HTTP/2" 200 37978 "-" "Mozilla/5.0 AppleWebKit/537.36 (KHTML, like Gecko; compatible; ClaudeBot/1.0; +claudebot@anthropic.com)"
216.73.216.144 - - [11/Jun/2026:04:35:18 +0700] "GET /wp-sitemap.xml?filesrc=%2Fvar%2Fwww%2Fvhosts%2Fdienmaychuyennghiep.com%2Fhttpdocs%2Fwp-content%2Fuploads%2F2024%2F07%2F4-247x296.png&path=%2Fvar%2Fwww%2Fvhosts%2Fdienmaychuyennghiep.com%2Fhttpdocs%2Fwp-content%2Fuploads%2F2024%2F07 HTTP/2" 200 74214 "-" "Mozilla/5.0 AppleWebKit/537.36 (KHTML, like Gecko; compatible; ClaudeBot/1.0; +claudebot@anthropic.com)"
216.73.216.144 - - [11/Jun/2026:04:35:18 +0700] "GET /wp-sitemap.xml?filesrc=%2Fvar%2Fwww%2Fvhosts%2Fdienmaychuyennghiep.com%2Fhttpdocs%2Fwp-content%2Fuploads%2F2024%2F07%2F2012NB-4-600x600.png&path=%2Fvar%2Fwww%2Fvhosts%2Fdienmaychuyennghiep.com%2Fhttpdocs%2Fwp-content%2Fuploads%2F2024%2F07 HTTP/2" 200 297292 "-" "Mozilla/5.0 AppleWebKit/537.36 (KHTML, like Gecko; compatible; ClaudeBot/1.0; +claudebot@anthropic.com)"
216.73.216.144 - - [11/Jun/2026:04:35:18 +0700] "GET /wp-sitemap.xml?filesrc=%2Fvar%2Fwww%2Fvhosts%2Fdienmaychuyennghiep.com%2Fhttpdocs%2Fwp-content%2Fuploads%2F2025%2F08%2F159-asb02-100.jpg&path=%2Fvar%2Fwww%2Fvhosts%2Fdienmaychuyennghiep.com%2Fhttpdocs%2Fwp-content%2Fuploads%2F2025%2F08 HTTP/2" 200 78302 "-" "Mozilla/5.0 AppleWebKit/537.36 (KHTML, like Gecko; compatible; ClaudeBot/1.0; +claudebot@anthropic.com)"
114.119.151.0 - - [11/Jun/2026:04:35:18 +0700] "GET /san-pham/may-cha-nham-rung-makita-bo4510h/?path=/var/www/vhosts HTTP/1.1" 200 62230 "https://www.pemco.vn/san-pham/may-cha-nham-rung-makita-bo4510h/" "Mozilla/5.0 (Linux; Android 7.0;) AppleWebKit/537.36 (HTML, like Gecko) Mobile Safari/537.36 (compatible; PetalBot;+https://webmaster.petalsearch.com/site/petalbot)"
54.39.210.111 - - [11/Jun/2026:04:35:22 +0700] "GET /products/79164168897 HTTP/2" 200 19519 "-" "Mozilla/5.0 (compatible; AhrefsBot/7.0; +http://ahrefs.com/robot/)"
216.73.216.144 - - [11/Jun/2026:04:35:18 +0700] "GET /wp-sitemap.xml?filesrc=%2Fvar%2Fwww%2Fvhosts%2Fdienmaychuyennghiep.com%2Fhttpdocs%2Fwp-content%2Fuploads%2F2025%2F07%2FHK215A-4-2048x2048.webp&path=%2Fvar%2Fwww%2Fvhosts%2Fdienmaychuyennghiep.com%2Fhttpdocs%2Fwp-content%2Fuploads%2F2025%2F07 HTTP/2" 200 114505 "-" "Mozilla/5.0 AppleWebKit/537.36 (KHTML, like Gecko; compatible; ClaudeBot/1.0; +claudebot@anthropic.com)"
74.7.227.12 - - [11/Jun/2026:04:35:20 +0700] "GET /?p=8968 HTTP/2" 200 19756 "https://www.pemco.com.vn/san-pham/quat-san-cong-nghiep-caterpillar-hvosf-20s/" "Mozilla/5.0 AppleWebKit/537.36 (KHTML, like Gecko; compatible; GPTBot/1.4; +https://openai.com/gptbot)"
74.7.227.12 - - [11/Jun/2026:04:35:26 +0700] "GET /wp-content/uploads/2025/10/xe-day-hang-2-banh-black-decker-bxwt-h305-4-100x100.jpg HTTP/2" 200 1385 "https://www.pemco.com.vn/san-pham/xe-day-hang-4-banh-black-and-decker-h303/" "Mozilla/5.0 AppleWebKit/537.36 (KHTML, like Gecko; compatible; GPTBot/1.4; +https://openai.com/gptbot)"
216.73.216.144 - - [11/Jun/2026:04:35:23 +0700] "GET /wp-sitemap.xml?filesrc=%2Fvar%2Fwww%2Fvhosts%2Fdienmaychuyennghiep.com%2Fhttpdocs%2Fwp-content%2Fuploads%2F2024%2F06%2FDS5000-2-600x600.png&path=%2Fvar%2Fwww%2Fvhosts%2Fdienmaychuyennghiep.com%2Fhttpdocs%2Fwp-content%2Fuploads%2F2024%2F06 HTTP/2" 200 227607 "-" "Mozilla/5.0 AppleWebKit/537.36 (KHTML, like Gecko; compatible; ClaudeBot/1.0; +claudebot@anthropic.com)"
103.138.88.26 - - [11/Jun/2026:04:35:27 +0700] "POST /wp-cron.php?doing_wp_cron=1781127327.0906779766082763671875 HTTP/1.1" 200 474 "-" "WordPress/7.0; https://www.dienmaychuyennghiep.com"
74.7.243.201 - - [11/Jun/2026:04:35:22 +0700] "GET /tu-khoa-san-pham/17-150ci/?path=/var/www/vhosts HTTP/2" 200 55702 "https://www.dienmaychuyennghiep.com/tu-khoa-san-pham/17-150ci/" "Mozilla/5.0 AppleWebKit/537.36 (KHTML, like Gecko; compatible; GPTBot/1.4; +https://openai.com/gptbot)"
103.138.88.26 - - [11/Jun/2026:04:35:27 +0700] "POST /wp-cron.php?doing_wp_cron=1781127327.2645940780639648437500 HTTP/1.1" 200 474 "-" "WordPress/7.0; https://pemco.vn"
74.7.227.12 - - [11/Jun/2026:04:35:27 +0700] "GET /wp-content/uploads/2025/10/xe-day-hang-2-banh-black-decker-bxwt-h305-4.jpg HTTP/2" 200 33801 "https://www.pemco.com.vn/san-pham/xe-day-hang-2-banh-black-and-decker-h305/" "Mozilla/5.0 AppleWebKit/537.36 (KHTML, like Gecko; compatible; GPTBot/1.4; +https://openai.com/gptbot)"
216.73.216.144 - - [11/Jun/2026:04:35:23 +0700] "GET /san-pham/may-duc-be-tong-kzg06-6s/feed/?filesrc=%2Fvar%2Fwww%2Fvhosts%2Fdienmaychuyennghiep.com%2Fhttpdocs%2Fwp-admin%2Flink-add.php&path=%2Fvar%2Fwww%2Fvhosts%2Fdienmaychuyennghiep.com%2Fhttpdocs%2Fwp-admin HTTP/2" 200 19546 "-" "Mozilla/5.0 AppleWebKit/537.36 (KHTML, like Gecko; compatible; ClaudeBot/1.0; +claudebot@anthropic.com)"
74.7.227.12 - - [11/Jun/2026:04:35:27 +0700] "GET /wp-content/uploads/2025/10/xe-day-hang-2-banh-black-decker-bxwt-h301-1620804571-100x100.jpg HTTP/2" 200 1921 "https://www.pemco.com.vn/san-pham/xe-day-hang-2-banh-black-and-decker-h302/" "Mozilla/5.0 AppleWebKit/537.36 (KHTML, like Gecko; compatible; GPTBot/1.4; +https://openai.com/gptbot)"
74.7.227.12 - - [11/Jun/2026:04:35:28 +0700] "GET /wp-content/uploads/2025/09/than-may-siet-bu-long-dung-pin-20v-dck-kdpb698-type-z-1718266971-100x100.jpg HTTP/2" 200 10257 "https://www.pemco.com.vn/san-pham/may-van-bu-long-dong-luc-dung-pin-dewalt-dcf902d2-kr/" "Mozilla/5.0 AppleWebKit/537.36 (KHTML, like Gecko; compatible; GPTBot/1.4; +https://openai.com/gptbot)"
74.7.227.12 - - [11/Jun/2026:04:35:28 +0700] "GET /wp-content/uploads/2025/10/may-thoi-hoi-nong-dung-pin-dewalt-dce530n-kr-18v-1-1-700x467-1-510x340.jpg HTTP/2" 200 13510 "https://www.pemco.com.vn/san-pham/may-thoi-hoi-nong-dung-pin-dewalt-dce530-kr/" "Mozilla/5.0 AppleWebKit/537.36 (KHTML, like Gecko; compatible; GPTBot/1.4; +https://openai.com/gptbot)"
74.7.227.12 - - [11/Jun/2026:04:35:29 +0700] "GET /wp-content/uploads/2025/10/may-thoi-hoi-nong-dung-pin-dewalt-dce530n-kr-18v-5-700x467-1-510x340.jpg HTTP/2" 200 9243 "https://www.pemco.com.vn/san-pham/may-thoi-hoi-nong-dung-pin-dewalt-dce530-kr/" "Mozilla/5.0 AppleWebKit/537.36 (KHTML, like Gecko; compatible; GPTBot/1.4; +https://openai.com/gptbot)"
74.7.227.12 - - [11/Jun/2026:04:35:29 +0700] "GET /wp-content/uploads/2025/10/may-thoi-hoi-nong-dung-pin-dewalt-dce530n-kr-18v-6-700x467-1-247x296.jpg HTTP/2" 200 5982 "https://www.pemco.com.vn/san-pham/may-thoi-hoi-nong-dung-pin-dewalt-dce530-kr/" "Mozilla/5.0 AppleWebKit/537.36 (KHTML, like Gecko; compatible; GPTBot/1.4; +https://openai.com/gptbot)"
142.44.225.30 - - [11/Jun/2026:04:35:28 +0700] "GET /products/7916416796 HTTP/2" 200 19519 "-" "Mozilla/5.0 (compatible; AhrefsBot/7.0; +http://ahrefs.com/robot/)"
74.7.227.12 - - [11/Jun/2026:04:35:30 +0700] "GET /wp-content/uploads/2025/10/may-thoi-hoi-nong-dung-pin-dewalt-dce530n-kr-18v-7-700x467-1-247x296.jpg HTTP/2" 200 7270 "https://www.pemco.com.vn/san-pham/may-thoi-hoi-nong-dung-pin-dewalt-dce530-kr/" "Mozilla/5.0 AppleWebKit/537.36 (KHTML, like Gecko; compatible; GPTBot/1.4; +https://openai.com/gptbot)"
74.7.227.12 - - [11/Jun/2026:04:35:30 +0700] "GET /wp-content/uploads/2025/10/may-thoi-hoi-nong-dung-pin-dewalt-dce530n-kr-18v-7-700x467-1-510x340.jpg HTTP/2" 200 9553 "https://www.pemco.com.vn/san-pham/may-thoi-hoi-nong-dung-pin-dewalt-dce530-kr/" "Mozilla/5.0 AppleWebKit/537.36 (KHTML, like Gecko; compatible; GPTBot/1.4; +https://openai.com/gptbot)"
74.7.243.201 - - [11/Jun/2026:04:35:27 +0700] "GET /san-pham/may-mai-goc-dsm21-100b/?path=/var/www HTTP/2" 200 62203 "https://www.dienmaychuyennghiep.com/san-pham/may-mai-goc-dsm21-100b/" "Mozilla/5.0 AppleWebKit/537.36 (KHTML, like Gecko; compatible; GPTBot/1.4; +https://openai.com/gptbot)"
74.7.227.12 - - [11/Jun/2026:04:35:31 +0700] "GET /wp-content/uploads/2025/10/may-thoi-hoi-nong-dung-pin-dewalt-dce530n-kr-18v-5-700x467-1-247x296.jpg HTTP/2" 200 6898 "https://www.pemco.com.vn/san-pham/may-thoi-hoi-nong-dung-pin-dewalt-dce530-kr/" "Mozilla/5.0 AppleWebKit/537.36 (KHTML, like Gecko; compatible; GPTBot/1.4; +https://openai.com/gptbot)"
74.7.227.12 - - [11/Jun/2026:04:35:31 +0700] "GET /wp-content/uploads/2025/10/may-thoi-hoi-nong-dung-pin-dewalt-dce530n-kr-18v-4-700x467-1-510x340.jpg HTTP/2" 200 13345 "https://www.pemco.com.vn/san-pham/may-thoi-hoi-nong-dung-pin-dewalt-dce530-kr/" "Mozilla/5.0 AppleWebKit/537.36 (KHTML, like Gecko; compatible; GPTBot/1.4; +https://openai.com/gptbot)"
74.7.227.12 - - [11/Jun/2026:04:35:32 +0700] "GET /wp-content/uploads/2025/10/may-thoi-hoi-nong-dung-pin-dewalt-dce530n-kr-18v-6-700x467-1-510x340.jpg HTTP/2" 200 8030 "https://www.pemco.com.vn/san-pham/may-thoi-hoi-nong-dung-pin-dewalt-dce530-kr/" "Mozilla/5.0 AppleWebKit/537.36 (KHTML, like Gecko; compatible; GPTBot/1.4; +https://openai.com/gptbot)"
74.7.243.201 - - [11/Jun/2026:04:35:30 +0700] "GET /san-pham/may-mai-goc-asm15-100b/?path=/var/www HTTP/2" 200 61646 "https://www.dienmaychuyennghiep.com/san-pham/may-mai-goc-asm15-100b/" "Mozilla/5.0 AppleWebKit/537.36 (KHTML, like Gecko; compatible; GPTBot/1.4; +https://openai.com/gptbot)"
74.7.227.12 - - [11/Jun/2026:04:35:32 +0700] "GET /wp-content/uploads/2025/10/may-thoi-hoi-nong-dung-pin-dewalt-dce530n-kr-18v-4-700x467-1-247x296.jpg HTTP/2" 200 10089 "https://www.pemco.com.vn/san-pham/may-thoi-hoi-nong-dung-pin-dewalt-dce530-kr/" "Mozilla/5.0 AppleWebKit/537.36 (KHTML, like Gecko; compatible; GPTBot/1.4; +https://openai.com/gptbot)"
74.7.227.12 - - [11/Jun/2026:04:35:33 +0700] "GET /wp-content/uploads/2025/10/may-thoi-hoi-nong-dung-pin-dewalt-dce530n-kr-18v-3-1-700x467-1-247x296.jpg HTTP/2" 200 10099 "https://www.pemco.com.vn/san-pham/may-thoi-hoi-nong-dung-pin-dewalt-dce530-kr/" "Mozilla/5.0 AppleWebKit/537.36 (KHTML, like Gecko; compatible; GPTBot/1.4; +https://openai.com/gptbot)"
142.44.228.185 - - [11/Jun/2026:04:35:32 +0700] "GET /products/79164167542 HTTP/2" 200 19519 "-" "Mozilla/5.0 (compatible; AhrefsBot/7.0; +http://ahrefs.com/robot/)"
74.7.227.12 - - [11/Jun/2026:04:35:34 +0700] "GET /wp-content/uploads/2025/10/may-thoi-hoi-nong-dung-pin-dewalt-dce530n-kr-18v-1-1-700x467-1-247x296.jpg HTTP/2" 200 10301 "https://www.pemco.com.vn/san-pham/may-thoi-hoi-nong-dung-pin-dewalt-dce530-kr/" "Mozilla/5.0 AppleWebKit/537.36 (KHTML, like Gecko; compatible; GPTBot/1.4; +https://openai.com/gptbot)"
74.7.227.12 - - [11/Jun/2026:04:35:34 +0700] "GET /wp-content/uploads/2025/10/may-thoi-hoi-nong-dung-pin-dewalt-dce530n-kr-18v-3-1-700x467-1-510x340.jpg HTTP/2" 200 13251 "https://www.pemco.com.vn/san-pham/may-thoi-hoi-nong-dung-pin-dewalt-dce530-kr/" "Mozilla/5.0 AppleWebKit/537.36 (KHTML, like Gecko; compatible; GPTBot/1.4; +https://openai.com/gptbot)"
74.7.243.201 - - [11/Jun/2026:04:35:33 +0700] "GET /featured_item/portfolio-typography/?path=/var/www/vhosts/dienmaychuyennghiep.com/.cagefs/var/php/apm/db HTTP/2" 200 54387 "https://www.dienmaychuyennghiep.com/featured_item/portfolio-typography/?path=/var/www/vhosts/dienmaychuyennghiep.com/.cagefs/var/php/apm" "Mozilla/5.0 AppleWebKit/537.36 (KHTML, like Gecko; compatible; GPTBot/1.4; +https://openai.com/gptbot)"
74.7.227.12 - - [11/Jun/2026:04:35:35 +0700] "GET /wp-content/uploads/2025/10/may-van-bu-long-dong-luc-pin-dewalt-dcf902d2-kr-12v17-700x467-1.jpg HTTP/2" 200 20884 "https://www.pemco.com.vn/san-pham/may-van-bu-long-dong-luc-dung-pin-dewalt-dcf902d2-kr/" "Mozilla/5.0 AppleWebKit/537.36 (KHTML, like Gecko; compatible; GPTBot/1.4; +https://openai.com/gptbot)"
74.7.227.12 - - [11/Jun/2026:04:35:35 +0700] "GET /wp-content/uploads/2025/10/may-van-bu-long-dong-luc-pin-dewalt-dcf902d2-kr-12v15-700x467-1.jpg HTTP/2" 200 31972 "https://www.pemco.com.vn/san-pham/may-van-bu-long-dong-luc-dung-pin-dewalt-dcf902d2-kr/" "Mozilla/5.0 AppleWebKit/537.36 (KHTML, like Gecko; compatible; GPTBot/1.4; +https://openai.com/gptbot)"
74.7.227.12 - - [11/Jun/2026:04:35:36 +0700] "GET /wp-content/uploads/2025/10/may-van-bu-long-dong-luc-pin-dewalt-dcf902d2-kr-12v13-700x467-1.jpg HTTP/2" 200 29594 "https://www.pemco.com.vn/san-pham/may-van-bu-long-dong-luc-dung-pin-dewalt-dcf902d2-kr/" "Mozilla/5.0 AppleWebKit/537.36 (KHTML, like Gecko; compatible; GPTBot/1.4; +https://openai.com/gptbot)"
74.7.227.12 - - [11/Jun/2026:04:35:36 +0700] "GET /wp-content/uploads/2025/10/may-van-bu-long-dong-luc-pin-dewalt-dcf902d2-kr-12v14-700x467-1.jpg HTTP/2" 200 32167 "https://www.pemco.com.vn/san-pham/may-van-bu-long-dong-luc-dung-pin-dewalt-dcf902d2-kr/" "Mozilla/5.0 AppleWebKit/537.36 (KHTML, like Gecko; compatible; GPTBot/1.4; +https://openai.com/gptbot)"
142.44.225.38 - - [11/Jun/2026:04:35:35 +0700] "GET /products/79164164138 HTTP/2" 200 19756 "-" "Mozilla/5.0 (compatible; AhrefsBot/7.0; +http://ahrefs.com/robot/)"
74.7.227.12 - - [11/Jun/2026:04:35:37 +0700] "GET /wp-content/uploads/2025/10/may-van-bu-long-dong-luc-pin-dewalt-dcf902d2-kr-12v11-700x467-1.jpg HTTP/2" 200 71938 "https://www.pemco.com.vn/san-pham/may-van-bu-long-dong-luc-dung-pin-dewalt-dcf902d2-kr/" "Mozilla/5.0 AppleWebKit/537.36 (KHTML, like Gecko; compatible; GPTBot/1.4; +https://openai.com/gptbot)"
74.7.227.12 - - [11/Jun/2026:04:35:37 +0700] "GET /wp-content/uploads/2025/10/may-van-bu-long-dong-luc-pin-dewalt-dcf902d2-kr-12v11-700x467-1-247x296.jpg HTTP/2" 200 14572 "https://www.pemco.com.vn/san-pham/may-van-bu-long-dong-luc-dung-pin-dewalt-dcf902d2-kr/" "Mozilla/5.0 AppleWebKit/537.36 (KHTML, like Gecko; compatible; GPTBot/1.4; +https://openai.com/gptbot)"
74.7.227.12 - - [11/Jun/2026:04:35:38 +0700] "GET /wp-content/uploads/2025/10/may-van-bu-long-dong-luc-pin-dewalt-dcf902d2-kr-12v14-700x467-1-247x296.jpg HTTP/2" 200 10695 "https://www.pemco.com.vn/san-pham/may-van-bu-long-dong-luc-dung-pin-dewalt-dcf902d2-kr/" "Mozilla/5.0 AppleWebKit/537.36 (KHTML, like Gecko; compatible; GPTBot/1.4; +https://openai.com/gptbot)"
74.7.227.12 - - [11/Jun/2026:04:35:38 +0700] "GET /wp-content/uploads/2025/10/may-van-bu-long-dong-luc-pin-dewalt-dcf902d2-kr-12v13-700x467-1-247x296.jpg HTTP/2" 200 9705 "https://www.pemco.com.vn/san-pham/may-van-bu-long-dong-luc-dung-pin-dewalt-dcf902d2-kr/" "Mozilla/5.0 AppleWebKit/537.36 (KHTML, like Gecko; compatible; GPTBot/1.4; +https://openai.com/gptbot)"
74.7.227.12 - - [11/Jun/2026:04:35:39 +0700] "GET /wp-content/uploads/2025/10/may-van-bu-long-dong-luc-pin-dewalt-dcf902d2-kr-12v11-700x467-1-510x340.jpg HTTP/2" 200 30712 "https://www.pemco.com.vn/san-pham/may-van-bu-long-dong-luc-dung-pin-dewalt-dcf902d2-kr/" "Mozilla/5.0 AppleWebKit/537.36 (KHTML, like Gecko; compatible; GPTBot/1.4; +https://openai.com/gptbot)"
74.7.227.12 - - [11/Jun/2026:04:35:39 +0700] "GET /wp-content/uploads/2025/10/may-van-bu-long-dong-luc-pin-dewalt-dcf902d2-kr-12v15-700x467-1-510x340.jpg HTTP/2" 200 13657 "https://www.pemco.com.vn/san-pham/may-van-bu-long-dong-luc-dung-pin-dewalt-dcf902d2-kr/" "Mozilla/5.0 AppleWebKit/537.36 (KHTML, like Gecko; compatible; GPTBot/1.4; +https://openai.com/gptbot)"
74.7.227.12 - - [11/Jun/2026:04:35:40 +0700] "GET /wp-content/uploads/2025/10/may-van-bu-long-dong-luc-pin-dewalt-dcf902d2-kr-12v15-700x467-1-247x296.jpg HTTP/2" 200 10414 "https://www.pemco.com.vn/san-pham/may-van-bu-long-dong-luc-dung-pin-dewalt-dcf902d2-kr/" "Mozilla/5.0 AppleWebKit/537.36 (KHTML, like Gecko; compatible; GPTBot/1.4; +https://openai.com/gptbot)"
74.7.243.201 - - [11/Jun/2026:04:35:35 +0700] "GET /san-pham/may-cha-nham-asb02-100/?path=/var/www HTTP/2" 200 61177 "https://www.dienmaychuyennghiep.com/san-pham/may-cha-nham-asb02-100/" "Mozilla/5.0 AppleWebKit/537.36 (KHTML, like Gecko; compatible; GPTBot/1.4; +https://openai.com/gptbot)"
216.73.216.144 - - [11/Jun/2026:04:35:37 +0700] "GET /wp-sitemap.xml?filesrc=%2Fvar%2Fwww%2Fvhosts%2Fdienmaychuyennghiep.com%2Fhttpdocs%2Fwp-content%2Fuploads%2F2025%2F07%2FHK120A-4-400x400.webp&path=%2Fvar%2Fwww%2Fvhosts%2Fdienmaychuyennghiep.com%2Fhttpdocs%2Fwp-content%2Fuploads%2F2025%2F07 HTTP/2" 200 26110 "-" "Mozilla/5.0 AppleWebKit/537.36 (KHTML, like Gecko; compatible; ClaudeBot/1.0; +claudebot@anthropic.com)"
216.73.216.144 - - [11/Jun/2026:04:35:37 +0700] "GET /wp-sitemap.xml?filesrc=%2Fvar%2Fwww%2Fvhosts%2Fdienmaychuyennghiep.com%2Fhttpdocs%2Fwp-content%2Fuploads%2F2024%2F06%2FGA7070-100x100.png&path=%2Fvar%2Fwww%2Fvhosts%2Fdienmaychuyennghiep.com%2Fhttpdocs%2Fwp-content%2Fuploads%2F2024%2F06 HTTP/2" 200 29845 "-" "Mozilla/5.0 AppleWebKit/537.36 (KHTML, like Gecko; compatible; ClaudeBot/1.0; +claudebot@anthropic.com)"
216.73.216.144 - - [11/Jun/2026:04:35:37 +0700] "GET /wp-sitemap.xml?filesrc=%2Fvar%2Fwww%2Fvhosts%2Fdienmaychuyennghiep.com%2Fhttpdocs%2Fwp-content%2Fuploads%2F2024%2F06%2FDS5000-2-768x768.png&path=%2Fvar%2Fwww%2Fvhosts%2Fdienmaychuyennghiep.com%2Fhttpdocs%2Fwp-content%2Fuploads%2F2024%2F06 HTTP/2" 200 320828 "-" "Mozilla/5.0 AppleWebKit/537.36 (KHTML, like Gecko; compatible; ClaudeBot/1.0; +claudebot@anthropic.com)"
216.73.216.144 - - [11/Jun/2026:04:35:37 +0700] "GET /wp-sitemap.xml?filesrc=%2Fvar%2Fwww%2Fvhosts%2Fdienmaychuyennghiep.com%2Fhttpdocs%2Fwp-content%2Fuploads%2F2024%2F07%2FAZC03-28-2.png&path=%2Fvar%2Fwww%2Fvhosts%2Fdienmaychuyennghiep.com%2Fhttpdocs%2Fwp-content%2Fuploads%2F2024%2F07 HTTP/2" 200 334267 "-" "Mozilla/5.0 AppleWebKit/537.36 (KHTML, like Gecko; compatible; ClaudeBot/1.0; +claudebot@anthropic.com)"
216.73.216.144 - - [11/Jun/2026:04:35:37 +0700] "GET /wp-sitemap.xml?filesrc=%2Fvar%2Fwww%2Fvhosts%2Fdienmaychuyennghiep.com%2Fhttpdocs%2Fwp-content%2Fuploads%2F2024%2F07%2F3-768x768.png&path=%2Fvar%2Fwww%2Fvhosts%2Fdienmaychuyennghiep.com%2Fhttpdocs%2Fwp-content%2Fuploads%2F2024%2F07 HTTP/2" 200 420658 "-" "Mozilla/5.0 AppleWebKit/537.36 (KHTML, like Gecko; compatible; ClaudeBot/1.0; +claudebot@anthropic.com)"
216.73.216.144 - - [11/Jun/2026:04:35:37 +0700] "GET /wp-sitemap.xml?filesrc=%2Fvar%2Fwww%2Fvhosts%2Fdienmaychuyennghiep.com%2Fhttpdocs%2Fwp-content%2Fuploads%2F2024%2F06%2FDSJ-02-25-3.png&path=%2Fvar%2Fwww%2Fvhosts%2Fdienmaychuyennghiep.com%2Fhttpdocs%2Fwp-content%2Fuploads%2F2024%2F06 HTTP/2" 200 855227 "-" "Mozilla/5.0 AppleWebKit/537.36 (KHTML, like Gecko; compatible; ClaudeBot/1.0; +claudebot@anthropic.com)"
216.73.216.144 - - [11/Jun/2026:04:35:37 +0700] "GET /wp-sitemap.xml?filesrc=%2Fvar%2Fwww%2Fvhosts%2Fdienmaychuyennghiep.com%2Fhttpdocs%2Fwp-content%2Fuploads%2F2025%2F07%2FHK250A-3-1235x800.webp&path=%2Fvar%2Fwww%2Fvhosts%2Fdienmaychuyennghiep.com%2Fhttpdocs%2Fwp-content%2Fuploads%2F2025%2F07 HTTP/2" 200 41698 "-" "Mozilla/5.0 AppleWebKit/537.36 (KHTML, like Gecko; compatible; ClaudeBot/1.0; +claudebot@anthropic.com)"
216.73.216.144 - - [11/Jun/2026:04:35:37 +0700] "GET /wp-sitemap.xml?filesrc=%2Fvar%2Fwww%2Fvhosts%2Fdienmaychuyennghiep.com%2Fhttpdocs%2Fwp-content%2Fuploads%2F2025%2F07%2FHK250A-3-510x330.webp&path=%2Fvar%2Fwww%2Fvhosts%2Fdienmaychuyennghiep.com%2Fhttpdocs%2Fwp-content%2Fuploads%2F2025%2F07 HTTP/2" 200 26699 "-" "Mozilla/5.0 AppleWebKit/537.36 (KHTML, like Gecko; compatible; ClaudeBot/1.0; +claudebot@anthropic.com)"
74.7.227.12 - - [11/Jun/2026:04:35:40 +0700] "GET /wp-content/uploads/2025/10/may-van-bu-long-dong-luc-pin-dewalt-dcf902d2-kr-12v17-700x467-1-247x296.jpg HTTP/2" 200 6579 "https://www.pemco.com.vn/san-pham/may-van-bu-long-dong-luc-dung-pin-dewalt-dcf902d2-kr/" "Mozilla/5.0 AppleWebKit/537.36 (KHTML, like Gecko; compatible; GPTBot/1.4; +https://openai.com/gptbot)"
74.7.227.12 - - [11/Jun/2026:04:35:41 +0700] "GET /wp-content/uploads/2025/10/may-van-bu-long-dong-luc-pin-dewalt-dcf902d2-kr-12v17-700x467-1-510x340.jpg HTTP/2" 200 8719 "https://www.pemco.com.vn/san-pham/may-van-bu-long-dong-luc-dung-pin-dewalt-dcf902d2-kr/" "Mozilla/5.0 AppleWebKit/537.36 (KHTML, like Gecko; compatible; GPTBot/1.4; +https://openai.com/gptbot)"
74.7.227.12 - - [11/Jun/2026:04:35:42 +0700] "GET /wp-content/uploads/2025/10/may-van-bu-long-dong-luc-pin-dewalt-dcf902d2-kr-12v14-700x467-1-510x340.jpg HTTP/2" 200 13923 "https://www.pemco.com.vn/san-pham/may-van-bu-long-dong-luc-dung-pin-dewalt-dcf902d2-kr/" "Mozilla/5.0 AppleWebKit/537.36 (KHTML, like Gecko; compatible; GPTBot/1.4; +https://openai.com/gptbot)"
74.7.227.12 - - [11/Jun/2026:04:35:42 +0700] "GET /wp-content/uploads/2025/10/may-van-bu-long-dong-luc-pin-dewalt-dcf902d2-kr-12v13-700x467-1-510x340.jpg HTTP/2" 200 12740 "https://www.pemco.com.vn/san-pham/may-van-bu-long-dong-luc-dung-pin-dewalt-dcf902d2-kr/" "Mozilla/5.0 AppleWebKit/537.36 (KHTML, like Gecko; compatible; GPTBot/1.4; +https://openai.com/gptbot)"
216.73.216.144 - - [11/Jun/2026:04:35:37 +0700] "GET /wp-sitemap.xml?filesrc=%2Fvar%2Fwww%2Fvhosts%2Fdienmaychuyennghiep.com%2Fhttpdocs%2Fwp-content%2Fuploads%2F2025%2F07%2FHKMIG250-3-500x400.webp&path=%2Fvar%2Fwww%2Fvhosts%2Fdienmaychuyennghiep.com%2Fhttpdocs%2Fwp-content%2Fuploads%2F2025%2F07 HTTP/2" 200 31562 "-" "Mozilla/5.0 AppleWebKit/537.36 (KHTML, like Gecko; compatible; ClaudeBot/1.0; +claudebot@anthropic.com)"
216.73.216.144 - - [11/Jun/2026:04:35:37 +0700] "GET /wp-sitemap.xml?filesrc=%2Fvar%2Fwww%2Fvhosts%2Fdienmaychuyennghiep.com%2Fhttpdocs%2Fwp-content%2Fuploads%2F2025%2F09%2Fkmb82-1.jpg&path=%2Fvar%2Fwww%2Fvhosts%2Fdienmaychuyennghiep.com%2Fhttpdocs%2Fwp-content%2Fuploads%2F2025%2F09 HTTP/2" 200 170640 "-" "Mozilla/5.0 AppleWebKit/537.36 (KHTML, like Gecko; compatible; ClaudeBot/1.0; +claudebot@anthropic.com)"
216.73.216.144 - - [11/Jun/2026:04:35:37 +0700] "GET /wp-sitemap.xml?filesrc=%2Fvar%2Fwww%2Fvhosts%2Fdienmaychuyennghiep.com%2Fhttpdocs%2Fwp-content%2Fuploads%2F2024%2F06%2FDWE8100S-B1-3-1.png&path=%2Fvar%2Fwww%2Fvhosts%2Fdienmaychuyennghiep.com%2Fhttpdocs%2Fwp-content%2Fuploads%2F2024%2F06 HTTP/2" 200 534834 "-" "Mozilla/5.0 AppleWebKit/537.36 (KHTML, like Gecko; compatible; ClaudeBot/1.0; +claudebot@anthropic.com)"
216.73.216.144 - - [11/Jun/2026:04:35:41 +0700] "GET /wp-sitemap.xml?filesrc=%2Fvar%2Fwww%2Fvhosts%2Fdienmaychuyennghiep.com%2Fhttpdocs%2Fwp-content%2Fuploads%2F2025%2F09%2FDW830-280x280.jpg&path=%2Fvar%2Fwww%2Fvhosts%2Fdienmaychuyennghiep.com%2Fhttpdocs%2Fwp-content%2Fuploads%2F2025%2F09 HTTP/2" 200 30926 "-" "Mozilla/5.0 AppleWebKit/537.36 (KHTML, like Gecko; compatible; ClaudeBot/1.0; +claudebot@anthropic.com)"
216.73.216.144 - - [11/Jun/2026:04:35:41 +0700] "GET /wp-sitemap.xml?filesrc=%2Fvar%2Fwww%2Fvhosts%2Fdienmaychuyennghiep.com%2Fhttpdocs%2Fwp-content%2Fuploads%2F2025%2F07%2FHKM160D-3-510x401.webp&path=%2Fvar%2Fwww%2Fvhosts%2Fdienmaychuyennghiep.com%2Fhttpdocs%2Fwp-content%2Fuploads%2F2025%2F07 HTTP/2" 200 24443 "-" "Mozilla/5.0 AppleWebKit/537.36 (KHTML, like Gecko; compatible; ClaudeBot/1.0; +claudebot@anthropic.com)"
74.7.227.12 - - [11/Jun/2026:04:35:43 +0700] "GET /wp-content/uploads/2025/10/may-thoi-hoi-nong-dung-pin-dewalt-dce530n-kr-18v-5-700x467-1.jpg HTTP/2" 200 21728 "https://www.pemco.com.vn/san-pham/may-thoi-hoi-nong-dung-pin-dewalt-dce530-kr/" "Mozilla/5.0 AppleWebKit/537.36 (KHTML, like Gecko; compatible; GPTBot/1.4; +https://openai.com/gptbot)"
74.7.227.12 - - [11/Jun/2026:04:35:43 +0700] "GET /wp-content/uploads/2025/10/may-thoi-hoi-nong-dung-pin-dewalt-dce530n-kr-18v-4-700x467-1.jpg HTTP/2" 200 32124 "https://www.pemco.com.vn/san-pham/may-thoi-hoi-nong-dung-pin-dewalt-dce530-kr/" "Mozilla/5.0 AppleWebKit/537.36 (KHTML, like Gecko; compatible; GPTBot/1.4; +https://openai.com/gptbot)"
142.44.225.245 - - [11/Jun/2026:04:35:40 +0700] "GET /products/79164163663 HTTP/2" 200 19756 "-" "Mozilla/5.0 (compatible; AhrefsBot/7.0; +http://ahrefs.com/robot/)"
74.7.227.12 - - [11/Jun/2026:04:35:44 +0700] "GET /wp-content/uploads/2025/10/may-thoi-hoi-nong-dung-pin-dewalt-dce530n-kr-18v-6-700x467-1.jpg HTTP/2" 200 19841 "https://www.pemco.com.vn/san-pham/may-thoi-hoi-nong-dung-pin-dewalt-dce530-kr/" "Mozilla/5.0 AppleWebKit/537.36 (KHTML, like Gecko; compatible; GPTBot/1.4; +https://openai.com/gptbot)"
74.7.227.12 - - [11/Jun/2026:04:35:44 +0700] "GET /wp-content/uploads/2025/10/may-thoi-hoi-nong-dung-pin-dewalt-dce530n-kr-18v-7-700x467-1.jpg HTTP/2" 200 22613 "https://www.pemco.com.vn/san-pham/may-thoi-hoi-nong-dung-pin-dewalt-dce530-kr/" "Mozilla/5.0 AppleWebKit/537.36 (KHTML, like Gecko; compatible; GPTBot/1.4; +https://openai.com/gptbot)"
74.7.243.201 - - [11/Jun/2026:04:35:41 +0700] "GET /san-pham/may-mai-goc-asm05-100b/?path=/var/www HTTP/2" 200 61515 "https://www.dienmaychuyennghiep.com/san-pham/may-mai-goc-asm05-100b/" "Mozilla/5.0 AppleWebKit/537.36 (KHTML, like Gecko; compatible; GPTBot/1.4; +https://openai.com/gptbot)"
74.7.227.12 - - [11/Jun/2026:04:35:45 +0700] "GET /wp-content/uploads/2025/10/xe-day-hang-2-banh-black-decker-bxwt-h302-1620805356.jpg HTTP/2" 200 16404 "https://www.pemco.com.vn/san-pham/xe-day-hang-2-banh-black-and-decker-h302/" "Mozilla/5.0 AppleWebKit/537.36 (KHTML, like Gecko; compatible; GPTBot/1.4; +https://openai.com/gptbot)"
74.7.227.12 - - [11/Jun/2026:04:35:45 +0700] "GET /wp-content/uploads/2025/10/may-thoi-hoi-nong-dung-pin-dewalt-dce530n-kr-18v-1-1-700x467-1.jpg HTTP/2" 200 31090 "https://www.pemco.com.vn/san-pham/may-thoi-hoi-nong-dung-pin-dewalt-dce530-kr/" "Mozilla/5.0 AppleWebKit/537.36 (KHTML, like Gecko; compatible; GPTBot/1.4; +https://openai.com/gptbot)"
15.235.27.111 - - [11/Jun/2026:04:35:44 +0700] "GET /products/7916416132 HTTP/2" 200 19519 "-" "Mozilla/5.0 (compatible; AhrefsBot/7.0; +http://ahrefs.com/robot/)"
74.7.227.12 - - [11/Jun/2026:04:35:46 +0700] "GET /wp-content/uploads/2025/10/may-thoi-hoi-nong-dung-pin-dewalt-dce530n-kr-18v-3-1-700x467-1.jpg HTTP/2" 200 31527 "https://www.pemco.com.vn/san-pham/may-thoi-hoi-nong-dung-pin-dewalt-dce530-kr/" "Mozilla/5.0 AppleWebKit/537.36 (KHTML, like Gecko; compatible; GPTBot/1.4; +https://openai.com/gptbot)"
74.7.227.12 - - [11/Jun/2026:04:35:46 +0700] "GET /wp-content/uploads/2025/10/xe-day-hang-stanley-sxwtd-ft521-247x296.jpg HTTP/2" 200 7989 "https://www.pemco.com.vn/san-pham/xe-day-hang-2-banh-black-and-decker-h305/" "Mozilla/5.0 AppleWebKit/537.36 (KHTML, like Gecko; compatible; GPTBot/1.4; +https://openai.com/gptbot)"
74.7.227.12 - - [11/Jun/2026:04:35:47 +0700] "GET /wp-content/uploads/2025/10/may-thoi-hoi-nong-stanley-stel670-b1-1-700x467-1-100x100.jpg HTTP/2" 200 2212 "https://www.pemco.com.vn/san-pham/may-thoi-hoi-nong-dung-pin-dewalt-dce530-kr/" "Mozilla/5.0 AppleWebKit/537.36 (KHTML, like Gecko; compatible; GPTBot/1.4; +https://openai.com/gptbot)"
74.7.227.12 - - [11/Jun/2026:04:35:47 +0700] "GET /wp-content/uploads/2025/10/xe-day-hang-4-banh-black-decker-bxwt-h303-2-510x383.png HTTP/2" 200 28106 "https://www.pemco.com.vn/san-pham/xe-day-hang-4-banh-black-and-decker-h303/" "Mozilla/5.0 AppleWebKit/537.36 (KHTML, like Gecko; compatible; GPTBot/1.4; +https://openai.com/gptbot)"
52.167.144.156 - - [11/Jun/2026:04:35:47 +0700] "GET /wp-content/uploads/2024/07/GBH-2-28-DFV-4-150x150.png HTTP/2" 200 24871 "-" "Mozilla/5.0 AppleWebKit/537.36 (KHTML, like Gecko; compatible; bingbot/2.0; +http://www.bing.com/bingbot.htm) Chrome/116.0.1938.76 Safari/537.36"
74.7.227.12 - - [11/Jun/2026:04:35:48 +0700] "GET /wp-content/uploads/2025/10/xe-day-tay-2-banh-cao-cap-stanley-sxwtd-ft516-68-247x296.png HTTP/2" 200 16042 "https://www.pemco.com.vn/san-pham/xe-day-hang-2-banh-black-and-decker-h305/" "Mozilla/5.0 AppleWebKit/537.36 (KHTML, like Gecko; compatible; GPTBot/1.4; +https://openai.com/gptbot)"
74.7.243.201 - - [11/Jun/2026:04:35:45 +0700] "GET /san-pham/may-cua-dia-kmy02-235/?path=/var/www HTTP/2" 200 61067 "https://www.dienmaychuyennghiep.com/san-pham/may-cua-dia-kmy02-235/" "Mozilla/5.0 AppleWebKit/537.36 (KHTML, like Gecko; compatible; GPTBot/1.4; +https://openai.com/gptbot)"
74.7.227.12 - - [11/Jun/2026:04:35:48 +0700] "GET /wp-content/uploads/2025/10/xe-day-hang-4-banh-black-decker-bxwt-h303-2.png HTTP/2" 200 773998 "https://www.pemco.com.vn/san-pham/xe-day-hang-4-banh-black-and-decker-h303/" "Mozilla/5.0 AppleWebKit/537.36 (KHTML, like Gecko; compatible; GPTBot/1.4; +https://openai.com/gptbot)"
74.7.227.12 - - [11/Jun/2026:04:35:50 +0700] "GET /wp-content/uploads/2025/10/xe-day-hang-4-banh-black-decker-bxwt-h303-2-100x100.png HTTP/2" 200 3419 "https://www.pemco.com.vn/san-pham/xe-day-hang-2-banh-black-and-decker-h305/" "Mozilla/5.0 AppleWebKit/537.36 (KHTML, like Gecko; compatible; GPTBot/1.4; +https://openai.com/gptbot)"
74.7.227.12 - - [11/Jun/2026:04:35:51 +0700] "GET /wp-content/uploads/2025/10/Screenshot_15-10-2025_114250_dartek.vn_-247x290.jpeg HTTP/2" 200 8656 "https://www.pemco.com.vn/san-pham/may-thoi-hoi-nong-dung-pin-dewalt-dce530-kr/" "Mozilla/5.0 AppleWebKit/537.36 (KHTML, like Gecko; compatible; GPTBot/1.4; +https://openai.com/gptbot)"
74.7.227.12 - - [11/Jun/2026:04:35:51 +0700] "GET /wp-content/uploads/2025/09/D26411-100x100.png HTTP/2" 200 3582 "https://www.pemco.com.vn/san-pham/may-thoi-hoi-nong-dung-pin-dewalt-dce530-kr/" "Mozilla/5.0 AppleWebKit/537.36 (KHTML, like Gecko; compatible; GPTBot/1.4; +https://openai.com/gptbot)"
54.39.0.248 - - [11/Jun/2026:04:35:48 +0700] "GET /products/79164156170 HTTP/2" 200 19500 "-" "Mozilla/5.0 (compatible; AhrefsBot/7.0; +http://ahrefs.com/robot/)"
216.73.216.144 - - [11/Jun/2026:04:35:49 +0700] "GET /wp-sitemap.xml?filesrc=%2Fvar%2Fwww%2Fvhosts%2Fdienmaychuyennghiep.com%2Fhttpdocs%2Fwp-content%2Fuploads%2F2025%2F07%2FMIG500-N215-II.png&path=%2Fvar%2Fwww%2Fvhosts%2Fdienmaychuyennghiep.com%2Fhttpdocs%2Fwp-content%2Fuploads%2F2025%2F07 HTTP/2" 200 653227 "-" "Mozilla/5.0 AppleWebKit/537.36 (KHTML, like Gecko; compatible; ClaudeBot/1.0; +claudebot@anthropic.com)"
216.73.216.144 - - [11/Jun/2026:04:35:49 +0700] "GET /wp-sitemap.xml?filesrc=%2Fvar%2Fwww%2Fvhosts%2Fdienmaychuyennghiep.com%2Fhttpdocs%2Fwp-content%2Fuploads%2F2025%2F07%2Fb-407x400.jpg&path=%2Fvar%2Fwww%2Fvhosts%2Fdienmaychuyennghiep.com%2Fhttpdocs%2Fwp-content%2Fuploads%2F2025%2F07 HTTP/2" 200 33898 "-" "Mozilla/5.0 AppleWebKit/537.36 (KHTML, like Gecko; compatible; ClaudeBot/1.0; +claudebot@anthropic.com)"
216.73.216.144 - - [11/Jun/2026:04:35:49 +0700] "GET /wp-sitemap.xml?filesrc=%2Fvar%2Fwww%2Fvhosts%2Fdienmaychuyennghiep.com%2Fhttpdocs%2Fwp-content%2Fuploads%2F2025%2F07%2Fb-247x296.jpg&path=%2Fvar%2Fwww%2Fvhosts%2Fdienmaychuyennghiep.com%2Fhttpdocs%2Fwp-content%2Fuploads%2F2025%2F07 HTTP/2" 200 27797 "-" "Mozilla/5.0 AppleWebKit/537.36 (KHTML, like Gecko; compatible; ClaudeBot/1.0; +claudebot@anthropic.com)"
216.73.216.144 - - [11/Jun/2026:04:35:49 +0700] "GET /wp-sitemap.xml?filesrc=%2Fvar%2Fwww%2Fvhosts%2Fdienmaychuyennghiep.com%2Fhttpdocs%2Fwp-content%2Fuploads%2F2025%2F09%2FDW735-KR.jpg&path=%2Fvar%2Fwww%2Fvhosts%2Fdienmaychuyennghiep.com%2Fhttpdocs%2Fwp-content%2Fuploads%2F2025%2F09 HTTP/2" 200 227313 "-" "Mozilla/5.0 AppleWebKit/537.36 (KHTML, like Gecko; compatible; ClaudeBot/1.0; +claudebot@anthropic.com)"
216.73.216.144 - - [11/Jun/2026:04:35:49 +0700] "GET /wp-sitemap.xml?filesrc=%2Fvar%2Fwww%2Fvhosts%2Fdienmaychuyennghiep.com%2Fhttpdocs%2Fwp-content%2Fuploads%2F2025%2F07%2FHKM1250E-2-508x400.webp&path=%2Fvar%2Fwww%2Fvhosts%2Fdienmaychuyennghiep.com%2Fhttpdocs%2Fwp-content%2Fuploads%2F2025%2F07 HTTP/2" 200 30041 "-" "Mozilla/5.0 AppleWebKit/537.36 (KHTML, like Gecko; compatible; ClaudeBot/1.0; +claudebot@anthropic.com)"
216.73.216.144 - - [11/Jun/2026:04:35:49 +0700] "GET /wp-sitemap.xml?filesrc=%2Fvar%2Fwww%2Fvhosts%2Fdienmaychuyennghiep.com%2Fhttpdocs%2Fwp-content%2Fuploads%2F2025%2F07%2FKM-Dongcheng.png&path=%2Fvar%2Fwww%2Fvhosts%2Fdienmaychuyennghiep.com%2Fhttpdocs%2Fwp-content%2Fuploads%2F2025%2F07 HTTP/2" 200 367256 "-" "Mozilla/5.0 AppleWebKit/537.36 (KHTML, like Gecko; compatible; ClaudeBot/1.0; +claudebot@anthropic.com)"
216.73.216.144 - - [11/Jun/2026:04:35:49 +0700] "GET /wp-sitemap.xml?filesrc=%2Fvar%2Fwww%2Fvhosts%2Fdienmaychuyennghiep.com%2Fhttpdocs%2Fwp-content%2Fuploads%2F2025%2F07%2FHKTIG300A-508x400.webp&path=%2Fvar%2Fwww%2Fvhosts%2Fdienmaychuyennghiep.com%2Fhttpdocs%2Fwp-content%2Fuploads%2F2025%2F07 HTTP/2" 200 31587 "-" "Mozilla/5.0 AppleWebKit/537.36 (KHTML, like Gecko; compatible; ClaudeBot/1.0; +claudebot@anthropic.com)"
216.73.216.144 - - [11/Jun/2026:04:35:49 +0700] "GET /wp-sitemap.xml?filesrc=%2Fvar%2Fwww%2Fvhosts%2Fdienmaychuyennghiep.com%2Fusr%2Flib64%2Flibrt.so.1&path=%2Fvar%2Fwww%2Fvhosts%2Fdienmaychuyennghiep.com%2Fusr%2Flib64 HTTP/2" 200 33914 "-" "Mozilla/5.0 AppleWebKit/537.36 (KHTML, like Gecko; compatible; ClaudeBot/1.0; +claudebot@anthropic.com)"
216.73.216.144 - - [11/Jun/2026:04:35:49 +0700] "GET /wp-sitemap.xml?filesrc=%2Fvar%2Fwww%2Fvhosts%2Fdienmaychuyennghiep.com%2Fhttpdocs%2Fwp-content%2Fuploads%2F2025%2F07%2FHKTIG300A-510x401.webp&path=%2Fvar%2Fwww%2Fvhosts%2Fdienmaychuyennghiep.com%2Fhttpdocs%2Fwp-content%2Fuploads%2F2025%2F07 HTTP/2" 200 31343 "-" "Mozilla/5.0 AppleWebKit/537.36 (KHTML, like Gecko; compatible; ClaudeBot/1.0; +claudebot@anthropic.com)"
216.73.216.144 - - [11/Jun/2026:04:35:49 +0700] "GET /wp-sitemap.xml?filesrc=%2Fvar%2Fwww%2Fvhosts%2Fdienmaychuyennghiep.com%2Fhttpdocs%2Fwp-content%2Fuploads%2F2025%2F07%2FGP200H-CH1-1.png&path=%2Fvar%2Fwww%2Fvhosts%2Fdienmaychuyennghiep.com%2Fhttpdocs%2Fwp-content%2Fuploads%2F2025%2F07 HTTP/2" 200 590375 "-" "Mozilla/5.0 AppleWebKit/537.36 (KHTML, like Gecko; compatible; ClaudeBot/1.0; +claudebot@anthropic.com)"
15.235.96.82 - - [11/Jun/2026:04:35:54 +0700] "GET /products/79164155705 HTTP/2" 200 19519 "-" "Mozilla/5.0 (compatible; AhrefsBot/7.0; +http://ahrefs.com/robot/)"
216.73.216.144 - - [11/Jun/2026:04:35:53 +0700] "GET /wp-sitemap.xml?filesrc=%2Fvar%2Fwww%2Fvhosts%2Fdienmaychuyennghiep.com%2Fhttpdocs%2Fwp-content%2Fuploads%2F2025%2F07%2FHKMIG500-3-500x400.webp&path=%2Fvar%2Fwww%2Fvhosts%2Fdienmaychuyennghiep.com%2Fhttpdocs%2Fwp-content%2Fuploads%2F2025%2F07 HTTP/2" 200 30465 "-" "Mozilla/5.0 AppleWebKit/537.36 (KHTML, like Gecko; compatible; ClaudeBot/1.0; +claudebot@anthropic.com)"
216.73.216.144 - - [11/Jun/2026:04:35:49 +0700] "GET /wp-sitemap.xml?filesrc=%2Fvar%2Fwww%2Fvhosts%2Fdienmaychuyennghiep.com%2Fhttpdocs%2Fwp-content%2Fuploads%2F2025%2F07%2FHK400A-2048x1600.webp&path=%2Fvar%2Fwww%2Fvhosts%2Fdienmaychuyennghiep.com%2Fhttpdocs%2Fwp-content%2Fuploads%2F2025%2F07 HTTP/2" 200 66683 "-" "Mozilla/5.0 AppleWebKit/537.36 (KHTML, like Gecko; compatible; ClaudeBot/1.0; +claudebot@anthropic.com)"
198.244.226.52 - - [11/Jun/2026:04:35:54 +0700] "GET /san-pham/may-khoan-bua-bosch-gbh-2-28-dv/ HTTP/2" 200 63535 "-" "Mozilla/5.0 (compatible; AhrefsBot/7.0; +http://ahrefs.com/robot/)"
74.7.227.12 - - [11/Jun/2026:04:35:51 +0700] "GET /san-pham/may-khoan-dung-pin-flexvolt-20v-60v-dewalt-dcd999n-kr/ HTTP/2" 200 63732 "https://www.pemco.com.vn/wp-sitemap-posts-product-1.xml" "Mozilla/5.0 AppleWebKit/537.36 (KHTML, like Gecko; compatible; GPTBot/1.4; +https://openai.com/gptbot)"
74.7.243.201 - - [11/Jun/2026:04:35:48 +0700] "GET /san-pham/may-mai-goc-asm06-100/?path=/var/www HTTP/2" 200 61440 "https://www.dienmaychuyennghiep.com/san-pham/may-mai-goc-asm06-100/" "Mozilla/5.0 AppleWebKit/537.36 (KHTML, like Gecko; compatible; GPTBot/1.4; +https://openai.com/gptbot)"
74.7.243.201 - - [11/Jun/2026:04:35:57 +0700] "GET /san-pham/may-cat-sat-djg09-355/?path=/var/www HTTP/2" 200 61350 "https://www.dienmaychuyennghiep.com/san-pham/may-cat-sat-djg09-355/" "Mozilla/5.0 AppleWebKit/537.36 (KHTML, like Gecko; compatible; GPTBot/1.4; +https://openai.com/gptbot)"
54.39.210.103 - - [11/Jun/2026:04:35:59 +0700] "GET /products/79164148758 HTTP/2" 200 19756 "-" "Mozilla/5.0 (compatible; AhrefsBot/7.0; +http://ahrefs.com/robot/)"
74.7.227.12 - - [11/Jun/2026:04:35:57 +0700] "GET /san-pham/bo-may-khoan-dong-luc-stanley-stdh600km-in/ HTTP/2" 200 63097 "https://www.pemco.com.vn/wp-sitemap-posts-product-1.xml" "Mozilla/5.0 AppleWebKit/537.36 (KHTML, like Gecko; compatible; GPTBot/1.4; +https://openai.com/gptbot)"
159.138.142.113 - - [11/Jun/2026:04:35:57 +0700] "GET /danh-muc-san-pham/may-cam-tay/may-cat-ban/may-cat-da/ HTTP/2" 200 57910 "-" "Mozilla/5.0 (Macintosh; Intel Mac OS X 10_15_7) AppleWebKit/537.36 (KHTML, like Gecko) Chrome/147.0.0.0 Safari/537.36"
159.138.142.113 - - [11/Jun/2026:04:36:01 +0700] "GET /wp-content/themes/flatsome/style.css?ver=3.15.5 HTTP/2" 200 273 "https://pemco.com.vn/danh-muc-san-pham/may-cam-tay/may-cat-ban/may-cat-da/" "Mozilla/5.0 (Macintosh; Intel Mac OS X 10_15_7) AppleWebKit/537.36 (KHTML, like Gecko) Chrome/147.0.0.0 Safari/537.36"
159.138.142.113 - - [11/Jun/2026:04:36:01 +0700] "GET /wp-content/themes/flatsome/assets/css/flatsome-shop.css?ver=3.15.5 HTTP/2" 200 5220 "https://pemco.com.vn/danh-muc-san-pham/may-cam-tay/may-cat-ban/may-cat-da/" "Mozilla/5.0 (Macintosh; Intel Mac OS X 10_15_7) AppleWebKit/537.36 (KHTML, like Gecko) Chrome/147.0.0.0 Safari/537.36"
159.138.142.113 - - [11/Jun/2026:04:36:01 +0700] "GET /wp-content/plugins/woocommerce/assets/client/blocks/wc-blocks.css?ver=wc-9.5.3 HTTP/2" 200 2367 "https://pemco.com.vn/danh-muc-san-pham/may-cam-tay/may-cat-ban/may-cat-da/" "Mozilla/5.0 (Macintosh; Intel Mac OS X 10_15_7) AppleWebKit/537.36 (KHTML, like Gecko) Chrome/147.0.0.0 Safari/537.36"
159.138.142.113 - - [11/Jun/2026:04:36:01 +0700] "GET /wp-content/themes/flatsome/assets/css/flatsome.css?ver=3.15.5 HTTP/2" 200 30769 "https://pemco.com.vn/danh-muc-san-pham/may-cam-tay/may-cat-ban/may-cat-da/" "Mozilla/5.0 (Macintosh; Intel Mac OS X 10_15_7) AppleWebKit/537.36 (KHTML, like Gecko) Chrome/147.0.0.0 Safari/537.36"
159.138.142.113 - - [11/Jun/2026:04:36:01 +0700] "GET /wp-content/plugins/woocommerce/assets/js/frontend/order-attribution.min.js?ver=9.5.3 HTTP/2" 200 1006 "https://pemco.com.vn/danh-muc-san-pham/may-cam-tay/may-cat-ban/may-cat-da/" "Mozilla/5.0 (Macintosh; Intel Mac OS X 10_15_7) AppleWebKit/537.36 (KHTML, like Gecko) Chrome/147.0.0.0 Safari/537.36"
159.138.142.113 - - [11/Jun/2026:04:36:01 +0700] "GET /wp-includes/js/hoverIntent.min.js?ver=1.10.2 HTTP/2" 200 668 "https://pemco.com.vn/danh-muc-san-pham/may-cam-tay/may-cat-ban/may-cat-da/" "Mozilla/5.0 (Macintosh; Intel Mac OS X 10_15_7) AppleWebKit/537.36 (KHTML, like Gecko) Chrome/147.0.0.0 Safari/537.36"
159.138.142.113 - - [11/Jun/2026:04:36:01 +0700] "GET /wp-includes/js/dist/vendor/wp-polyfill.min.js?ver=3.15.0 HTTP/2" 200 11581 "https://pemco.com.vn/danh-muc-san-pham/may-cam-tay/may-cat-ban/may-cat-da/" "Mozilla/5.0 (Macintosh; Intel Mac OS X 10_15_7) AppleWebKit/537.36 (KHTML, like Gecko) Chrome/147.0.0.0 Safari/537.36"
159.138.142.113 - - [11/Jun/2026:04:36:01 +0700] "GET /wp-includes/js/jquery/jquery-migrate.min.js?ver=3.4.1 HTTP/2" 200 4678 "https://pemco.com.vn/danh-muc-san-pham/may-cam-tay/may-cat-ban/may-cat-da/" "Mozilla/5.0 (Macintosh; Intel Mac OS X 10_15_7) AppleWebKit/537.36 (KHTML, like Gecko) Chrome/147.0.0.0 Safari/537.36"
159.138.142.113 - - [11/Jun/2026:04:36:01 +0700] "GET /wp-content/plugins/woocommerce/assets/js/sourcebuster/sourcebuster.min.js?ver=9.5.3 HTTP/2" 200 4609 "https://pemco.com.vn/danh-muc-san-pham/may-cam-tay/may-cat-ban/may-cat-da/" "Mozilla/5.0 (Macintosh; Intel Mac OS X 10_15_7) AppleWebKit/537.36 (KHTML, like Gecko) Chrome/147.0.0.0 Safari/537.36"
159.138.142.113 - - [11/Jun/2026:04:36:01 +0700] "GET /wp-content/themes/flatsome/inc/extensions/flatsome-live-search/flatsome-live-search.js?ver=3.15.5 HTTP/2" 200 4841 "https://pemco.com.vn/danh-muc-san-pham/may-cam-tay/may-cat-ban/may-cat-da/" "Mozilla/5.0 (Macintosh; Intel Mac OS X 10_15_7) AppleWebKit/537.36 (KHTML, like Gecko) Chrome/147.0.0.0 Safari/537.36"
159.138.142.113 - - [11/Jun/2026:04:36:01 +0700] "GET /wp-includes/js/jquery/jquery.min.js?ver=3.7.1 HTTP/2" 200 29744 "https://pemco.com.vn/danh-muc-san-pham/may-cam-tay/may-cat-ban/may-cat-da/" "Mozilla/5.0 (Macintosh; Intel Mac OS X 10_15_7) AppleWebKit/537.36 (KHTML, like Gecko) Chrome/147.0.0.0 Safari/537.36"
159.138.142.113 - - [11/Jun/2026:04:36:01 +0700] "GET /wp-content/plugins/woocommerce/assets/js/js-cookie/js.cookie.min.js?ver=2.1.4-wc.9.5.3 HTTP/2" 200 760 "https://pemco.com.vn/danh-muc-san-pham/may-cam-tay/may-cat-ban/may-cat-da/" "Mozilla/5.0 (Macintosh; Intel Mac OS X 10_15_7) AppleWebKit/537.36 (KHTML, like Gecko) Chrome/147.0.0.0 Safari/537.36"
159.138.142.113 - - [11/Jun/2026:04:36:01 +0700] "GET /wp-content/plugins/woocommerce/assets/js/jquery-blockui/jquery.blockUI.min.js?ver=2.7.0-wc.9.5.3 HTTP/2" 200 3277 "https://pemco.com.vn/danh-muc-san-pham/may-cam-tay/may-cat-ban/may-cat-da/" "Mozilla/5.0 (Macintosh; Intel Mac OS X 10_15_7) AppleWebKit/537.36 (KHTML, like Gecko) Chrome/147.0.0.0 Safari/537.36"
159.138.142.113 - - [11/Jun/2026:04:36:01 +0700] "GET /wp-content/plugins/woocommerce/assets/js/frontend/add-to-cart.min.js?ver=9.5.3 HTTP/2" 200 1225 "https://pemco.com.vn/danh-muc-san-pham/may-cam-tay/may-cat-ban/may-cat-da/" "Mozilla/5.0 (Macintosh; Intel Mac OS X 10_15_7) AppleWebKit/537.36 (KHTML, like Gecko) Chrome/147.0.0.0 Safari/537.36"
159.138.142.113 - - [11/Jun/2026:04:36:01 +0700] "GET /wp-content/plugins/woocommerce/assets/js/frontend/woocommerce.min.js?ver=9.5.3 HTTP/2" 200 1061 "https://pemco.com.vn/danh-muc-san-pham/may-cam-tay/may-cat-ban/may-cat-da/" "Mozilla/5.0 (Macintosh; Intel Mac OS X 10_15_7) AppleWebKit/537.36 (KHTML, like Gecko) Chrome/147.0.0.0 Safari/537.36"
159.138.142.113 - - [11/Jun/2026:04:36:01 +0700] "GET /wp-content/themes/flatsome/assets/js/woocommerce.js?ver=7a63f7aa2c4bbf851812535d8e4e7958 HTTP/2" 200 5805 "https://pemco.com.vn/danh-muc-san-pham/may-cam-tay/may-cat-ban/may-cat-da/" "Mozilla/5.0 (Macintosh; Intel Mac OS X 10_15_7) AppleWebKit/537.36 (KHTML, like Gecko) Chrome/147.0.0.0 Safari/537.36"
159.138.142.113 - - [11/Jun/2026:04:36:01 +0700] "GET /wp-content/themes/flatsome/assets/js/flatsome.js?ver=8d32fe071187c00e5c8eae51dcdefdd9 HTTP/2" 200 15454 "https://pemco.com.vn/danh-muc-san-pham/may-cam-tay/may-cat-ban/may-cat-da/" "Mozilla/5.0 (Macintosh; Intel Mac OS X 10_15_7) AppleWebKit/537.36 (KHTML, like Gecko) Chrome/147.0.0.0 Safari/537.36"
167.114.139.198 - - [11/Jun/2026:04:36:01 +0700] "GET /products/7916459954 HTTP/2" 200 19519 "-" "Mozilla/5.0 (compatible; AhrefsBot/7.0; +http://ahrefs.com/robot/)"
142.44.220.99 - - [11/Jun/2026:04:36:00 +0700] "GET /products/791647619 HTTP/2" 200 19756 "-" "Mozilla/5.0 (compatible; AhrefsBot/7.0; +http://ahrefs.com/robot/)"
159.138.142.113 - - [11/Jun/2026:04:36:03 +0700] "GET /wp-includes/js/wp-emoji-release.min.js?ver=7.0 HTTP/2" 200 4949 "https://pemco.com.vn/danh-muc-san-pham/may-cam-tay/may-cat-ban/may-cat-da/" "Mozilla/5.0 (Macintosh; Intel Mac OS X 10_15_7) AppleWebKit/537.36 (KHTML, like Gecko) Chrome/147.0.0.0 Safari/537.36"
51.161.37.119 - - [11/Jun/2026:04:36:02 +0700] "GET /products/7916459698 HTTP/2" 200 19519 "-" "Mozilla/5.0 (compatible; AhrefsBot/7.0; +http://ahrefs.com/robot/)"
54.39.89.69 - - [11/Jun/2026:04:36:03 +0700] "GET /products/7916455522 HTTP/2" 200 19519 "-" "Mozilla/5.0 (compatible; AhrefsBot/7.0; +http://ahrefs.com/robot/)"
