216.73.216.144 - - [11/Jun/2026:04:33:24 +0700] "GET /wp-sitemap.xml?filesrc=%2Fvar%2Fwww%2Fvhosts%2Fdienmaychuyennghiep.com%2Fhttpdocs%2Fwp-content%2Fuploads%2F2025%2F07%2FHK200Z-3-800x800.webp&path=%2Fvar%2Fwww%2Fvhosts%2Fdienmaychuyennghiep.com%2Fhttpdocs%2Fwp-content%2Fuploads%2F2025%2F07 HTTP/2" 200 37233 "-" "Mozilla/5.0 AppleWebKit/537.36 (KHTML, like Gecko; compatible; ClaudeBot/1.0; +claudebot@anthropic.com)"
216.73.216.144 - - [11/Jun/2026:04:33:24 +0700] "GET /san-pham/may-duc-be-tong-kzg06-6s/feed/?filesrc=%2Fvar%2Fwww%2Fvhosts%2Fdienmaychuyennghiep.com%2Fhttpdocs%2Fwp-includes%2Fl10n%2Fclass-wp-translation-file-php.php&path=%2Fvar%2Fwww%2Fvhosts%2Fdienmaychuyennghiep.com%2Fhttpdocs%2Fwp-includes%2Fl10n HTTP/2" 200 19859 "-" "Mozilla/5.0 AppleWebKit/537.36 (KHTML, like Gecko; compatible; ClaudeBot/1.0; +claudebot@anthropic.com)"
52.167.144.218 - - [11/Jun/2026:04:33:24 +0700] "GET /products/35980211506 HTTP/2" 200 19756 "-" "Mozilla/5.0 AppleWebKit/537.36 (KHTML, like Gecko; compatible; bingbot/2.0; +http://www.bing.com/bingbot.htm) Chrome/116.0.1938.76 Safari/537.36"
216.73.216.144 - - [11/Jun/2026:04:33:24 +0700] "GET /wp-sitemap.xml?filesrc=%2Fvar%2Fwww%2Fvhosts%2Fdienmaychuyennghiep.com%2Fusr%2Flib64%2Flibc.so.6&path=%2Fvar%2Fwww%2Fvhosts%2Fdienmaychuyennghiep.com%2Fusr%2Flib64 HTTP/2" 200 803239 "-" "Mozilla/5.0 AppleWebKit/537.36 (KHTML, like Gecko; compatible; ClaudeBot/1.0; +claudebot@anthropic.com)"
74.7.243.201 - - [11/Jun/2026:04:33:24 +0700] "GET /featured_item/portfolio-typography/?path=/var/www/vhosts/dienmaychuyennghiep.com/lscache HTTP/2" 200 54428 "https://www.dienmaychuyennghiep.com/featured_item/portfolio-typography/?path=/var/www/vhosts/dienmaychuyennghiep.com" "Mozilla/5.0 AppleWebKit/537.36 (KHTML, like Gecko; compatible; GPTBot/1.4; +https://openai.com/gptbot)"
40.77.167.20 - - [11/Jun/2026:04:33:31 +0700] "GET /products/72328261877 HTTP/2" 200 19756 "-" "Mozilla/5.0 AppleWebKit/537.36 (KHTML, like Gecko; compatible; bingbot/2.0; +http://www.bing.com/bingbot.htm) Chrome/116.0.1938.76 Safari/537.36"
198.244.242.71 - - [11/Jun/2026:04:33:24 +0700] "GET /san-pham/may-cat-da-gach-makita-m4100b/ HTTP/2" 200 63087 "-" "Mozilla/5.0 (compatible; AhrefsBot/7.0; +http://ahrefs.com/robot/)"
216.73.216.144 - - [11/Jun/2026:04:33:31 +0700] "GET /wp-sitemap.xml?filesrc=%2Fvar%2Fwww%2Fvhosts%2Fdienmaychuyennghiep.com%2Fhttpdocs%2Fwp-content%2Fuploads%2F2025%2F07%2FHKMIG250-3-100x100.webp&path=%2Fvar%2Fwww%2Fvhosts%2Fdienmaychuyennghiep.com%2Fhttpdocs%2Fwp-content%2Fuploads%2F2025%2F07 HTTP/2" 200 23123 "-" "Mozilla/5.0 AppleWebKit/537.36 (KHTML, like Gecko; compatible; ClaudeBot/1.0; +claudebot@anthropic.com)"
216.73.216.144 - - [11/Jun/2026:04:33:29 +0700] "GET /wp-sitemap.xml?filesrc=%2Fvar%2Fwww%2Fvhosts%2Fdienmaychuyennghiep.com%2Fhttpdocs%2Fwp-content%2Fuploads%2F2025%2F07%2FHK-KT12-247x296.webp&path=%2Fvar%2Fwww%2Fvhosts%2Fdienmaychuyennghiep.com%2Fhttpdocs%2Fwp-content%2Fuploads%2F2025%2F07 HTTP/2" 200 24054 "-" "Mozilla/5.0 AppleWebKit/537.36 (KHTML, like Gecko; compatible; ClaudeBot/1.0; +claudebot@anthropic.com)"
93.28.0.68 - - [11/Jun/2026:04:33:28 +0700] "GET /san-pham/may-khoan-3-chuc-nang-kyocera-aed2630vr/?path=/ HTTP/1.1" 200 61331 "https://dienmaychuyennghiep.com/san-pham/may-khoan-3-chuc-nang-kyocera-aed2630vr/" "Mozilla/5.0 (iPhone; CPU iPhone OS 17_0 like Mac OS X) AppleWebKit/605.1.15 (KHTML, like Gecko) Version/17.0 Mobile/15E148 Safari/604.1 MicroMessenger/8.0.32(0x18001B3F) NetType/WIFI Language/zh_CN"
15.235.96.198 - - [11/Jun/2026:04:33:33 +0700] "GET /products/79164271039 HTTP/2" 200 19756 "-" "Mozilla/5.0 (compatible; AhrefsBot/7.0; +http://ahrefs.com/robot/)"
40.77.167.20 - - [11/Jun/2026:04:33:35 +0700] "GET /products/57933118032 HTTP/2" 200 19756 "-" "Mozilla/5.0 AppleWebKit/537.36 (KHTML, like Gecko; compatible; bingbot/2.0; +http://www.bing.com/bingbot.htm) Chrome/116.0.1938.76 Safari/537.36"
74.7.227.12 - - [11/Jun/2026:04:33:24 +0700] "GET /san-pham/may-khoan-bulong-dung-pin-dewalt-dch133n-kr/ HTTP/2" 200 62846 "https://www.pemco.com.vn/wp-sitemap-posts-product-1.xml" "Mozilla/5.0 AppleWebKit/537.36 (KHTML, like Gecko; compatible; GPTBot/1.4; +https://openai.com/gptbot)"
52.167.144.179 - - [11/Jun/2026:04:33:35 +0700] "GET /products/59648154487 HTTP/2" 200 19519 "-" "Mozilla/5.0 AppleWebKit/537.36 (KHTML, like Gecko; compatible; bingbot/2.0; +http://www.bing.com/bingbot.htm) Chrome/116.0.1938.76 Safari/537.36"
74.7.243.201 - - [11/Jun/2026:04:33:34 +0700] "GET /featured_item/portfolio-typography/?path=/var/www/vhosts/dienmaychuyennghiep.com/var HTTP/2" 200 54512 "https://www.dienmaychuyennghiep.com/featured_item/portfolio-typography/?path=/var/www/vhosts/dienmaychuyennghiep.com" "Mozilla/5.0 AppleWebKit/537.36 (KHTML, like Gecko; compatible; GPTBot/1.4; +https://openai.com/gptbot)"
198.244.242.190 - - [11/Jun/2026:04:33:34 +0700] "GET /san-pham/may-cat-maktec-mt413/ HTTP/2" 200 62846 "-" "Mozilla/5.0 (compatible; AhrefsBot/7.0; +http://ahrefs.com/robot/)"
40.77.167.20 - - [11/Jun/2026:04:33:37 +0700] "GET /products/91669148576 HTTP/2" 200 19500 "-" "Mozilla/5.0 AppleWebKit/537.36 (KHTML, like Gecko; compatible; bingbot/2.0; +http://www.bing.com/bingbot.htm) Chrome/116.0.1938.76 Safari/537.36"
94.23.188.196 - - [11/Jun/2026:04:33:37 +0700] "GET /shop/page/8/ HTTP/2" 200 59292 "-" "Mozilla/5.0 (compatible; AhrefsBot/7.0; +http://ahrefs.com/robot/)"
142.44.233.125 - - [11/Jun/2026:04:33:38 +0700] "GET /products/79164269900 HTTP/2" 200 19756 "-" "Mozilla/5.0 (compatible; AhrefsBot/7.0; +http://ahrefs.com/robot/)"
74.7.227.12 - - [11/Jun/2026:04:33:37 +0700] "GET /san-pham/may-nen-khi-truc-vit-pegasus-model-tmpm-150hp/ HTTP/2" 200 62562 "https://www.pemco.com.vn/wp-sitemap-posts-product-1.xml" "Mozilla/5.0 AppleWebKit/537.36 (KHTML, like Gecko; compatible; GPTBot/1.4; +https://openai.com/gptbot)"
74.7.243.201 - - [11/Jun/2026:04:33:39 +0700] "GET /featured_item/portfolio-typography/?path=/var/www/vhosts/dienmaychuyennghiep.com/.cagefs/tmp HTTP/2" 200 54401 "https://www.dienmaychuyennghiep.com/featured_item/portfolio-typography/?path=/var/www/vhosts/dienmaychuyennghiep.com/.cagefs" "Mozilla/5.0 AppleWebKit/537.36 (KHTML, like Gecko; compatible; GPTBot/1.4; +https://openai.com/gptbot)"
95.175.75.237 - - [11/Jun/2026:04:33:42 +0700] "GET /wp-content/uploads/2024/07/PAG5805-5-510x510.png HTTP/2" 200 132150 "https://dienmaychuyennghiep.com/san-pham/may-mai-goc-dartek-pag5805/" "Mozilla/5.0 (Macintosh; Intel Mac OS X 10_15_7) AppleWebKit/537.36 (KHTML, like Gecko) Chrome/130.0.0.0 Safari/537.36"
74.7.227.12 - - [11/Jun/2026:04:33:41 +0700] "GET /san-pham/may-khoan-be-tong-dung-pin-dewalt-dch072n-kr/ HTTP/2" 200 62431 "https://www.pemco.com.vn/wp-sitemap-posts-product-1.xml" "Mozilla/5.0 AppleWebKit/537.36 (KHTML, like Gecko; compatible; GPTBot/1.4; +https://openai.com/gptbot)"
74.7.243.201 - - [11/Jun/2026:04:33:42 +0700] "GET /featured_item/portfolio-typography/?path=/var/www/vhosts/dienmaychuyennghiep.com/.cagefs/var HTTP/2" 200 54584 "https://www.dienmaychuyennghiep.com/featured_item/portfolio-typography/?path=/var/www/vhosts/dienmaychuyennghiep.com/.cagefs" "Mozilla/5.0 AppleWebKit/537.36 (KHTML, like Gecko; compatible; GPTBot/1.4; +https://openai.com/gptbot)"
74.7.227.12 - - [11/Jun/2026:04:33:43 +0700] "GET /san-pham/may-nen-khi-truc-vit-pegasus-model-tmpm-175hp/ HTTP/2" 200 62308 "https://www.pemco.com.vn/wp-sitemap-posts-product-1.xml" "Mozilla/5.0 AppleWebKit/537.36 (KHTML, like Gecko; compatible; GPTBot/1.4; +https://openai.com/gptbot)"
54.39.89.46 - - [11/Jun/2026:04:33:45 +0700] "GET /products/79164264917 HTTP/2" 200 19519 "-" "Mozilla/5.0 (compatible; AhrefsBot/7.0; +http://ahrefs.com/robot/)"
74.7.243.201 - - [11/Jun/2026:04:33:44 +0700] "GET /featured_item/portfolio-typography/?path=/var/www/vhosts/dienmaychuyennghiep.com/wordpress-backups HTTP/2" 200 54394 "https://www.dienmaychuyennghiep.com/featured_item/portfolio-typography/?path=/var/www/vhosts/dienmaychuyennghiep.com" "Mozilla/5.0 AppleWebKit/537.36 (KHTML, like Gecko; compatible; GPTBot/1.4; +https://openai.com/gptbot)"
52.167.144.218 - - [11/Jun/2026:04:33:46 +0700] "GET /products/35980101970 HTTP/2" 200 19519 "-" "Mozilla/5.0 AppleWebKit/537.36 (KHTML, like Gecko; compatible; bingbot/2.0; +http://www.bing.com/bingbot.htm) Chrome/116.0.1938.76 Safari/537.36"
52.167.144.218 - - [11/Jun/2026:04:33:48 +0700] "GET /products/57933164755 HTTP/2" 200 19756 "-" "Mozilla/5.0 AppleWebKit/537.36 (KHTML, like Gecko; compatible; bingbot/2.0; +http://www.bing.com/bingbot.htm) Chrome/116.0.1938.76 Safari/537.36"
74.7.227.12 - - [11/Jun/2026:04:33:46 +0700] "GET /san-pham/may-cua-kiem-dung-pin-dewalt-dcs312n-kr/ HTTP/2" 200 62724 "https://www.pemco.com.vn/wp-sitemap-posts-product-1.xml" "Mozilla/5.0 AppleWebKit/537.36 (KHTML, like Gecko; compatible; GPTBot/1.4; +https://openai.com/gptbot)"
51.161.37.175 - - [11/Jun/2026:04:33:48 +0700] "GET /products/79164261457 HTTP/2" 200 19519 "-" "Mozilla/5.0 (compatible; AhrefsBot/7.0; +http://ahrefs.com/robot/)"
74.7.243.201 - - [11/Jun/2026:04:33:47 +0700] "GET /featured_item/portfolio-typography/?path=/var/www/vhosts/dienmaychuyennghiep.com/usr/lib HTTP/2" 200 54416 "https://www.dienmaychuyennghiep.com/featured_item/portfolio-typography/?path=/var/www/vhosts/dienmaychuyennghiep.com/usr" "Mozilla/5.0 AppleWebKit/537.36 (KHTML, like Gecko; compatible; GPTBot/1.4; +https://openai.com/gptbot)"
52.167.144.218 - - [11/Jun/2026:04:33:49 +0700] "GET /products/29827197100 HTTP/2" 200 19519 "-" "Mozilla/5.0 AppleWebKit/537.36 (KHTML, like Gecko; compatible; bingbot/2.0; +http://www.bing.com/bingbot.htm) Chrome/116.0.1938.76 Safari/537.36"
47.128.121.59 - - [11/Jun/2026:04:33:51 +0700] "GET /wp-content/uploads/2025/10/Screenshot_15-10-2025_10131_dartek.com_.vn_-247x281.jpeg HTTP/2" 206 500 "https://dienmaychuyennghiep.com/san-pham/may-thoi-bui-dung-pin-dartek-a7-3201/?path=%2Fvar%2Fwww%2Fvhosts" "Mozilla/5.0 (Linux; Android 5.0) AppleWebKit/537.36 (KHTML, like Gecko) Mobile Safari/537.36 (compatible; TikTokSpider; ttspider-feedback@tiktok.com)"
47.128.121.59 - - [11/Jun/2026:04:33:51 +0700] "GET /wp-content/uploads/2025/10/Screenshot_15-10-2025_104457_dartek.vn_-247x296.jpeg HTTP/2" 206 500 "https://dienmaychuyennghiep.com/san-pham/may-thoi-bui-dung-pin-dartek-a7-3201/?path=%2Fvar%2Fwww%2Fvhosts" "Mozilla/5.0 (Linux; Android 5.0) AppleWebKit/537.36 (KHTML, like Gecko) Mobile Safari/537.36 (compatible; TikTokSpider; ttspider-feedback@tiktok.com)"
47.128.121.59 - - [11/Jun/2026:04:33:51 +0700] "GET /wp-content/uploads/2024/07/PAG5812-2-247x296.png HTTP/2" 206 500 "https://dienmaychuyennghiep.com/san-pham/may-thoi-bui-dung-pin-dartek-a7-3201/?path=%2Fvar%2Fwww%2Fvhosts" "Mozilla/5.0 (Linux; Android 5.0) AppleWebKit/537.36 (KHTML, like Gecko) Mobile Safari/537.36 (compatible; TikTokSpider; ttspider-feedback@tiktok.com)"
47.128.121.59 - - [11/Jun/2026:04:33:51 +0700] "GET /wp-content/uploads/2024/07/PAG5812-6-247x296.png HTTP/2" 206 500 "https://dienmaychuyennghiep.com/san-pham/may-thoi-bui-dung-pin-dartek-a7-3201/?path=%2Fvar%2Fwww%2Fvhosts" "Mozilla/5.0 (Linux; Android 5.0) AppleWebKit/537.36 (KHTML, like Gecko) Mobile Safari/537.36 (compatible; TikTokSpider; ttspider-feedback@tiktok.com)"
47.128.121.59 - - [11/Jun/2026:04:33:49 +0700] "GET /san-pham/may-thoi-bui-dung-pin-dartek-a7-3201/?path=%2Fvar%2Fwww%2Fvhosts HTTP/2" 200 61430 "-" "Mozilla/5.0 (Linux; Android 5.0) AppleWebKit/537.36 (KHTML, like Gecko) Mobile Safari/537.36 (compatible; TikTokSpider; ttspider-feedback@tiktok.com)"
74.7.227.12 - - [11/Jun/2026:04:33:49 +0700] "GET /san-pham/may-khoan-van-vit-dung-pin-dewalt-dcd996n-kr/ HTTP/2" 200 62572 "https://www.pemco.com.vn/wp-sitemap-posts-product-1.xml" "Mozilla/5.0 AppleWebKit/537.36 (KHTML, like Gecko; compatible; GPTBot/1.4; +https://openai.com/gptbot)"
74.7.243.201 - - [11/Jun/2026:04:33:50 +0700] "GET /featured_item/portfolio-typography/?path=/var/www/vhosts/dienmaychuyennghiep.com/.composer/cache HTTP/2" 200 54539 "https://www.dienmaychuyennghiep.com/featured_item/portfolio-typography/?path=/var/www/vhosts/dienmaychuyennghiep.com/.composer" "Mozilla/5.0 AppleWebKit/537.36 (KHTML, like Gecko; compatible; GPTBot/1.4; +https://openai.com/gptbot)"
54.39.0.44 - - [11/Jun/2026:04:33:52 +0700] "GET /products/79164247063 HTTP/2" 200 19519 "-" "Mozilla/5.0 (compatible; AhrefsBot/7.0; +http://ahrefs.com/robot/)"
74.7.227.12 - - [11/Jun/2026:04:33:52 +0700] "GET /san-pham/may-khoan-dong-luc-dung-pin-dewalt-dcd806nt-kr/ HTTP/2" 200 62630 "https://www.pemco.com.vn/wp-sitemap-posts-product-1.xml" "Mozilla/5.0 AppleWebKit/537.36 (KHTML, like Gecko; compatible; GPTBot/1.4; +https://openai.com/gptbot)"
74.7.243.201 - - [11/Jun/2026:04:33:53 +0700] "GET /featured_item/portfolio-typography/?path=/var/www/vhosts/dienmaychuyennghiep.com/usr/bin HTTP/2" 200 55441 "https://www.dienmaychuyennghiep.com/featured_item/portfolio-typography/?path=/var/www/vhosts/dienmaychuyennghiep.com/usr" "Mozilla/5.0 AppleWebKit/537.36 (KHTML, like Gecko; compatible; GPTBot/1.4; +https://openai.com/gptbot)"
74.7.227.12 - - [11/Jun/2026:04:33:55 +0700] "GET /?p=6758 HTTP/2" 200 19756 "https://www.pemco.com.vn/san-pham/may-cat-plasma-hong-ky-master-hkcut100/" "Mozilla/5.0 AppleWebKit/537.36 (KHTML, like Gecko; compatible; GPTBot/1.4; +https://openai.com/gptbot)"
114.119.151.0 - - [11/Jun/2026:04:33:55 +0700] "GET /san-pham/may-cha-tuong-ksf02-180/?path=/var/www HTTP/1.1" 200 61167 "https://www.pemco.vn/san-pham/may-cha-tuong-ksf02-180/" "Mozilla/5.0 (Linux; Android 7.0;) AppleWebKit/537.36 (HTML, like Gecko) Mobile Safari/537.36 (compatible; PetalBot;+https://webmaster.petalsearch.com/site/petalbot)"
54.39.89.36 - - [11/Jun/2026:04:33:57 +0700] "GET /products/79164245210 HTTP/2" 200 19519 "-" "Mozilla/5.0 (compatible; AhrefsBot/7.0; +http://ahrefs.com/robot/)"
74.7.227.12 - - [11/Jun/2026:04:33:56 +0700] "GET /?p=2539 HTTP/2" 200 19519 "https://www.pemco.com.vn/san-pham/may-khoan-dong-luc-bosch-gsb-600-kem-bo-hop-cong-cu/" "Mozilla/5.0 AppleWebKit/537.36 (KHTML, like Gecko; compatible; GPTBot/1.4; +https://openai.com/gptbot)"
74.7.243.201 - - [11/Jun/2026:04:33:56 +0700] "GET /featured_item/portfolio-typography/?path=/var/www/vhosts/dienmaychuyennghiep.com/usr/libexec HTTP/2" 200 54508 "https://www.dienmaychuyennghiep.com/featured_item/portfolio-typography/?path=/var/www/vhosts/dienmaychuyennghiep.com/usr" "Mozilla/5.0 AppleWebKit/537.36 (KHTML, like Gecko; compatible; GPTBot/1.4; +https://openai.com/gptbot)"
74.7.227.12 - - [11/Jun/2026:04:33:58 +0700] "GET /?p=4367 HTTP/2" 200 19519 "https://www.pemco.com.vn/san-pham/may-mai-goc-makita-ga5093x01-co-dieu-toc/" "Mozilla/5.0 AppleWebKit/537.36 (KHTML, like Gecko; compatible; GPTBot/1.4; +https://openai.com/gptbot)"
74.7.227.12 - - [11/Jun/2026:04:34:00 +0700] "GET /?p=5122 HTTP/2" 200 19519 "https://www.pemco.com.vn/san-pham/may-cua-dia-bosch-gks-235-turbo-kem-phu-kien/" "Mozilla/5.0 AppleWebKit/537.36 (KHTML, like Gecko; compatible; GPTBot/1.4; +https://openai.com/gptbot)"
74.7.243.201 - - [11/Jun/2026:04:33:59 +0700] "GET /san-pham/patient-ninja/?path=/var/www/vhosts/dienmaychuyennghiep.com/tmp HTTP/2" 200 58676 "https://www.dienmaychuyennghiep.com/san-pham/patient-ninja/?path=/var/www/vhosts/dienmaychuyennghiep.com" "Mozilla/5.0 AppleWebKit/537.36 (KHTML, like Gecko; compatible; GPTBot/1.4; +https://openai.com/gptbot)"
74.7.227.12 - - [11/Jun/2026:04:34:02 +0700] "GET /?p=8555 HTTP/2" 200 19756 "https://www.pemco.com.vn/san-pham/may-khoan-bulong-dung-pin-dewalt-dch133n-kr/" "Mozilla/5.0 AppleWebKit/537.36 (KHTML, like Gecko; compatible; GPTBot/1.4; +https://openai.com/gptbot)"
54.39.0.127 - - [11/Jun/2026:04:34:02 +0700] "GET /products/79164243846 HTTP/2" 200 19519 "-" "Mozilla/5.0 (compatible; AhrefsBot/7.0; +http://ahrefs.com/robot/)"
74.7.227.12 - - [11/Jun/2026:04:34:04 +0700] "GET /?p=8315 HTTP/2" 200 19519 "https://www.pemco.com.vn/san-pham/may-nen-khi-truc-vit-pegasus-model-tmpm-150hp/" "Mozilla/5.0 AppleWebKit/537.36 (KHTML, like Gecko; compatible; GPTBot/1.4; +https://openai.com/gptbot)"
74.7.243.201 - - [11/Jun/2026:04:34:02 +0700] "GET /san-pham/patient-ninja/?path=/var/www/vhosts/dienmaychuyennghiep.com/etc HTTP/2" 200 58954 "https://www.dienmaychuyennghiep.com/san-pham/patient-ninja/?path=/var/www/vhosts/dienmaychuyennghiep.com" "Mozilla/5.0 AppleWebKit/537.36 (KHTML, like Gecko; compatible; GPTBot/1.4; +https://openai.com/gptbot)"
54.39.210.95 - - [11/Jun/2026:04:34:06 +0700] "GET /products/79164232238 HTTP/2" 200 19519 "-" "Mozilla/5.0 (compatible; AhrefsBot/7.0; +http://ahrefs.com/robot/)"
74.7.227.12 - - [11/Jun/2026:04:34:05 +0700] "GET /?p=8573 HTTP/2" 200 19500 "https://www.pemco.com.vn/san-pham/may-khoan-be-tong-dung-pin-dewalt-dch072n-kr/" "Mozilla/5.0 AppleWebKit/537.36 (KHTML, like Gecko; compatible; GPTBot/1.4; +https://openai.com/gptbot)"
74.7.243.201 - - [11/Jun/2026:04:34:06 +0700] "GET /san-pham/patient-ninja/?path=/var/www/vhosts/dienmaychuyennghiep.com/bin HTTP/2" 200 59952 "https://www.dienmaychuyennghiep.com/san-pham/patient-ninja/?path=/var/www/vhosts/dienmaychuyennghiep.com" "Mozilla/5.0 AppleWebKit/537.36 (KHTML, like Gecko; compatible; GPTBot/1.4; +https://openai.com/gptbot)"
74.7.227.12 - - [11/Jun/2026:04:34:07 +0700] "GET /?p=8318 HTTP/2" 200 19519 "https://www.pemco.com.vn/san-pham/may-nen-khi-truc-vit-pegasus-model-tmpm-175hp/" "Mozilla/5.0 AppleWebKit/537.36 (KHTML, like Gecko; compatible; GPTBot/1.4; +https://openai.com/gptbot)"
74.7.227.12 - - [11/Jun/2026:04:34:08 +0700] "GET /?p=8581 HTTP/2" 200 19519 "https://www.pemco.com.vn/san-pham/may-cua-kiem-dung-pin-dewalt-dcs312n-kr/" "Mozilla/5.0 AppleWebKit/537.36 (KHTML, like Gecko; compatible; GPTBot/1.4; +https://openai.com/gptbot)"
74.7.243.201 - - [11/Jun/2026:04:34:08 +0700] "GET /featured_item/portfolio-typography/?path=/var/www/vhosts/dienmaychuyennghiep.com/var/tmp HTTP/2" 200 54404 "https://www.dienmaychuyennghiep.com/featured_item/portfolio-typography/?path=/var/www/vhosts/dienmaychuyennghiep.com/var" "Mozilla/5.0 AppleWebKit/537.36 (KHTML, like Gecko; compatible; GPTBot/1.4; +https://openai.com/gptbot)"
74.7.227.12 - - [11/Jun/2026:04:34:10 +0700] "GET /?p=8469 HTTP/2" 200 19519 "https://www.pemco.com.vn/san-pham/may-khoan-van-vit-dung-pin-dewalt-dcd996n-kr/" "Mozilla/5.0 AppleWebKit/537.36 (KHTML, like Gecko; compatible; GPTBot/1.4; +https://openai.com/gptbot)"
54.39.203.122 - - [11/Jun/2026:04:34:11 +0700] "GET /products/79164216698 HTTP/2" 200 19519 "-" "Mozilla/5.0 (compatible; AhrefsBot/7.0; +http://ahrefs.com/robot/)"
74.7.227.12 - - [11/Jun/2026:04:34:12 +0700] "GET /?p=8467 HTTP/2" 200 19519 "https://www.pemco.com.vn/san-pham/may-khoan-dong-luc-dung-pin-dewalt-dcd806nt-kr/" "Mozilla/5.0 AppleWebKit/537.36 (KHTML, like Gecko; compatible; GPTBot/1.4; +https://openai.com/gptbot)"
74.7.227.12 - - [11/Jun/2026:04:34:13 +0700] "GET /wp-content/uploads/2025/10/may-khoan-dong-luc-dung-pin-20v-dewalt-dcd806nt-g1-510x383.jpg HTTP/2" 200 34343 "https://www.pemco.com.vn/san-pham/may-khoan-dong-luc-dung-pin-dewalt-dcd806nt-kr/" "Mozilla/5.0 AppleWebKit/537.36 (KHTML, like Gecko; compatible; GPTBot/1.4; +https://openai.com/gptbot)"
74.7.243.201 - - [11/Jun/2026:04:34:11 +0700] "GET /san-pham/patient-ninja/?path=/var/www/vhosts/dienmaychuyennghiep.com/var HTTP/2" 200 58842 "https://www.dienmaychuyennghiep.com/san-pham/patient-ninja/?path=/var/www/vhosts/dienmaychuyennghiep.com" "Mozilla/5.0 AppleWebKit/537.36 (KHTML, like Gecko; compatible; GPTBot/1.4; +https://openai.com/gptbot)"
74.7.227.12 - - [11/Jun/2026:04:34:14 +0700] "GET /wp-content/uploads/2025/09/may-nen-khi-truc-vit-bien-tan-pegasus-150hp-110kw-model-tmbt-150a.jpg HTTP/2" 200 39796 "https://www.pemco.com.vn/san-pham/may-nen-khi-truc-vit-pegasus-model-tmpm-150hp/" "Mozilla/5.0 AppleWebKit/537.36 (KHTML, like Gecko; compatible; GPTBot/1.4; +https://openai.com/gptbot)"
74.7.227.12 - - [11/Jun/2026:04:34:14 +0700] "GET /wp-content/uploads/2025/10/may-khoan-dong-luc-dung-pin-20v-dewalt-dcd806nt-g1.jpg HTTP/2" 200 60728 "https://www.pemco.com.vn/san-pham/may-khoan-dong-luc-dung-pin-dewalt-dcd806nt-kr/" "Mozilla/5.0 AppleWebKit/537.36 (KHTML, like Gecko; compatible; GPTBot/1.4; +https://openai.com/gptbot)"
74.7.227.12 - - [11/Jun/2026:04:34:15 +0700] "GET /wp-content/uploads/2025/10/may-khoan-pin-dong-luc-dewalt-dcd996p2-1639151245-100x100.jpg HTTP/2" 200 14511 "https://www.pemco.com.vn/san-pham/may-khoan-van-vit-dung-pin-dewalt-dcd996n-kr/" "Mozilla/5.0 AppleWebKit/537.36 (KHTML, like Gecko; compatible; GPTBot/1.4; +https://openai.com/gptbot)"
74.7.227.12 - - [11/Jun/2026:04:34:15 +0700] "GET /wp-content/uploads/2025/09/may-nen-khi-truc-vit-bien-tan-pegasus-150hp-110kw-model-tmbt-150a-510x510.jpg HTTP/2" 200 22323 "https://www.pemco.com.vn/san-pham/may-nen-khi-truc-vit-pegasus-model-tmpm-150hp/" "Mozilla/5.0 AppleWebKit/537.36 (KHTML, like Gecko; compatible; GPTBot/1.4; +https://openai.com/gptbot)"
74.7.243.201 - - [11/Jun/2026:04:34:14 +0700] "GET /featured_item/portfolio-typography/?path=/var/www/vhosts/dienmaychuyennghiep.com/.cagefs/var/php HTTP/2" 200 54462 "https://www.dienmaychuyennghiep.com/featured_item/portfolio-typography/?path=/var/www/vhosts/dienmaychuyennghiep.com/.cagefs/var" "Mozilla/5.0 AppleWebKit/537.36 (KHTML, like Gecko; compatible; GPTBot/1.4; +https://openai.com/gptbot)"
74.7.227.12 - - [11/Jun/2026:04:34:16 +0700] "GET /wp-content/uploads/2025/10/May-dam-coc-Mikasa-MT-55H2-247x296.png HTTP/2" 200 24267 "https://www.pemco.com.vn/san-pham/may-cua-dia-bosch-gks-235-turbo-kem-phu-kien/" "Mozilla/5.0 AppleWebKit/537.36 (KHTML, like Gecko; compatible; GPTBot/1.4; +https://openai.com/gptbot)"
74.7.227.12 - - [11/Jun/2026:04:34:16 +0700] "GET /wp-content/uploads/2025/09/Chua-co-ten-1080-x-1080-px-79-510x510.png HTTP/2" 200 44973 "https://www.pemco.com.vn/san-pham/may-nen-khi-truc-vit-pegasus-model-tmpm-175hp/" "Mozilla/5.0 AppleWebKit/537.36 (KHTML, like Gecko; compatible; GPTBot/1.4; +https://openai.com/gptbot)"
74.7.227.12 - - [11/Jun/2026:04:34:17 +0700] "GET /wp-content/uploads/2025/09/Chua-co-ten-1080-x-1080-px-79.png HTTP/2" 200 444371 "https://www.pemco.com.vn/san-pham/may-nen-khi-truc-vit-pegasus-model-tmpm-175hp/" "Mozilla/5.0 AppleWebKit/537.36 (KHTML, like Gecko; compatible; GPTBot/1.4; +https://openai.com/gptbot)"
74.7.243.201 - - [11/Jun/2026:04:34:16 +0700] "GET /featured_item/portfolio-typography/?path=/var/www/vhosts/dienmaychuyennghiep.com/.cagefs/var/cache HTTP/2" 200 54533 "https://www.dienmaychuyennghiep.com/featured_item/portfolio-typography/?path=/var/www/vhosts/dienmaychuyennghiep.com/.cagefs/var" "Mozilla/5.0 AppleWebKit/537.36 (KHTML, like Gecko; compatible; GPTBot/1.4; +https://openai.com/gptbot)"
167.114.139.127 - - [11/Jun/2026:04:34:17 +0700] "GET /products/7916421179 HTTP/2" 200 19756 "-" "Mozilla/5.0 (compatible; AhrefsBot/7.0; +http://ahrefs.com/robot/)"
74.7.227.12 - - [11/Jun/2026:04:34:18 +0700] "GET /wp-content/uploads/2025/10/DCD996NKR.png HTTP/2" 200 231771 "https://www.pemco.com.vn/san-pham/may-khoan-van-vit-dung-pin-dewalt-dcd996n-kr/" "Mozilla/5.0 AppleWebKit/537.36 (KHTML, like Gecko; compatible; GPTBot/1.4; +https://openai.com/gptbot)"
74.7.227.12 - - [11/Jun/2026:04:34:20 +0700] "GET /wp-content/uploads/2025/07/PLASMA-CUT50T-1000x800-1-100x100.png HTTP/2" 200 5838 "https://www.pemco.com.vn/san-pham/may-cat-plasma-hong-ky-master-hkcut100/" "Mozilla/5.0 AppleWebKit/537.36 (KHTML, like Gecko; compatible; GPTBot/1.4; +https://openai.com/gptbot)"
103.138.88.26 - - [11/Jun/2026:04:34:22 +0700] "POST /wp-cron.php?doing_wp_cron=1781127262.0745229721069335937500 HTTP/1.1" 200 474 "-" "WordPress/7.0; https://www.dienmaychuyennghiep.com"
74.7.243.201 - - [11/Jun/2026:04:34:19 +0700] "GET /featured_item/portfolio-typography/?path=/var/www/vhosts/dienmaychuyennghiep.com/.cagefs/var/spool HTTP/2" 200 54538 "https://www.dienmaychuyennghiep.com/featured_item/portfolio-typography/?path=/var/www/vhosts/dienmaychuyennghiep.com/.cagefs/var" "Mozilla/5.0 AppleWebKit/537.36 (KHTML, like Gecko; compatible; GPTBot/1.4; +https://openai.com/gptbot)"
167.114.139.81 - - [11/Jun/2026:04:34:21 +0700] "GET /products/79164210760 HTTP/2" 200 19756 "-" "Mozilla/5.0 (compatible; AhrefsBot/7.0; +http://ahrefs.com/robot/)"
216.73.216.144 - - [11/Jun/2026:04:34:22 +0700] "GET /wp-sitemap.xml?filesrc=%2Fvar%2Fwww%2Fvhosts%2Fdienmaychuyennghiep.com%2Fhttpdocs%2Fwp-content%2Fuploads%2F2025%2F07%2FHK160A-3-247x296.webp&path=%2Fvar%2Fwww%2Fvhosts%2Fdienmaychuyennghiep.com%2Fhttpdocs%2Fwp-content%2Fuploads%2F2025%2F07 HTTP/2" 200 24322 "-" "Mozilla/5.0 AppleWebKit/537.36 (KHTML, like Gecko; compatible; ClaudeBot/1.0; +claudebot@anthropic.com)"
216.73.216.144 - - [11/Jun/2026:04:34:22 +0700] "GET /wp-sitemap.xml?filesrc=%2Fvar%2Fwww%2Fvhosts%2Fdienmaychuyennghiep.com%2Fhttpdocs%2Fwp-content%2Fuploads%2F2025%2F07%2FHK120A-2-1536x995.webp&path=%2Fvar%2Fwww%2Fvhosts%2Fdienmaychuyennghiep.com%2Fhttpdocs%2Fwp-content%2Fuploads%2F2025%2F07 HTTP/2" 200 53697 "-" "Mozilla/5.0 AppleWebKit/537.36 (KHTML, like Gecko; compatible; ClaudeBot/1.0; +claudebot@anthropic.com)"
216.73.216.144 - - [11/Jun/2026:04:34:22 +0700] "GET /wp-sitemap.xml?filesrc=%2Fvar%2Fwww%2Fvhosts%2Fdienmaychuyennghiep.com%2Fhttpdocs%2Fwp-content%2Fuploads%2F2025%2F07%2FHK120A-3-247x296.webp&path=%2Fvar%2Fwww%2Fvhosts%2Fdienmaychuyennghiep.com%2Fhttpdocs%2Fwp-content%2Fuploads%2F2025%2F07 HTTP/2" 200 24277 "-" "Mozilla/5.0 AppleWebKit/537.36 (KHTML, like Gecko; compatible; ClaudeBot/1.0; +claudebot@anthropic.com)"
216.73.216.144 - - [11/Jun/2026:04:34:22 +0700] "GET /wp-sitemap.xml?filesrc=%2Fvar%2Fwww%2Fvhosts%2Fdienmaychuyennghiep.com%2Fhttpdocs%2Fwp-content%2Fuploads%2F2025%2F07%2FHK250Z-1-247x296.webp&path=%2Fvar%2Fwww%2Fvhosts%2Fdienmaychuyennghiep.com%2Fhttpdocs%2Fwp-content%2Fuploads%2F2025%2F07 HTTP/2" 200 26194 "-" "Mozilla/5.0 AppleWebKit/537.36 (KHTML, like Gecko; compatible; ClaudeBot/1.0; +claudebot@anthropic.com)"
216.73.216.144 - - [11/Jun/2026:04:34:22 +0700] "GET /wp-sitemap.xml?filesrc=%2Fvar%2Fwww%2Fvhosts%2Fdienmaychuyennghiep.com%2Fhttpdocs%2Fwp-content%2Fuploads%2F2025%2F09%2FDWD024-800x800.jpg&path=%2Fvar%2Fwww%2Fvhosts%2Fdienmaychuyennghiep.com%2Fhttpdocs%2Fwp-content%2Fuploads%2F2025%2F09 HTTP/2" 200 362679 "-" "Mozilla/5.0 AppleWebKit/537.36 (KHTML, like Gecko; compatible; ClaudeBot/1.0; +claudebot@anthropic.com)"
103.138.88.26 - - [11/Jun/2026:04:34:27 +0700] "POST /wp-cron.php?doing_wp_cron=1781127267.0392329692840576171875 HTTP/1.1" 200 474 "-" "WordPress/7.0; https://www.pemco.com.vn"
74.7.227.12 - - [11/Jun/2026:04:34:20 +0700] "GET /san-pham/may-han-ho-quang-chim-hong-ky-master-hksub500/ HTTP/2" 200 63776 "https://www.pemco.com.vn/wp-sitemap-posts-product-1.xml" "Mozilla/5.0 AppleWebKit/537.36 (KHTML, like Gecko; compatible; GPTBot/1.4; +https://openai.com/gptbot)"
216.73.216.144 - - [11/Jun/2026:04:34:22 +0700] "GET /wp-sitemap.xml?filesrc=%2Fvar%2Fwww%2Fvhosts%2Fdienmaychuyennghiep.com%2Fhttpdocs%2Fwp-content%2Fuploads%2F2025%2F07%2FHK250Z-2-2048x1327.webp&path=%2Fvar%2Fwww%2Fvhosts%2Fdienmaychuyennghiep.com%2Fhttpdocs%2Fwp-content%2Fuploads%2F2025%2F07 HTTP/2" 200 64613 "-" "Mozilla/5.0 AppleWebKit/537.36 (KHTML, like Gecko; compatible; ClaudeBot/1.0; +claudebot@anthropic.com)"
216.73.216.144 - - [11/Jun/2026:04:34:22 +0700] "GET /wp-sitemap.xml?filesrc=%2Fvar%2Fwww%2Fvhosts%2Fdienmaychuyennghiep.com%2Fhttpdocs%2Fwp-content%2Fuploads%2F2025%2F07%2FHKMIG350-4-247x296.webp&path=%2Fvar%2Fwww%2Fvhosts%2Fdienmaychuyennghiep.com%2Fhttpdocs%2Fwp-content%2Fuploads%2F2025%2F07 HTTP/2" 200 24909 "-" "Mozilla/5.0 AppleWebKit/537.36 (KHTML, like Gecko; compatible; ClaudeBot/1.0; +claudebot@anthropic.com)"
216.73.216.144 - - [11/Jun/2026:04:34:22 +0700] "GET /wp-sitemap.xml?filesrc=%2Fvar%2Fwww%2Fvhosts%2Fdienmaychuyennghiep.com%2Fhttpdocs%2Fwp-content%2Fuploads%2F2025%2F09%2FDWS780-100x100.jpg&path=%2Fvar%2Fwww%2Fvhosts%2Fdienmaychuyennghiep.com%2Fhttpdocs%2Fwp-content%2Fuploads%2F2025%2F09 HTTP/2" 200 21289 "-" "Mozilla/5.0 AppleWebKit/537.36 (KHTML, like Gecko; compatible; ClaudeBot/1.0; +claudebot@anthropic.com)"
216.73.216.144 - - [11/Jun/2026:04:34:22 +0700] "GET /wp-sitemap.xml?filesrc=%2Fvar%2Fwww%2Fvhosts%2Fdienmaychuyennghiep.com%2Fusr%2Flib64%2Flibbz2.so.1&path=%2Fvar%2Fwww%2Fvhosts%2Fdienmaychuyennghiep.com%2Fusr%2Flib64 HTTP/2" 200 47577 "-" "Mozilla/5.0 AppleWebKit/537.36 (KHTML, like Gecko; compatible; ClaudeBot/1.0; +claudebot@anthropic.com)"
216.73.216.144 - - [11/Jun/2026:04:34:22 +0700] "GET /wp-sitemap.xml?filesrc=%2Fvar%2Fwww%2Fvhosts%2Fdienmaychuyennghiep.com%2Fhttpdocs%2Fwp-content%2Fuploads%2F2025%2F07%2FHKM1250E-2-247x296.webp&path=%2Fvar%2Fwww%2Fvhosts%2Fdienmaychuyennghiep.com%2Fhttpdocs%2Fwp-content%2Fuploads%2F2025%2F07 HTTP/2" 200 26372 "-" "Mozilla/5.0 AppleWebKit/537.36 (KHTML, like Gecko; compatible; ClaudeBot/1.0; +claudebot@anthropic.com)"
216.73.216.144 - - [11/Jun/2026:04:34:22 +0700] "GET /wp-sitemap.xml?filesrc=%2Fvar%2Fwww%2Fvhosts%2Fdienmaychuyennghiep.com%2Fhttpdocs%2Fwp-content%2Fuploads%2F2025%2F09%2FD26411-100x100.png&path=%2Fvar%2Fwww%2Fvhosts%2Fdienmaychuyennghiep.com%2Fhttpdocs%2Fwp-content%2Fuploads%2F2025%2F09 HTTP/2" 200 22475 "-" "Mozilla/5.0 AppleWebKit/537.36 (KHTML, like Gecko; compatible; ClaudeBot/1.0; +claudebot@anthropic.com)"
216.73.216.144 - - [11/Jun/2026:04:34:27 +0700] "GET /wp-sitemap.xml?filesrc=%2Fvar%2Fwww%2Fvhosts%2Fdienmaychuyennghiep.com%2Fusr%2Flib64%2Flibk5crypto.so.3&path=%2Fvar%2Fwww%2Fvhosts%2Fdienmaychuyennghiep.com%2Fusr%2Flib64 HTTP/2" 200 54474 "-" "Mozilla/5.0 AppleWebKit/537.36 (KHTML, like Gecko; compatible; ClaudeBot/1.0; +claudebot@anthropic.com)"
51.222.95.253 - - [11/Jun/2026:04:34:27 +0700] "GET /products/79164210270 HTTP/2" 200 19743 "-" "Mozilla/5.0 (compatible; AhrefsBot/7.0; +http://ahrefs.com/robot/)"
216.73.216.144 - - [11/Jun/2026:04:34:27 +0700] "GET /wp-sitemap.xml?filesrc=%2Fvar%2Fwww%2Fvhosts%2Fdienmaychuyennghiep.com%2Fhttpdocs%2Fwp-content%2Fuploads%2F2025%2F07%2FHK200A-4-617x400.webp&path=%2Fvar%2Fwww%2Fvhosts%2Fdienmaychuyennghiep.com%2Fhttpdocs%2Fwp-content%2Fuploads%2F2025%2F07 HTTP/2" 200 28298 "-" "Mozilla/5.0 AppleWebKit/537.36 (KHTML, like Gecko; compatible; ClaudeBot/1.0; +claudebot@anthropic.com)"
74.7.243.201 - - [11/Jun/2026:04:34:22 +0700] "GET /featured_item/portfolio-typography/?path=/var/www/vhosts/dienmaychuyennghiep.com/.composer/cache/files HTTP/2" 200 54432 "https://www.dienmaychuyennghiep.com/featured_item/portfolio-typography/?path=/var/www/vhosts/dienmaychuyennghiep.com/.composer/cache" "Mozilla/5.0 AppleWebKit/537.36 (KHTML, like Gecko; compatible; GPTBot/1.4; +https://openai.com/gptbot)"
74.7.227.12 - - [11/Jun/2026:04:34:27 +0700] "GET /san-pham/may-thoi-hoi-nong-dung-pin-dewalt-dce530-kr/ HTTP/2" 200 63191 "https://www.pemco.com.vn/wp-sitemap-posts-product-1.xml" "Mozilla/5.0 AppleWebKit/537.36 (KHTML, like Gecko; compatible; GPTBot/1.4; +https://openai.com/gptbot)"
74.7.243.201 - - [11/Jun/2026:04:34:31 +0700] "GET /featured_item/portfolio-typography/?filesrc=/var/www/vhosts/dienmaychuyennghiep.com/usr/bin/tar&path=/var/www/vhosts/dienmaychuyennghiep.com/usr/bin HTTP/2" 200 251891 "https://www.dienmaychuyennghiep.com/featured_item/portfolio-typography/?path=/var/www/vhosts/dienmaychuyennghiep.com/usr/bin" "Mozilla/5.0 AppleWebKit/537.36 (KHTML, like Gecko; compatible; GPTBot/1.4; +https://openai.com/gptbot)"
74.7.227.12 - - [11/Jun/2026:04:34:32 +0700] "GET /san-pham/may-khoan-be-tong-dung-pin-dewalt-dch172n-kr/ HTTP/2" 200 63137 "https://www.pemco.com.vn/wp-sitemap-posts-product-1.xml" "Mozilla/5.0 AppleWebKit/537.36 (KHTML, like Gecko; compatible; GPTBot/1.4; +https://openai.com/gptbot)"
74.7.243.201 - - [11/Jun/2026:04:34:33 +0700] "GET /featured_item/portfolio-typography/?path=/var/www/vhosts/dienmaychuyennghiep.com/usr/libexec/openssh HTTP/2" 200 54491 "https://www.dienmaychuyennghiep.com/featured_item/portfolio-typography/?path=/var/www/vhosts/dienmaychuyennghiep.com/usr/libexec" "Mozilla/5.0 AppleWebKit/537.36 (KHTML, like Gecko; compatible; GPTBot/1.4; +https://openai.com/gptbot)"
51.222.168.174 - - [11/Jun/2026:04:34:34 +0700] "GET /products/79164209228 HTTP/2" 200 19519 "-" "Mozilla/5.0 (compatible; AhrefsBot/7.0; +http://ahrefs.com/robot/)"
74.7.227.12 - - [11/Jun/2026:04:34:35 +0700] "GET /thanh-toan/ HTTP/2" 200 48927 "https://www.pemco.com.vn/featured_item/flat-t-shirt-company/" "Mozilla/5.0 AppleWebKit/537.36 (KHTML, like Gecko; compatible; GPTBot/1.4; +https://openai.com/gptbot)"
74.7.243.201 - - [11/Jun/2026:04:34:35 +0700] "GET /san-pham/patient-ninja/?path=/var/www/vhosts/dienmaychuyennghiep.com/.ssh HTTP/2" 200 58850 "https://www.dienmaychuyennghiep.com/san-pham/patient-ninja/?path=/var/www/vhosts/dienmaychuyennghiep.com" "Mozilla/5.0 AppleWebKit/537.36 (KHTML, like Gecko; compatible; GPTBot/1.4; +https://openai.com/gptbot)"
74.7.227.12 - - [11/Jun/2026:04:34:37 +0700] "GET /san-pham/xe-day-hang-2-banh-black-and-decker-h305/ HTTP/2" 200 62106 "https://www.pemco.com.vn/wp-sitemap-posts-product-1.xml" "Mozilla/5.0 AppleWebKit/537.36 (KHTML, like Gecko; compatible; GPTBot/1.4; +https://openai.com/gptbot)"
74.7.243.201 - - [11/Jun/2026:04:34:38 +0700] "GET /san-pham/may-cat-nhom-ajx03-255/?path=/var/www HTTP/2" 200 61076 "https://www.dienmaychuyennghiep.com/san-pham/may-cat-nhom-ajx03-255/" "Mozilla/5.0 AppleWebKit/537.36 (KHTML, like Gecko; compatible; GPTBot/1.4; +https://openai.com/gptbot)"
51.161.65.169 - - [11/Jun/2026:04:34:39 +0700] "GET /san-pham/xe-day-hang-4-banh-black-and-decker-h303/feed/ HTTP/2" 200 19756 "-" "Mozilla/5.0 (compatible; AhrefsBot/7.0; +http://ahrefs.com/robot/)"
74.7.227.12 - - [11/Jun/2026:04:34:39 +0700] "GET /tu-khoa-san-pham/may-khoan-bua-dung-pin/ HTTP/2" 200 57072 "https://www.pemco.com.vn/wp-sitemap-taxonomies-product_tag-1.xml" "Mozilla/5.0 AppleWebKit/537.36 (KHTML, like Gecko; compatible; GPTBot/1.4; +https://openai.com/gptbot)"
74.7.243.201 - - [11/Jun/2026:04:34:41 +0700] "GET /san-pham/patient-ninja/?filesrc=/var/www/vhosts/dienmaychuyennghiep.com/bin/cat&path=/var/www/vhosts/dienmaychuyennghiep.com/bin HTTP/2" 200 74607 "https://www.dienmaychuyennghiep.com/san-pham/patient-ninja/?path=/var/www/vhosts/dienmaychuyennghiep.com/bin" "Mozilla/5.0 AppleWebKit/537.36 (KHTML, like Gecko; compatible; GPTBot/1.4; +https://openai.com/gptbot)"
51.222.168.106 - - [11/Jun/2026:04:34:41 +0700] "GET /products/79164206461 HTTP/2" 200 19519 "-" "Mozilla/5.0 (compatible; AhrefsBot/7.0; +http://ahrefs.com/robot/)"
74.7.227.12 - - [11/Jun/2026:04:34:42 +0700] "GET /san-pham/may-van-bu-long-dong-luc-dung-pin-dewalt-dcf902d2-kr/ HTTP/2" 200 63002 "https://www.pemco.com.vn/wp-sitemap-posts-product-1.xml" "Mozilla/5.0 AppleWebKit/537.36 (KHTML, like Gecko; compatible; GPTBot/1.4; +https://openai.com/gptbot)"
74.7.243.201 - - [11/Jun/2026:04:34:43 +0700] "GET /san-pham/may-mai-goc-asm13-100b/?path=/var/www HTTP/2" 200 61645 "https://www.dienmaychuyennghiep.com/san-pham/may-mai-goc-asm13-100b/" "Mozilla/5.0 AppleWebKit/537.36 (KHTML, like Gecko; compatible; GPTBot/1.4; +https://openai.com/gptbot)"
74.7.227.12 - - [11/Jun/2026:04:34:44 +0700] "GET /san-pham/xe-day-hang-2-banh-black-and-decker-h302/ HTTP/2" 200 62351 "https://www.pemco.com.vn/wp-sitemap-posts-product-1.xml" "Mozilla/5.0 AppleWebKit/537.36 (KHTML, like Gecko; compatible; GPTBot/1.4; +https://openai.com/gptbot)"
43.153.85.46 - - [11/Jun/2026:04:34:46 +0700] "GET /?path=/var/www/vhosts/dienmaychuyennghiep.com/httpdocs/wp-admin HTTP/1.1" 200 23419 "-" "Mozilla/5.0 (iPhone; CPU iPhone OS 13_2_3 like Mac OS X) AppleWebKit/605.1.15 (KHTML, like Gecko) Version/13.0.3 Mobile/15E148 Safari/604.1"
74.7.243.201 - - [11/Jun/2026:04:34:45 +0700] "GET /san-pham/patient-ninja/?path=/var/www/vhosts/dienmaychuyennghiep.com/var/tmp HTTP/2" 200 58628 "https://www.dienmaychuyennghiep.com/san-pham/patient-ninja/?path=/var/www/vhosts/dienmaychuyennghiep.com/var" "Mozilla/5.0 AppleWebKit/537.36 (KHTML, like Gecko; compatible; GPTBot/1.4; +https://openai.com/gptbot)"
74.7.227.12 - - [11/Jun/2026:04:34:46 +0700] "GET /san-pham/xe-day-hang-4-banh-black-and-decker-h303/ HTTP/2" 200 62336 "https://www.pemco.com.vn/wp-sitemap-posts-product-1.xml" "Mozilla/5.0 AppleWebKit/537.36 (KHTML, like Gecko; compatible; GPTBot/1.4; +https://openai.com/gptbot)"
54.39.89.123 - - [11/Jun/2026:04:34:47 +0700] "GET /products/79164205349 HTTP/2" 200 19756 "-" "Mozilla/5.0 (compatible; AhrefsBot/7.0; +http://ahrefs.com/robot/)"
74.7.243.201 - - [11/Jun/2026:04:34:47 +0700] "GET /featured_item/portfolio-typography/?path=/var/www/vhosts/dienmaychuyennghiep.com/.cagefs/var/php/apm HTTP/2" 200 54493 "https://www.dienmaychuyennghiep.com/featured_item/portfolio-typography/?path=/var/www/vhosts/dienmaychuyennghiep.com/.cagefs/var/php" "Mozilla/5.0 AppleWebKit/537.36 (KHTML, like Gecko; compatible; GPTBot/1.4; +https://openai.com/gptbot)"
74.7.227.12 - - [11/Jun/2026:04:34:49 +0700] "GET /san-pham/may-han-mig-dau-roi-model-nb270df-j443-jasic/ HTTP/2" 200 64224 "https://www.pemco.com.vn/wp-sitemap-posts-product-1.xml" "Mozilla/5.0 AppleWebKit/537.36 (KHTML, like Gecko; compatible; GPTBot/1.4; +https://openai.com/gptbot)"
216.73.216.144 - - [11/Jun/2026:04:34:50 +0700] "GET /wp-sitemap.xml?filesrc=%2Fvar%2Fwww%2Fvhosts%2Fdienmaychuyennghiep.com%2Fhttpdocs%2Fwp-content%2Fuploads%2F2025%2F07%2FHK120A-3-768x768.webp&path=%2Fvar%2Fwww%2Fvhosts%2Fdienmaychuyennghiep.com%2Fhttpdocs%2Fwp-content%2Fuploads%2F2025%2F07 HTTP/2" 200 40692 "-" "Mozilla/5.0 AppleWebKit/537.36 (KHTML, like Gecko; compatible; ClaudeBot/1.0; +claudebot@anthropic.com)"
216.73.216.144 - - [11/Jun/2026:04:34:50 +0700] "GET /wp-sitemap.xml?filesrc=%2Fvar%2Fwww%2Fvhosts%2Fdienmaychuyennghiep.com%2Fhttpdocs%2Fwp-content%2Fuploads%2F2025%2F10%2FPC517-100x100.png&path=%2Fvar%2Fwww%2Fvhosts%2Fdienmaychuyennghiep.com%2Fhttpdocs%2Fwp-content%2Fuploads%2F2025%2F10 HTTP/2" 200 21378 "-" "Mozilla/5.0 AppleWebKit/537.36 (KHTML, like Gecko; compatible; ClaudeBot/1.0; +claudebot@anthropic.com)"
216.73.216.144 - - [11/Jun/2026:04:34:50 +0700] "GET /wp-sitemap.xml?filesrc=%2Fvar%2Fwww%2Fvhosts%2Fdienmaychuyennghiep.com%2Fhttpdocs%2Fwp-content%2Fuploads%2F2025%2F07%2FHK215A-3-400x400.webp&path=%2Fvar%2Fwww%2Fvhosts%2Fdienmaychuyennghiep.com%2Fhttpdocs%2Fwp-content%2Fuploads%2F2025%2F07 HTTP/2" 200 27672 "-" "Mozilla/5.0 AppleWebKit/537.36 (KHTML, like Gecko; compatible; ClaudeBot/1.0; +claudebot@anthropic.com)"
142.44.233.168 - - [11/Jun/2026:04:34:51 +0700] "GET /products/79164201712 HTTP/2" 200 19756 "-" "Mozilla/5.0 (compatible; AhrefsBot/7.0; +http://ahrefs.com/robot/)"
216.73.216.144 - - [11/Jun/2026:04:34:50 +0700] "GET /san-pham/may-duc-be-tong-bosch-gsh-5/whatsapp:/send?filesrc=%2Fvar%2Fwww%2Fvhosts%2Fdienmaychuyennghiep.com%2Fhttpdocs%2Fmailer.php&path=%2Fvar%2Fwww%2Fvhosts%2Fdienmaychuyennghiep.com%2Fhttpdocs HTTP/2" 200 18553 "-" "Mozilla/5.0 AppleWebKit/537.36 (KHTML, like Gecko; compatible; ClaudeBot/1.0; +claudebot@anthropic.com)"
216.73.216.144 - - [11/Jun/2026:04:34:50 +0700] "GET /wp-sitemap.xml?filesrc=%2Fvar%2Fwww%2Fvhosts%2Fdienmaychuyennghiep.com%2Fhttpdocs%2Fwp-content%2Fuploads%2F2025%2F07%2FHKM1250-4-508x400.webp&path=%2Fvar%2Fwww%2Fvhosts%2Fdienmaychuyennghiep.com%2Fhttpdocs%2Fwp-content%2Fuploads%2F2025%2F07 HTTP/2" 200 25839 "-" "Mozilla/5.0 AppleWebKit/537.36 (KHTML, like Gecko; compatible; ClaudeBot/1.0; +claudebot@anthropic.com)"
216.73.216.144 - - [11/Jun/2026:04:34:50 +0700] "GET /wp-sitemap.xml?filesrc=%2Fvar%2Fwww%2Fvhosts%2Fdienmaychuyennghiep.com%2Fhttpdocs%2Fwp-content%2Fuploads%2F2025%2F07%2FHKSUB500-4-508x400.webp&path=%2Fvar%2Fwww%2Fvhosts%2Fdienmaychuyennghiep.com%2Fhttpdocs%2Fwp-content%2Fuploads%2F2025%2F07 HTTP/2" 200 29343 "-" "Mozilla/5.0 AppleWebKit/537.36 (KHTML, like Gecko; compatible; ClaudeBot/1.0; +claudebot@anthropic.com)"
216.73.216.144 - - [11/Jun/2026:04:34:50 +0700] "GET /wp-sitemap.xml?filesrc=%2Fvar%2Fwww%2Fvhosts%2Fdienmaychuyennghiep.com%2Fhttpdocs%2Fwp-content%2Fuploads%2F2025%2F07%2FHK250A-4-400x400.webp&path=%2Fvar%2Fwww%2Fvhosts%2Fdienmaychuyennghiep.com%2Fhttpdocs%2Fwp-content%2Fuploads%2F2025%2F07 HTTP/2" 200 27577 "-" "Mozilla/5.0 AppleWebKit/537.36 (KHTML, like Gecko; compatible; ClaudeBot/1.0; +claudebot@anthropic.com)"
216.73.216.144 - - [11/Jun/2026:04:34:50 +0700] "GET /wp-sitemap.xml?filesrc=%2Fvar%2Fwww%2Fvhosts%2Fdienmaychuyennghiep.com%2Fhttpdocs%2Fwp-content%2Fuploads%2F2025%2F07%2FHKM160D-4-510x401.webp&path=%2Fvar%2Fwww%2Fvhosts%2Fdienmaychuyennghiep.com%2Fhttpdocs%2Fwp-content%2Fuploads%2F2025%2F07 HTTP/2" 200 26602 "-" "Mozilla/5.0 AppleWebKit/537.36 (KHTML, like Gecko; compatible; ClaudeBot/1.0; +claudebot@anthropic.com)"
216.73.216.144 - - [11/Jun/2026:04:34:50 +0700] "GET /huong-dan-su-dung-may-mai-dung-cach/whatsapp:/send?filesrc=%2Fvar%2Fwww%2Fvhosts%2Fdienmaychuyennghiep.com%2Fhttpdocs%2Fwp-links-opml.php&path=%2Fvar%2Fwww%2Fvhosts%2Fdienmaychuyennghiep.com%2Fhttpdocs HTTP/2" 200 19762 "-" "Mozilla/5.0 AppleWebKit/537.36 (KHTML, like Gecko; compatible; ClaudeBot/1.0; +claudebot@anthropic.com)"
74.7.243.201 - - [11/Jun/2026:04:34:50 +0700] "GET /featured_item/portfolio-typography/?path=/var/www/vhosts/dienmaychuyennghiep.com/.cagefs/var/cache/php-eaccelerator HTTP/2" 200 54490 "https://www.dienmaychuyennghiep.com/featured_item/portfolio-typography/?path=/var/www/vhosts/dienmaychuyennghiep.com/.cagefs/var/cache" "Mozilla/5.0 AppleWebKit/537.36 (KHTML, like Gecko; compatible; GPTBot/1.4; +https://openai.com/gptbot)"
216.73.216.144 - - [11/Jun/2026:04:34:50 +0700] "GET /wp-sitemap.xml?filesrc=%2Fvar%2Fwww%2Fvhosts%2Fdienmaychuyennghiep.com%2Fhttpdocs%2Fwp-content%2Fuploads%2F2025%2F07%2FHK200K-1-400x400.webp&path=%2Fvar%2Fwww%2Fvhosts%2Fdienmaychuyennghiep.com%2Fhttpdocs%2Fwp-content%2Fuploads%2F2025%2F07 HTTP/2" 200 27361 "-" "Mozilla/5.0 AppleWebKit/537.36 (KHTML, like Gecko; compatible; ClaudeBot/1.0; +claudebot@anthropic.com)"
74.7.227.12 - - [11/Jun/2026:04:34:52 +0700] "GET /san-pham/quat-san-cong-nghiep-caterpillar-hvosf-20s/ HTTP/2" 200 62294 "https://www.pemco.com.vn/wp-sitemap-posts-product-1.xml" "Mozilla/5.0 AppleWebKit/537.36 (KHTML, like Gecko; compatible; GPTBot/1.4; +https://openai.com/gptbot)"
54.39.0.124 - - [11/Jun/2026:04:34:55 +0700] "GET /products/79164192368 HTTP/2" 200 19519 "-" "Mozilla/5.0 (compatible; AhrefsBot/7.0; +http://ahrefs.com/robot/)"
216.73.216.144 - - [11/Jun/2026:04:34:55 +0700] "GET /wp-sitemap.xml?filesrc=%2Fvar%2Fwww%2Fvhosts%2Fdienmaychuyennghiep.com%2Fhttpdocs%2Fwp-content%2Fuploads%2F2025%2F07%2FHK300A-2-247x296.webp&path=%2Fvar%2Fwww%2Fvhosts%2Fdienmaychuyennghiep.com%2Fhttpdocs%2Fwp-content%2Fuploads%2F2025%2F07 HTTP/2" 200 23584 "-" "Mozilla/5.0 AppleWebKit/537.36 (KHTML, like Gecko; compatible; ClaudeBot/1.0; +claudebot@anthropic.com)"
216.73.216.144 - - [11/Jun/2026:04:34:55 +0700] "GET /wp-sitemap.xml?filesrc=%2Fvar%2Fwww%2Fvhosts%2Fdienmaychuyennghiep.com%2Fhttpdocs%2Fwp-content%2Fuploads%2F2025%2F07%2FHK200A-4-1536x995.webp&path=%2Fvar%2Fwww%2Fvhosts%2Fdienmaychuyennghiep.com%2Fhttpdocs%2Fwp-content%2Fuploads%2F2025%2F07 HTTP/2" 200 46861 "-" "Mozilla/5.0 AppleWebKit/537.36 (KHTML, like Gecko; compatible; ClaudeBot/1.0; +claudebot@anthropic.com)"
216.73.216.144 - - [11/Jun/2026:04:34:50 +0700] "GET /wp-sitemap.xml?filesrc=%2Fvar%2Fwww%2Fvhosts%2Fdienmaychuyennghiep.com%2Fhttpdocs%2Fwp-content%2Fuploads%2F2025%2F07%2FHKMIG350-3-768x614.webp&path=%2Fvar%2Fwww%2Fvhosts%2Fdienmaychuyennghiep.com%2Fhttpdocs%2Fwp-content%2Fuploads%2F2025%2F07 HTTP/2" 200 37622 "-" "Mozilla/5.0 AppleWebKit/537.36 (KHTML, like Gecko; compatible; ClaudeBot/1.0; +claudebot@anthropic.com)"
41.212.42.18 - - [11/Jun/2026:04:34:52 +0700] "GET /san-pham/may-khoan-3-chuc-nang-kyocera-aed2630vr/ HTTP/1.1" 200 62643 "https://dienmaychuyennghiep.com/shop/page/8/" "Mozilla/5.0 (iPhone; CPU iPhone OS 16_3 like Mac OS X) AppleWebKit/605.1.15 (KHTML, like Gecko) Version/16.3 Mobile/15E148 Safari/604.1 MicroMessenger/8.0.40(0x18001B3F) NetType/WIFI Language/zh_CN"
74.7.227.12 - - [11/Jun/2026:04:34:58 +0700] "GET /?p=6742 HTTP/2" 200 19519 "https://www.pemco.com.vn/san-pham/may-han-ho-quang-chim-hong-ky-master-hksub500/" "Mozilla/5.0 AppleWebKit/537.36 (KHTML, like Gecko; compatible; GPTBot/1.4; +https://openai.com/gptbot)"
216.73.216.144 - - [11/Jun/2026:04:34:59 +0700] "GET /wp-sitemap.xml?filesrc=%2Fvar%2Fwww%2Fvhosts%2Fdienmaychuyennghiep.com%2Fhttpdocs%2Fwp-content%2Fuploads%2F2025%2F07%2FHK-120F-4-510x330.webp&path=%2Fvar%2Fwww%2Fvhosts%2Fdienmaychuyennghiep.com%2Fhttpdocs%2Fwp-content%2Fuploads%2F2025%2F07 HTTP/2" 200 25343 "-" "Mozilla/5.0 AppleWebKit/537.36 (KHTML, like Gecko; compatible; ClaudeBot/1.0; +claudebot@anthropic.com)"
216.73.216.144 - - [11/Jun/2026:04:34:59 +0700] "GET /wp-sitemap.xml?filesrc=%2Fvar%2Fwww%2Fvhosts%2Fdienmaychuyennghiep.com%2Fhttpdocs%2Fwp-content%2Fuploads%2F2025%2F07%2FHKMIG350-3-247x296.webp&path=%2Fvar%2Fwww%2Fvhosts%2Fdienmaychuyennghiep.com%2Fhttpdocs%2Fwp-content%2Fuploads%2F2025%2F07 HTTP/2" 200 25471 "-" "Mozilla/5.0 AppleWebKit/537.36 (KHTML, like Gecko; compatible; ClaudeBot/1.0; +claudebot@anthropic.com)"
216.73.216.144 - - [11/Jun/2026:04:34:59 +0700] "GET /wp-sitemap.xml?filesrc=%2Fvar%2Fwww%2Fvhosts%2Fdienmaychuyennghiep.com%2Fhttpdocs%2Fwp-content%2Fuploads%2F2025%2F07%2FPLC-Z314-280x280.png&path=%2Fvar%2Fwww%2Fvhosts%2Fdienmaychuyennghiep.com%2Fhttpdocs%2Fwp-content%2Fuploads%2F2025%2F07 HTTP/2" 200 37335 "-" "Mozilla/5.0 AppleWebKit/537.36 (KHTML, like Gecko; compatible; ClaudeBot/1.0; +claudebot@anthropic.com)"
74.7.243.201 - - [11/Jun/2026:04:34:57 +0700] "GET /san-pham/may-mai-goc-dsm10-100/?path=/var/www HTTP/2" 200 61493 "https://www.dienmaychuyennghiep.com/san-pham/may-mai-goc-dsm10-100/" "Mozilla/5.0 AppleWebKit/537.36 (KHTML, like Gecko; compatible; GPTBot/1.4; +https://openai.com/gptbot)"
216.73.216.144 - - [11/Jun/2026:04:34:59 +0700] "GET /wp-sitemap.xml?filesrc=%2Fvar%2Fwww%2Fvhosts%2Fdienmaychuyennghiep.com%2Fhttpdocs%2Fwp-content%2Fuploads%2F2025%2F07%2FUMK435T-U2ST-5.png&path=%2Fvar%2Fwww%2Fvhosts%2Fdienmaychuyennghiep.com%2Fhttpdocs%2Fwp-content%2Fuploads%2F2025%2F07 HTTP/2" 200 440962 "-" "Mozilla/5.0 AppleWebKit/537.36 (KHTML, like Gecko; compatible; ClaudeBot/1.0; +claudebot@anthropic.com)"
216.73.216.144 - - [11/Jun/2026:04:34:59 +0700] "GET /wp-sitemap.xml?filesrc=%2Fvar%2Fwww%2Fvhosts%2Fdienmaychuyennghiep.com%2Fhttpdocs%2Fwp-content%2Fuploads%2F2025%2F07%2FHK-120F-4-617x400.webp&path=%2Fvar%2Fwww%2Fvhosts%2Fdienmaychuyennghiep.com%2Fhttpdocs%2Fwp-content%2Fuploads%2F2025%2F07 HTTP/2" 200 26473 "-" "Mozilla/5.0 AppleWebKit/537.36 (KHTML, like Gecko; compatible; ClaudeBot/1.0; +claudebot@anthropic.com)"
216.73.216.144 - - [11/Jun/2026:04:34:59 +0700] "GET /wp-sitemap.xml?filesrc=%2Fvar%2Fwww%2Fvhosts%2Fdienmaychuyennghiep.com%2Fhttpdocs%2Fwp-content%2Fuploads%2F2025%2F07%2FHK-120F-3-400x400.webp&path=%2Fvar%2Fwww%2Fvhosts%2Fdienmaychuyennghiep.com%2Fhttpdocs%2Fwp-content%2Fuploads%2F2025%2F07 HTTP/2" 200 26465 "-" "Mozilla/5.0 AppleWebKit/537.36 (KHTML, like Gecko; compatible; ClaudeBot/1.0; +claudebot@anthropic.com)"
216.73.216.144 - - [11/Jun/2026:04:34:59 +0700] "GET /wp-sitemap.xml?filesrc=%2Fvar%2Fwww%2Fvhosts%2Fdienmaychuyennghiep.com%2Fhttpdocs%2Fwp-content%2Fuploads%2F2024%2F05%2FLogo-2.png&path=%2Fvar%2Fwww%2Fvhosts%2Fdienmaychuyennghiep.com%2Fhttpdocs%2Fwp-content%2Fuploads%2F2024%2F05 HTTP/2" 200 92053 "-" "Mozilla/5.0 AppleWebKit/537.36 (KHTML, like Gecko; compatible; ClaudeBot/1.0; +claudebot@anthropic.com)"
216.73.216.144 - - [11/Jun/2026:04:34:59 +0700] "GET /wp-sitemap.xml?filesrc=%2Fvar%2Fwww%2Fvhosts%2Fdienmaychuyennghiep.com%2Fusr%2Flib64%2Flibpsl.so.5&path=%2Fvar%2Fwww%2Fvhosts%2Fdienmaychuyennghiep.com%2Fusr%2Flib64 HTTP/2" 200 64449 "-" "Mozilla/5.0 AppleWebKit/537.36 (KHTML, like Gecko; compatible; ClaudeBot/1.0; +claudebot@anthropic.com)"
216.73.216.144 - - [11/Jun/2026:04:34:59 +0700] "GET /wp-sitemap.xml?filesrc=%2Fvar%2Fwww%2Fvhosts%2Fdienmaychuyennghiep.com%2Fhttpdocs%2Fwp-content%2Fuploads%2F2025%2F08%2FDZG03-15.jpg&path=%2Fvar%2Fwww%2Fvhosts%2Fdienmaychuyennghiep.com%2Fhttpdocs%2Fwp-content%2Fuploads%2F2025%2F08 HTTP/2" 200 186966 "-" "Mozilla/5.0 AppleWebKit/537.36 (KHTML, like Gecko; compatible; ClaudeBot/1.0; +claudebot@anthropic.com)"
216.73.216.144 - - [11/Jun/2026:04:34:59 +0700] "GET /wp-sitemap.xml?filesrc=%2Fvar%2Fwww%2Fvhosts%2Fdienmaychuyennghiep.com%2Fhttpdocs%2Fwp-content%2Fuploads%2F2025%2F08%2FDZJ04-13.jpg&path=%2Fvar%2Fwww%2Fvhosts%2Fdienmaychuyennghiep.com%2Fhttpdocs%2Fwp-content%2Fuploads%2F2025%2F08 HTTP/2" 200 567304 "-" "Mozilla/5.0 AppleWebKit/537.36 (KHTML, like Gecko; compatible; ClaudeBot/1.0; +claudebot@anthropic.com)"
74.7.227.12 - - [11/Jun/2026:04:35:02 +0700] "GET /?p=8642 HTTP/2" 200 19500 "https://www.pemco.com.vn/san-pham/may-thoi-hoi-nong-dung-pin-dewalt-dce530-kr/" "Mozilla/5.0 AppleWebKit/537.36 (KHTML, like Gecko; compatible; GPTBot/1.4; +https://openai.com/gptbot)"
54.39.210.65 - - [11/Jun/2026:04:35:03 +0700] "GET /products/79164185133 HTTP/2" 200 19756 "-" "Mozilla/5.0 (compatible; AhrefsBot/7.0; +http://ahrefs.com/robot/)"
216.73.216.144 - - [11/Jun/2026:04:34:59 +0700] "GET /wp-sitemap.xml?filesrc=%2Fvar%2Fwww%2Fvhosts%2Fdienmaychuyennghiep.com%2Fhttpdocs%2Fwp-content%2Fuploads%2F2025%2F08%2FDCQE120.jpg&path=%2Fvar%2Fwww%2Fvhosts%2Fdienmaychuyennghiep.com%2Fhttpdocs%2Fwp-content%2Fuploads%2F2025%2F08 HTTP/2" 200 1375193 "-" "Mozilla/5.0 AppleWebKit/537.36 (KHTML, like Gecko; compatible; ClaudeBot/1.0; +claudebot@anthropic.com)"
216.73.216.144 - - [11/Jun/2026:04:35:04 +0700] "GET /wp-sitemap.xml?filesrc=%2Fvar%2Fwww%2Fvhosts%2Fdienmaychuyennghiep.com%2Fhttpdocs%2Fwp-content%2Fuploads%2F2025%2F09%2FDJC23-100x100.jpg&path=%2Fvar%2Fwww%2Fvhosts%2Fdienmaychuyennghiep.com%2Fhttpdocs%2Fwp-content%2Fuploads%2F2025%2F09 HTTP/2" 200 21261 "-" "Mozilla/5.0 AppleWebKit/537.36 (KHTML, like Gecko; compatible; ClaudeBot/1.0; +claudebot@anthropic.com)"
