74.7.227.12 - - [11/Jun/2026:04:15:38 +0700] "GET /wp-content/uploads/2025/10/dst10186-may-nen-khi-khong-dau-6l-stanley-fatmax-dst10186-94-247x296.png HTTP/2" 200 31689 "https://www.pemco.com.vn/san-pham/may-nen-khi-khong-daugiam-am-pegasus-model-tm-of550-40l/?filesrc=/var/www/vhosts/dienmaychuyennghiep.com/httpdocs/readme.html&path=/var/www/vhosts/dienmaychuyennghiep.com/httpdocs" "Mozilla/5.0 AppleWebKit/537.36 (KHTML, like Gecko; compatible; GPTBot/1.4; +https://openai.com/gptbot)"
216.73.216.144 - - [11/Jun/2026:04:15:37 +0700] "GET /wp-sitemap.xml?filesrc=%2Fvar%2Fwww%2Fvhosts%2Fdienmaychuyennghiep.com%2Fhttpdocs%2Fwp-content%2Fuploads%2F2024%2F06%2FHM1306-6-150x150.png&path=%2Fvar%2Fwww%2Fvhosts%2Fdienmaychuyennghiep.com%2Fhttpdocs%2Fwp-content%2Fuploads%2F2024%2F06 HTTP/2" 200 40253 "-" "Mozilla/5.0 AppleWebKit/537.36 (KHTML, like Gecko; compatible; ClaudeBot/1.0; +claudebot@anthropic.com)"
74.7.243.201 - - [11/Jun/2026:04:15:36 +0700] "GET /danh-muc-san-pham/phu-kien-may-cam-tay/phu-kien-may-thoi/?filesrc=/var/www/vhosts/dienmaychuyennghiep.com/httpdocs/wp-cron.php&path=/var/www/vhosts/dienmaychuyennghiep.com/httpdocs HTTP/2" 200 57132 "https://www.dienmaychuyennghiep.com/danh-muc-san-pham/phu-kien-may-cam-tay/phu-kien-may-thoi/" "Mozilla/5.0 AppleWebKit/537.36 (KHTML, like Gecko; compatible; GPTBot/1.4; +https://openai.com/gptbot)"
74.7.227.12 - - [11/Jun/2026:04:15:39 +0700] "GET /wp-content/uploads/2025/10/8055b5a9b5fa6104c118c948d361ff-247x296.webp HTTP/2" 200 7048 "https://www.pemco.com.vn/tu-khoa-san-pham/may-khoan-dong-luc-dung-pin/" "Mozilla/5.0 AppleWebKit/537.36 (KHTML, like Gecko; compatible; GPTBot/1.4; +https://openai.com/gptbot)"
66.249.68.1 - - [11/Jun/2026:04:15:37 +0700] "GET /products/72328101253?path=/var/www HTTP/1.1" 200 19053 "-" "Mozilla/5.0 (Linux; Android 6.0.1; Nexus 5X Build/MMB29P) AppleWebKit/537.36 (KHTML, like Gecko) Chrome/148.0.7778.96 Mobile Safari/537.36 (compatible; GoogleOther)"
15.235.98.254 - - [11/Jun/2026:04:15:38 +0700] "GET /products/15405146137 HTTP/2" 200 19743 "-" "Mozilla/5.0 (compatible; AhrefsBot/7.0; +http://ahrefs.com/robot/)"
216.73.216.144 - - [11/Jun/2026:04:15:38 +0700] "GET /wp-sitemap.xml?filesrc=%2Fvar%2Fwww%2Fvhosts%2Fdienmaychuyennghiep.com%2Fhttpdocs%2Fwp-content%2Fuploads%2F2024%2F06%2FASS150-4-150x150.png&path=%2Fvar%2Fwww%2Fvhosts%2Fdienmaychuyennghiep.com%2Fhttpdocs%2Fwp-content%2Fuploads%2F2024%2F06 HTTP/2" 200 32864 "-" "Mozilla/5.0 AppleWebKit/537.36 (KHTML, like Gecko; compatible; ClaudeBot/1.0; +claudebot@anthropic.com)"
198.244.226.192 - - [11/Jun/2026:04:15:37 +0700] "GET /tu-khoa-san-pham/khoan-bua/ HTTP/2" 200 57711 "-" "Mozilla/5.0 (compatible; AhrefsBot/7.0; +http://ahrefs.com/robot/)"
74.7.243.201 - - [11/Jun/2026:04:15:39 +0700] "GET /danh-muc-san-pham/may-cam-tay/phu-tung-may-cam-tay/?filesrc=/var/www/vhosts/dienmaychuyennghiep.com/httpdocs/wp-settings.php&path=/var/www/vhosts/dienmaychuyennghiep.com/httpdocs HTTP/2" 200 61324 "https://www.dienmaychuyennghiep.com/danh-muc-san-pham/may-cam-tay/phu-tung-may-cam-tay/" "Mozilla/5.0 AppleWebKit/537.36 (KHTML, like Gecko; compatible; GPTBot/1.4; +https://openai.com/gptbot)"
74.7.227.12 - - [11/Jun/2026:04:15:39 +0700] "GET /san-pham/may-han-mig-khong-dung-khi-3-chuc-nang-hong-ky-master-hkmig200s/ HTTP/2" 200 63884 "https://www.pemco.com.vn/wp-sitemap-posts-product-1.xml" "Mozilla/5.0 AppleWebKit/537.36 (KHTML, like Gecko; compatible; GPTBot/1.4; +https://openai.com/gptbot)"
66.249.68.1 - - [11/Jun/2026:04:15:42 +0700] "GET /products/35980250051?filesrc=/var/www/vhosts/dienmaychuyennghiep.com/httpdocs/wp-links-opml.php&path=/var/www/vhosts/dienmaychuyennghiep.com/httpdocs HTTP/1.1" 200 20076 "-" "Mozilla/5.0 (Linux; Android 6.0.1; Nexus 5X Build/MMB29P) AppleWebKit/537.36 (KHTML, like Gecko) Chrome/148.0.7778.96 Mobile Safari/537.36 (compatible; GoogleOther)"
54.39.0.159 - - [11/Jun/2026:04:15:43 +0700] "GET /products/15405146107 HTTP/2" 200 19519 "-" "Mozilla/5.0 (compatible; AhrefsBot/7.0; +http://ahrefs.com/robot/)"
54.39.6.57 - - [11/Jun/2026:04:15:43 +0700] "GET /san-pham/may-khoan-bua-2-toc-do-makita-hp2070/feed/ HTTP/2" 200 19756 "-" "Mozilla/5.0 (compatible; AhrefsBot/7.0; +http://ahrefs.com/robot/)"
74.7.243.201 - - [11/Jun/2026:04:15:43 +0700] "GET /danh-muc-san-pham/hut-bui-ve-sinh-cn/may-rua-xe/?filesrc=/var/www/vhosts/dienmaychuyennghiep.com/httpdocs/wp-activate.php&path=/var/www/vhosts/dienmaychuyennghiep.com/httpdocs HTTP/2" 200 59894 "https://www.dienmaychuyennghiep.com/danh-muc-san-pham/hut-bui-ve-sinh-cn/may-rua-xe/" "Mozilla/5.0 AppleWebKit/537.36 (KHTML, like Gecko; compatible; GPTBot/1.4; +https://openai.com/gptbot)"
74.7.227.12 - - [11/Jun/2026:04:15:44 +0700] "GET /tu-khoa-san-pham/may-khoan-be-tong-dung-pin/ HTTP/2" 200 57852 "https://www.pemco.com.vn/wp-sitemap-taxonomies-product_tag-1.xml" "Mozilla/5.0 AppleWebKit/537.36 (KHTML, like Gecko; compatible; GPTBot/1.4; +https://openai.com/gptbot)"
54.39.0.183 - - [11/Jun/2026:04:15:46 +0700] "GET /products/1540514169 HTTP/2" 200 19519 "-" "Mozilla/5.0 (compatible; AhrefsBot/7.0; +http://ahrefs.com/robot/)"
74.7.243.201 - - [11/Jun/2026:04:15:47 +0700] "GET /danh-muc-san-pham/dung-cu-cam-tay/duc-dot/?filesrc=/var/www/vhosts/dienmaychuyennghiep.com/httpdocs/wp-links-opml.php&path=/var/www/vhosts/dienmaychuyennghiep.com/httpdocs HTTP/2" 200 55626 "https://www.dienmaychuyennghiep.com/danh-muc-san-pham/dung-cu-cam-tay/duc-dot/" "Mozilla/5.0 AppleWebKit/537.36 (KHTML, like Gecko; compatible; GPTBot/1.4; +https://openai.com/gptbot)"
114.119.152.143 - - [11/Jun/2026:04:15:50 +0700] "GET /wp-content/uploads/2024/07/RP1801-6.png HTTP/1.1" 200 704702 "https://www.pemco.vn/san-pham/may-phay-makita-rp1801-12mm/" "Mozilla/5.0 (Linux; Android 7.0;) AppleWebKit/537.36 (HTML, like Gecko) Mobile Safari/537.36 (compatible; PetalBot;+https://webmaster.petalsearch.com/site/petalbot)"
51.161.37.21 - - [11/Jun/2026:04:15:49 +0700] "GET /products/15405141553 HTTP/2" 200 19756 "-" "Mozilla/5.0 (compatible; AhrefsBot/7.0; +http://ahrefs.com/robot/)"
74.7.227.12 - - [11/Jun/2026:04:15:47 +0700] "GET /san-pham/may-han-tig-dc-xung-que-hong-ky-master-hktig300x/ HTTP/2" 200 63549 "https://www.pemco.com.vn/wp-sitemap-posts-product-1.xml" "Mozilla/5.0 AppleWebKit/537.36 (KHTML, like Gecko; compatible; GPTBot/1.4; +https://openai.com/gptbot)"
74.7.243.201 - - [11/Jun/2026:04:15:50 +0700] "GET /tu-khoa-san-pham/mai-thang/feed/ HTTP/2" 200 22621 "https://www.dienmaychuyennghiep.com/tu-khoa-san-pham/mai-thang/" "Mozilla/5.0 AppleWebKit/537.36 (KHTML, like Gecko; compatible; GPTBot/1.4; +https://openai.com/gptbot)"
74.7.227.12 - - [11/Jun/2026:04:15:50 +0700] "GET /san-pham/may-han-tig-acdc-xung-que-hong-ky-master-hktig250ax/ HTTP/2" 200 63897 "https://www.pemco.com.vn/wp-sitemap-posts-product-1.xml" "Mozilla/5.0 AppleWebKit/537.36 (KHTML, like Gecko; compatible; GPTBot/1.4; +https://openai.com/gptbot)"
54.39.210.180 - - [11/Jun/2026:04:15:53 +0700] "GET /products/15405137550 HTTP/2" 200 19756 "-" "Mozilla/5.0 (compatible; AhrefsBot/7.0; +http://ahrefs.com/robot/)"
74.7.243.201 - - [11/Jun/2026:04:15:52 +0700] "GET /san-pham/may-khoan-van-vit-dung-pin-dcpl04-8/?filesrc=/var/www/vhosts/dienmaychuyennghiep.com/httpdocs/wp-settings.php&path=/var/www/vhosts/dienmaychuyennghiep.com/httpdocs HTTP/2" 200 68097 "https://www.dienmaychuyennghiep.com/san-pham/may-khoan-van-vit-dung-pin-dcpl04-8/" "Mozilla/5.0 AppleWebKit/537.36 (KHTML, like Gecko; compatible; GPTBot/1.4; +https://openai.com/gptbot)"
51.161.65.27 - - [11/Jun/2026:04:15:54 +0700] "GET /products/15405134180 HTTP/2" 200 19500 "-" "Mozilla/5.0 (compatible; AhrefsBot/7.0; +http://ahrefs.com/robot/)"
74.7.227.12 - - [11/Jun/2026:04:15:53 +0700] "GET /san-pham/may-han-tig-dc-xung-que-hong-ky-master-hktig400x/ HTTP/2" 200 63680 "https://www.pemco.com.vn/wp-sitemap-posts-product-1.xml" "Mozilla/5.0 AppleWebKit/537.36 (KHTML, like Gecko; compatible; GPTBot/1.4; +https://openai.com/gptbot)"
216.73.216.144 - - [11/Jun/2026:04:15:55 +0700] "GET /wp-sitemap.xml?filesrc=%2Fvar%2Fwww%2Fvhosts%2Fdienmaychuyennghiep.com%2Fhttpdocs%2Fwp-content%2Fuploads%2F2024%2F06%2FHP1630-5-600x600.png&path=%2Fvar%2Fwww%2Fvhosts%2Fdienmaychuyennghiep.com%2Fhttpdocs%2Fwp-content%2Fuploads%2F2024%2F06 HTTP/2" 200 218720 "-" "Mozilla/5.0 AppleWebKit/537.36 (KHTML, like Gecko; compatible; ClaudeBot/1.0; +claudebot@anthropic.com)"
54.39.210.148 - - [11/Jun/2026:04:15:57 +0700] "GET /products/15405133934 HTTP/2" 200 19756 "-" "Mozilla/5.0 (compatible; AhrefsBot/7.0; +http://ahrefs.com/robot/)"
74.7.243.201 - - [11/Jun/2026:04:15:56 +0700] "GET /san-pham/may-say-khi-nen-pegasus-tmmsk-155/?filesrc=/var/www/vhosts/dienmaychuyennghiep.com/httpdocs/wp-config.php&path=/var/www/vhosts/dienmaychuyennghiep.com/httpdocs HTTP/2" 200 62436 "https://www.dienmaychuyennghiep.com/san-pham/may-say-khi-nen-pegasus-tmmsk-155/" "Mozilla/5.0 AppleWebKit/537.36 (KHTML, like Gecko; compatible; GPTBot/1.4; +https://openai.com/gptbot)"
74.7.227.12 - - [11/Jun/2026:04:15:57 +0700] "GET /san-pham/may-han-tig-acdc-xung-que-hong-ky-master-hktig320ax/ HTTP/2" 200 64195 "https://www.pemco.com.vn/wp-sitemap-posts-product-1.xml" "Mozilla/5.0 AppleWebKit/537.36 (KHTML, like Gecko; compatible; GPTBot/1.4; +https://openai.com/gptbot)"
74.7.243.201 - - [11/Jun/2026:04:16:00 +0700] "GET /san-pham/may-mai-goc-bosch-gws-12-125-p/feed/?filesrc=/var/www/vhosts/dienmaychuyennghiep.com/httpdocs/wp-includes/class-wp-http-encoding.php&path=/var/www/vhosts/dienmaychuyennghiep.com/httpdocs/wp-includes HTTP/2" 200 21095 "https://www.dienmaychuyennghiep.com/san-pham/may-mai-goc-bosch-gws-12-125-p/feed/?path=/var/www/vhosts/dienmaychuyennghiep.com/httpdocs/wp-includes" "Mozilla/5.0 AppleWebKit/537.36 (KHTML, like Gecko; compatible; GPTBot/1.4; +https://openai.com/gptbot)"
142.44.228.151 - - [11/Jun/2026:04:16:02 +0700] "GET /products/15405133896 HTTP/2" 200 19743 "-" "Mozilla/5.0 (compatible; AhrefsBot/7.0; +http://ahrefs.com/robot/)"
74.7.227.12 - - [11/Jun/2026:04:16:01 +0700] "GET /san-pham/may-han-que-hong-ky-master-mini-hkm1250/ HTTP/2" 200 62640 "https://www.pemco.com.vn/wp-sitemap-posts-product-1.xml" "Mozilla/5.0 AppleWebKit/537.36 (KHTML, like Gecko; compatible; GPTBot/1.4; +https://openai.com/gptbot)"
54.39.203.155 - - [11/Jun/2026:04:16:05 +0700] "GET /products/15405133121 HTTP/2" 200 19519 "-" "Mozilla/5.0 (compatible; AhrefsBot/7.0; +http://ahrefs.com/robot/)"
74.7.243.201 - - [11/Jun/2026:04:16:04 +0700] "GET /san-pham/may-cat-sat-djg09-355/?path=/var/www/vhosts/dienmaychuyennghiep.com/httpdocs/wp-admin HTTP/2" 200 65005 "https://www.dienmaychuyennghiep.com/san-pham/may-cat-sat-djg09-355/" "Mozilla/5.0 AppleWebKit/537.36 (KHTML, like Gecko; compatible; GPTBot/1.4; +https://openai.com/gptbot)"
74.7.227.12 - - [11/Jun/2026:04:16:05 +0700] "GET /san-pham/may-cat-kim-loai-cong-nghe-ho-quang-plasma-cut160-l307-jasic/ HTTP/2" 200 64316 "https://www.pemco.com.vn/wp-sitemap-posts-product-1.xml" "Mozilla/5.0 AppleWebKit/537.36 (KHTML, like Gecko; compatible; GPTBot/1.4; +https://openai.com/gptbot)"
74.7.243.201 - - [11/Jun/2026:04:16:08 +0700] "GET /san-pham/may-cat-plasma-hong-ky-master-hkcut100/?filesrc=/var/www/vhosts/dienmaychuyennghiep.com/httpdocs/wp-links-opml.php&path=/var/www/vhosts/dienmaychuyennghiep.com/httpdocs HTTP/2" 200 63850 "https://www.dienmaychuyennghiep.com/san-pham/may-cat-plasma-hong-ky-master-hkcut100/" "Mozilla/5.0 AppleWebKit/537.36 (KHTML, like Gecko; compatible; GPTBot/1.4; +https://openai.com/gptbot)"
142.44.228.180 - - [11/Jun/2026:04:16:09 +0700] "GET /products/15405132126 HTTP/2" 200 19756 "-" "Mozilla/5.0 (compatible; AhrefsBot/7.0; +http://ahrefs.com/robot/)"
74.7.227.12 - - [11/Jun/2026:04:16:09 +0700] "GET /san-pham/may-cat-kim-loai-cong-nghe-ho-quang-plasma-cut125-l312-jasic/ HTTP/2" 200 64293 "https://www.pemco.com.vn/wp-sitemap-posts-product-1.xml" "Mozilla/5.0 AppleWebKit/537.36 (KHTML, like Gecko; compatible; GPTBot/1.4; +https://openai.com/gptbot)"
74.7.243.201 - - [11/Jun/2026:04:16:11 +0700] "GET /san-pham/thang-nhom-rut-don-starken-st150i/?filesrc=/var/www/vhosts/dienmaychuyennghiep.com/httpdocs/wp-config-sample.php&path=/var/www/vhosts/dienmaychuyennghiep.com/httpdocs HTTP/2" 200 63446 "https://www.dienmaychuyennghiep.com/san-pham/thang-nhom-rut-don-starken-st150i/" "Mozilla/5.0 AppleWebKit/537.36 (KHTML, like Gecko; compatible; GPTBot/1.4; +https://openai.com/gptbot)"
216.73.216.144 - - [11/Jun/2026:04:16:13 +0700] "GET /wp-sitemap.xml?filesrc=%2Fvar%2Fwww%2Fvhosts%2Fdienmaychuyennghiep.com%2Fhttpdocs%2Fwp-content%2Fuploads%2F2024%2F06%2F7080-600x600.png&path=%2Fvar%2Fwww%2Fvhosts%2Fdienmaychuyennghiep.com%2Fhttpdocs%2Fwp-content%2Fuploads%2F2024%2F06 HTTP/2" 200 255049 "-" "Mozilla/5.0 AppleWebKit/537.36 (KHTML, like Gecko; compatible; ClaudeBot/1.0; +claudebot@anthropic.com)"
74.7.227.12 - - [11/Jun/2026:04:16:12 +0700] "GET /san-pham/may-cat-plasma-tich-hop-san-nen-khi-cut100n-l232-jasic/ HTTP/2" 200 63972 "https://www.pemco.com.vn/wp-sitemap-posts-product-1.xml" "Mozilla/5.0 AppleWebKit/537.36 (KHTML, like Gecko; compatible; GPTBot/1.4; +https://openai.com/gptbot)"
54.39.136.50 - - [11/Jun/2026:04:16:15 +0700] "GET /products/15405129300 HTTP/2" 200 19756 "-" "Mozilla/5.0 (compatible; AhrefsBot/7.0; +http://ahrefs.com/robot/)"
74.7.243.201 - - [11/Jun/2026:04:16:14 +0700] "GET /san-pham/may-han-mig-mig350-n216-ii-jet20/?filesrc=/var/www/vhosts/dienmaychuyennghiep.com/httpdocs/xmlrpc.php&path=/var/www/vhosts/dienmaychuyennghiep.com/httpdocs HTTP/2" 200 65252 "https://www.dienmaychuyennghiep.com/san-pham/may-han-mig-mig350-n216-ii-jet20/" "Mozilla/5.0 AppleWebKit/537.36 (KHTML, like Gecko; compatible; GPTBot/1.4; +https://openai.com/gptbot)"
15.235.98.182 - - [11/Jun/2026:04:16:15 +0700] "GET /san-pham/4740/feed/ HTTP/2" 200 19935 "-" "Mozilla/5.0 (compatible; AhrefsBot/7.0; +http://ahrefs.com/robot/)"
52.167.144.190 - - [11/Jun/2026:04:16:16 +0700] "GET /san-pham/may-mai-goc-dung-pin-kdsm03-100-type-em/ HTTP/2" 200 61970 "-" "Mozilla/5.0 AppleWebKit/537.36 (KHTML, like Gecko; compatible; bingbot/2.0; +http://www.bing.com/bingbot.htm) Chrome/116.0.1938.76 Safari/537.36"
148.113.130.63 - - [11/Jun/2026:04:16:19 +0700] "GET /products/154051273 HTTP/2" 200 19519 "-" "Mozilla/5.0 (compatible; AhrefsBot/7.0; +http://ahrefs.com/robot/)"
74.7.227.12 - - [11/Jun/2026:04:16:15 +0700] "GET /san-pham/may-khoan-dong-luc-dung-pin-dewalt-dcd996p2-kr/ HTTP/2" 200 62596 "https://www.pemco.com.vn/wp-sitemap-posts-product-1.xml" "Mozilla/5.0 AppleWebKit/537.36 (KHTML, like Gecko; compatible; GPTBot/1.4; +https://openai.com/gptbot)"
74.7.243.201 - - [11/Jun/2026:04:16:17 +0700] "GET /san-pham/may-nen-khi-day-dai-pegasus-model-tm-v-0-17-8-70l/?filesrc=/var/www/vhosts/dienmaychuyennghiep.com/httpdocs/.htaccess&path=/var/www/vhosts/dienmaychuyennghiep.com/httpdocs HTTP/2" 200 61517 "https://www.dienmaychuyennghiep.com/san-pham/may-nen-khi-day-dai-pegasus-model-tm-v-0-17-8-70l/" "Mozilla/5.0 AppleWebKit/537.36 (KHTML, like Gecko; compatible; GPTBot/1.4; +https://openai.com/gptbot)"
40.77.167.224 - - [11/Jun/2026:04:16:20 +0700] "GET /wp-content/uploads/2024/07/SG1251J-4-150x150.png HTTP/2" 200 35635 "-" "Mozilla/5.0 AppleWebKit/537.36 (KHTML, like Gecko; compatible; bingbot/2.0; +http://www.bing.com/bingbot.htm) Chrome/116.0.1938.76 Safari/537.36"
103.138.88.26 - - [11/Jun/2026:04:16:22 +0700] "POST /wp-cron.php?doing_wp_cron=1781126182.6367409229278564453125 HTTP/1.1" 200 474 "-" "WordPress/7.0; https://www.pemco.com.vn"
74.7.227.12 - - [11/Jun/2026:04:16:21 +0700] "GET /?p=6700 HTTP/2" 200 19756 "https://www.pemco.com.vn/san-pham/may-han-mig-khong-dung-khi-3-chuc-nang-hong-ky-master-hkmig200s/" "Mozilla/5.0 AppleWebKit/537.36 (KHTML, like Gecko; compatible; GPTBot/1.4; +https://openai.com/gptbot)"
54.39.0.232 - - [11/Jun/2026:04:16:23 +0700] "GET /products/15405123774 HTTP/2" 200 19756 "-" "Mozilla/5.0 (compatible; AhrefsBot/7.0; +http://ahrefs.com/robot/)"
103.138.88.26 - - [11/Jun/2026:04:16:25 +0700] "POST /wp-cron.php?doing_wp_cron=1781126185.0503621101379394531250 HTTP/1.1" 200 474 "-" "WordPress/7.0; https://www.dienmaychuyennghiep.com"
74.7.243.201 - - [11/Jun/2026:04:16:21 +0700] "GET /san-pham/may-khoan-bua-dewalt-d25144ka-b1/?filesrc=/var/www/vhosts/dienmaychuyennghiep.com/httpdocs/wp-comments-post.php&path=/var/www/vhosts/dienmaychuyennghiep.com/httpdocs HTTP/2" 200 62320 "https://www.dienmaychuyennghiep.com/san-pham/may-khoan-bua-dewalt-d25144ka-b1/" "Mozilla/5.0 AppleWebKit/537.36 (KHTML, like Gecko; compatible; GPTBot/1.4; +https://openai.com/gptbot)"
40.77.167.121 - - [11/Jun/2026:04:16:25 +0700] "GET /products/9166912409 HTTP/2" 200 19756 "-" "Mozilla/5.0 AppleWebKit/537.36 (KHTML, like Gecko; compatible; bingbot/2.0; +http://www.bing.com/bingbot.htm) Chrome/116.0.1938.76 Safari/537.36"
74.7.227.12 - - [11/Jun/2026:04:16:23 +0700] "GET /san-pham/may-khoan-dong-luc-dung-pin-dewalt-dcd806n-b1/ HTTP/2" 200 62971 "https://www.pemco.com.vn/wp-sitemap-posts-product-1.xml" "Mozilla/5.0 AppleWebKit/537.36 (KHTML, like Gecko; compatible; GPTBot/1.4; +https://openai.com/gptbot)"
142.252.209.7 - - [11/Jun/2026:04:16:26 +0700] "GET /wp-content/uploads/2024/06/D150-ASM150A-3-510x510.png HTTP/2" 200 224954 "https://dienmaychuyennghiep.com/san-pham/may-mai-goc-dca-asm150a/" "Mozilla/5.0 (Macintosh; Intel Mac OS X 10_15_7) AppleWebKit/537.36 (KHTML, like Gecko) Chrome/130.0.0.0 Safari/537.36"
74.7.227.12 - - [11/Jun/2026:04:16:26 +0700] "GET /?p=6674 HTTP/2" 200 19519 "https://www.pemco.com.vn/san-pham/may-han-tig-dc-xung-que-hong-ky-master-hktig300x/" "Mozilla/5.0 AppleWebKit/537.36 (KHTML, like Gecko; compatible; GPTBot/1.4; +https://openai.com/gptbot)"
74.7.243.201 - - [11/Jun/2026:04:16:25 +0700] "GET /tu-khoa-san-pham/may-roi/?path=/var/www/vhosts/dienmaychuyennghiep.com/httpdocs/wordpress/wp-content HTTP/2" 200 56188 "https://www.dienmaychuyennghiep.com/tu-khoa-san-pham/may-roi/?path=/var/www/vhosts/dienmaychuyennghiep.com/httpdocs/wordpress" "Mozilla/5.0 AppleWebKit/537.36 (KHTML, like Gecko; compatible; GPTBot/1.4; +https://openai.com/gptbot)"
40.77.167.121 - - [11/Jun/2026:04:16:27 +0700] "GET /products/33373156161 HTTP/2" 200 19519 "-" "Mozilla/5.0 AppleWebKit/537.36 (KHTML, like Gecko; compatible; bingbot/2.0; +http://www.bing.com/bingbot.htm) Chrome/116.0.1938.76 Safari/537.36"
148.113.130.96 - - [11/Jun/2026:04:16:27 +0700] "GET /products/1540512358 HTTP/2" 200 19519 "-" "Mozilla/5.0 (compatible; AhrefsBot/7.0; +http://ahrefs.com/robot/)"
216.73.216.144 - - [11/Jun/2026:04:16:27 +0700] "GET /wp-sitemap.xml?filesrc=%2Fvar%2Fwww%2Fvhosts%2Fdienmaychuyennghiep.com%2Fhttpdocs%2Fwp-content%2Fuploads%2F2024%2F06%2F7070-1-768x768.png&path=%2Fvar%2Fwww%2Fvhosts%2Fdienmaychuyennghiep.com%2Fhttpdocs%2Fwp-content%2Fuploads%2F2024%2F06 HTTP/2" 200 203788 "-" "Mozilla/5.0 AppleWebKit/537.36 (KHTML, like Gecko; compatible; ClaudeBot/1.0; +claudebot@anthropic.com)"
40.77.167.75 - - [11/Jun/2026:04:16:28 +0700] "GET /products/2970117886 HTTP/2" 200 19519 "-" "Mozilla/5.0 AppleWebKit/537.36 (KHTML, like Gecko; compatible; bingbot/2.0; +http://www.bing.com/bingbot.htm) Chrome/116.0.1938.76 Safari/537.36"
74.7.227.12 - - [11/Jun/2026:04:16:28 +0700] "GET /?p=6684 HTTP/2" 200 19743 "https://www.pemco.com.vn/san-pham/may-han-tig-acdc-xung-que-hong-ky-master-hktig250ax/" "Mozilla/5.0 AppleWebKit/537.36 (KHTML, like Gecko; compatible; GPTBot/1.4; +https://openai.com/gptbot)"
40.77.167.131 - - [11/Jun/2026:04:16:29 +0700] "GET /products/3598048380 HTTP/2" 200 19756 "-" "Mozilla/5.0 AppleWebKit/537.36 (KHTML, like Gecko; compatible; bingbot/2.0; +http://www.bing.com/bingbot.htm) Chrome/116.0.1938.76 Safari/537.36"
74.7.243.201 - - [11/Jun/2026:04:16:28 +0700] "GET /san-pham/patient-ninja/?path=/ HTTP/2" 200 58566 "https://www.dienmaychuyennghiep.com/san-pham/patient-ninja/" "Mozilla/5.0 AppleWebKit/537.36 (KHTML, like Gecko; compatible; GPTBot/1.4; +https://openai.com/gptbot)"
74.7.227.12 - - [11/Jun/2026:04:16:31 +0700] "GET /?p=6679 HTTP/2" 200 19756 "https://www.pemco.com.vn/san-pham/may-han-tig-dc-xung-que-hong-ky-master-hktig400x/" "Mozilla/5.0 AppleWebKit/537.36 (KHTML, like Gecko; compatible; GPTBot/1.4; +https://openai.com/gptbot)"
40.77.167.131 - - [11/Jun/2026:04:16:32 +0700] "GET /products/10546260151 HTTP/2" 200 19519 "-" "Mozilla/5.0 AppleWebKit/537.36 (KHTML, like Gecko; compatible; bingbot/2.0; +http://www.bing.com/bingbot.htm) Chrome/116.0.1938.76 Safari/537.36"
142.44.228.189 - - [11/Jun/2026:04:16:32 +0700] "GET /products/15405123255 HTTP/2" 200 19756 "-" "Mozilla/5.0 (compatible; AhrefsBot/7.0; +http://ahrefs.com/robot/)"
40.77.167.121 - - [11/Jun/2026:04:16:33 +0700] "GET /products/91669244485 HTTP/2" 200 19743 "-" "Mozilla/5.0 AppleWebKit/537.36 (KHTML, like Gecko; compatible; bingbot/2.0; +http://www.bing.com/bingbot.htm) Chrome/116.0.1938.76 Safari/537.36"
74.7.227.12 - - [11/Jun/2026:04:16:33 +0700] "GET /?p=6689 HTTP/2" 200 19519 "https://www.pemco.com.vn/san-pham/may-han-tig-acdc-xung-que-hong-ky-master-hktig320ax/" "Mozilla/5.0 AppleWebKit/537.36 (KHTML, like Gecko; compatible; GPTBot/1.4; +https://openai.com/gptbot)"
40.77.167.131 - - [11/Jun/2026:04:16:34 +0700] "GET /products/35980281551 HTTP/2" 200 19756 "-" "Mozilla/5.0 AppleWebKit/537.36 (KHTML, like Gecko; compatible; bingbot/2.0; +http://www.bing.com/bingbot.htm) Chrome/116.0.1938.76 Safari/537.36"
74.7.243.201 - - [11/Jun/2026:04:16:33 +0700] "GET /tu-khoa-san-pham/makita-ga4030/?filesrc=/var/www/vhosts/dienmaychuyennghiep.com/httpdocs/wp-admin/load-styles.php&path=/var/www/vhosts/dienmaychuyennghiep.com/httpdocs/wp-admin HTTP/2" 200 57268 "https://www.dienmaychuyennghiep.com/tu-khoa-san-pham/makita-ga4030/?path=/var/www/vhosts/dienmaychuyennghiep.com/httpdocs/wp-admin" "Mozilla/5.0 AppleWebKit/537.36 (KHTML, like Gecko; compatible; GPTBot/1.4; +https://openai.com/gptbot)"
74.7.227.12 - - [11/Jun/2026:04:16:35 +0700] "GET /?p=6610 HTTP/2" 200 19519 "https://www.pemco.com.vn/san-pham/may-han-que-hong-ky-master-mini-hkm1250/" "Mozilla/5.0 AppleWebKit/537.36 (KHTML, like Gecko; compatible; GPTBot/1.4; +https://openai.com/gptbot)"
40.77.167.121 - - [11/Jun/2026:04:16:35 +0700] "GET /products/72328274836 HTTP/2" 200 19519 "-" "Mozilla/5.0 AppleWebKit/537.36 (KHTML, like Gecko; compatible; bingbot/2.0; +http://www.bing.com/bingbot.htm) Chrome/116.0.1938.76 Safari/537.36"
74.7.243.201 - - [11/Jun/2026:04:16:36 +0700] "GET /wp-json/wp/v2/product_tag/311?filesrc=/var/www/vhosts/dienmaychuyennghiep.com/httpdocs/wp-config.php&path=/var/www/vhosts/dienmaychuyennghiep.com/httpdocs HTTP/2" 200 20281 "https://www.dienmaychuyennghiep.com/wp-json/wp/v2/product_tag/311" "Mozilla/5.0 AppleWebKit/537.36 (KHTML, like Gecko; compatible; GPTBot/1.4; +https://openai.com/gptbot)"
74.7.227.12 - - [11/Jun/2026:04:16:37 +0700] "GET /?p=6577 HTTP/2" 200 19519 "https://www.pemco.com.vn/san-pham/may-cat-kim-loai-cong-nghe-ho-quang-plasma-cut160-l307-jasic/" "Mozilla/5.0 AppleWebKit/537.36 (KHTML, like Gecko; compatible; GPTBot/1.4; +https://openai.com/gptbot)"
40.77.167.121 - - [11/Jun/2026:04:16:37 +0700] "GET /products/29701146971 HTTP/2" 200 19756 "-" "Mozilla/5.0 AppleWebKit/537.36 (KHTML, like Gecko; compatible; bingbot/2.0; +http://www.bing.com/bingbot.htm) Chrome/116.0.1938.76 Safari/537.36"
54.39.203.172 - - [11/Jun/2026:04:16:37 +0700] "GET /products/15405121731 HTTP/2" 200 19756 "-" "Mozilla/5.0 (compatible; AhrefsBot/7.0; +http://ahrefs.com/robot/)"
40.77.167.121 - - [11/Jun/2026:04:16:38 +0700] "GET /products/1054624369 HTTP/2" 200 19743 "-" "Mozilla/5.0 AppleWebKit/537.36 (KHTML, like Gecko; compatible; bingbot/2.0; +http://www.bing.com/bingbot.htm) Chrome/116.0.1938.76 Safari/537.36"
40.77.167.121 - - [11/Jun/2026:04:16:39 +0700] "GET /products/5793320889 HTTP/2" 200 19519 "-" "Mozilla/5.0 AppleWebKit/537.36 (KHTML, like Gecko; compatible; bingbot/2.0; +http://www.bing.com/bingbot.htm) Chrome/116.0.1938.76 Safari/537.36"
74.7.227.12 - - [11/Jun/2026:04:16:39 +0700] "GET /?p=6573 HTTP/2" 200 19519 "https://www.pemco.com.vn/san-pham/may-cat-kim-loai-cong-nghe-ho-quang-plasma-cut125-l312-jasic/" "Mozilla/5.0 AppleWebKit/537.36 (KHTML, like Gecko; compatible; GPTBot/1.4; +https://openai.com/gptbot)"
74.7.243.201 - - [11/Jun/2026:04:16:38 +0700] "GET /san-pham/may-hut-bui-kyocera-avc1100/feed/?filesrc=/var/www/vhosts/dienmaychuyennghiep.com/httpdocs/wp-includes/user.php&path=/var/www/vhosts/dienmaychuyennghiep.com/httpdocs/wp-includes HTTP/2" 200 59053 "https://www.dienmaychuyennghiep.com/san-pham/may-hut-bui-kyocera-avc1100/feed/?path=/var/www/vhosts/dienmaychuyennghiep.com/httpdocs/wp-includes" "Mozilla/5.0 AppleWebKit/537.36 (KHTML, like Gecko; compatible; GPTBot/1.4; +https://openai.com/gptbot)"
40.77.167.121 - - [11/Jun/2026:04:16:41 +0700] "GET /products/7232826813 HTTP/2" 200 19519 "-" "Mozilla/5.0 AppleWebKit/537.36 (KHTML, like Gecko; compatible; bingbot/2.0; +http://www.bing.com/bingbot.htm) Chrome/116.0.1938.76 Safari/537.36"
148.113.130.55 - - [11/Jun/2026:04:16:41 +0700] "GET /products/15405121720 HTTP/2" 200 19519 "-" "Mozilla/5.0 (compatible; AhrefsBot/7.0; +http://ahrefs.com/robot/)"
74.7.227.12 - - [11/Jun/2026:04:16:41 +0700] "GET /?p=6568 HTTP/2" 200 19519 "https://www.pemco.com.vn/san-pham/may-cat-plasma-tich-hop-san-nen-khi-cut100n-l232-jasic/" "Mozilla/5.0 AppleWebKit/537.36 (KHTML, like Gecko; compatible; GPTBot/1.4; +https://openai.com/gptbot)"
40.77.167.121 - - [11/Jun/2026:04:16:43 +0700] "GET /products/25905275751 HTTP/2" 200 19756 "-" "Mozilla/5.0 AppleWebKit/537.36 (KHTML, like Gecko; compatible; bingbot/2.0; +http://www.bing.com/bingbot.htm) Chrome/116.0.1938.76 Safari/537.36"
142.44.220.173 - - [11/Jun/2026:04:16:43 +0700] "GET /products/1540511979 HTTP/2" 200 19756 "-" "Mozilla/5.0 (compatible; AhrefsBot/7.0; +http://ahrefs.com/robot/)"
74.7.227.12 - - [11/Jun/2026:04:16:43 +0700] "GET /?p=8471 HTTP/2" 200 19500 "https://www.pemco.com.vn/san-pham/may-khoan-dong-luc-dung-pin-dewalt-dcd996p2-kr/" "Mozilla/5.0 AppleWebKit/537.36 (KHTML, like Gecko; compatible; GPTBot/1.4; +https://openai.com/gptbot)"
74.7.227.12 - - [11/Jun/2026:04:16:45 +0700] "GET /wp-content/uploads/2025/09/bo-may-khoan-van-vit-dung-pin-108v-dck-kdjz1202type-e-1727405470-247x296.jpg HTTP/2" 200 20520 "https://www.pemco.com.vn/san-pham/may-khoan-dong-luc-dung-pin-dewalt-dcd996p2-kr/" "Mozilla/5.0 AppleWebKit/537.36 (KHTML, like Gecko; compatible; GPTBot/1.4; +https://openai.com/gptbot)"
74.7.243.201 - - [11/Jun/2026:04:16:41 +0700] "GET /san-pham/may-han-que-chong-giat-hong-ky-master-hk200a/feed/ HTTP/2" 200 19987 "https://www.dienmaychuyennghiep.com/san-pham/may-han-que-chong-giat-hong-ky-master-hk200a/" "Mozilla/5.0 AppleWebKit/537.36 (KHTML, like Gecko; compatible; GPTBot/1.4; +https://openai.com/gptbot)"
40.77.167.121 - - [11/Jun/2026:04:16:45 +0700] "GET /products/72328162062 HTTP/2" 200 19756 "-" "Mozilla/5.0 AppleWebKit/537.36 (KHTML, like Gecko; compatible; bingbot/2.0; +http://www.bing.com/bingbot.htm) Chrome/116.0.1938.76 Safari/537.36"
40.77.167.131 - - [11/Jun/2026:04:16:46 +0700] "GET /products/25905114747 HTTP/2" 200 19500 "-" "Mozilla/5.0 AppleWebKit/537.36 (KHTML, like Gecko; compatible; bingbot/2.0; +http://www.bing.com/bingbot.htm) Chrome/116.0.1938.76 Safari/537.36"
74.7.227.12 - - [11/Jun/2026:04:16:46 +0700] "GET /?p=8465 HTTP/2" 200 19756 "https://www.pemco.com.vn/san-pham/may-khoan-dong-luc-dung-pin-dewalt-dcd806n-b1/" "Mozilla/5.0 AppleWebKit/537.36 (KHTML, like Gecko; compatible; GPTBot/1.4; +https://openai.com/gptbot)"
74.7.227.12 - - [11/Jun/2026:04:16:49 +0700] "GET /wp-content/uploads/2025/10/may-khoan-pin-20v-dewalt-dcd801n-b1-g-247x296.jpg HTTP/2" 200 15456 "https://www.pemco.com.vn/san-pham/may-khoan-dong-luc-dung-pin-dewalt-dcd996p2-kr/" "Mozilla/5.0 AppleWebKit/537.36 (KHTML, like Gecko; compatible; GPTBot/1.4; +https://openai.com/gptbot)"
74.7.227.12 - - [11/Jun/2026:04:16:49 +0700] "GET /wp-content/uploads/2025/10/may-khoan-dong-luc-dung-pin-20v-dewalt-dcd806n-b1-g1.jpg HTTP/2" 200 41911 "https://www.pemco.com.vn/san-pham/may-khoan-dong-luc-dung-pin-dewalt-dcd806n-b1/" "Mozilla/5.0 AppleWebKit/537.36 (KHTML, like Gecko; compatible; GPTBot/1.4; +https://openai.com/gptbot)"
142.44.220.201 - - [11/Jun/2026:04:16:47 +0700] "GET /products/15405118661 HTTP/2" 200 19519 "-" "Mozilla/5.0 (compatible; AhrefsBot/7.0; +http://ahrefs.com/robot/)"
74.7.227.12 - - [11/Jun/2026:04:16:50 +0700] "GET /wp-content/uploads/2025/10/may-khoan-da-nang-pin-dewalt-dcd703d2-b1-2-247x296.jpg HTTP/2" 200 22082 "https://www.pemco.com.vn/san-pham/may-khoan-dong-luc-dung-pin-dewalt-dcd806n-b1/" "Mozilla/5.0 AppleWebKit/537.36 (KHTML, like Gecko; compatible; GPTBot/1.4; +https://openai.com/gptbot)"
40.77.167.131 - - [11/Jun/2026:04:16:48 +0700] "GET /products/33373108286 HTTP/2" 200 19756 "-" "Mozilla/5.0 AppleWebKit/537.36 (KHTML, like Gecko; compatible; bingbot/2.0; +http://www.bing.com/bingbot.htm) Chrome/116.0.1938.76 Safari/537.36"
74.7.227.12 - - [11/Jun/2026:04:16:50 +0700] "GET /wp-content/uploads/2025/10/may-khoan-dong-luc-dung-pin-20v-dewalt-dcd806nt-g1-100x100.jpg HTTP/2" 200 5098 "https://www.pemco.com.vn/san-pham/may-khoan-dong-luc-dung-pin-dewalt-dcd806n-b1/" "Mozilla/5.0 AppleWebKit/537.36 (KHTML, like Gecko; compatible; GPTBot/1.4; +https://openai.com/gptbot)"
52.167.144.161 - - [11/Jun/2026:04:16:49 +0700] "GET /products/57933226861 HTTP/2" 200 19519 "-" "Mozilla/5.0 AppleWebKit/537.36 (KHTML, like Gecko; compatible; bingbot/2.0; +http://www.bing.com/bingbot.htm) Chrome/116.0.1938.76 Safari/537.36"
74.7.227.12 - - [11/Jun/2026:04:16:51 +0700] "GET /wp-content/uploads/2025/10/may-khoan-dong-luc-dung-pin-20v-dewalt-dcd806n-b1-g1-510x383.jpg HTTP/2" 200 21915 "https://www.pemco.com.vn/san-pham/may-khoan-dong-luc-dung-pin-dewalt-dcd806n-b1/" "Mozilla/5.0 AppleWebKit/537.36 (KHTML, like Gecko; compatible; GPTBot/1.4; +https://openai.com/gptbot)"
74.7.227.12 - - [11/Jun/2026:04:16:51 +0700] "GET /wp-content/uploads/2025/10/may-khoan-pin-dong-luc-dewalt-dcd996p2-1639151245.jpg HTTP/2" 200 128370 "https://www.pemco.com.vn/san-pham/may-khoan-dong-luc-dung-pin-dewalt-dcd996p2-kr/" "Mozilla/5.0 AppleWebKit/537.36 (KHTML, like Gecko; compatible; GPTBot/1.4; +https://openai.com/gptbot)"
104.223.91.222 - - [11/Jun/2026:04:16:52 +0700] "GET /wp-content/uploads/2024/07/FS2500-3-247x296.png HTTP/2" 200 74473 "https://dienmaychuyennghiep.com/san-pham/may-van-vit-makita-fs2500/" "Mozilla/5.0 (Macintosh; Intel Mac OS X 10_15_7) AppleWebKit/537.36 (KHTML, like Gecko) Chrome/130.0.0.0 Safari/537.36"
74.7.227.12 - - [11/Jun/2026:04:16:52 +0700] "GET /wp-content/uploads/2025/07/HKTIG300X-3.webp HTTP/2" 200 63590 "https://www.pemco.com.vn/san-pham/may-han-tig-dc-xung-que-hong-ky-master-hktig300x/" "Mozilla/5.0 AppleWebKit/537.36 (KHTML, like Gecko; compatible; GPTBot/1.4; +https://openai.com/gptbot)"
40.77.167.131 - - [11/Jun/2026:04:16:50 +0700] "GET /products/2590567376 HTTP/2" 200 19756 "-" "Mozilla/5.0 AppleWebKit/537.36 (KHTML, like Gecko; compatible; bingbot/2.0; +http://www.bing.com/bingbot.htm) Chrome/116.0.1938.76 Safari/537.36"
74.7.243.201 - - [11/Jun/2026:04:16:46 +0700] "GET /san-pham/may-khoan-bua-dzc02-28/?path=/var/www/vhosts/dienmaychuyennghiep.com HTTP/2" 200 62954 "https://www.dienmaychuyennghiep.com/san-pham/may-khoan-bua-dzc02-28/" "Mozilla/5.0 AppleWebKit/537.36 (KHTML, like Gecko; compatible; GPTBot/1.4; +https://openai.com/gptbot)"
40.77.167.131 - - [11/Jun/2026:04:16:51 +0700] "GET /products/10546150787 HTTP/2" 200 19756 "-" "Mozilla/5.0 AppleWebKit/537.36 (KHTML, like Gecko; compatible; bingbot/2.0; +http://www.bing.com/bingbot.htm) Chrome/116.0.1938.76 Safari/537.36"
74.7.227.12 - - [11/Jun/2026:04:16:53 +0700] "GET /wp-content/uploads/2025/07/HKTIG300X-2.webp HTTP/2" 200 85096 "https://www.pemco.com.vn/san-pham/may-han-tig-dc-xung-que-hong-ky-master-hktig300x/" "Mozilla/5.0 AppleWebKit/537.36 (KHTML, like Gecko; compatible; GPTBot/1.4; +https://openai.com/gptbot)"
74.7.227.12 - - [11/Jun/2026:04:16:53 +0700] "GET /wp-content/uploads/2025/07/HKTIG250AX-2.webp HTTP/2" 200 30340 "https://www.pemco.com.vn/san-pham/may-han-tig-acdc-xung-que-hong-ky-master-hktig250ax/" "Mozilla/5.0 AppleWebKit/537.36 (KHTML, like Gecko; compatible; GPTBot/1.4; +https://openai.com/gptbot)"
74.7.227.12 - - [11/Jun/2026:04:16:54 +0700] "GET /wp-content/uploads/2025/07/HKTIG300X-4.webp HTTP/2" 200 18966 "https://www.pemco.com.vn/san-pham/may-han-tig-dc-xung-que-hong-ky-master-hktig300x/" "Mozilla/5.0 AppleWebKit/537.36 (KHTML, like Gecko; compatible; GPTBot/1.4; +https://openai.com/gptbot)"
74.7.227.12 - - [11/Jun/2026:04:16:54 +0700] "GET /wp-content/uploads/2025/07/HKTIG250AX-4.webp HTTP/2" 200 53574 "https://www.pemco.com.vn/san-pham/may-han-tig-acdc-xung-que-hong-ky-master-hktig250ax/" "Mozilla/5.0 AppleWebKit/537.36 (KHTML, like Gecko; compatible; GPTBot/1.4; +https://openai.com/gptbot)"
167.114.139.198 - - [11/Jun/2026:04:16:52 +0700] "GET /products/15405113009 HTTP/2" 200 19756 "-" "Mozilla/5.0 (compatible; AhrefsBot/7.0; +http://ahrefs.com/robot/)"
40.77.167.131 - - [11/Jun/2026:04:16:53 +0700] "GET /products/9166995903 HTTP/2" 200 19519 "-" "Mozilla/5.0 AppleWebKit/537.36 (KHTML, like Gecko; compatible; bingbot/2.0; +http://www.bing.com/bingbot.htm) Chrome/116.0.1938.76 Safari/537.36"
74.7.227.12 - - [11/Jun/2026:04:16:55 +0700] "GET /wp-content/uploads/2025/07/HKTIG250AX-3.webp HTTP/2" 200 36934 "https://www.pemco.com.vn/san-pham/may-han-tig-acdc-xung-que-hong-ky-master-hktig250ax/" "Mozilla/5.0 AppleWebKit/537.36 (KHTML, like Gecko; compatible; GPTBot/1.4; +https://openai.com/gptbot)"
216.73.216.144 - - [11/Jun/2026:04:16:53 +0700] "GET /wp-sitemap.xml?filesrc=%2Fvar%2Fwww%2Fvhosts%2Fdienmaychuyennghiep.com%2Fhttpdocs%2Fwp-content%2Fuploads%2F2024%2F07%2F4131-6-768x768.png&path=%2Fvar%2Fwww%2Fvhosts%2Fdienmaychuyennghiep.com%2Fhttpdocs%2Fwp-content%2Fuploads%2F2024%2F07 HTTP/2" 200 248705 "-" "Mozilla/5.0 AppleWebKit/537.36 (KHTML, like Gecko; compatible; ClaudeBot/1.0; +claudebot@anthropic.com)"
74.7.227.12 - - [11/Jun/2026:04:16:55 +0700] "GET /wp-content/uploads/2025/07/HKTIG300X-4-247x296.webp HTTP/2" 200 7902 "https://www.pemco.com.vn/san-pham/may-han-tig-dc-xung-que-hong-ky-master-hktig300x/" "Mozilla/5.0 AppleWebKit/537.36 (KHTML, like Gecko; compatible; GPTBot/1.4; +https://openai.com/gptbot)"
74.7.227.12 - - [11/Jun/2026:04:16:56 +0700] "GET /wp-content/uploads/2025/07/HKTIG250AX-3-247x296.webp HTTP/2" 200 9618 "https://www.pemco.com.vn/san-pham/may-han-tig-acdc-xung-que-hong-ky-master-hktig250ax/" "Mozilla/5.0 AppleWebKit/537.36 (KHTML, like Gecko; compatible; GPTBot/1.4; +https://openai.com/gptbot)"
74.7.243.201 - - [11/Jun/2026:04:16:53 +0700] "GET /tu-khoa-san-pham/24/?filesrc=/var/www/vhosts/dienmaychuyennghiep.com/httpdocs/index.php&path=/var/www/vhosts/dienmaychuyennghiep.com/httpdocs HTTP/2" 200 55987 "https://www.dienmaychuyennghiep.com/tu-khoa-san-pham/24/" "Mozilla/5.0 AppleWebKit/537.36 (KHTML, like Gecko; compatible; GPTBot/1.4; +https://openai.com/gptbot)"
142.44.228.40 - - [11/Jun/2026:04:16:55 +0700] "GET /products/15405112528 HTTP/2" 200 19519 "-" "Mozilla/5.0 (compatible; AhrefsBot/7.0; +http://ahrefs.com/robot/)"
74.7.227.12 - - [11/Jun/2026:04:16:57 +0700] "GET /wp-content/uploads/2025/07/HKTIG300X-3-247x296.webp HTTP/2" 200 7892 "https://www.pemco.com.vn/san-pham/may-han-tig-dc-xung-que-hong-ky-master-hktig300x/" "Mozilla/5.0 AppleWebKit/537.36 (KHTML, like Gecko; compatible; GPTBot/1.4; +https://openai.com/gptbot)"
40.77.167.131 - - [11/Jun/2026:04:16:55 +0700] "GET /products/579338503 HTTP/2" 200 19500 "-" "Mozilla/5.0 AppleWebKit/537.36 (KHTML, like Gecko; compatible; bingbot/2.0; +http://www.bing.com/bingbot.htm) Chrome/116.0.1938.76 Safari/537.36"
74.7.227.12 - - [11/Jun/2026:04:16:57 +0700] "GET /wp-content/uploads/2025/07/HKTIG250AX-4-247x296.webp HTTP/2" 200 5512 "https://www.pemco.com.vn/san-pham/may-han-tig-acdc-xung-que-hong-ky-master-hktig250ax/" "Mozilla/5.0 AppleWebKit/537.36 (KHTML, like Gecko; compatible; GPTBot/1.4; +https://openai.com/gptbot)"
40.77.167.121 - - [11/Jun/2026:04:16:56 +0700] "GET /products/35980261944 HTTP/2" 200 19519 "-" "Mozilla/5.0 AppleWebKit/537.36 (KHTML, like Gecko; compatible; bingbot/2.0; +http://www.bing.com/bingbot.htm) Chrome/116.0.1938.76 Safari/537.36"
207.46.13.150 - - [11/Jun/2026:04:16:55 +0700] "GET /san-pham/thang-nhom-rut-doi-starken-st256a/feed/ HTTP/2" 200 19970 "-" "Mozilla/5.0 AppleWebKit/537.36 (KHTML, like Gecko; compatible; bingbot/2.0; +http://www.bing.com/bingbot.htm) Chrome/116.0.1938.76 Safari/537.36"
74.7.227.12 - - [11/Jun/2026:04:16:58 +0700] "GET /wp-content/uploads/2025/07/TIG250A-600x600-1-247x296.jpg HTTP/2" 200 15618 "https://www.pemco.com.vn/san-pham/may-han-tig-dc-xung-que-hong-ky-master-hktig300x/" "Mozilla/5.0 AppleWebKit/537.36 (KHTML, like Gecko; compatible; GPTBot/1.4; +https://openai.com/gptbot)"
74.7.227.12 - - [11/Jun/2026:04:16:58 +0700] "GET /wp-content/uploads/2025/10/DCD996NKR-100x100.png HTTP/2" 200 5310 "https://www.pemco.com.vn/san-pham/may-khoan-dong-luc-dung-pin-dewalt-dcd996p2-kr/" "Mozilla/5.0 AppleWebKit/537.36 (KHTML, like Gecko; compatible; GPTBot/1.4; +https://openai.com/gptbot)"
74.7.227.12 - - [11/Jun/2026:04:16:59 +0700] "GET /wp-content/uploads/2025/07/HKTIG300X.webp HTTP/2" 200 78494 "https://www.pemco.com.vn/san-pham/may-han-tig-dc-xung-que-hong-ky-master-hktig300x/" "Mozilla/5.0 AppleWebKit/537.36 (KHTML, like Gecko; compatible; GPTBot/1.4; +https://openai.com/gptbot)"
40.77.167.131 - - [11/Jun/2026:04:16:57 +0700] "GET /products/35980215582 HTTP/2" 200 19519 "-" "Mozilla/5.0 AppleWebKit/537.36 (KHTML, like Gecko; compatible; bingbot/2.0; +http://www.bing.com/bingbot.htm) Chrome/116.0.1938.76 Safari/537.36"
74.7.227.12 - - [11/Jun/2026:04:16:59 +0700] "GET /wp-content/uploads/2025/07/HKTIG250AX.webp HTTP/2" 200 35550 "https://www.pemco.com.vn/san-pham/may-han-tig-acdc-xung-que-hong-ky-master-hktig250ax/" "Mozilla/5.0 AppleWebKit/537.36 (KHTML, like Gecko; compatible; GPTBot/1.4; +https://openai.com/gptbot)"
74.7.243.201 - - [11/Jun/2026:04:16:57 +0700] "GET /danh-muc-san-pham/may-nen-khi/may-nen-khi-ly-tam/?filesrc=/var/www/vhosts/dienmaychuyennghiep.com/httpdocs/wp-signup.php&path=/var/www/vhosts/dienmaychuyennghiep.com/httpdocs HTTP/2" 200 63674 "https://www.dienmaychuyennghiep.com/danh-muc-san-pham/may-nen-khi/may-nen-khi-ly-tam/" "Mozilla/5.0 AppleWebKit/537.36 (KHTML, like Gecko; compatible; GPTBot/1.4; +https://openai.com/gptbot)"
74.7.227.12 - - [11/Jun/2026:04:17:00 +0700] "GET /wp-content/uploads/2025/10/u-100x100.png HTTP/2" 200 5093 "https://www.pemco.com.vn/san-pham/may-khoan-dong-luc-dung-pin-dewalt-dcd996p2-kr/" "Mozilla/5.0 AppleWebKit/537.36 (KHTML, like Gecko; compatible; GPTBot/1.4; +https://openai.com/gptbot)"
40.77.167.121 - - [11/Jun/2026:04:16:59 +0700] "GET /products/33373234960 HTTP/2" 200 19756 "-" "Mozilla/5.0 AppleWebKit/537.36 (KHTML, like Gecko; compatible; bingbot/2.0; +http://www.bing.com/bingbot.htm) Chrome/116.0.1938.76 Safari/537.36"
198.244.226.218 - - [11/Jun/2026:04:16:57 +0700] "GET /san-pham/may-khoan-bua-bosch-gbh-8-45-dv/ HTTP/2" 200 63339 "-" "Mozilla/5.0 (compatible; AhrefsBot/7.0; +http://ahrefs.com/robot/)"
74.7.227.12 - - [11/Jun/2026:04:17:01 +0700] "GET /wp-content/uploads/2025/07/HKTIG250AX-2-510x401.webp HTTP/2" 200 14140 "https://www.pemco.com.vn/san-pham/may-han-tig-acdc-xung-que-hong-ky-master-hktig250ax/" "Mozilla/5.0 AppleWebKit/537.36 (KHTML, like Gecko; compatible; GPTBot/1.4; +https://openai.com/gptbot)"
74.7.227.12 - - [11/Jun/2026:04:17:01 +0700] "GET /wp-content/uploads/2025/07/HKTIG250AX-2-247x296.webp HTTP/2" 200 9442 "https://www.pemco.com.vn/san-pham/may-han-tig-acdc-xung-que-hong-ky-master-hktig250ax/" "Mozilla/5.0 AppleWebKit/537.36 (KHTML, like Gecko; compatible; GPTBot/1.4; +https://openai.com/gptbot)"
74.7.227.12 - - [11/Jun/2026:04:17:02 +0700] "GET /wp-content/uploads/2025/07/HKTIG250AX-3-510x402.webp HTTP/2" 200 14890 "https://www.pemco.com.vn/san-pham/may-han-tig-acdc-xung-que-hong-ky-master-hktig250ax/" "Mozilla/5.0 AppleWebKit/537.36 (KHTML, like Gecko; compatible; GPTBot/1.4; +https://openai.com/gptbot)"
74.7.227.12 - - [11/Jun/2026:04:17:02 +0700] "GET /wp-content/uploads/2025/07/HKTIG300X-2-510x401.webp HTTP/2" 200 13924 "https://www.pemco.com.vn/san-pham/may-han-tig-dc-xung-que-hong-ky-master-hktig300x/" "Mozilla/5.0 AppleWebKit/537.36 (KHTML, like Gecko; compatible; GPTBot/1.4; +https://openai.com/gptbot)"
40.77.167.131 - - [11/Jun/2026:04:17:00 +0700] "GET /products/1054661328 HTTP/2" 200 19756 "-" "Mozilla/5.0 AppleWebKit/537.36 (KHTML, like Gecko; compatible; bingbot/2.0; +http://www.bing.com/bingbot.htm) Chrome/116.0.1938.76 Safari/537.36"
52.167.144.161 - - [11/Jun/2026:04:17:00 +0700] "GET /products/57933237516 HTTP/2" 200 19519 "-" "Mozilla/5.0 AppleWebKit/537.36 (KHTML, like Gecko; compatible; bingbot/2.0; +http://www.bing.com/bingbot.htm) Chrome/116.0.1938.76 Safari/537.36"
74.7.227.12 - - [11/Jun/2026:04:17:03 +0700] "GET /wp-content/uploads/2025/07/HKTIG300X-3-510x401.webp HTTP/2" 200 12488 "https://www.pemco.com.vn/san-pham/may-han-tig-dc-xung-que-hong-ky-master-hktig300x/" "Mozilla/5.0 AppleWebKit/537.36 (KHTML, like Gecko; compatible; GPTBot/1.4; +https://openai.com/gptbot)"
148.113.130.170 - - [11/Jun/2026:04:17:00 +0700] "GET /products/15405110873 HTTP/2" 200 19756 "-" "Mozilla/5.0 (compatible; AhrefsBot/7.0; +http://ahrefs.com/robot/)"
74.7.227.12 - - [11/Jun/2026:04:17:03 +0700] "GET /wp-content/uploads/2025/07/HKTIG200I-1-247x296.webp HTTP/2" 200 8010 "https://www.pemco.com.vn/san-pham/may-han-tig-dc-xung-que-hong-ky-master-hktig300x/" "Mozilla/5.0 AppleWebKit/537.36 (KHTML, like Gecko; compatible; GPTBot/1.4; +https://openai.com/gptbot)"
216.73.216.144 - - [11/Jun/2026:04:17:01 +0700] "GET /wp-sitemap.xml?filesrc=%2Fvar%2Fwww%2Fvhosts%2Fdienmaychuyennghiep.com%2Fhttpdocs%2Fwp-content%2Fuploads%2F2024%2F07%2F4350CT-1-150x150.png&path=%2Fvar%2Fwww%2Fvhosts%2Fdienmaychuyennghiep.com%2Fhttpdocs%2Fwp-content%2Fuploads%2F2024%2F07 HTTP/2" 200 42193 "-" "Mozilla/5.0 AppleWebKit/537.36 (KHTML, like Gecko; compatible; ClaudeBot/1.0; +claudebot@anthropic.com)"
74.7.227.12 - - [11/Jun/2026:04:17:04 +0700] "GET /wp-content/uploads/2025/07/HKTIG250AX-4-510x401.webp HTTP/2" 200 8436 "https://www.pemco.com.vn/san-pham/may-han-tig-acdc-xung-que-hong-ky-master-hktig250ax/" "Mozilla/5.0 AppleWebKit/537.36 (KHTML, like Gecko; compatible; GPTBot/1.4; +https://openai.com/gptbot)"
47.79.206.115 - - [11/Jun/2026:04:17:01 +0700] "GET /dung-cu-cam-tay/uon-cat-ong/cat-ong HTTP/1.1" 200 20837 "https://www.google.com/" "Mozilla/5.0 (Windows NT 10.0; Win64; x64) AppleWebKit/537.36 (KHTML, like Gecko) Chrome/132.0.0.0 Safari/537.36"
74.7.227.12 - - [11/Jun/2026:04:17:04 +0700] "GET /wp-content/uploads/2025/07/HKTIG400X-2-247x296.webp HTTP/2" 200 9370 "https://www.pemco.com.vn/san-pham/may-han-tig-dc-xung-que-hong-ky-master-hktig400x/" "Mozilla/5.0 AppleWebKit/537.36 (KHTML, like Gecko; compatible; GPTBot/1.4; +https://openai.com/gptbot)"
74.7.227.12 - - [11/Jun/2026:04:17:05 +0700] "GET /wp-content/uploads/2025/07/HKTIG300X-4-510x330.webp HTTP/2" 200 9892 "https://www.pemco.com.vn/san-pham/may-han-tig-dc-xung-que-hong-ky-master-hktig300x/" "Mozilla/5.0 AppleWebKit/537.36 (KHTML, like Gecko; compatible; GPTBot/1.4; +https://openai.com/gptbot)"
74.7.227.12 - - [11/Jun/2026:04:17:05 +0700] "GET /wp-content/uploads/2025/07/HKTIG200E-2-247x296.webp HTTP/2" 200 8916 "https://www.pemco.com.vn/san-pham/may-han-tig-dc-xung-que-hong-ky-master-hktig400x/" "Mozilla/5.0 AppleWebKit/537.36 (KHTML, like Gecko; compatible; GPTBot/1.4; +https://openai.com/gptbot)"
148.113.128.196 - - [11/Jun/2026:04:17:03 +0700] "GET /products/15405110302 HTTP/2" 200 19756 "-" "Mozilla/5.0 (compatible; AhrefsBot/7.0; +http://ahrefs.com/robot/)"
74.7.227.12 - - [11/Jun/2026:04:17:06 +0700] "GET /wp-content/uploads/2025/07/HKTIG300A-100x100.webp HTTP/2" 200 2042 "https://www.pemco.com.vn/san-pham/may-han-tig-dc-xung-que-hong-ky-master-hktig300x/" "Mozilla/5.0 AppleWebKit/537.36 (KHTML, like Gecko; compatible; GPTBot/1.4; +https://openai.com/gptbot)"
52.167.144.161 - - [11/Jun/2026:04:17:03 +0700] "GET /products/2982792475 HTTP/2" 200 19756 "-" "Mozilla/5.0 AppleWebKit/537.36 (KHTML, like Gecko; compatible; bingbot/2.0; +http://www.bing.com/bingbot.htm) Chrome/116.0.1938.76 Safari/537.36"
74.7.227.12 - - [11/Jun/2026:04:17:07 +0700] "GET /wp-content/uploads/2025/07/HKTIG400X-100x100.webp HTTP/2" 200 2354 "https://www.pemco.com.vn/san-pham/may-han-tig-dc-xung-que-hong-ky-master-hktig300x/" "Mozilla/5.0 AppleWebKit/537.36 (KHTML, like Gecko; compatible; GPTBot/1.4; +https://openai.com/gptbot)"
74.7.227.12 - - [11/Jun/2026:04:17:07 +0700] "GET /wp-content/uploads/2025/07/HKTIG300X-510x401.webp HTTP/2" 200 15600 "https://www.pemco.com.vn/san-pham/may-han-tig-dc-xung-que-hong-ky-master-hktig300x/" "Mozilla/5.0 AppleWebKit/537.36 (KHTML, like Gecko; compatible; GPTBot/1.4; +https://openai.com/gptbot)"
74.7.243.201 - - [11/Jun/2026:04:17:00 +0700] "GET /san-pham/may-thoi-nong-dqb2000/?filesrc=/var/www/vhosts/dienmaychuyennghiep.com/httpdocs/wp-activate.php&path=/var/www/vhosts/dienmaychuyennghiep.com/httpdocs HTTP/2" 200 64506 "https://www.dienmaychuyennghiep.com/san-pham/may-thoi-nong-dqb2000/" "Mozilla/5.0 AppleWebKit/537.36 (KHTML, like Gecko; compatible; GPTBot/1.4; +https://openai.com/gptbot)"
52.167.144.161 - - [11/Jun/2026:04:17:06 +0700] "GET /products/2970128553 HTTP/2" 200 19756 "-" "Mozilla/5.0 AppleWebKit/537.36 (KHTML, like Gecko; compatible; bingbot/2.0; +http://www.bing.com/bingbot.htm) Chrome/116.0.1938.76 Safari/537.36"
40.77.167.131 - - [11/Jun/2026:04:17:06 +0700] "GET /products/25905154397 HTTP/2" 200 19756 "-" "Mozilla/5.0 AppleWebKit/537.36 (KHTML, like Gecko; compatible; bingbot/2.0; +http://www.bing.com/bingbot.htm) Chrome/116.0.1938.76 Safari/537.36"
74.7.227.12 - - [11/Jun/2026:04:17:08 +0700] "GET /wp-content/uploads/2025/07/HKTIG250AX-510x401.webp HTTP/2" 200 17262 "https://www.pemco.com.vn/san-pham/may-han-tig-acdc-xung-que-hong-ky-master-hktig250ax/" "Mozilla/5.0 AppleWebKit/537.36 (KHTML, like Gecko; compatible; GPTBot/1.4; +https://openai.com/gptbot)"
74.7.227.12 - - [11/Jun/2026:04:17:08 +0700] "GET /wp-content/uploads/2025/10/8055b5a9b5fa6104c118c948d361ff-100x100.webp HTTP/2" 200 1922 "https://www.pemco.com.vn/san-pham/may-khoan-dong-luc-dung-pin-dewalt-dcd806n-b1/" "Mozilla/5.0 AppleWebKit/537.36 (KHTML, like Gecko; compatible; GPTBot/1.4; +https://openai.com/gptbot)"
15.235.98.184 - - [11/Jun/2026:04:17:09 +0700] "GET /products/15405106110 HTTP/2" 200 19756 "-" "Mozilla/5.0 (compatible; AhrefsBot/7.0; +http://ahrefs.com/robot/)"
52.167.144.161 - - [11/Jun/2026:04:17:09 +0700] "GET /products/29701149381 HTTP/2" 200 19756 "-" "Mozilla/5.0 AppleWebKit/537.36 (KHTML, like Gecko; compatible; bingbot/2.0; +http://www.bing.com/bingbot.htm) Chrome/116.0.1938.76 Safari/537.36"
40.77.167.131 - - [11/Jun/2026:04:17:09 +0700] "GET /products/57933283750 HTTP/2" 200 19500 "-" "Mozilla/5.0 AppleWebKit/537.36 (KHTML, like Gecko; compatible; bingbot/2.0; +http://www.bing.com/bingbot.htm) Chrome/116.0.1938.76 Safari/537.36"
114.119.151.175 - - [11/Jun/2026:04:17:14 +0700] "GET /wp-content/uploads/2024/06/GA7020R01-3.png HTTP/1.1" 200 503028 "https://www.pemco.vn/san-pham/may-mai-goc-makita-ga7020r01-2200w/" "Mozilla/5.0 (Linux; Android 7.0;) AppleWebKit/537.36 (HTML, like Gecko) Mobile Safari/537.36 (compatible; PetalBot;+https://webmaster.petalsearch.com/site/petalbot)"
52.167.144.161 - - [11/Jun/2026:04:17:11 +0700] "GET /products/29827265649 HTTP/2" 200 19756 "-" "Mozilla/5.0 AppleWebKit/537.36 (KHTML, like Gecko; compatible; bingbot/2.0; +http://www.bing.com/bingbot.htm) Chrome/116.0.1938.76 Safari/537.36"
142.44.220.154 - - [11/Jun/2026:04:17:10 +0700] "GET /products/15405282624 HTTP/2" 200 19500 "-" "Mozilla/5.0 (compatible; AhrefsBot/7.0; +http://ahrefs.com/robot/)"
142.44.220.109 - - [11/Jun/2026:04:17:10 +0700] "GET /products/15405272983 HTTP/2" 200 19756 "-" "Mozilla/5.0 (compatible; AhrefsBot/7.0; +http://ahrefs.com/robot/)"
74.7.243.201 - - [11/Jun/2026:04:17:07 +0700] "GET /san-pham/may-khoan-bua-2-toc-do-makita-hp2070/?filesrc=/var/www/vhosts/dienmaychuyennghiep.com/httpdocs/wp-comments-post.php&path=/var/www/vhosts/dienmaychuyennghiep.com/httpdocs HTTP/2" 200 63393 "https://www.dienmaychuyennghiep.com/san-pham/may-khoan-bua-2-toc-do-makita-hp2070/" "Mozilla/5.0 AppleWebKit/537.36 (KHTML, like Gecko; compatible; GPTBot/1.4; +https://openai.com/gptbot)"
74.7.227.12 - - [11/Jun/2026:04:17:09 +0700] "GET /san-pham/may-khoan-dong-luc-dung-pin-dewalt-dcd805n-b1/ HTTP/2" 200 62752 "https://www.pemco.com.vn/wp-sitemap-posts-product-1.xml" "Mozilla/5.0 AppleWebKit/537.36 (KHTML, like Gecko; compatible; GPTBot/1.4; +https://openai.com/gptbot)"
148.113.130.135 - - [11/Jun/2026:04:17:10 +0700] "GET /products/15405250599 HTTP/2" 200 19756 "-" "Mozilla/5.0 (compatible; AhrefsBot/7.0; +http://ahrefs.com/robot/)"
151.245.234.37 - - [11/Jun/2026:04:17:21 +0700] "GET /wp-content/uploads/2024/07/MLT100-3.png HTTP/2" 200 476319 "https://dienmaychuyennghiep.com/san-pham/may-cua-ban-makita-mlt100/" "Mozilla/5.0 (Macintosh; Intel Mac OS X 10_15_7) AppleWebKit/537.36 (KHTML, like Gecko) Chrome/130.0.0.0 Safari/537.36"
54.39.0.92 - - [11/Jun/2026:04:17:11 +0700] "GET /products/15405235550 HTTP/2" 200 19756 "-" "Mozilla/5.0 (compatible; AhrefsBot/7.0; +http://ahrefs.com/robot/)"
54.39.6.222 - - [11/Jun/2026:04:17:13 +0700] "GET /products/15405191576 HTTP/2" 200 19519 "-" "Mozilla/5.0 (compatible; AhrefsBot/7.0; +http://ahrefs.com/robot/)"
103.138.88.26 - - [11/Jun/2026:04:17:25 +0700] "POST /wp-cron.php?doing_wp_cron=1781126245.2394371032714843750000 HTTP/1.1" 200 474 "-" "WordPress/7.0; https://www.pemco.vn"
103.138.88.26 - - [11/Jun/2026:04:17:25 +0700] "POST /wp-cron.php?doing_wp_cron=1781126245.4280939102172851562500 HTTP/1.1" 200 474 "-" "WordPress/7.0; https://dienmaychuyennghiep.com"
