216.73.216.144 - - [11/Jun/2026:04:44:02 +0700] "GET /tu-khoa-san-pham/may-thoi-khi-dung-pin/?path=%2Fvar%2Fwww%2Fvhosts%2Fdienmaychuyennghiep.com%2Fhttpdocs%2Fwp-includes%2Fcss HTTP/2" 200 58013 "-" "Mozilla/5.0 AppleWebKit/537.36 (KHTML, like Gecko; compatible; ClaudeBot/1.0; +claudebot@anthropic.com)"
216.73.216.144 - - [11/Jun/2026:04:44:01 +0700] "GET /san-pham/may-khoan-dung-pin-dcjz2060i/?path=%2Fvar%2Fwww%2Fvhosts%2Fdienmaychuyennghiep.com%2Fhttpdocs%2Fwp-includes%2Fphp-ai-client HTTP/2" 200 61505 "-" "Mozilla/5.0 AppleWebKit/537.36 (KHTML, like Gecko; compatible; ClaudeBot/1.0; +claudebot@anthropic.com)"
77.81.92.137 - - [11/Jun/2026:04:44:08 +0700] "GET /wp-content/uploads/2024/07/GD0601-2.png HTTP/2" 200 519872 "https://dienmaychuyennghiep.com/san-pham/may-mai-khuon-makita-gd0601/" "Mozilla/5.0 (Macintosh; Intel Mac OS X 10_15_7) AppleWebKit/537.36 (KHTML, like Gecko) Chrome/130.0.0.0 Safari/537.36"
216.73.216.144 - - [11/Jun/2026:04:44:03 +0700] "GET /tu-khoa-san-pham/may-thoi-khi-dung-pin/?path=%2Fvar%2Fwww%2Fvhosts%2Fdienmaychuyennghiep.com%2Fhttpdocs%2Fwp-includes%2Fblock-patterns HTTP/2" 200 57075 "-" "Mozilla/5.0 AppleWebKit/537.36 (KHTML, like Gecko; compatible; ClaudeBot/1.0; +claudebot@anthropic.com)"
216.73.216.144 - - [11/Jun/2026:04:44:09 +0700] "GET /tu-khoa-san-pham/may-thoi-khi-dung-pin/?filesrc=%2Fvar%2Fwww%2Fvhosts%2Fdienmaychuyennghiep.com%2Fhttpdocs%2Fwp-includes%2Fclass-wp-oembed-controller.php&path=%2Fvar%2Fwww%2Fvhosts%2Fdienmaychuyennghiep.com%2Fhttpdocs%2Fwp-includes HTTP/2" 403 370 "-" "Mozilla/5.0 AppleWebKit/537.36 (KHTML, like Gecko; compatible; ClaudeBot/1.0; +claudebot@anthropic.com)"
148.113.128.47 - - [11/Jun/2026:04:44:08 +0700] "GET /products/79033128152 HTTP/2" 200 19519 "-" "Mozilla/5.0 (compatible; AhrefsBot/7.0; +http://ahrefs.com/robot/)"
74.7.227.12 - - [11/Jun/2026:04:44:05 +0700] "GET /san-pham/may-siet-bu-long-dung-pin-dartek-20-350-2/ HTTP/2" 200 62831 "https://www.pemco.com.vn/wp-sitemap-posts-product-1.xml" "Mozilla/5.0 AppleWebKit/537.36 (KHTML, like Gecko; compatible; GPTBot/1.4; +https://openai.com/gptbot)"
216.73.216.144 - - [11/Jun/2026:04:44:10 +0700] "GET /tu-khoa-san-pham/may-thoi-khi-dung-pin/?path=%2Fvar%2Fwww%2Fvhosts%2Fdienmaychuyennghiep.com%2Fhttpdocs%2Fwp-includes%2Fabilities-api HTTP/2" 403 370 "-" "Mozilla/5.0 AppleWebKit/537.36 (KHTML, like Gecko; compatible; ClaudeBot/1.0; +claudebot@anthropic.com)"
216.73.216.144 - - [11/Jun/2026:04:44:10 +0700] "GET /san-pham/may-khoan-dung-pin-dcjz2060i/?path=%2Fvar%2Fwww%2Fvhosts%2Fdienmaychuyennghiep.com%2Fhttpdocs%2Fwp-includes%2Fblock-patterns HTTP/2" 403 370 "-" "Mozilla/5.0 AppleWebKit/537.36 (KHTML, like Gecko; compatible; ClaudeBot/1.0; +claudebot@anthropic.com)"
216.73.216.144 - - [11/Jun/2026:04:44:07 +0700] "GET /san-pham/may-khoan-dung-pin-dcjz2060i/?filesrc=%2Fvar%2Fwww%2Fvhosts%2Fdienmaychuyennghiep.com%2Fhttpdocs%2Fwp-includes%2Fclass-wp-block-processor.php&path=%2Fvar%2Fwww%2Fvhosts%2Fdienmaychuyennghiep.com%2Fhttpdocs%2Fwp-includes HTTP/2" 200 79508 "-" "Mozilla/5.0 AppleWebKit/537.36 (KHTML, like Gecko; compatible; ClaudeBot/1.0; +claudebot@anthropic.com)"
216.73.216.144 - - [11/Jun/2026:04:44:10 +0700] "GET /san-pham/may-khoan-dung-pin-dcjz2060i/?path=%2Fvar%2Fwww%2Fvhosts%2Fdienmaychuyennghiep.com%2Fhttpdocs%2Fwp-includes%2Fcss HTTP/2" 403 370 "-" "Mozilla/5.0 AppleWebKit/537.36 (KHTML, like Gecko; compatible; ClaudeBot/1.0; +claudebot@anthropic.com)"
216.73.216.144 - - [11/Jun/2026:04:44:11 +0700] "GET /danh-muc-san-pham/music/albums/feed/?path=%2Fvar%2Fwww%2Fvhosts%2Fdienmaychuyennghiep.com%2Fhttpdocs%2Fwp-content%2Fplugins%2Fwoocommerce%2Fsrc%2FInternal HTTP/2" 403 370 "-" "Mozilla/5.0 AppleWebKit/537.36 (KHTML, like Gecko; compatible; ClaudeBot/1.0; +claudebot@anthropic.com)"
216.73.216.144 - - [11/Jun/2026:04:44:11 +0700] "GET /san-pham/may-khoan-dung-pin-dcjz2060i/?filesrc=%2Fvar%2Fwww%2Fvhosts%2Fdienmaychuyennghiep.com%2Fhttpdocs%2Fwp-includes%2Fclass-wp-oembed-controller.php&path=%2Fvar%2Fwww%2Fvhosts%2Fdienmaychuyennghiep.com%2Fhttpdocs%2Fwp-includes HTTP/2" 403 370 "-" "Mozilla/5.0 AppleWebKit/537.36 (KHTML, like Gecko; compatible; ClaudeBot/1.0; +claudebot@anthropic.com)"
216.73.216.144 - - [11/Jun/2026:04:44:11 +0700] "GET /san-pham/may-khoan-duc-be-tong-bosch-gsh-11e/feed/?path=%2Fvar%2Fwww%2Fvhosts%2Fdienmaychuyennghiep.com%2Fhttpdocs%2Fwp-includes%2Fhtml-api HTTP/2" 403 370 "-" "Mozilla/5.0 AppleWebKit/537.36 (KHTML, like Gecko; compatible; ClaudeBot/1.0; +claudebot@anthropic.com)"
216.73.216.144 - - [11/Jun/2026:04:44:12 +0700] "GET /san-pham/may-khoan-dung-pin-dcjz2060i/?path=%2Fvar%2Fwww%2Fvhosts%2Fdienmaychuyennghiep.com%2Fhttpdocs%2Fwp-includes%2Fabilities-api HTTP/2" 403 370 "-" "Mozilla/5.0 AppleWebKit/537.36 (KHTML, like Gecko; compatible; ClaudeBot/1.0; +claudebot@anthropic.com)"
216.73.216.144 - - [11/Jun/2026:04:44:12 +0700] "GET /tu-khoa-san-pham/may-thoi-khi-dung-pin/?path=%2Fvar%2Fwww%2Fvhosts%2Fdienmaychuyennghiep.com%2Fhttpdocs%2Fwp-includes%2Fjs%2Fcodemirror HTTP/2" 403 370 "-" "Mozilla/5.0 AppleWebKit/537.36 (KHTML, like Gecko; compatible; ClaudeBot/1.0; +claudebot@anthropic.com)"
74.7.227.12 - - [11/Jun/2026:04:44:10 +0700] "GET /?p=6325 HTTP/2" 200 19519 "https://www.pemco.com.vn/san-pham/may-han-tig-xung-tig200p-w224-jasic/" "Mozilla/5.0 AppleWebKit/537.36 (KHTML, like Gecko; compatible; GPTBot/1.4; +https://openai.com/gptbot)"
74.7.227.12 - - [11/Jun/2026:04:44:12 +0700] "GET /wp-content/uploads/2025/10/Screenshot_15-10-2025_10131_dartek.com_.vn_-247x281.jpeg HTTP/2" 200 10000 "https://www.pemco.com.vn/san-pham/may-siet-bu-long-dung-pin-dartek-20-350-2/" "Mozilla/5.0 AppleWebKit/537.36 (KHTML, like Gecko; compatible; GPTBot/1.4; +https://openai.com/gptbot)"
54.39.6.215 - - [11/Jun/2026:04:44:11 +0700] "GET /products/79033122915 HTTP/2" 200 19756 "-" "Mozilla/5.0 (compatible; AhrefsBot/7.0; +http://ahrefs.com/robot/)"
74.7.227.12 - - [11/Jun/2026:04:44:13 +0700] "GET /wp-content/uploads/2025/10/Screenshot_15-10-2025_104457_dartek.vn_-247x296.jpeg HTTP/2" 200 8760 "https://www.pemco.com.vn/san-pham/may-siet-bu-long-dung-pin-dartek-20-350-2/" "Mozilla/5.0 AppleWebKit/537.36 (KHTML, like Gecko; compatible; GPTBot/1.4; +https://openai.com/gptbot)"
74.7.227.12 - - [11/Jun/2026:04:44:13 +0700] "GET /wp-content/uploads/2025/10/Screenshot-2025-10-15-144009-510x380.png HTTP/2" 200 32557 "https://www.pemco.com.vn/san-pham/may-siet-bu-long-dung-pin-dartek-20-350-2/" "Mozilla/5.0 AppleWebKit/537.36 (KHTML, like Gecko; compatible; GPTBot/1.4; +https://openai.com/gptbot)"
119.13.234.68 - - [11/Jun/2026:04:44:14 +0700] "GET /wp-content/uploads/2024/06/GBM400-6-247x296.png HTTP/2" 200 63139 "https://dienmaychuyennghiep.com/tu-khoa-san-pham/khoan-sat/" "Mozilla/5.0 (Macintosh; Intel Mac OS X 10_15_7) AppleWebKit/537.36 (KHTML, like Gecko) Chrome/130.0.0.0 Safari/537.36"
74.7.243.201 - - [11/Jun/2026:04:44:09 +0700] "GET /san-pham/wicked-ss-o-neck-selected-homme/?path=/var/www/vhosts/dienmaychuyennghiep.com/.cagefs/var/php/apm HTTP/2" 200 60252 "https://www.dienmaychuyennghiep.com/san-pham/wicked-ss-o-neck-selected-homme/?path=/var/www/vhosts/dienmaychuyennghiep.com/.cagefs/var/php" "Mozilla/5.0 AppleWebKit/537.36 (KHTML, like Gecko; compatible; GPTBot/1.4; +https://openai.com/gptbot)"
74.7.227.12 - - [11/Jun/2026:04:44:14 +0700] "GET /wp-json/wp/v2/product/8782 HTTP/2" 200 22680 "https://www.pemco.com.vn/san-pham/may-siet-bu-long-dung-pin-dartek-20-350-2/" "Mozilla/5.0 AppleWebKit/537.36 (KHTML, like Gecko; compatible; GPTBot/1.4; +https://openai.com/gptbot)"
54.39.210.52 - - [11/Jun/2026:04:44:14 +0700] "GET /products/79033118789 HTTP/2" 200 19743 "-" "Mozilla/5.0 (compatible; AhrefsBot/7.0; +http://ahrefs.com/robot/)"
74.7.227.12 - - [11/Jun/2026:04:44:16 +0700] "GET /wp-content/uploads/2025/10/Screenshot_15-10-2025_9391_dartek.com_.vn_-247x293.jpeg HTTP/2" 200 8822 "https://www.pemco.com.vn/san-pham/may-siet-bu-long-dung-pin-dartek-20-350-2/" "Mozilla/5.0 AppleWebKit/537.36 (KHTML, like Gecko; compatible; GPTBot/1.4; +https://openai.com/gptbot)"
74.7.227.12 - - [11/Jun/2026:04:44:17 +0700] "GET /wp-json/oembed/1.0/embed?url=https%3A%2F%2Fwww.pemco.com.vn%2Fsan-pham%2Fmay-siet-bu-long-dung-pin-dartek-20-350-2%2F HTTP/2" 200 21014 "https://www.pemco.com.vn/san-pham/may-siet-bu-long-dung-pin-dartek-20-350-2/" "Mozilla/5.0 AppleWebKit/537.36 (KHTML, like Gecko; compatible; GPTBot/1.4; +https://openai.com/gptbot)"
74.7.227.12 - - [11/Jun/2026:04:44:19 +0700] "GET /wp-content/uploads/2025/10/Screenshot-2025-10-15-151224-100x100.png HTTP/2" 200 4118 "https://www.pemco.com.vn/san-pham/may-siet-bu-long-dung-pin-dartek-20-350-2/" "Mozilla/5.0 AppleWebKit/537.36 (KHTML, like Gecko; compatible; GPTBot/1.4; +https://openai.com/gptbot)"
74.7.243.201 - - [11/Jun/2026:04:44:15 +0700] "GET /san-pham/wicked-ss-o-neck-selected-homme/?path=/var/www/vhosts/dienmaychuyennghiep.com/.cagefs/var/cache/php-eaccelerator HTTP/2" 200 60076 "https://www.dienmaychuyennghiep.com/san-pham/wicked-ss-o-neck-selected-homme/?path=/var/www/vhosts/dienmaychuyennghiep.com/.cagefs/var/cache" "Mozilla/5.0 AppleWebKit/537.36 (KHTML, like Gecko; compatible; GPTBot/1.4; +https://openai.com/gptbot)"
74.7.227.12 - - [11/Jun/2026:04:44:20 +0700] "GET /wp-content/uploads/2025/10/Screenshot-2025-10-15-092918-247x296.png HTTP/2" 200 12636 "https://www.pemco.com.vn/san-pham/may-siet-bu-long-dung-pin-dartek-20-350-2/" "Mozilla/5.0 AppleWebKit/537.36 (KHTML, like Gecko; compatible; GPTBot/1.4; +https://openai.com/gptbot)"
216.73.216.144 - - [11/Jun/2026:04:44:20 +0700] "GET /tu-khoa-san-pham/may-thoi-khi-dung-pin/?filesrc=%2Fvar%2Fwww%2Fvhosts%2Fdienmaychuyennghiep.com%2Fhttpdocs%2Fwp-includes%2Fclass-wp-xmlrpc-server.php&path=%2Fvar%2Fwww%2Fvhosts%2Fdienmaychuyennghiep.com%2Fhttpdocs%2Fwp-includes HTTP/2" 403 370 "-" "Mozilla/5.0 AppleWebKit/537.36 (KHTML, like Gecko; compatible; ClaudeBot/1.0; +claudebot@anthropic.com)"
216.73.216.144 - - [11/Jun/2026:04:44:20 +0700] "GET /tu-khoa-san-pham/may-thoi-khi-dung-pin/?filesrc=%2Fvar%2Fwww%2Fvhosts%2Fdienmaychuyennghiep.com%2Fhttpdocs%2Fwp-includes%2Fclass-wp-navigation-fallback.php&path=%2Fvar%2Fwww%2Fvhosts%2Fdienmaychuyennghiep.com%2Fhttpdocs%2Fwp-includes HTTP/2" 403 370 "-" "Mozilla/5.0 AppleWebKit/537.36 (KHTML, like Gecko; compatible; ClaudeBot/1.0; +claudebot@anthropic.com)"
216.73.216.144 - - [11/Jun/2026:04:44:21 +0700] "GET /danh-muc-san-pham/music/albums/feed/?path=%2Fvar%2Fwww%2Fvhosts%2Fdienmaychuyennghiep.com%2Fhttpdocs%2Fwp-content%2Fplugins%2Felementor%2Fdata HTTP/2" 403 370 "-" "Mozilla/5.0 AppleWebKit/537.36 (KHTML, like Gecko; compatible; ClaudeBot/1.0; +claudebot@anthropic.com)"
216.73.216.144 - - [11/Jun/2026:04:44:21 +0700] "GET /tu-khoa-san-pham/may-thoi-khi-dung-pin/?filesrc=%2Fvar%2Fwww%2Fvhosts%2Fdienmaychuyennghiep.com%2Fhttpdocs%2Fwp-includes%2Fclass-wp-error.php&path=%2Fvar%2Fwww%2Fvhosts%2Fdienmaychuyennghiep.com%2Fhttpdocs%2Fwp-includes HTTP/2" 403 370 "-" "Mozilla/5.0 AppleWebKit/537.36 (KHTML, like Gecko; compatible; ClaudeBot/1.0; +claudebot@anthropic.com)"
15.235.98.129 - - [11/Jun/2026:04:44:18 +0700] "GET /products/79033114897 HTTP/2" 200 19519 "-" "Mozilla/5.0 (compatible; AhrefsBot/7.0; +http://ahrefs.com/robot/)"
216.73.216.144 - - [11/Jun/2026:04:44:21 +0700] "GET /danh-muc-san-pham/music/albums/feed/?path=%2Fvar%2Fwww%2Fvhosts%2Fdienmaychuyennghiep.com%2Fhttpdocs%2Fwp-content%2Fplugins%2Felementor-pro%2Fdata HTTP/2" 403 370 "-" "Mozilla/5.0 AppleWebKit/537.36 (KHTML, like Gecko; compatible; ClaudeBot/1.0; +claudebot@anthropic.com)"
216.73.216.144 - - [11/Jun/2026:04:44:22 +0700] "GET /san-pham/may-khoan-dung-pin-dcjz2060i/?filesrc=%2Fvar%2Fwww%2Fvhosts%2Fdienmaychuyennghiep.com%2Fhttpdocs%2Fwp-includes%2Fclass-wp-block-parser-frame.php&path=%2Fvar%2Fwww%2Fvhosts%2Fdienmaychuyennghiep.com%2Fhttpdocs%2Fwp-includes HTTP/2" 403 370 "-" "Mozilla/5.0 AppleWebKit/537.36 (KHTML, like Gecko; compatible; ClaudeBot/1.0; +claudebot@anthropic.com)"
216.73.216.144 - - [11/Jun/2026:04:44:22 +0700] "GET /san-pham/may-khoan-dung-pin-dcjz2060i/?path=%2Fvar%2Fwww%2Fvhosts%2Fdienmaychuyennghiep.com%2Fhttpdocs%2Fwp-includes%2FSimplePie HTTP/2" 403 370 "-" "Mozilla/5.0 AppleWebKit/537.36 (KHTML, like Gecko; compatible; ClaudeBot/1.0; +claudebot@anthropic.com)"
216.73.216.144 - - [11/Jun/2026:04:44:23 +0700] "GET /san-pham/may-khoan-dung-pin-dcjz2060i/?filesrc=%2Fvar%2Fwww%2Fvhosts%2Fdienmaychuyennghiep.com%2Fhttpdocs%2Fwp-includes%2Fclass-wp-xmlrpc-server.php&path=%2Fvar%2Fwww%2Fvhosts%2Fdienmaychuyennghiep.com%2Fhttpdocs%2Fwp-includes HTTP/2" 403 370 "-" "Mozilla/5.0 AppleWebKit/537.36 (KHTML, like Gecko; compatible; ClaudeBot/1.0; +claudebot@anthropic.com)"
216.73.216.144 - - [11/Jun/2026:04:44:23 +0700] "GET /san-pham/may-khoan-dung-pin-dcjz2060i/?filesrc=%2Fvar%2Fwww%2Fvhosts%2Fdienmaychuyennghiep.com%2Fhttpdocs%2Fwp-includes%2Fclass-wp-navigation-fallback.php&path=%2Fvar%2Fwww%2Fvhosts%2Fdienmaychuyennghiep.com%2Fhttpdocs%2Fwp-includes HTTP/2" 403 370 "-" "Mozilla/5.0 AppleWebKit/537.36 (KHTML, like Gecko; compatible; ClaudeBot/1.0; +claudebot@anthropic.com)"
15.235.96.80 - - [11/Jun/2026:04:44:22 +0700] "GET /products/79033112873 HTTP/2" 200 19743 "-" "Mozilla/5.0 (compatible; AhrefsBot/7.0; +http://ahrefs.com/robot/)"
216.73.216.144 - - [11/Jun/2026:04:44:24 +0700] "GET /san-pham/may-khoan-dung-pin-dcjz2060i/?filesrc=%2Fvar%2Fwww%2Fvhosts%2Fdienmaychuyennghiep.com%2Fhttpdocs%2Fwp-includes%2Fclass-wp-error.php&path=%2Fvar%2Fwww%2Fvhosts%2Fdienmaychuyennghiep.com%2Fhttpdocs%2Fwp-includes HTTP/2" 403 370 "-" "Mozilla/5.0 AppleWebKit/537.36 (KHTML, like Gecko; compatible; ClaudeBot/1.0; +claudebot@anthropic.com)"
216.73.216.144 - - [11/Jun/2026:04:44:24 +0700] "GET /danh-muc-san-pham/music/albums/feed/?path=%2Fvar%2Fwww%2Fvhosts%2Fdienmaychuyennghiep.com%2Fhttpdocs%2Fwp-content%2Fplugins%2Felementor%2Fmodules HTTP/2" 403 370 "-" "Mozilla/5.0 AppleWebKit/537.36 (KHTML, like Gecko; compatible; ClaudeBot/1.0; +claudebot@anthropic.com)"
216.73.216.144 - - [11/Jun/2026:04:44:25 +0700] "GET /danh-muc-san-pham/music/albums/feed/?path=%2Fvar%2Fwww%2Fvhosts%2Fdienmaychuyennghiep.com%2Fhttpdocs%2Fwp-content%2Fplugins%2Fwoocommerce%2Fsrc%2FEnums HTTP/2" 403 370 "-" "Mozilla/5.0 AppleWebKit/537.36 (KHTML, like Gecko; compatible; ClaudeBot/1.0; +claudebot@anthropic.com)"
216.73.216.144 - - [11/Jun/2026:04:44:25 +0700] "GET /danh-muc-san-pham/music/albums/feed/?path=%2Fvar%2Fwww%2Fvhosts%2Fdienmaychuyennghiep.com%2Fhttpdocs%2Fwp-content%2Fplugins%2Felementor-pro%2Fmodules HTTP/2" 403 370 "-" "Mozilla/5.0 AppleWebKit/537.36 (KHTML, like Gecko; compatible; ClaudeBot/1.0; +claudebot@anthropic.com)"
216.73.216.144 - - [11/Jun/2026:04:44:25 +0700] "GET /danh-muc-san-pham/music/albums/feed/?filesrc=%2Fvar%2Fwww%2Fvhosts%2Fdienmaychuyennghiep.com%2Fhttpdocs%2Fwp-content%2Fplugins%2Fwoocommerce%2Fpatterns%2Fbanner.php&path=%2Fvar%2Fwww%2Fvhosts%2Fdienmaychuyennghiep.com%2Fhttpdocs%2Fwp-content%2Fplugins%2Fwoocommerce%2Fpatterns HTTP/2" 403 370 "-" "Mozilla/5.0 AppleWebKit/537.36 (KHTML, like Gecko; compatible; ClaudeBot/1.0; +claudebot@anthropic.com)"
74.7.243.201 - - [11/Jun/2026:04:44:20 +0700] "GET /tu-khoa-san-pham/may-cua-ban/?path=/var/www/vhosts/dienmaychuyennghiep.com/httpdocs/.well-known HTTP/2" 200 56314 "https://www.dienmaychuyennghiep.com/tu-khoa-san-pham/may-cua-ban/" "Mozilla/5.0 AppleWebKit/537.36 (KHTML, like Gecko; compatible; GPTBot/1.4; +https://openai.com/gptbot)"
216.73.216.144 - - [11/Jun/2026:04:44:26 +0700] "GET /tu-khoa-san-pham/may-thoi-khi-dung-pin/?path=%2Fvar%2Fwww%2Fvhosts%2Fdienmaychuyennghiep.com%2Fhttpdocs%2Fwp-content%2Fplugins%2Fsupport-chat HTTP/2" 403 370 "-" "Mozilla/5.0 AppleWebKit/537.36 (KHTML, like Gecko; compatible; ClaudeBot/1.0; +claudebot@anthropic.com)"
216.73.216.144 - - [11/Jun/2026:04:44:26 +0700] "GET /danh-muc-san-pham/music/albums/feed/?path=%2Fvar%2Fwww%2Fvhosts%2Fdienmaychuyennghiep.com%2Fhttpdocs%2Fwp-content%2Fplugins%2Fwoocommerce%2Fincludes%2Finterfaces HTTP/2" 403 370 "-" "Mozilla/5.0 AppleWebKit/537.36 (KHTML, like Gecko; compatible; ClaudeBot/1.0; +claudebot@anthropic.com)"
216.73.216.144 - - [11/Jun/2026:04:44:26 +0700] "GET /tu-khoa-san-pham/may-thoi-khi-dung-pin/?path=%2Fvar%2Fwww%2Fvhosts%2Fdienmaychuyennghiep.com%2Fhttpdocs%2Fwp-includes%2Fphp-ai-client%2Fthird-party HTTP/2" 403 370 "-" "Mozilla/5.0 AppleWebKit/537.36 (KHTML, like Gecko; compatible; ClaudeBot/1.0; +claudebot@anthropic.com)"
54.39.89.122 - - [11/Jun/2026:04:44:25 +0700] "GET /products/79033111592 HTTP/2" 200 19519 "-" "Mozilla/5.0 (compatible; AhrefsBot/7.0; +http://ahrefs.com/robot/)"
216.73.216.144 - - [11/Jun/2026:04:44:27 +0700] "GET /danh-muc-san-pham/music/albums/feed/?path=%2Fvar%2Fwww%2Fvhosts%2Fdienmaychuyennghiep.com%2Fhttpdocs%2Fwp-content%2Fplugins%2Fwoocommerce%2Fincludes%2Flibraries HTTP/2" 403 370 "-" "Mozilla/5.0 AppleWebKit/537.36 (KHTML, like Gecko; compatible; ClaudeBot/1.0; +claudebot@anthropic.com)"
216.73.216.144 - - [11/Jun/2026:04:44:27 +0700] "GET /tu-khoa-san-pham/may-thoi-khi-dung-pin/?path=%2Fvar%2Fwww%2Fvhosts%2Fdienmaychuyennghiep.com%2Fhttpdocs%2Fwp-includes%2Frest-api HTTP/2" 403 370 "-" "Mozilla/5.0 AppleWebKit/537.36 (KHTML, like Gecko; compatible; ClaudeBot/1.0; +claudebot@anthropic.com)"
216.73.216.144 - - [11/Jun/2026:04:44:27 +0700] "GET /san-pham/may-khoan-duc-be-tong-bosch-gsh-11e/feed/?filesrc=%2Fvar%2Fwww%2Fvhosts%2Fdienmaychuyennghiep.com%2Fhttpdocs%2Fwp-includes%2Fclass-wp-text-diff-renderer-table.php&path=%2Fvar%2Fwww%2Fvhosts%2Fdienmaychuyennghiep.com%2Fhttpdocs%2Fwp-includes HTTP/2" 403 370 "-" "Mozilla/5.0 AppleWebKit/537.36 (KHTML, like Gecko; compatible; ClaudeBot/1.0; +claudebot@anthropic.com)"
216.73.216.144 - - [11/Jun/2026:04:44:27 +0700] "GET /tu-khoa-san-pham/may-thoi-khi-dung-pin/?filesrc=%2Fvar%2Fwww%2Fvhosts%2Fdienmaychuyennghiep.com%2Fhttpdocs%2Fwp-includes%2FSimplePie%2Fautoloader.php&path=%2Fvar%2Fwww%2Fvhosts%2Fdienmaychuyennghiep.com%2Fhttpdocs%2Fwp-includes%2FSimplePie HTTP/2" 403 370 "-" "Mozilla/5.0 AppleWebKit/537.36 (KHTML, like Gecko; compatible; ClaudeBot/1.0; +claudebot@anthropic.com)"
216.73.216.144 - - [11/Jun/2026:04:44:28 +0700] "GET /danh-muc-san-pham/music/albums/feed/?path=%2Fvar%2Fwww%2Fvhosts%2Fdienmaychuyennghiep.com%2Fhttpdocs%2Fwp-content%2Fplugins%2Fwoocommerce%2Fincludes%2Fadmin HTTP/2" 403 370 "-" "Mozilla/5.0 AppleWebKit/537.36 (KHTML, like Gecko; compatible; ClaudeBot/1.0; +claudebot@anthropic.com)"
216.73.216.144 - - [11/Jun/2026:04:44:28 +0700] "GET /san-pham/motor-hong-ky-vo-gang-plc-h1-514c2/feed/?filesrc=%2Fvar%2Fwww%2Fvhosts%2Fdienmaychuyennghiep.com%2Fhttpdocs%2Fwp-includes%2FRequests%2Fsrc%2FException.php&path=%2Fvar%2Fwww%2Fvhosts%2Fdienmaychuyennghiep.com%2Fhttpdocs%2Fwp-includes%2FRequests%2Fsrc HTTP/2" 403 370 "-" "Mozilla/5.0 AppleWebKit/537.36 (KHTML, like Gecko; compatible; ClaudeBot/1.0; +claudebot@anthropic.com)"
216.73.216.144 - - [11/Jun/2026:04:44:28 +0700] "GET /san-pham/may-khoan-dung-pin-dcjz2060i/?path=%2Fvar%2Fwww%2Fvhosts%2Fdienmaychuyennghiep.com%2Fhttpdocs%2Fwp-includes%2Frest-api HTTP/2" 403 370 "-" "Mozilla/5.0 AppleWebKit/537.36 (KHTML, like Gecko; compatible; ClaudeBot/1.0; +claudebot@anthropic.com)"
103.138.88.26 - - [11/Jun/2026:04:44:30 +0700] "POST /wp-cron.php?doing_wp_cron=1781127870.7255649566650390625000 HTTP/1.1" 200 474 "-" "WordPress/7.0; https://pemco.vn"
103.138.88.26 - - [11/Jun/2026:04:44:30 +0700] "POST /wp-cron.php?doing_wp_cron=1781127870.7028160095214843750000 HTTP/1.1" 200 474 "-" "WordPress/7.0; https://www.pemco.com.vn"
52.167.144.211 - - [11/Jun/2026:04:44:28 +0700] "GET /products/259058027 HTTP/2" 200 19519 "-" "Mozilla/5.0 AppleWebKit/537.36 (KHTML, like Gecko; compatible; bingbot/2.0; +http://www.bing.com/bingbot.htm) Chrome/116.0.1938.76 Safari/537.36"
103.138.88.26 - - [11/Jun/2026:04:44:30 +0700] "POST /wp-cron.php?doing_wp_cron=1781127870.7541089057922363281250 HTTP/1.1" 200 474 "-" "WordPress/7.0; https://dienmaychuyennghiep.com"
15.235.98.27 - - [11/Jun/2026:04:44:28 +0700] "GET /products/79033110566 HTTP/2" 200 19756 "-" "Mozilla/5.0 (compatible; AhrefsBot/7.0; +http://ahrefs.com/robot/)"
74.7.227.12 - - [11/Jun/2026:04:44:20 +0700] "GET /san-pham/may-siet-bu-long-dung-pin-dartek-20-350-2/feed/ HTTP/2" 200 20226 "https://www.pemco.com.vn/san-pham/may-siet-bu-long-dung-pin-dartek-20-350-2/" "Mozilla/5.0 AppleWebKit/537.36 (KHTML, like Gecko; compatible; GPTBot/1.4; +https://openai.com/gptbot)"
103.138.88.26 - - [11/Jun/2026:04:44:31 +0700] "POST /wp-cron.php?doing_wp_cron=1781127871.3679440021514892578125 HTTP/1.1" 200 474 "-" "WordPress/7.0; https://www.dienmaychuyennghiep.com"
74.7.243.201 - - [11/Jun/2026:04:44:25 +0700] "GET /tu-khoa-san-pham/may-khoan-dong-luc-dung-pin/?path=/var/www/vhosts/dienmaychuyennghiep.com/error_docs HTTP/2" 200 57811 "https://www.dienmaychuyennghiep.com/tu-khoa-san-pham/may-khoan-dong-luc-dung-pin/?path=/var/www/vhosts/dienmaychuyennghiep.com" "Mozilla/5.0 AppleWebKit/537.36 (KHTML, like Gecko; compatible; GPTBot/1.4; +https://openai.com/gptbot)"
52.167.144.234 - - [11/Jun/2026:04:44:32 +0700] "GET /wp-content/uploads/2024/06/DWE4118-B1-2-150x150.png HTTP/2" 200 20183 "-" "Mozilla/5.0 AppleWebKit/537.36 (KHTML, like Gecko; compatible; bingbot/2.0; +http://www.bing.com/bingbot.htm) Chrome/116.0.1938.76 Safari/537.36"
74.7.227.12 - - [11/Jun/2026:04:44:31 +0700] "GET /?p=8782 HTTP/2" 200 19743 "https://www.pemco.com.vn/san-pham/may-siet-bu-long-dung-pin-dartek-20-350-2/" "Mozilla/5.0 AppleWebKit/537.36 (KHTML, like Gecko; compatible; GPTBot/1.4; +https://openai.com/gptbot)"
54.39.6.244 - - [11/Jun/2026:04:44:32 +0700] "GET /products/79033100837 HTTP/2" 200 19756 "-" "Mozilla/5.0 (compatible; AhrefsBot/7.0; +http://ahrefs.com/robot/)"
74.7.227.12 - - [11/Jun/2026:04:44:34 +0700] "GET /wp-json/oembed/1.0/embed?format=xml&url=https%3A%2F%2Fwww.pemco.com.vn%2Fsan-pham%2Fmay-siet-bu-long-dung-pin-dartek-20-350-2%2F HTTP/2" 200 20798 "https://www.pemco.com.vn/san-pham/may-siet-bu-long-dung-pin-dartek-20-350-2/" "Mozilla/5.0 AppleWebKit/537.36 (KHTML, like Gecko; compatible; GPTBot/1.4; +https://openai.com/gptbot)"
74.7.243.201 - - [11/Jun/2026:04:44:31 +0700] "GET /san-pham/wicked-ss-o-neck-selected-homme/?path=/var/www/vhosts/dienmaychuyennghiep.com/.cagefs/var/lib/php HTTP/2" 200 60160 "https://www.dienmaychuyennghiep.com/san-pham/wicked-ss-o-neck-selected-homme/?path=/var/www/vhosts/dienmaychuyennghiep.com/.cagefs/var/lib" "Mozilla/5.0 AppleWebKit/537.36 (KHTML, like Gecko; compatible; GPTBot/1.4; +https://openai.com/gptbot)"
167.114.139.252 - - [11/Jun/2026:04:44:35 +0700] "GET /products/7213499823 HTTP/2" 200 19743 "-" "Mozilla/5.0 (compatible; AhrefsBot/7.0; +http://ahrefs.com/robot/)"
74.7.227.12 - - [11/Jun/2026:04:44:36 +0700] "GET /?p=8677 HTTP/2" 200 19500 "https://www.pemco.com.vn/san-pham/may-khoan-bua-stanley-sthr272ks-b1/" "Mozilla/5.0 AppleWebKit/537.36 (KHTML, like Gecko; compatible; GPTBot/1.4; +https://openai.com/gptbot)"
52.167.144.173 - - [11/Jun/2026:04:44:36 +0700] "GET /products/3598035750 HTTP/2" 200 19756 "-" "Mozilla/5.0 AppleWebKit/537.36 (KHTML, like Gecko; compatible; bingbot/2.0; +http://www.bing.com/bingbot.htm) Chrome/116.0.1938.76 Safari/537.36"
114.119.137.31 - - [11/Jun/2026:04:44:34 +0700] "GET /san-pham/may-cat-makita-4100nh2/ HTTP/1.1" 200 63171 "https://www.pemco.com.vn/san-pham/may-cat-da-makita-4100nh3/" "Mozilla/5.0 (Linux; Android 7.0;) AppleWebKit/537.36 (HTML, like Gecko) Mobile Safari/537.36 (compatible; PetalBot;+https://webmaster.petalsearch.com/site/petalbot)"
105.76.167.152 - - [11/Jun/2026:04:44:35 +0700] "GET /san-pham/may-hut-bui-3-chuc-nang-dewalt-dxv15t/?path=/var/www/vhosts/dienmaychuyennghiep.com/lib64 HTTP/1.1" 200 64504 "https://dienmaychuyennghiep.com/san-pham/may-hut-bui-3-chuc-nang-dewalt-dxv15t/?path=/var/www/vhosts/dienmaychuyennghiep.com" "Mozilla/5.0 (Linux; Android 14; OPPO PCLM6) AppleWebKit/537.36 (KHTML, like Gecko) Chrome/147.0.5774.20 Mobile Safari/537.36"
74.7.227.12 - - [11/Jun/2026:04:44:38 +0700] "GET /?p=8455 HTTP/2" 200 19756 "https://www.pemco.com.vn/san-pham/may-khoan-dung-pin-12v-dewalt-dcd703d2-b1/" "Mozilla/5.0 AppleWebKit/537.36 (KHTML, like Gecko; compatible; GPTBot/1.4; +https://openai.com/gptbot)"
52.167.144.173 - - [11/Jun/2026:04:44:39 +0700] "GET /products/33373100936 HTTP/2" 200 19500 "-" "Mozilla/5.0 AppleWebKit/537.36 (KHTML, like Gecko; compatible; bingbot/2.0; +http://www.bing.com/bingbot.htm) Chrome/116.0.1938.76 Safari/537.36"
74.7.243.201 - - [11/Jun/2026:04:44:37 +0700] "GET /tu-khoa-san-pham/may-cha-rung/?path=/var/www/vhosts/dienmaychuyennghiep.com/httpdocs/.well-known HTTP/2" 200 57574 "https://www.dienmaychuyennghiep.com/tu-khoa-san-pham/may-cha-rung/" "Mozilla/5.0 AppleWebKit/537.36 (KHTML, like Gecko; compatible; GPTBot/1.4; +https://openai.com/gptbot)"
142.44.228.164 - - [11/Jun/2026:04:44:40 +0700] "GET /products/7213497801 HTTP/2" 200 19519 "-" "Mozilla/5.0 (compatible; AhrefsBot/7.0; +http://ahrefs.com/robot/)"
74.7.227.12 - - [11/Jun/2026:04:44:40 +0700] "GET /?p=8182 HTTP/2" 200 19500 "https://www.pemco.com.vn/san-pham/may-nen-khi-pegasus-model-tm-of750x3-120l/" "Mozilla/5.0 AppleWebKit/537.36 (KHTML, like Gecko; compatible; GPTBot/1.4; +https://openai.com/gptbot)"
40.77.167.27 - - [11/Jun/2026:04:44:41 +0700] "GET /products/9166922945 HTTP/2" 200 19519 "-" "Mozilla/5.0 AppleWebKit/537.36 (KHTML, like Gecko; compatible; bingbot/2.0; +http://www.bing.com/bingbot.htm) Chrome/116.0.1938.76 Safari/537.36"
74.7.243.201 - - [11/Jun/2026:04:44:40 +0700] "GET /tu-khoa-san-pham/may-siet-bu-long-dung-pin/?path=/var/www/vhosts/dienmaychuyennghiep.com/httpdocs HTTP/2" 200 58521 "https://www.dienmaychuyennghiep.com/tu-khoa-san-pham/may-siet-bu-long-dung-pin/" "Mozilla/5.0 AppleWebKit/537.36 (KHTML, like Gecko; compatible; GPTBot/1.4; +https://openai.com/gptbot)"
74.7.227.12 - - [11/Jun/2026:04:44:42 +0700] "GET /?p=9054 HTTP/2" 200 19519 "https://www.pemco.com.vn/san-pham/may-khoan-3-chuc-nang-kyocera-aed2630vr/" "Mozilla/5.0 AppleWebKit/537.36 (KHTML, like Gecko; compatible; GPTBot/1.4; +https://openai.com/gptbot)"
40.77.167.27 - - [11/Jun/2026:04:44:43 +0700] "GET /products/91669282257 HTTP/2" 200 19519 "-" "Mozilla/5.0 AppleWebKit/537.36 (KHTML, like Gecko; compatible; bingbot/2.0; +http://www.bing.com/bingbot.htm) Chrome/116.0.1938.76 Safari/537.36"
74.7.227.12 - - [11/Jun/2026:04:44:44 +0700] "GET /?p=2890 HTTP/2" 200 19519 "https://www.pemco.com.vn/san-pham/may-khoan-dong-luc-stanley-stdh7213-b1/" "Mozilla/5.0 AppleWebKit/537.36 (KHTML, like Gecko; compatible; GPTBot/1.4; +https://openai.com/gptbot)"
40.77.167.27 - - [11/Jun/2026:04:44:44 +0700] "GET /products/35980188089 HTTP/2" 200 19500 "-" "Mozilla/5.0 AppleWebKit/537.36 (KHTML, like Gecko; compatible; bingbot/2.0; +http://www.bing.com/bingbot.htm) Chrome/116.0.1938.76 Safari/537.36"
74.7.243.201 - - [11/Jun/2026:04:44:44 +0700] "GET /tu-khoa-san-pham/may-khoan-dong-luc-dung-pin/?path=/var/www/vhosts/dienmaychuyennghiep.com/.clwpos HTTP/2" 200 56881 "https://www.dienmaychuyennghiep.com/tu-khoa-san-pham/may-khoan-dong-luc-dung-pin/?path=/var/www/vhosts/dienmaychuyennghiep.com" "Mozilla/5.0 AppleWebKit/537.36 (KHTML, like Gecko; compatible; GPTBot/1.4; +https://openai.com/gptbot)"
54.39.210.243 - - [11/Jun/2026:04:44:46 +0700] "GET /products/7213494533 HTTP/2" 200 19519 "-" "Mozilla/5.0 (compatible; AhrefsBot/7.0; +http://ahrefs.com/robot/)"
74.7.227.12 - - [11/Jun/2026:04:44:45 +0700] "GET /?p=3113 HTTP/2" 200 19519 "https://www.pemco.com.vn/san-pham/may-khoan-rut-loi-dongcheng-dzz02-200s/" "Mozilla/5.0 AppleWebKit/537.36 (KHTML, like Gecko; compatible; GPTBot/1.4; +https://openai.com/gptbot)"
52.167.144.173 - - [11/Jun/2026:04:44:46 +0700] "GET /products/2970175237 HTTP/2" 200 19519 "-" "Mozilla/5.0 AppleWebKit/537.36 (KHTML, like Gecko; compatible; bingbot/2.0; +http://www.bing.com/bingbot.htm) Chrome/116.0.1938.76 Safari/537.36"
40.77.167.27 - - [11/Jun/2026:04:44:46 +0700] "GET /products/59648125715 HTTP/2" 200 19743 "-" "Mozilla/5.0 AppleWebKit/537.36 (KHTML, like Gecko; compatible; bingbot/2.0; +http://www.bing.com/bingbot.htm) Chrome/116.0.1938.76 Safari/537.36"
74.7.227.12 - - [11/Jun/2026:04:44:47 +0700] "GET /?p=3531 HTTP/2" 200 19519 "https://www.pemco.com.vn/san-pham/may-khoan-sat-cam-tay-sencan-530603/" "Mozilla/5.0 AppleWebKit/537.36 (KHTML, like Gecko; compatible; GPTBot/1.4; +https://openai.com/gptbot)"
52.167.144.173 - - [11/Jun/2026:04:44:48 +0700] "GET /products/3598046858 HTTP/2" 200 19756 "-" "Mozilla/5.0 AppleWebKit/537.36 (KHTML, like Gecko; compatible; bingbot/2.0; +http://www.bing.com/bingbot.htm) Chrome/116.0.1938.76 Safari/537.36"
74.7.243.201 - - [11/Jun/2026:04:44:47 +0700] "GET /danh-muc-san-pham/dung-cu-cam-tay/dap-ghim-dinh/?path=/var/www/vhosts/dienmaychuyennghiep.com/.cl.selector HTTP/2" 200 54851 "https://www.dienmaychuyennghiep.com/danh-muc-san-pham/dung-cu-cam-tay/dap-ghim-dinh/?path=/var/www/vhosts/dienmaychuyennghiep.com" "Mozilla/5.0 AppleWebKit/537.36 (KHTML, like Gecko; compatible; GPTBot/1.4; +https://openai.com/gptbot)"
74.7.227.12 - - [11/Jun/2026:04:44:49 +0700] "GET /?p=4937 HTTP/2" 200 19519 "https://www.pemco.com.vn/san-pham/may-cat-ranh-hop-kim-nhom-makita-ca5000x/" "Mozilla/5.0 AppleWebKit/537.36 (KHTML, like Gecko; compatible; GPTBot/1.4; +https://openai.com/gptbot)"
40.77.167.27 - - [11/Jun/2026:04:44:49 +0700] "GET /products/91669142251 HTTP/2" 200 19756 "-" "Mozilla/5.0 AppleWebKit/537.36 (KHTML, like Gecko; compatible; bingbot/2.0; +http://www.bing.com/bingbot.htm) Chrome/116.0.1938.76 Safari/537.36"
74.7.227.12 - - [11/Jun/2026:04:44:50 +0700] "GET /wp-content/uploads/2025/10/may-khoan-be-tong-stanley-shr263k-b1-800w-1-1-700x467-1-100x100.jpg HTTP/2" 200 2567 "https://www.pemco.com.vn/san-pham/may-khoan-bua-stanley-sthr272ks-b1/" "Mozilla/5.0 AppleWebKit/537.36 (KHTML, like Gecko; compatible; GPTBot/1.4; +https://openai.com/gptbot)"
52.167.144.173 - - [11/Jun/2026:04:44:49 +0700] "GET /products/25905171839 HTTP/2" 200 19756 "-" "Mozilla/5.0 AppleWebKit/537.36 (KHTML, like Gecko; compatible; bingbot/2.0; +http://www.bing.com/bingbot.htm) Chrome/116.0.1938.76 Safari/537.36"
40.77.167.27 - - [11/Jun/2026:04:44:50 +0700] "GET /products/91669142365 HTTP/2" 200 19743 "-" "Mozilla/5.0 AppleWebKit/537.36 (KHTML, like Gecko; compatible; bingbot/2.0; +http://www.bing.com/bingbot.htm) Chrome/116.0.1938.76 Safari/537.36"
74.7.227.12 - - [11/Jun/2026:04:44:51 +0700] "GET /?p=8782 HTTP/2" 200 19519 "https://www.pemco.com.vn/san-pham/may-siet-bu-long-dung-pin-dartek-20-350-2/" "Mozilla/5.0 AppleWebKit/537.36 (KHTML, like Gecko; compatible; GPTBot/1.4; +https://openai.com/gptbot)"
51.222.168.165 - - [11/Jun/2026:04:44:51 +0700] "GET /products/7213493733 HTTP/2" 200 19519 "-" "Mozilla/5.0 (compatible; AhrefsBot/7.0; +http://ahrefs.com/robot/)"
74.7.243.201 - - [11/Jun/2026:04:44:50 +0700] "GET /danh-muc-san-pham/dung-cu-cam-tay/dap-ghim-dinh/?path=/var/www/vhosts/dienmaychuyennghiep.com/.cagefs/var/spool HTTP/2" 200 54840 "https://www.dienmaychuyennghiep.com/danh-muc-san-pham/dung-cu-cam-tay/dap-ghim-dinh/?path=/var/www/vhosts/dienmaychuyennghiep.com/.cagefs/var" "Mozilla/5.0 AppleWebKit/537.36 (KHTML, like Gecko; compatible; GPTBot/1.4; +https://openai.com/gptbot)"
74.7.227.12 - - [11/Jun/2026:04:44:53 +0700] "GET /wp-content/uploads/2025/09/may-nen-khi-pegasus-120-lit-3hp-khong-dau-model-tm-of750x3-120l-2.jpg HTTP/2" 200 24739 "https://www.pemco.com.vn/san-pham/may-nen-khi-pegasus-model-tm-of750x3-120l/" "Mozilla/5.0 AppleWebKit/537.36 (KHTML, like Gecko; compatible; GPTBot/1.4; +https://openai.com/gptbot)"
74.7.227.12 - - [11/Jun/2026:04:44:53 +0700] "GET /wp-content/uploads/2025/10/may-khoan-da-nang-pin-dewalt-dcd703d2-b1-2.jpg HTTP/2" 200 213655 "https://www.pemco.com.vn/san-pham/may-khoan-dung-pin-12v-dewalt-dcd703d2-b1/" "Mozilla/5.0 AppleWebKit/537.36 (KHTML, like Gecko; compatible; GPTBot/1.4; +https://openai.com/gptbot)"
40.77.167.27 - - [11/Jun/2026:04:44:52 +0700] "GET /products/29827282217 HTTP/2" 200 19519 "-" "Mozilla/5.0 AppleWebKit/537.36 (KHTML, like Gecko; compatible; bingbot/2.0; +http://www.bing.com/bingbot.htm) Chrome/116.0.1938.76 Safari/537.36"
74.7.227.12 - - [11/Jun/2026:04:44:54 +0700] "GET /wp-content/uploads/2025/10/may-khoan-3-chuc-nang-dung-dien-kyocera-ed-2600r-800w-26mm-0-100x100.jpg HTTP/2" 200 1736 "https://www.pemco.com.vn/san-pham/may-khoan-3-chuc-nang-kyocera-aed2630vr/" "Mozilla/5.0 AppleWebKit/537.36 (KHTML, like Gecko; compatible; GPTBot/1.4; +https://openai.com/gptbot)"
74.7.227.12 - - [11/Jun/2026:04:44:55 +0700] "GET /wp-content/uploads/2025/10/may-khoan-da-nang-pin-dewalt-dcd703d2-b1-2-510x340.jpg HTTP/2" 200 26492 "https://www.pemco.com.vn/san-pham/may-khoan-dung-pin-12v-dewalt-dcd703d2-b1/" "Mozilla/5.0 AppleWebKit/537.36 (KHTML, like Gecko; compatible; GPTBot/1.4; +https://openai.com/gptbot)"
74.7.227.12 - - [11/Jun/2026:04:44:55 +0700] "GET /wp-content/uploads/2025/10/may-khoan-pin-dewalt-dcd709n-18v-chua-kem-pin-sac-1610931516-100x100.jpg HTTP/2" 200 2734 "https://www.pemco.com.vn/san-pham/may-khoan-dung-pin-12v-dewalt-dcd703d2-b1/" "Mozilla/5.0 AppleWebKit/537.36 (KHTML, like Gecko; compatible; GPTBot/1.4; +https://openai.com/gptbot)"
54.39.210.102 - - [11/Jun/2026:04:44:54 +0700] "GET /products/7213493732 HTTP/2" 200 19519 "-" "Mozilla/5.0 (compatible; AhrefsBot/7.0; +http://ahrefs.com/robot/)"
74.7.227.12 - - [11/Jun/2026:04:44:56 +0700] "GET /wp-content/uploads/2025/10/khoan-ban-tien-dat-800mm-400x400-1-100x100.jpg HTTP/2" 200 2131 "https://www.pemco.com.vn/san-pham/may-khoan-3-chuc-nang-kyocera-aed2630vr/" "Mozilla/5.0 AppleWebKit/537.36 (KHTML, like Gecko; compatible; GPTBot/1.4; +https://openai.com/gptbot)"
40.77.167.27 - - [11/Jun/2026:04:44:54 +0700] "GET /products/9166937499 HTTP/2" 200 19756 "-" "Mozilla/5.0 AppleWebKit/537.36 (KHTML, like Gecko; compatible; bingbot/2.0; +http://www.bing.com/bingbot.htm) Chrome/116.0.1938.76 Safari/537.36"
74.7.243.201 - - [11/Jun/2026:04:44:53 +0700] "GET /danh-muc-san-pham/dung-cu-cam-tay/can-siet-luc/?path=/var/www/vhosts/dienmaychuyennghiep.com/.cagefs/var/spool HTTP/2" 200 54798 "https://www.dienmaychuyennghiep.com/danh-muc-san-pham/dung-cu-cam-tay/can-siet-luc/?path=/var/www/vhosts/dienmaychuyennghiep.com/.cagefs/var" "Mozilla/5.0 AppleWebKit/537.36 (KHTML, like Gecko; compatible; GPTBot/1.4; +https://openai.com/gptbot)"
52.167.144.234 - - [11/Jun/2026:04:44:56 +0700] "GET /products/1054633721 HTTP/2" 200 19519 "-" "Mozilla/5.0 AppleWebKit/537.36 (KHTML, like Gecko; compatible; bingbot/2.0; +http://www.bing.com/bingbot.htm) Chrome/116.0.1938.76 Safari/537.36"
74.7.227.12 - - [11/Jun/2026:04:44:56 +0700] "GET /%22https:/dienmaychuyennghiep.com/wp-content/uploads/2025/10/Screenshot-2025-10-15-144009-537x400.png/%22 HTTP/2" 200 19519 "https://www.pemco.com.vn/wp-json/wp/v2/product/8782" "Mozilla/5.0 AppleWebKit/537.36 (KHTML, like Gecko; compatible; GPTBot/1.4; +https://openai.com/gptbot)"
74.7.227.12 - - [11/Jun/2026:04:44:58 +0700] "GET /wp-content/uploads/2025/10/may-khoan-cam-tay-kyocera-aed2630vr.jpg HTTP/2" 200 19130 "https://www.pemco.com.vn/san-pham/may-khoan-3-chuc-nang-kyocera-aed2630vr/" "Mozilla/5.0 AppleWebKit/537.36 (KHTML, like Gecko; compatible; GPTBot/1.4; +https://openai.com/gptbot)"
74.7.227.12 - - [11/Jun/2026:04:44:59 +0700] "GET /wp-content/uploads/2025/10/STHR272KS-B1.jpg HTTP/2" 200 35126 "https://www.pemco.com.vn/san-pham/may-khoan-bua-stanley-sthr272ks-b1/" "Mozilla/5.0 AppleWebKit/537.36 (KHTML, like Gecko; compatible; GPTBot/1.4; +https://openai.com/gptbot)"
74.7.227.12 - - [11/Jun/2026:04:44:59 +0700] "GET /wp-content/uploads/2025/10/Screenshot_15-10-2025_95523_dartek.com_.vn_-100x100.jpeg HTTP/2" 200 2563 "https://www.pemco.com.vn/san-pham/may-khoan-bua-stanley-sthr272ks-b1/" "Mozilla/5.0 AppleWebKit/537.36 (KHTML, like Gecko; compatible; GPTBot/1.4; +https://openai.com/gptbot)"
74.7.227.12 - - [11/Jun/2026:04:45:00 +0700] "GET /wp-content/uploads/2025/10/may-khoan-cam-tay-kyocera-aed2630vr-247x296.jpg HTTP/2" 200 8795 "https://www.pemco.com.vn/san-pham/may-khoan-3-chuc-nang-kyocera-aed2630vr/" "Mozilla/5.0 AppleWebKit/537.36 (KHTML, like Gecko; compatible; GPTBot/1.4; +https://openai.com/gptbot)"
74.7.227.12 - - [11/Jun/2026:04:45:00 +0700] "GET /wp-content/uploads/2025/10/STHR272KS-B1-510x510.jpg HTTP/2" 200 16520 "https://www.pemco.com.vn/san-pham/may-khoan-bua-stanley-sthr272ks-b1/" "Mozilla/5.0 AppleWebKit/537.36 (KHTML, like Gecko; compatible; GPTBot/1.4; +https://openai.com/gptbot)"
52.167.144.234 - - [11/Jun/2026:04:44:58 +0700] "GET /products/2982743483 HTTP/2" 200 19519 "-" "Mozilla/5.0 AppleWebKit/537.36 (KHTML, like Gecko; compatible; bingbot/2.0; +http://www.bing.com/bingbot.htm) Chrome/116.0.1938.76 Safari/537.36"
74.7.243.201 - - [11/Jun/2026:04:44:57 +0700] "GET /san-pham/wicked-ss-o-neck-selected-homme/?path=/var/www/vhosts/dienmaychuyennghiep.com/.cagefs/var/php/apm/db HTTP/2" 200 60017 "https://www.dienmaychuyennghiep.com/san-pham/wicked-ss-o-neck-selected-homme/?path=/var/www/vhosts/dienmaychuyennghiep.com/.cagefs/var/php/apm" "Mozilla/5.0 AppleWebKit/537.36 (KHTML, like Gecko; compatible; GPTBot/1.4; +https://openai.com/gptbot)"
52.167.144.234 - - [11/Jun/2026:04:45:00 +0700] "GET /products/29701259845 HTTP/2" 200 19519 "-" "Mozilla/5.0 AppleWebKit/537.36 (KHTML, like Gecko; compatible; bingbot/2.0; +http://www.bing.com/bingbot.htm) Chrome/116.0.1938.76 Safari/537.36"
54.39.0.160 - - [11/Jun/2026:04:45:00 +0700] "GET /products/721349370 HTTP/2" 200 19519 "-" "Mozilla/5.0 (compatible; AhrefsBot/7.0; +http://ahrefs.com/robot/)"
74.7.227.12 - - [11/Jun/2026:04:45:01 +0700] "GET /wp-content/uploads/2025/10/Screenshot-2025-10-15-144009.png HTTP/2" 200 59282 "https://www.pemco.com.vn/san-pham/may-siet-bu-long-dung-pin-dartek-20-350-2/" "Mozilla/5.0 AppleWebKit/537.36 (KHTML, like Gecko; compatible; GPTBot/1.4; +https://openai.com/gptbot)"
74.7.227.12 - - [11/Jun/2026:04:45:01 +0700] "GET /wp-content/uploads/2025/10/dst10186-may-nen-khi-khong-dau-6l-stanley-fatmax-dst10186-94-100x100.png HTTP/2" 200 5342 "https://www.pemco.com.vn/san-pham/may-nen-khi-pegasus-model-tm-of750x3-120l/" "Mozilla/5.0 AppleWebKit/537.36 (KHTML, like Gecko; compatible; GPTBot/1.4; +https://openai.com/gptbot)"
74.7.227.12 - - [11/Jun/2026:04:45:02 +0700] "GET /wp-content/uploads/2025/10/Screenshot-2025-10-15-144009-768x572.png HTTP/2" 200 40734 "https://www.pemco.com.vn/wp-json/oembed/1.0/embed?format=xml&url=https%3A%2F%2Fwww.pemco.com.vn%2Fsan-pham%2Fmay-siet-bu-long-dung-pin-dartek-20-350-2%2F" "Mozilla/5.0 AppleWebKit/537.36 (KHTML, like Gecko; compatible; GPTBot/1.4; +https://openai.com/gptbot)"
52.167.144.234 - - [11/Jun/2026:04:45:01 +0700] "GET /products/33373238367 HTTP/2" 200 19756 "-" "Mozilla/5.0 AppleWebKit/537.36 (KHTML, like Gecko; compatible; bingbot/2.0; +http://www.bing.com/bingbot.htm) Chrome/116.0.1938.76 Safari/537.36"
216.73.216.144 - - [11/Jun/2026:04:45:03 +0700] "GET /san-pham/may-khoan-dung-pin-dcjz2060i/?filesrc=%2Fvar%2Fwww%2Fvhosts%2Fdienmaychuyennghiep.com%2Fhttpdocs%2Fwp-includes%2Fclass-wp-image-editor.php&path=%2Fvar%2Fwww%2Fvhosts%2Fdienmaychuyennghiep.com%2Fhttpdocs%2Fwp-includes HTTP/2" 403 370 "-" "Mozilla/5.0 AppleWebKit/537.36 (KHTML, like Gecko; compatible; ClaudeBot/1.0; +claudebot@anthropic.com)"
216.73.216.144 - - [11/Jun/2026:04:45:03 +0700] "GET /san-pham/may-khoan-dung-pin-dcjz2060i/?filesrc=%2Fvar%2Fwww%2Fvhosts%2Fdienmaychuyennghiep.com%2Fhttpdocs%2Fwp-includes%2Fclass-wp-theme-json-resolver.php&path=%2Fvar%2Fwww%2Fvhosts%2Fdienmaychuyennghiep.com%2Fhttpdocs%2Fwp-includes HTTP/2" 403 370 "-" "Mozilla/5.0 AppleWebKit/537.36 (KHTML, like Gecko; compatible; ClaudeBot/1.0; +claudebot@anthropic.com)"
216.73.216.144 - - [11/Jun/2026:04:45:03 +0700] "GET /tu-khoa-san-pham/may-thoi-khi-dung-pin/?filesrc=%2Fvar%2Fwww%2Fvhosts%2Fdienmaychuyennghiep.com%2Fhttpdocs%2Fwp-includes%2Fclass-wp-image-editor.php&path=%2Fvar%2Fwww%2Fvhosts%2Fdienmaychuyennghiep.com%2Fhttpdocs%2Fwp-includes HTTP/2" 403 370 "-" "Mozilla/5.0 AppleWebKit/537.36 (KHTML, like Gecko; compatible; ClaudeBot/1.0; +claudebot@anthropic.com)"
216.73.216.144 - - [11/Jun/2026:04:45:03 +0700] "GET /san-pham/may-khoan-dung-pin-dcjz2060i/?filesrc=%2Fvar%2Fwww%2Fvhosts%2Fdienmaychuyennghiep.com%2Fhttpdocs%2Fwp-includes%2Fclass-wp-customize-section.php&path=%2Fvar%2Fwww%2Fvhosts%2Fdienmaychuyennghiep.com%2Fhttpdocs%2Fwp-includes HTTP/2" 403 370 "-" "Mozilla/5.0 AppleWebKit/537.36 (KHTML, like Gecko; compatible; ClaudeBot/1.0; +claudebot@anthropic.com)"
74.7.243.201 - - [11/Jun/2026:04:45:00 +0700] "GET /danh-muc-san-pham/dung-cu-cam-tay/duc-dot/?path=/var/www/vhosts/dienmaychuyennghiep.com/.cagefs/var/spool HTTP/2" 200 54912 "https://www.dienmaychuyennghiep.com/danh-muc-san-pham/dung-cu-cam-tay/duc-dot/?path=/var/www/vhosts/dienmaychuyennghiep.com/.cagefs/var" "Mozilla/5.0 AppleWebKit/537.36 (KHTML, like Gecko; compatible; GPTBot/1.4; +https://openai.com/gptbot)"
216.73.216.144 - - [11/Jun/2026:04:45:04 +0700] "GET /san-pham/may-khoan-dung-pin-dcjz2060i/?path=%2Fvar%2Fwww%2Fvhosts%2Fdienmaychuyennghiep.com%2Fhttpdocs%2Fwp-content%2Fplugins HTTP/2" 403 370 "-" "Mozilla/5.0 AppleWebKit/537.36 (KHTML, like Gecko; compatible; ClaudeBot/1.0; +claudebot@anthropic.com)"
216.73.216.144 - - [11/Jun/2026:04:45:04 +0700] "GET /tu-khoa-san-pham/may-thoi-khi-dung-pin/?filesrc=%2Fvar%2Fwww%2Fvhosts%2Fdienmaychuyennghiep.com%2Fhttpdocs%2Fwp-includes%2Fclass-wp-block-parser.php&path=%2Fvar%2Fwww%2Fvhosts%2Fdienmaychuyennghiep.com%2Fhttpdocs%2Fwp-includes HTTP/2" 403 370 "-" "Mozilla/5.0 AppleWebKit/537.36 (KHTML, like Gecko; compatible; ClaudeBot/1.0; +claudebot@anthropic.com)"
216.73.216.144 - - [11/Jun/2026:04:45:04 +0700] "GET /san-pham/motor-hong-ky-vo-gang-plc-h1-514c2/feed/?filesrc=%2Fvar%2Fwww%2Fvhosts%2Fdienmaychuyennghiep.com%2Fhttpdocs%2Fwp-includes%2FRequests%2Fsrc%2FRequests.php&path=%2Fvar%2Fwww%2Fvhosts%2Fdienmaychuyennghiep.com%2Fhttpdocs%2Fwp-includes%2FRequests%2Fsrc HTTP/2" 403 370 "-" "Mozilla/5.0 AppleWebKit/537.36 (KHTML, like Gecko; compatible; ClaudeBot/1.0; +claudebot@anthropic.com)"
216.73.216.144 - - [11/Jun/2026:04:45:04 +0700] "GET /tu-khoa-san-pham/may-thoi-khi-dung-pin/?filesrc=%2Fvar%2Fwww%2Fvhosts%2Fdienmaychuyennghiep.com%2Fhttpdocs%2Fwp-includes%2Fclass-wp-customize-setting.php&path=%2Fvar%2Fwww%2Fvhosts%2Fdienmaychuyennghiep.com%2Fhttpdocs%2Fwp-includes HTTP/2" 403 370 "-" "Mozilla/5.0 AppleWebKit/537.36 (KHTML, like Gecko; compatible; ClaudeBot/1.0; +claudebot@anthropic.com)"
216.73.216.144 - - [11/Jun/2026:04:45:04 +0700] "GET /danh-muc-san-pham/music/albums/feed/?path=%2Fvar%2Fwww%2Fvhosts%2Fdienmaychuyennghiep.com%2Fhttpdocs%2Fwp-content%2Fplugins%2Fwoocommerce%2Fsrc%2FProxies HTTP/2" 403 370 "-" "Mozilla/5.0 AppleWebKit/537.36 (KHTML, like Gecko; compatible; ClaudeBot/1.0; +claudebot@anthropic.com)"
216.73.216.144 - - [11/Jun/2026:04:45:05 +0700] "GET /tu-khoa-san-pham/may-thoi-khi-dung-pin/?path=%2Fvar%2Fwww%2Fvhosts%2Fdienmaychuyennghiep.com%2Fhttpdocs%2Fwp-content%2Fplugins%2Fwordpress-seo HTTP/2" 403 370 "-" "Mozilla/5.0 AppleWebKit/537.36 (KHTML, like Gecko; compatible; ClaudeBot/1.0; +claudebot@anthropic.com)"
216.73.216.144 - - [11/Jun/2026:04:45:05 +0700] "GET /san-pham/motor-hong-ky-vo-gang-plc-h1-514c2/feed/?filesrc=%2Fvar%2Fwww%2Fvhosts%2Fdienmaychuyennghiep.com%2Fhttpdocs%2Fwp-includes%2FRequests%2Fsrc%2FAutoload.php&path=%2Fvar%2Fwww%2Fvhosts%2Fdienmaychuyennghiep.com%2Fhttpdocs%2Fwp-includes%2FRequests%2Fsrc HTTP/2" 403 370 "-" "Mozilla/5.0 AppleWebKit/537.36 (KHTML, like Gecko; compatible; ClaudeBot/1.0; +claudebot@anthropic.com)"
216.73.216.144 - - [11/Jun/2026:04:45:05 +0700] "GET /danh-muc-san-pham/music/albums/feed/?path=%2Fvar%2Fwww%2Fvhosts%2Fdienmaychuyennghiep.com%2Fhttpdocs%2Fwp-content%2Fplugins%2Fwoocommerce%2Fsrc%2FCaches HTTP/2" 403 370 "-" "Mozilla/5.0 AppleWebKit/537.36 (KHTML, like Gecko; compatible; ClaudeBot/1.0; +claudebot@anthropic.com)"
216.73.216.144 - - [11/Jun/2026:04:45:05 +0700] "GET /danh-muc-san-pham/music/albums/feed/?path=%2Fvar%2Fwww%2Fvhosts%2Fdienmaychuyennghiep.com%2Fhttpdocs%2Fwp-content%2Fplugins%2Fwoocommerce%2Fincludes%2Fshortcodes HTTP/2" 403 370 "-" "Mozilla/5.0 AppleWebKit/537.36 (KHTML, like Gecko; compatible; ClaudeBot/1.0; +claudebot@anthropic.com)"
216.73.216.144 - - [11/Jun/2026:04:45:05 +0700] "GET /san-pham/may-khoan-dung-pin-dcjz2060i/?filesrc=%2Fvar%2Fwww%2Fvhosts%2Fdienmaychuyennghiep.com%2Fhttpdocs%2Fwp-includes%2Fclass-wp-block-parser.php&path=%2Fvar%2Fwww%2Fvhosts%2Fdienmaychuyennghiep.com%2Fhttpdocs%2Fwp-includes HTTP/2" 403 370 "-" "Mozilla/5.0 AppleWebKit/537.36 (KHTML, like Gecko; compatible; ClaudeBot/1.0; +claudebot@anthropic.com)"
216.73.216.144 - - [11/Jun/2026:04:45:05 +0700] "GET /tu-khoa-san-pham/may-thoi-khi-dung-pin/?filesrc=%2Fvar%2Fwww%2Fvhosts%2Fdienmaychuyennghiep.com%2Fhttpdocs%2Fwp-includes%2Fclass-wp-user-request.php&path=%2Fvar%2Fwww%2Fvhosts%2Fdienmaychuyennghiep.com%2Fhttpdocs%2Fwp-includes HTTP/2" 403 370 "-" "Mozilla/5.0 AppleWebKit/537.36 (KHTML, like Gecko; compatible; ClaudeBot/1.0; +claudebot@anthropic.com)"
216.73.216.144 - - [11/Jun/2026:04:45:05 +0700] "GET /san-pham/may-khoan-dung-pin-dcjz2060i/?filesrc=%2Fvar%2Fwww%2Fvhosts%2Fdienmaychuyennghiep.com%2Fhttpdocs%2Fwp-includes%2Fclass-wp-customize-setting.php&path=%2Fvar%2Fwww%2Fvhosts%2Fdienmaychuyennghiep.com%2Fhttpdocs%2Fwp-includes HTTP/2" 403 370 "-" "Mozilla/5.0 AppleWebKit/537.36 (KHTML, like Gecko; compatible; ClaudeBot/1.0; +claudebot@anthropic.com)"
216.73.216.144 - - [11/Jun/2026:04:45:06 +0700] "GET /san-pham/may-khoan-duc-be-tong-bosch-gsh-11e/feed/?filesrc=%2Fvar%2Fwww%2Fvhosts%2Fdienmaychuyennghiep.com%2Fhttpdocs%2Fwp-includes%2Fscript-modules.php&path=%2Fvar%2Fwww%2Fvhosts%2Fdienmaychuyennghiep.com%2Fhttpdocs%2Fwp-includes HTTP/2" 403 370 "-" "Mozilla/5.0 AppleWebKit/537.36 (KHTML, like Gecko; compatible; ClaudeBot/1.0; +claudebot@anthropic.com)"
216.73.216.144 - - [11/Jun/2026:04:45:06 +0700] "GET /danh-muc-san-pham/music/albums/feed/?path=%2Fvar%2Fwww%2Fvhosts%2Fdienmaychuyennghiep.com%2Fhttpdocs%2Fwp-content%2Fplugins%2Fwoocommerce%2Fincludes%2Fcustomizer HTTP/2" 403 370 "-" "Mozilla/5.0 AppleWebKit/537.36 (KHTML, like Gecko; compatible; ClaudeBot/1.0; +claudebot@anthropic.com)"
216.73.216.144 - - [11/Jun/2026:04:45:06 +0700] "GET /san-pham/may-khoan-duc-be-tong-bosch-gsh-11e/feed/?filesrc=%2Fvar%2Fwww%2Fvhosts%2Fdienmaychuyennghiep.com%2Fhttpdocs%2Fwp-includes%2Ffunctions.wp-scripts.php&path=%2Fvar%2Fwww%2Fvhosts%2Fdienmaychuyennghiep.com%2Fhttpdocs%2Fwp-includes HTTP/2" 403 370 "-" "Mozilla/5.0 AppleWebKit/537.36 (KHTML, like Gecko; compatible; ClaudeBot/1.0; +claudebot@anthropic.com)"
216.73.216.144 - - [11/Jun/2026:04:45:06 +0700] "GET /san-pham/may-khoan-dung-pin-dcjz2060i/?filesrc=%2Fvar%2Fwww%2Fvhosts%2Fdienmaychuyennghiep.com%2Fhttpdocs%2Fwp-includes%2Fclass-wp-user-request.php&path=%2Fvar%2Fwww%2Fvhosts%2Fdienmaychuyennghiep.com%2Fhttpdocs%2Fwp-includes HTTP/2" 403 370 "-" "Mozilla/5.0 AppleWebKit/537.36 (KHTML, like Gecko; compatible; ClaudeBot/1.0; +claudebot@anthropic.com)"
216.73.216.144 - - [11/Jun/2026:04:45:06 +0700] "GET /san-pham/may-khoan-duc-be-tong-bosch-gsh-11e/feed/?filesrc=%2Fvar%2Fwww%2Fvhosts%2Fdienmaychuyennghiep.com%2Fhttpdocs%2Fwp-includes%2Fscript-loader.php&path=%2Fvar%2Fwww%2Fvhosts%2Fdienmaychuyennghiep.com%2Fhttpdocs%2Fwp-includes HTTP/2" 403 370 "-" "Mozilla/5.0 AppleWebKit/537.36 (KHTML, like Gecko; compatible; ClaudeBot/1.0; +claudebot@anthropic.com)"
216.73.216.144 - - [11/Jun/2026:04:45:06 +0700] "GET /danh-muc-san-pham/music/albums/feed/?path=%2Fvar%2Fwww%2Fvhosts%2Fdienmaychuyennghiep.com%2Fhttpdocs%2Fwp-content%2Flanguages%2Fplugins HTTP/2" 403 370 "-" "Mozilla/5.0 AppleWebKit/537.36 (KHTML, like Gecko; compatible; ClaudeBot/1.0; +claudebot@anthropic.com)"
216.73.216.144 - - [11/Jun/2026:04:45:06 +0700] "GET /tu-khoa-san-pham/may-thoi-khi-dung-pin/?filesrc=%2Fvar%2Fwww%2Fvhosts%2Fdienmaychuyennghiep.com%2Fhttpdocs%2Fwp-includes%2Fclass-wp-block-parser-frame.php&path=%2Fvar%2Fwww%2Fvhosts%2Fdienmaychuyennghiep.com%2Fhttpdocs%2Fwp-includes HTTP/2" 403 370 "-" "Mozilla/5.0 AppleWebKit/537.36 (KHTML, like Gecko; compatible; ClaudeBot/1.0; +claudebot@anthropic.com)"
52.167.144.234 - - [11/Jun/2026:04:45:03 +0700] "GET /products/5964873881 HTTP/2" 200 19743 "-" "Mozilla/5.0 AppleWebKit/537.36 (KHTML, like Gecko; compatible; bingbot/2.0; +http://www.bing.com/bingbot.htm) Chrome/116.0.1938.76 Safari/537.36"
114.119.131.210 - - [11/Jun/2026:04:45:02 +0700] "GET /san-pham/may-cha-nham-bang-kst610/?path=/var HTTP/1.1" 200 61515 "https://www.pemco.vn/san-pham/may-cha-nham-bang-kst610/" "Mozilla/5.0 (Linux; Android 7.0;) AppleWebKit/537.36 (HTML, like Gecko) Mobile Safari/537.36 (compatible; PetalBot;+https://webmaster.petalsearch.com/site/petalbot)"
51.222.95.84 - - [11/Jun/2026:04:45:04 +0700] "GET /products/7213483819 HTTP/2" 200 19500 "-" "Mozilla/5.0 (compatible; AhrefsBot/7.0; +http://ahrefs.com/robot/)"
216.73.216.144 - - [11/Jun/2026:04:45:03 +0700] "GET /san-pham/may-khoan-duc-be-tong-bosch-gsh-11e/feed/?path=%2Fvar%2Fwww%2Fvhosts%2Fdienmaychuyennghiep.com%2Fhttpdocs%2Fwp-includes%2Fphp-compat HTTP/2" 200 19295 "-" "Mozilla/5.0 AppleWebKit/537.36 (KHTML, like Gecko; compatible; ClaudeBot/1.0; +claudebot@anthropic.com)"
52.167.144.234 - - [11/Jun/2026:04:45:06 +0700] "GET /products/1054678893 HTTP/2" 200 19519 "-" "Mozilla/5.0 AppleWebKit/537.36 (KHTML, like Gecko; compatible; bingbot/2.0; +http://www.bing.com/bingbot.htm) Chrome/116.0.1938.76 Safari/537.36"
52.167.144.234 - - [11/Jun/2026:04:45:06 +0700] "GET /products/1054630600 HTTP/2" 200 19756 "-" "Mozilla/5.0 AppleWebKit/537.36 (KHTML, like Gecko; compatible; bingbot/2.0; +http://www.bing.com/bingbot.htm) Chrome/116.0.1938.76 Safari/537.36"
