51.222.95.157 - - [11/Jun/2026:04:20:37 +0700] "GET /products/1259738699 HTTP/2" 200 19519 "-" "Mozilla/5.0 (compatible; AhrefsBot/7.0; +http://ahrefs.com/robot/)"
216.73.216.144 - - [11/Jun/2026:04:20:39 +0700] "GET /san-pham/may-duc-be-tong-kzg06-6s/?filesrc=%2Fvar%2Fwww%2Fvhosts%2Fdienmaychuyennghiep.com%2Flogs%2Faccess_log&path=%2Fvar%2Fwww%2Fvhosts%2Fdienmaychuyennghiep.com%2Flogs HTTP/2" 200 17622 "-" "Mozilla/5.0 AppleWebKit/537.36 (KHTML, like Gecko; compatible; ClaudeBot/1.0; +claudebot@anthropic.com)"
74.7.243.201 - - [11/Jun/2026:04:20:38 +0700] "GET /wp-json/wp/v2/product/7556?filesrc=/var/www/vhosts/dienmaychuyennghiep.com/httpdocs/wp-activate.php&path=/var/www/vhosts/dienmaychuyennghiep.com/httpdocs HTTP/2" 200 24114 "https://www.dienmaychuyennghiep.com/wp-json/wp/v2/product/7556" "Mozilla/5.0 AppleWebKit/537.36 (KHTML, like Gecko; compatible; GPTBot/1.4; +https://openai.com/gptbot)"
74.7.243.201 - - [11/Jun/2026:04:20:40 +0700] "GET /%22https:/www.dienmaychuyennghiep.com/san-pham/may-cat-da-makita-4112hs/%22 HTTP/2" 200 19519 "https://www.dienmaychuyennghiep.com/wp-json/oembed/1.0/embed?url=https%3A%2F%2Fwww.dienmaychuyennghiep.com%2Fsan-pham%2Fmay-cat-da-makita-4112hs%2F" "Mozilla/5.0 AppleWebKit/537.36 (KHTML, like Gecko; compatible; GPTBot/1.4; +https://openai.com/gptbot)"
15.235.27.66 - - [11/Jun/2026:04:20:41 +0700] "GET /products/1259736323 HTTP/2" 200 19519 "-" "Mozilla/5.0 (compatible; AhrefsBot/7.0; +http://ahrefs.com/robot/)"
74.7.227.12 - - [11/Jun/2026:04:20:33 +0700] "GET /san-pham/may-bom-hoi-da-nang-dung-pin-stanley-sxvi02001/ HTTP/2" 200 62741 "https://www.pemco.com.vn/wp-sitemap-posts-product-1.xml" "Mozilla/5.0 AppleWebKit/537.36 (KHTML, like Gecko; compatible; GPTBot/1.4; +https://openai.com/gptbot)"
74.7.243.201 - - [11/Jun/2026:04:20:42 +0700] "GET /san-pham/may-han-que-arc315d-z226-%e2%85%b1-jet-20/feed/?filesrc=/var/www/vhosts/dienmaychuyennghiep.com/httpdocs/license.txt&path=/var/www/vhosts/dienmaychuyennghiep.com/httpdocs HTTP/2" 200 18553 "https://www.dienmaychuyennghiep.com/san-pham/may-han-que-arc315d-z226-%e2%85%b1-jet-20/feed/" "Mozilla/5.0 AppleWebKit/537.36 (KHTML, like Gecko; compatible; GPTBot/1.4; +https://openai.com/gptbot)"
216.73.216.144 - - [11/Jun/2026:04:20:41 +0700] "GET /san-pham/may-duc-be-tong-kzg06-6s/?filesrc=%2Fvar%2Fwww%2Fvhosts%2Fdienmaychuyennghiep.com%2Flib64%2Flibcurl.so.4&path=%2Fvar%2Fwww%2Fvhosts%2Fdienmaychuyennghiep.com%2Flib64 HTTP/2" 200 308491 "-" "Mozilla/5.0 AppleWebKit/537.36 (KHTML, like Gecko; compatible; ClaudeBot/1.0; +claudebot@anthropic.com)"
142.44.225.142 - - [11/Jun/2026:04:20:44 +0700] "GET /products/1259734720 HTTP/2" 200 19519 "-" "Mozilla/5.0 (compatible; AhrefsBot/7.0; +http://ahrefs.com/robot/)"
74.7.227.12 - - [11/Jun/2026:04:20:43 +0700] "GET /san-pham/may-khoan-bosch-gsb-13-re-bo-set-co-valy-100-mon-phu-kien/ HTTP/2" 200 63555 "https://www.pemco.com.vn/wp-sitemap-posts-product-1.xml" "Mozilla/5.0 AppleWebKit/537.36 (KHTML, like Gecko; compatible; GPTBot/1.4; +https://openai.com/gptbot)"
74.7.243.201 - - [11/Jun/2026:04:20:44 +0700] "GET /danh-muc-san-pham/may-cam-tay/may-khoan/may-khoan-dien/page/7/?path=%2Fvar%2Fwww%2Fvhosts%2Fdienmaychuyennghiep.com%2F.composer%2Fcache%2Ffiles HTTP/2" 200 58264 "https://www.dienmaychuyennghiep.com/danh-muc-san-pham/may-cam-tay/may-khoan/may-khoan-dien/?path=/var/www/vhosts/dienmaychuyennghiep.com/.composer/cache/files" "Mozilla/5.0 AppleWebKit/537.36 (KHTML, like Gecko; compatible; GPTBot/1.4; +https://openai.com/gptbot)"
54.39.89.9 - - [11/Jun/2026:04:20:46 +0700] "GET /products/12597287933 HTTP/2" 200 19519 "-" "Mozilla/5.0 (compatible; AhrefsBot/7.0; +http://ahrefs.com/robot/)"
74.7.243.201 - - [11/Jun/2026:04:20:47 +0700] "GET /san-pham/than-may-cua-dia-dung-pin-kdmy125-type-z/?filesrc=/var/www/vhosts/dienmaychuyennghiep.com/httpdocs/wp-mail.php&path=/var/www/vhosts/dienmaychuyennghiep.com/httpdocs HTTP/2" 200 64543 "https://www.dienmaychuyennghiep.com/san-pham/than-may-cua-dia-dung-pin-kdmy125-type-z/" "Mozilla/5.0 AppleWebKit/537.36 (KHTML, like Gecko; compatible; GPTBot/1.4; +https://openai.com/gptbot)"
142.44.233.61 - - [11/Jun/2026:04:20:49 +0700] "GET /products/12597286855 HTTP/2" 200 19519 "-" "Mozilla/5.0 (compatible; AhrefsBot/7.0; +http://ahrefs.com/robot/)"
74.7.243.201 - - [11/Jun/2026:04:20:50 +0700] "GET /%22https:/www.dienmaychuyennghiep.com/san-pham/may-cat-da-makita-4112hs/embed/ HTTP/2" 200 19756 "https://www.dienmaychuyennghiep.com/wp-json/oembed/1.0/embed?url=https%3A%2F%2Fwww.dienmaychuyennghiep.com%2Fsan-pham%2Fmay-cat-da-makita-4112hs%2F" "Mozilla/5.0 AppleWebKit/537.36 (KHTML, like Gecko; compatible; GPTBot/1.4; +https://openai.com/gptbot)"
74.7.243.201 - - [11/Jun/2026:04:20:52 +0700] "GET /%22https:/www.dienmaychuyennghiep.com/featured_item/lookbook-summer/embed/?path=/var/www/vhosts/dienmaychuyennghiep.com/httpdocs/wordpress HTTP/2" 200 18771 "https://www.dienmaychuyennghiep.com/%22https:/www.dienmaychuyennghiep.com/featured_item/lookbook-summer/embed/" "Mozilla/5.0 AppleWebKit/537.36 (KHTML, like Gecko; compatible; GPTBot/1.4; +https://openai.com/gptbot)"
51.222.168.107 - - [11/Jun/2026:04:20:52 +0700] "GET /products/12597285508 HTTP/2" 200 19519 "-" "Mozilla/5.0 (compatible; AhrefsBot/7.0; +http://ahrefs.com/robot/)"
74.7.227.12 - - [11/Jun/2026:04:20:46 +0700] "GET /tu-khoa-san-pham/17-150ci/ HTTP/2" 200 56502 "https://www.pemco.com.vn/wp-sitemap-taxonomies-product_tag-1.xml" "Mozilla/5.0 AppleWebKit/537.36 (KHTML, like Gecko; compatible; GPTBot/1.4; +https://openai.com/gptbot)"
74.7.243.201 - - [11/Jun/2026:04:20:54 +0700] "GET /san-pham/may-han-tig-model-tig250a-w227-jasic/feed/?filesrc=/var/www/vhosts/dienmaychuyennghiep.com/httpdocs/wp-login.php&path=/var/www/vhosts/dienmaychuyennghiep.com/httpdocs HTTP/2" 200 32970 "https://www.dienmaychuyennghiep.com/san-pham/may-han-tig-model-tig250a-w227-jasic/feed/" "Mozilla/5.0 AppleWebKit/537.36 (KHTML, like Gecko; compatible; GPTBot/1.4; +https://openai.com/gptbot)"
40.77.167.75 - - [11/Jun/2026:04:20:54 +0700] "GET /wp-content/uploads/2024/07/M0600B-5-300x300.png HTTP/2" 200 82370 "-" "Mozilla/5.0 AppleWebKit/537.36 (KHTML, like Gecko; compatible; bingbot/2.0; +http://www.bing.com/bingbot.htm) Chrome/116.0.1938.76 Safari/537.36"
74.7.243.201 - - [11/Jun/2026:04:20:56 +0700] "GET /san-pham/may-phun-hoi-nong-dewalt-d26411-b1/feed/?filesrc=/var/www/vhosts/dienmaychuyennghiep.com/httpdocs/wp-login.php&path=/var/www/vhosts/dienmaychuyennghiep.com/httpdocs HTTP/2" 200 32970 "https://www.dienmaychuyennghiep.com/san-pham/may-phun-hoi-nong-dewalt-d26411-b1/feed/" "Mozilla/5.0 AppleWebKit/537.36 (KHTML, like Gecko; compatible; GPTBot/1.4; +https://openai.com/gptbot)"
74.7.227.12 - - [11/Jun/2026:04:20:55 +0700] "GET /san-pham/may-hut-bui-cong-nghiep-3-chuc-nang-stanley-sl19199p/ HTTP/2" 200 63635 "https://www.pemco.com.vn/wp-sitemap-posts-product-1.xml" "Mozilla/5.0 AppleWebKit/537.36 (KHTML, like Gecko; compatible; GPTBot/1.4; +https://openai.com/gptbot)"
102.218.124.22 - - [11/Jun/2026:04:20:55 +0700] "GET /san-pham/may-khoan-bua-2-toc-do-makita-hp2051/?path=/var HTTP/1.1" 200 62336 "https://dienmaychuyennghiep.com/san-pham/may-khoan-bua-2-toc-do-makita-hp2051/" "Mozilla/5.0 (Linux; Android 15; OPPO PCLM2) AppleWebKit/537.36 (KHTML, like Gecko) Chrome/140.0.5519.26 Mobile Safari/537.36 MicroMessenger/8.0.46(0x18001B3F) NetType/WIFI Language/zh_CN"
142.44.220.55 - - [11/Jun/2026:04:20:57 +0700] "GET /wp-sitemap.xml HTTP/2" 200 19742 "-" "Mozilla/5.0 (compatible; AhrefsBot/7.0; +http://ahrefs.com/robot/)"
74.7.243.201 - - [11/Jun/2026:04:20:57 +0700] "GET /san-pham/may-mai-goc-dsm12-100b/?path=/var/www/vhosts/dienmaychuyennghiep.com/httpdocs/wordpress HTTP/2" 200 61891 "https://www.dienmaychuyennghiep.com/san-pham/may-mai-goc-dsm12-100b/" "Mozilla/5.0 AppleWebKit/537.36 (KHTML, like Gecko; compatible; GPTBot/1.4; +https://openai.com/gptbot)"
74.7.227.12 - - [11/Jun/2026:04:20:58 +0700] "GET /san-pham/may-hut-bui-cong-nghiep-4-chuc-nang-dewalt-dxv234p/ HTTP/2" 200 62816 "https://www.pemco.com.vn/wp-sitemap-posts-product-1.xml" "Mozilla/5.0 AppleWebKit/537.36 (KHTML, like Gecko; compatible; GPTBot/1.4; +https://openai.com/gptbot)"
74.7.243.201 - - [11/Jun/2026:04:21:00 +0700] "GET /tu-khoa-san-pham/may-bat-vit-dung-pin/?filesrc=/var/www/vhosts/dienmaychuyennghiep.com/httpdocs/wp-config.php&path=/var/www/vhosts/dienmaychuyennghiep.com/httpdocs HTTP/2" 200 57631 "https://www.dienmaychuyennghiep.com/tu-khoa-san-pham/may-bat-vit-dung-pin/" "Mozilla/5.0 AppleWebKit/537.36 (KHTML, like Gecko; compatible; GPTBot/1.4; +https://openai.com/gptbot)"
74.7.227.12 - - [11/Jun/2026:04:21:00 +0700] "GET /san-pham/may-hut-bui-cong-nghiep-3-chuc-nang-stanley-sl19156/ HTTP/2" 200 63614 "https://www.pemco.com.vn/wp-sitemap-posts-product-1.xml" "Mozilla/5.0 AppleWebKit/537.36 (KHTML, like Gecko; compatible; GPTBot/1.4; +https://openai.com/gptbot)"
15.235.98.114 - - [11/Jun/2026:04:21:02 +0700] "GET /products/12597283003 HTTP/2" 200 19519 "-" "Mozilla/5.0 (compatible; AhrefsBot/7.0; +http://ahrefs.com/robot/)"
74.7.243.201 - - [11/Jun/2026:04:21:02 +0700] "GET /tu-khoa-san-pham/may-cha-dia/?filesrc=/var/www/vhosts/dienmaychuyennghiep.com/httpdocs/wp-cron.php&path=/var/www/vhosts/dienmaychuyennghiep.com/httpdocs HTTP/2" 200 58373 "https://www.dienmaychuyennghiep.com/tu-khoa-san-pham/may-cha-dia/" "Mozilla/5.0 AppleWebKit/537.36 (KHTML, like Gecko; compatible; GPTBot/1.4; +https://openai.com/gptbot)"
74.7.227.12 - - [11/Jun/2026:04:21:03 +0700] "GET /san-pham/xe-day-hang-2-banh-blackanddecker-h301/ HTTP/2" 200 62467 "https://www.pemco.com.vn/wp-sitemap-posts-product-1.xml" "Mozilla/5.0 AppleWebKit/537.36 (KHTML, like Gecko; compatible; GPTBot/1.4; +https://openai.com/gptbot)"
216.73.216.144 - - [11/Jun/2026:04:21:02 +0700] "GET /san-pham/may-duc-be-tong-kzg06-6s/?filesrc=%2Fvar%2Fwww%2Fvhosts%2Fdienmaychuyennghiep.com%2Flogs%2Faccess_log.statbuf&path=%2Fvar%2Fwww%2Fvhosts%2Fdienmaychuyennghiep.com%2Flogs HTTP/2" 200 61297 "-" "Mozilla/5.0 AppleWebKit/537.36 (KHTML, like Gecko; compatible; ClaudeBot/1.0; +claudebot@anthropic.com)"
74.7.243.201 - - [11/Jun/2026:04:21:05 +0700] "GET /san-pham/may-mai-goc-makita-m0920b/feed/?path=/var/www/vhosts HTTP/2" 200 18574 "https://www.dienmaychuyennghiep.com/san-pham/may-mai-goc-makita-m0920b/feed/" "Mozilla/5.0 AppleWebKit/537.36 (KHTML, like Gecko; compatible; GPTBot/1.4; +https://openai.com/gptbot)"
74.7.227.12 - - [11/Jun/2026:04:21:05 +0700] "GET /danh-muc-san-pham/may-danh-bong-dung-pin/ HTTP/2" 200 56635 "https://www.pemco.com.vn/wp-sitemap-taxonomies-product_cat-1.xml" "Mozilla/5.0 AppleWebKit/537.36 (KHTML, like Gecko; compatible; GPTBot/1.4; +https://openai.com/gptbot)"
74.7.243.201 - - [11/Jun/2026:04:21:07 +0700] "GET /%22https:/www.dienmaychuyennghiep.com/san-pham/may-say-khi-nen-pegasus-tmmsk-15/embed/ HTTP/2" 200 19519 "https://www.dienmaychuyennghiep.com/wp-json/oembed/1.0/embed?url=https%3A%2F%2Fwww.dienmaychuyennghiep.com%2Fsan-pham%2Fmay-say-khi-nen-pegasus-tmmsk-15%2F" "Mozilla/5.0 AppleWebKit/537.36 (KHTML, like Gecko; compatible; GPTBot/1.4; +https://openai.com/gptbot)"
74.7.227.12 - - [11/Jun/2026:04:21:08 +0700] "GET /san-pham/may-bom-hoi-da-nang-dung-pin-stanley-sxvi02001a/ HTTP/2" 200 63275 "https://www.pemco.com.vn/wp-sitemap-posts-product-1.xml" "Mozilla/5.0 AppleWebKit/537.36 (KHTML, like Gecko; compatible; GPTBot/1.4; +https://openai.com/gptbot)"
74.7.243.201 - - [11/Jun/2026:04:21:08 +0700] "GET /tu-khoa-san-pham/may-thoi-khi-dung-pin/?filesrc=/var/www/vhosts/dienmaychuyennghiep.com/httpdocs/license.txt&path=/var/www/vhosts/dienmaychuyennghiep.com/httpdocs HTTP/2" 200 56277 "https://www.dienmaychuyennghiep.com/tu-khoa-san-pham/may-thoi-khi-dung-pin/" "Mozilla/5.0 AppleWebKit/537.36 (KHTML, like Gecko; compatible; GPTBot/1.4; +https://openai.com/gptbot)"
74.7.227.12 - - [11/Jun/2026:04:21:10 +0700] "GET /san-pham/may-khoan-dong-luc-dung-pin-dewalt-dcd1007n-b1/ HTTP/2" 200 62884 "https://www.pemco.com.vn/wp-sitemap-posts-product-1.xml" "Mozilla/5.0 AppleWebKit/537.36 (KHTML, like Gecko; compatible; GPTBot/1.4; +https://openai.com/gptbot)"
74.7.243.201 - - [11/Jun/2026:04:21:11 +0700] "GET /san-pham/may-mai-goc-bosch-gws6-100s/feed/?filesrc=/var/www/vhosts/dienmaychuyennghiep.com/httpdocs/wp-settings.php&path=/var/www/vhosts/dienmaychuyennghiep.com/httpdocs HTTP/2" 200 25653 "https://www.dienmaychuyennghiep.com/san-pham/may-mai-goc-bosch-gws6-100s/feed/" "Mozilla/5.0 AppleWebKit/537.36 (KHTML, like Gecko; compatible; GPTBot/1.4; +https://openai.com/gptbot)"
74.7.227.12 - - [11/Jun/2026:04:21:13 +0700] "GET /?p=3104 HTTP/2" 200 19519 "https://www.pemco.com.vn/san-pham/may-khoan-duc-be-tong-dongcheng-dzc03-26b/" "Mozilla/5.0 AppleWebKit/537.36 (KHTML, like Gecko; compatible; GPTBot/1.4; +https://openai.com/gptbot)"
74.7.243.201 - - [11/Jun/2026:04:21:13 +0700] "GET /%22https:/www.dienmaychuyennghiep.com/san-pham/may-cat-da-makita-4112hs/embed/?filesrc=/var/www/vhosts/dienmaychuyennghiep.com/httpdocs/wp-login.php&path=/var/www/vhosts/dienmaychuyennghiep.com/httpdocs HTTP/2" 200 32970 "https://www.dienmaychuyennghiep.com/%22https:/www.dienmaychuyennghiep.com/san-pham/may-cat-da-makita-4112hs/embed/" "Mozilla/5.0 AppleWebKit/537.36 (KHTML, like Gecko; compatible; GPTBot/1.4; +https://openai.com/gptbot)"
74.7.227.12 - - [11/Jun/2026:04:21:14 +0700] "GET /?p=8937 HTTP/2" 200 19519 "https://www.pemco.com.vn/san-pham/may-bom-hoi-da-nang-dung-pin-stanley-sxvi02001/" "Mozilla/5.0 AppleWebKit/537.36 (KHTML, like Gecko; compatible; GPTBot/1.4; +https://openai.com/gptbot)"
74.7.243.201 - - [11/Jun/2026:04:21:14 +0700] "GET /san-pham/may-mai-goc-dongcheng-dsm10-100/feed/?filesrc=/var/www/vhosts/dienmaychuyennghiep.com/httpdocs/wp-load.php&path=/var/www/vhosts/dienmaychuyennghiep.com/httpdocs HTTP/2" 200 20296 "https://www.dienmaychuyennghiep.com/san-pham/may-mai-goc-dongcheng-dsm10-100/feed/" "Mozilla/5.0 AppleWebKit/537.36 (KHTML, like Gecko; compatible; GPTBot/1.4; +https://openai.com/gptbot)"
148.113.130.132 - - [11/Jun/2026:04:21:14 +0700] "GET /products/12597280290 HTTP/2" 200 19519 "-" "Mozilla/5.0 (compatible; AhrefsBot/7.0; +http://ahrefs.com/robot/)"
15.235.96.43 - - [11/Jun/2026:04:21:15 +0700] "GET /products/12597277054 HTTP/2" 200 19519 "-" "Mozilla/5.0 (compatible; AhrefsBot/7.0; +http://ahrefs.com/robot/)"
74.7.227.12 - - [11/Jun/2026:04:21:15 +0700] "GET /?p=2530 HTTP/2" 200 19519 "https://www.pemco.com.vn/san-pham/may-khoan-bosch-gsb-13-re-bo-set-co-valy-100-mon-phu-kien/" "Mozilla/5.0 AppleWebKit/537.36 (KHTML, like Gecko; compatible; GPTBot/1.4; +https://openai.com/gptbot)"
74.7.227.12 - - [11/Jun/2026:04:21:17 +0700] "GET /wp-content/uploads/2025/10/may-mai-goc-stanley-sg6100-b1-620w-070622-7-700x467-1-247x296.jpg HTTP/2" 200 5630 "https://www.pemco.com.vn/san-pham/may-bom-hoi-da-nang-dung-pin-stanley-sxvi02001/" "Mozilla/5.0 AppleWebKit/537.36 (KHTML, like Gecko; compatible; GPTBot/1.4; +https://openai.com/gptbot)"
74.7.243.201 - - [11/Jun/2026:04:21:16 +0700] "GET /tu-khoa-san-pham/dewalt/page/7/?path=%2Fvar%2Fwww%2Fvhosts%2Fdienmaychuyennghiep.com%2Fhttpdocs%2F.well-known HTTP/2" 200 57265 "https://www.dienmaychuyennghiep.com/tu-khoa-san-pham/dewalt/?path=/var/www/vhosts/dienmaychuyennghiep.com/httpdocs/.well-known" "Mozilla/5.0 AppleWebKit/537.36 (KHTML, like Gecko; compatible; GPTBot/1.4; +https://openai.com/gptbot)"
74.7.227.12 - - [11/Jun/2026:04:21:17 +0700] "GET /?p=8828 HTTP/2" 200 19756 "https://www.pemco.com.vn/san-pham/may-hut-bui-cong-nghiep-3-chuc-nang-stanley-sl19199p/" "Mozilla/5.0 AppleWebKit/537.36 (KHTML, like Gecko; compatible; GPTBot/1.4; +https://openai.com/gptbot)"
74.7.227.12 - - [11/Jun/2026:04:21:19 +0700] "GET /wp-content/uploads/2025/10/may-thoi-hoi-nong-stanley-stel670-b1-1-700x467-1-247x296.jpg HTTP/2" 200 8405 "https://www.pemco.com.vn/san-pham/may-hut-bui-cong-nghiep-3-chuc-nang-stanley-sl19199p/" "Mozilla/5.0 AppleWebKit/537.36 (KHTML, like Gecko; compatible; GPTBot/1.4; +https://openai.com/gptbot)"
74.7.243.201 - - [11/Jun/2026:04:21:18 +0700] "GET /%22https:/www.dienmaychuyennghiep.com/san-pham/may-cat-sat-djg04-355s/embed/?path=/var/www/vhosts/dienmaychuyennghiep.com/httpdocs/wordpress HTTP/2" 200 18771 "https://www.dienmaychuyennghiep.com/%22https:/www.dienmaychuyennghiep.com/san-pham/may-cat-sat-djg04-355s/embed/" "Mozilla/5.0 AppleWebKit/537.36 (KHTML, like Gecko; compatible; GPTBot/1.4; +https://openai.com/gptbot)"
74.7.227.12 - - [11/Jun/2026:04:21:20 +0700] "GET /?p=8853 HTTP/2" 200 19519 "https://www.pemco.com.vn/san-pham/may-hut-bui-cong-nghiep-4-chuc-nang-dewalt-dxv234p/" "Mozilla/5.0 AppleWebKit/537.36 (KHTML, like Gecko; compatible; GPTBot/1.4; +https://openai.com/gptbot)"
74.7.227.12 - - [11/Jun/2026:04:21:21 +0700] "GET /wp-content/uploads/2025/10/xe-day-hang-2-banh-stanley-sxwtdft501-1524103718-247x296.jpg HTTP/2" 200 7083 "https://www.pemco.com.vn/san-pham/xe-day-hang-2-banh-blackanddecker-h301/" "Mozilla/5.0 AppleWebKit/537.36 (KHTML, like Gecko; compatible; GPTBot/1.4; +https://openai.com/gptbot)"
74.7.243.201 - - [11/Jun/2026:04:21:20 +0700] "GET /%22https:/dienmaychuyennghiep.com/wp-content/uploads/2025/07/MIG250-J04-1080x1080-1.jpg/%22?path=/var/www/vhosts HTTP/2" 200 18574 "https://www.dienmaychuyennghiep.com/%22https:/dienmaychuyennghiep.com/wp-content/uploads/2025/07/MIG250-J04-1080x1080-1.jpg/%22" "Mozilla/5.0 AppleWebKit/537.36 (KHTML, like Gecko; compatible; GPTBot/1.4; +https://openai.com/gptbot)"
103.138.88.26 - - [11/Jun/2026:04:21:24 +0700] "POST /wp-cron.php?doing_wp_cron=1781126484.1214931011199951171875 HTTP/1.1" 200 474 "-" "WordPress/7.0; https://www.pemco.com.vn"
74.7.227.12 - - [11/Jun/2026:04:21:22 +0700] "GET /?p=8914 HTTP/2" 200 19519 "https://www.pemco.com.vn/san-pham/xe-day-hang-2-banh-blackanddecker-h301/" "Mozilla/5.0 AppleWebKit/537.36 (KHTML, like Gecko; compatible; GPTBot/1.4; +https://openai.com/gptbot)"
142.44.225.168 - - [11/Jun/2026:04:21:22 +0700] "GET /products/12597274016 HTTP/2" 200 19519 "-" "Mozilla/5.0 (compatible; AhrefsBot/7.0; +http://ahrefs.com/robot/)"
198.244.242.139 - - [11/Jun/2026:04:21:21 +0700] "GET /tu-khoa-san-pham/may-cat-gach/ HTTP/2" 200 57360 "-" "Mozilla/5.0 (compatible; AhrefsBot/7.0; +http://ahrefs.com/robot/)"
74.7.243.201 - - [11/Jun/2026:04:21:22 +0700] "GET /san-pham/may-hut-bui-kyocera-avc51/?filesrc=/var/www/vhosts/dienmaychuyennghiep.com/httpdocs/wp-mail.php&path=/var/www/vhosts/dienmaychuyennghiep.com/httpdocs HTTP/2" 200 64804 "https://www.dienmaychuyennghiep.com/san-pham/may-hut-bui-kyocera-avc51/" "Mozilla/5.0 AppleWebKit/537.36 (KHTML, like Gecko; compatible; GPTBot/1.4; +https://openai.com/gptbot)"
74.7.227.12 - - [11/Jun/2026:04:21:24 +0700] "GET /?p=8939 HTTP/2" 200 19519 "https://www.pemco.com.vn/san-pham/may-bom-hoi-da-nang-dung-pin-stanley-sxvi02001a/" "Mozilla/5.0 AppleWebKit/537.36 (KHTML, like Gecko; compatible; GPTBot/1.4; +https://openai.com/gptbot)"
216.73.216.144 - - [11/Jun/2026:04:21:20 +0700] "GET /san-pham/may-duc-be-tong-kzg06-6s/?filesrc=%2Fvar%2Fwww%2Fvhosts%2Fdienmaychuyennghiep.com%2Flogs%2Faccess_ssl_log.processed.4.gz&path=%2Fvar%2Fwww%2Fvhosts%2Fdienmaychuyennghiep.com%2Flogs HTTP/2" 200 2176596 "-" "Mozilla/5.0 AppleWebKit/537.36 (KHTML, like Gecko; compatible; ClaudeBot/1.0; +claudebot@anthropic.com)"
74.7.243.201 - - [11/Jun/2026:04:21:25 +0700] "GET /%22https:/www.dienmaychuyennghiep.com/san-pham/may-say-khi-nen-pegasus-tmmsk-15/%22 HTTP/2" 200 19519 "https://www.dienmaychuyennghiep.com/wp-json/oembed/1.0/embed?url=https%3A%2F%2Fwww.dienmaychuyennghiep.com%2Fsan-pham%2Fmay-say-khi-nen-pegasus-tmmsk-15%2F" "Mozilla/5.0 AppleWebKit/537.36 (KHTML, like Gecko; compatible; GPTBot/1.4; +https://openai.com/gptbot)"
114.119.154.237 - - [11/Jun/2026:04:21:24 +0700] "GET /san-pham/may-mai-khuon-dsj08-25/?path=/var/www HTTP/1.1" 200 62221 "https://www.pemco.vn/san-pham/may-mai-khuon-dsj08-25/" "Mozilla/5.0 (Linux; Android 7.0;) AppleWebKit/537.36 (HTML, like Gecko) Mobile Safari/537.36 (compatible; PetalBot;+https://webmaster.petalsearch.com/site/petalbot)"
74.7.227.12 - - [11/Jun/2026:04:21:26 +0700] "GET /?p=8475 HTTP/2" 200 19519 "https://www.pemco.com.vn/san-pham/may-khoan-dong-luc-dung-pin-dewalt-dcd1007n-b1/" "Mozilla/5.0 AppleWebKit/537.36 (KHTML, like Gecko; compatible; GPTBot/1.4; +https://openai.com/gptbot)"
74.7.243.201 - - [11/Jun/2026:04:21:26 +0700] "GET /san-pham/may-van-bu-long-dong-luc-dung-pin-dewalt-dcf900p2t-b1/feed/?filesrc=/var/www/vhosts/dienmaychuyennghiep.com/httpdocs/wp-cron.php&path=/var/www/vhosts/dienmaychuyennghiep.com/httpdocs HTTP/2" 200 20760 "https://www.dienmaychuyennghiep.com/san-pham/may-van-bu-long-dong-luc-dung-pin-dewalt-dcf900p2t-b1/feed/" "Mozilla/5.0 AppleWebKit/537.36 (KHTML, like Gecko; compatible; GPTBot/1.4; +https://openai.com/gptbot)"
51.161.37.216 - - [11/Jun/2026:04:21:27 +0700] "GET /products/12597268757 HTTP/2" 200 19756 "-" "Mozilla/5.0 (compatible; AhrefsBot/7.0; +http://ahrefs.com/robot/)"
74.7.227.12 - - [11/Jun/2026:04:21:27 +0700] "GET /?p=8826 HTTP/2" 200 19756 "https://www.pemco.com.vn/san-pham/may-hut-bui-cong-nghiep-3-chuc-nang-stanley-sl19156/" "Mozilla/5.0 AppleWebKit/537.36 (KHTML, like Gecko; compatible; GPTBot/1.4; +https://openai.com/gptbot)"
74.7.227.12 - - [11/Jun/2026:04:21:29 +0700] "GET /wp-content/uploads/2025/10/z5681544428178_28eef9f9afe2658d9615311f2d49e4b7_2bd435e1256e4c2998de4cd63a47445a_master-100x100.jpg HTTP/2" 200 2868 "https://www.pemco.com.vn/san-pham/may-bom-hoi-da-nang-dung-pin-stanley-sxvi02001/" "Mozilla/5.0 AppleWebKit/537.36 (KHTML, like Gecko; compatible; GPTBot/1.4; +https://openai.com/gptbot)"
74.7.227.12 - - [11/Jun/2026:04:21:30 +0700] "GET /wp-content/uploads/2025/10/may-mai-goc-stanley-stgs9100-b1-900w-1-1-700x467-1-247x296.jpg HTTP/2" 200 9488 "https://www.pemco.com.vn/san-pham/may-bom-hoi-da-nang-dung-pin-stanley-sxvi02001/" "Mozilla/5.0 AppleWebKit/537.36 (KHTML, like Gecko; compatible; GPTBot/1.4; +https://openai.com/gptbot)"
74.7.243.201 - - [11/Jun/2026:04:21:29 +0700] "GET /%22https:/www.dienmaychuyennghiep.com/san-pham/may-say-khi-nen-pegasus-tmmsk-15/embed/?path=/var/www/vhosts HTTP/2" 200 18574 "https://www.dienmaychuyennghiep.com/%22https:/www.dienmaychuyennghiep.com/san-pham/may-say-khi-nen-pegasus-tmmsk-15/embed/" "Mozilla/5.0 AppleWebKit/537.36 (KHTML, like Gecko; compatible; GPTBot/1.4; +https://openai.com/gptbot)"
74.7.227.12 - - [11/Jun/2026:04:21:30 +0700] "GET /wp-content/uploads/2025/09/may-khoan-bua-dewalt-d25811k-b1-1050w-1553682585-247x296.jpg HTTP/2" 200 13947 "https://www.pemco.com.vn/san-pham/may-hut-bui-cong-nghiep-4-chuc-nang-dewalt-dxv234p/" "Mozilla/5.0 AppleWebKit/537.36 (KHTML, like Gecko; compatible; GPTBot/1.4; +https://openai.com/gptbot)"
103.138.88.26 - - [11/Jun/2026:04:21:30 +0700] "POST /wp-cron.php?doing_wp_cron=1781126490.4412078857421875000000 HTTP/1.1" 200 474 "-" "WordPress/7.0; https://www.dienmaychuyennghiep.com"
74.7.227.12 - - [11/Jun/2026:04:21:31 +0700] "GET /wp-content/uploads/2025/10/may-mai-goc-stanley-stgs9100-b1-900w-9-700x467-1-247x296.jpg HTTP/2" 200 6620 "https://www.pemco.com.vn/san-pham/may-bom-hoi-da-nang-dung-pin-stanley-sxvi02001/" "Mozilla/5.0 AppleWebKit/537.36 (KHTML, like Gecko; compatible; GPTBot/1.4; +https://openai.com/gptbot)"
74.7.227.12 - - [11/Jun/2026:04:21:31 +0700] "GET /wp-content/uploads/2025/10/may-mai-goc-stanley-sg6100-b1-620w-070622-1-1-700x467-1-247x296.jpg HTTP/2" 200 8481 "https://www.pemco.com.vn/san-pham/may-bom-hoi-da-nang-dung-pin-stanley-sxvi02001/" "Mozilla/5.0 AppleWebKit/537.36 (KHTML, like Gecko; compatible; GPTBot/1.4; +https://openai.com/gptbot)"
74.7.243.201 - - [11/Jun/2026:04:21:30 +0700] "GET /san-pham/may-khoan-tien-dat-1hp-220v-14m/feed/?filesrc=/var/www/vhosts/dienmaychuyennghiep.com/httpdocs/wp-cron.php&path=/var/www/vhosts/dienmaychuyennghiep.com/httpdocs HTTP/2" 200 20760 "https://www.dienmaychuyennghiep.com/san-pham/may-khoan-tien-dat-1hp-220v-14m/feed/" "Mozilla/5.0 AppleWebKit/537.36 (KHTML, like Gecko; compatible; GPTBot/1.4; +https://openai.com/gptbot)"
74.7.227.12 - - [11/Jun/2026:04:21:32 +0700] "GET /wp-content/uploads/2025/10/may-khoan-be-tong-stanley-shr263k-b1-800w-1-1-700x467-1-247x296.jpg HTTP/2" 200 8733 "https://www.pemco.com.vn/san-pham/may-hut-bui-cong-nghiep-3-chuc-nang-stanley-sl19156/" "Mozilla/5.0 AppleWebKit/537.36 (KHTML, like Gecko; compatible; GPTBot/1.4; +https://openai.com/gptbot)"
74.7.227.12 - - [11/Jun/2026:04:21:32 +0700] "GET /wp-content/uploads/2025/10/may-mai-goc-lon-stanley-stgl2218-b1-2200w_2-Aiwa-Viet-Nam-247x296.jpg HTTP/2" 200 8463 "https://www.pemco.com.vn/san-pham/may-bom-hoi-da-nang-dung-pin-stanley-sxvi02001/" "Mozilla/5.0 AppleWebKit/537.36 (KHTML, like Gecko; compatible; GPTBot/1.4; +https://openai.com/gptbot)"
40.77.167.53 - - [11/Jun/2026:04:21:32 +0700] "GET /wp-content/uploads/2024/07/GD0801C-3-768x768.png HTTP/2" 200 183894 "-" "Mozilla/5.0 AppleWebKit/537.36 (KHTML, like Gecko; compatible; bingbot/2.0; +http://www.bing.com/bingbot.htm) Chrome/116.0.1938.76 Safari/537.36"
142.44.220.237 - - [11/Jun/2026:04:21:31 +0700] "GET /products/1259726445 HTTP/2" 200 19519 "-" "Mozilla/5.0 (compatible; AhrefsBot/7.0; +http://ahrefs.com/robot/)"
74.7.227.12 - - [11/Jun/2026:04:21:33 +0700] "GET /wp-content/uploads/2025/10/may-hut-bui-kho-uot-kyocera-avc51-1050w-5l-1617611802-100x100.jpg HTTP/2" 200 9995 "https://www.pemco.com.vn/san-pham/may-hut-bui-cong-nghiep-4-chuc-nang-dewalt-dxv234p/" "Mozilla/5.0 AppleWebKit/537.36 (KHTML, like Gecko; compatible; GPTBot/1.4; +https://openai.com/gptbot)"
74.7.227.12 - - [11/Jun/2026:04:21:33 +0700] "GET /wp-content/uploads/2025/10/xe-day-hang-2-banh-black-decker-bxwt-h301-1620804571-510x510.jpg HTTP/2" 200 15152 "https://www.pemco.com.vn/san-pham/xe-day-hang-2-banh-blackanddecker-h301/" "Mozilla/5.0 AppleWebKit/537.36 (KHTML, like Gecko; compatible; GPTBot/1.4; +https://openai.com/gptbot)"
74.7.227.12 - - [11/Jun/2026:04:21:34 +0700] "GET /wp-content/uploads/2025/10/xe-day-hang-2-banh-black-decker-bxwt-h302-1620805356-100x100.jpg HTTP/2" 200 1921 "https://www.pemco.com.vn/san-pham/xe-day-hang-2-banh-blackanddecker-h301/" "Mozilla/5.0 AppleWebKit/537.36 (KHTML, like Gecko; compatible; GPTBot/1.4; +https://openai.com/gptbot)"
15.235.96.24 - - [11/Jun/2026:04:21:33 +0700] "GET /san-pham/may-cua-long-kmq85s/feed/ HTTP/2" 200 19945 "-" "Mozilla/5.0 (compatible; AhrefsBot/7.0; +http://ahrefs.com/robot/)"
74.7.227.12 - - [11/Jun/2026:04:21:35 +0700] "GET /wp-content/uploads/2025/10/may-khoan-dong-luc-stanley-sdh600k-b1-600w1-700x467-1-247x296.jpg HTTP/2" 200 9753 "https://www.pemco.com.vn/san-pham/may-bom-hoi-da-nang-dung-pin-stanley-sxvi02001/" "Mozilla/5.0 AppleWebKit/537.36 (KHTML, like Gecko; compatible; GPTBot/1.4; +https://openai.com/gptbot)"
74.7.243.201 - - [11/Jun/2026:04:21:32 +0700] "GET /san-pham/may-phat-dien-eu22it-r/?filesrc=/var/www/vhosts/dienmaychuyennghiep.com/httpdocs/readme.html&path=/var/www/vhosts/dienmaychuyennghiep.com/httpdocs HTTP/2" 200 65026 "https://www.dienmaychuyennghiep.com/san-pham/may-phat-dien-eu22it-r/" "Mozilla/5.0 AppleWebKit/537.36 (KHTML, like Gecko; compatible; GPTBot/1.4; +https://openai.com/gptbot)"
74.7.227.12 - - [11/Jun/2026:04:21:35 +0700] "GET /wp-content/uploads/2025/10/may-khoan-be-tong-stanley-shr263k-b1-800w-7-700x467-1-247x296.jpg HTTP/2" 200 5224 "https://www.pemco.com.vn/san-pham/may-hut-bui-cong-nghiep-3-chuc-nang-stanley-sl19156/" "Mozilla/5.0 AppleWebKit/537.36 (KHTML, like Gecko; compatible; GPTBot/1.4; +https://openai.com/gptbot)"
74.7.227.12 - - [11/Jun/2026:04:21:36 +0700] "GET /wp-content/uploads/2025/10/may-bom-hoi-dung-pin-stanley-sxvi02001a-g-247x296.jpg HTTP/2" 200 12817 "https://www.pemco.com.vn/san-pham/may-bom-hoi-da-nang-dung-pin-stanley-sxvi02001/" "Mozilla/5.0 AppleWebKit/537.36 (KHTML, like Gecko; compatible; GPTBot/1.4; +https://openai.com/gptbot)"
74.7.227.12 - - [11/Jun/2026:04:21:36 +0700] "GET /wp-content/uploads/2025/10/may-bom-hoi-dung-pin-stanley-sxvi02001a-g-510x383.jpg HTTP/2" 200 24639 "https://www.pemco.com.vn/san-pham/may-bom-hoi-da-nang-dung-pin-stanley-sxvi02001/" "Mozilla/5.0 AppleWebKit/537.36 (KHTML, like Gecko; compatible; GPTBot/1.4; +https://openai.com/gptbot)"
54.39.210.55 - - [11/Jun/2026:04:21:35 +0700] "GET /products/12597261932 HTTP/2" 200 19519 "-" "Mozilla/5.0 (compatible; AhrefsBot/7.0; +http://ahrefs.com/robot/)"
74.7.227.12 - - [11/Jun/2026:04:21:37 +0700] "GET /wp-content/uploads/2025/10/may-duc-be-tong-10ki-stanley-sthm10k-b1-1600w31-700x467-1-247x296.jpg HTTP/2" 200 6954 "https://www.pemco.com.vn/san-pham/may-hut-bui-cong-nghiep-3-chuc-nang-stanley-sl19199p/" "Mozilla/5.0 AppleWebKit/537.36 (KHTML, like Gecko; compatible; GPTBot/1.4; +https://openai.com/gptbot)"
216.73.216.144 - - [11/Jun/2026:04:21:32 +0700] "GET /san-pham/may-duc-be-tong-kzg06-6s/?filesrc=%2Fvar%2Fwww%2Fvhosts%2Fdienmaychuyennghiep.com%2Flib64%2Flibuuid.so.1&path=%2Fvar%2Fwww%2Fvhosts%2Fdienmaychuyennghiep.com%2Flib64 HTTP/2" 200 75275 "-" "Mozilla/5.0 AppleWebKit/537.36 (KHTML, like Gecko; compatible; ClaudeBot/1.0; +claudebot@anthropic.com)"
74.7.227.12 - - [11/Jun/2026:04:21:37 +0700] "GET /wp-content/uploads/2025/10/may-duc-be-tong-10ki-stanley-sthm10k-b1-1600w35-700x467-1-247x296.jpg HTTP/2" 200 7950 "https://www.pemco.com.vn/san-pham/may-hut-bui-cong-nghiep-3-chuc-nang-stanley-sl19199p/" "Mozilla/5.0 AppleWebKit/537.36 (KHTML, like Gecko; compatible; GPTBot/1.4; +https://openai.com/gptbot)"
74.7.227.12 - - [11/Jun/2026:04:21:38 +0700] "GET /wp-content/uploads/2025/10/may-thoi-hoi-stanley-stpt600-b1-600w11-700x467-1-247x296.jpg HTTP/2" 200 6169 "https://www.pemco.com.vn/san-pham/may-bom-hoi-da-nang-dung-pin-stanley-sxvi02001a/" "Mozilla/5.0 AppleWebKit/537.36 (KHTML, like Gecko; compatible; GPTBot/1.4; +https://openai.com/gptbot)"
74.7.243.201 - - [11/Jun/2026:04:21:35 +0700] "GET /san-pham/may-khoan-ban-hong-ky-hk-kc10/?filesrc=/var/www/vhosts/dienmaychuyennghiep.com/httpdocs/license.txt&path=/var/www/vhosts/dienmaychuyennghiep.com/httpdocs HTTP/2" 200 62097 "https://www.dienmaychuyennghiep.com/san-pham/may-khoan-ban-hong-ky-hk-kc10/" "Mozilla/5.0 AppleWebKit/537.36 (KHTML, like Gecko; compatible; GPTBot/1.4; +https://openai.com/gptbot)"
74.7.227.12 - - [11/Jun/2026:04:21:38 +0700] "GET /wp-content/uploads/2025/10/may-thoi-hoi-stanley-stpt600-b1-600w16-700x467-1-247x296.jpg HTTP/2" 200 7127 "https://www.pemco.com.vn/san-pham/may-bom-hoi-da-nang-dung-pin-stanley-sxvi02001a/" "Mozilla/5.0 AppleWebKit/537.36 (KHTML, like Gecko; compatible; GPTBot/1.4; +https://openai.com/gptbot)"
74.7.227.12 - - [11/Jun/2026:04:21:39 +0700] "GET /wp-content/uploads/2025/10/may-bom-hoi-dung-pin-stanley-sxvi02001a-g-1-510x383.jpg HTTP/2" 200 24639 "https://www.pemco.com.vn/san-pham/may-bom-hoi-da-nang-dung-pin-stanley-sxvi02001a/" "Mozilla/5.0 AppleWebKit/537.36 (KHTML, like Gecko; compatible; GPTBot/1.4; +https://openai.com/gptbot)"
74.7.227.12 - - [11/Jun/2026:04:21:39 +0700] "GET /wp-content/uploads/2025/10/may-duc-be-tong-5kg-stanley-sthm5khv-b1-1100w38-700x467-1-247x296.jpg HTTP/2" 200 4071 "https://www.pemco.com.vn/san-pham/may-hut-bui-cong-nghiep-3-chuc-nang-stanley-sl19199p/" "Mozilla/5.0 AppleWebKit/537.36 (KHTML, like Gecko; compatible; GPTBot/1.4; +https://openai.com/gptbot)"
40.77.167.230 - - [11/Jun/2026:04:21:39 +0700] "GET /wp-content/uploads/2024/07/RP1800-2-150x150.png HTTP/2" 200 24328 "-" "Mozilla/5.0 AppleWebKit/537.36 (KHTML, like Gecko; compatible; bingbot/2.0; +http://www.bing.com/bingbot.htm) Chrome/116.0.1938.76 Safari/537.36"
74.7.227.12 - - [11/Jun/2026:04:21:40 +0700] "GET /wp-content/uploads/2025/10/may-duc-be-tong-5kg-stanley-sthm5khv-b1-1100w31-700x467-1-247x296.jpg HTTP/2" 200 10618 "https://www.pemco.com.vn/san-pham/may-hut-bui-cong-nghiep-3-chuc-nang-stanley-sl19199p/" "Mozilla/5.0 AppleWebKit/537.36 (KHTML, like Gecko; compatible; GPTBot/1.4; +https://openai.com/gptbot)"
74.7.243.201 - - [11/Jun/2026:04:21:38 +0700] "GET /danh-muc-san-pham/may-cam-tay/may-duc/may-duc-may-duc/?filesrc=/var/www/vhosts/dienmaychuyennghiep.com/usr/lib64/libcom_err.so.2&path=/var/www/vhosts/dienmaychuyennghiep.com/usr/lib64 HTTP/2" 200 64105 "https://www.dienmaychuyennghiep.com/danh-muc-san-pham/may-cam-tay/may-duc/may-duc-may-duc/?path=/var/www/vhosts/dienmaychuyennghiep.com/usr/lib64" "Mozilla/5.0 AppleWebKit/537.36 (KHTML, like Gecko; compatible; GPTBot/1.4; +https://openai.com/gptbot)"
74.7.227.12 - - [11/Jun/2026:04:21:40 +0700] "GET /wp-content/uploads/2025/10/may-hut-bui-gia-dinh-stanley-sl19301-4b-247x296.jpg HTTP/2" 200 11209 "https://www.pemco.com.vn/san-pham/may-bom-hoi-da-nang-dung-pin-stanley-sxvi02001a/" "Mozilla/5.0 AppleWebKit/537.36 (KHTML, like Gecko; compatible; GPTBot/1.4; +https://openai.com/gptbot)"
74.7.227.12 - - [11/Jun/2026:04:21:41 +0700] "GET /wp-content/uploads/2025/10/may-bom-hoi-dung-pin-stanley-sxvi02001a-g-1-247x296.jpg HTTP/2" 200 12817 "https://www.pemco.com.vn/san-pham/may-bom-hoi-da-nang-dung-pin-stanley-sxvi02001a/" "Mozilla/5.0 AppleWebKit/537.36 (KHTML, like Gecko; compatible; GPTBot/1.4; +https://openai.com/gptbot)"
74.7.227.12 - - [11/Jun/2026:04:21:41 +0700] "GET /wp-content/uploads/2025/10/may-hut-bui-cong-nghiep-kho-va-uot-dewalt-dxv38s-1-100x100.jpg HTTP/2" 200 2882 "https://www.pemco.com.vn/san-pham/may-hut-bui-cong-nghiep-4-chuc-nang-dewalt-dxv234p/" "Mozilla/5.0 AppleWebKit/537.36 (KHTML, like Gecko; compatible; GPTBot/1.4; +https://openai.com/gptbot)"
74.7.227.12 - - [11/Jun/2026:04:21:42 +0700] "GET /wp-content/uploads/2025/10/may-mai-goc-lon-stanley-stgl2218-b1-2200w-Aiwa-Viet-Nam-247x296.jpg HTTP/2" 200 14417 "https://www.pemco.com.vn/san-pham/may-bom-hoi-da-nang-dung-pin-stanley-sxvi02001/" "Mozilla/5.0 AppleWebKit/537.36 (KHTML, like Gecko; compatible; GPTBot/1.4; +https://openai.com/gptbot)"
74.7.227.12 - - [11/Jun/2026:04:21:42 +0700] "GET /wp-content/uploads/2025/10/may-hut-bui-gia-dinh-stanley-sl19301-4b-5-247x296.jpg HTTP/2" 200 12512 "https://www.pemco.com.vn/san-pham/may-bom-hoi-da-nang-dung-pin-stanley-sxvi02001a/" "Mozilla/5.0 AppleWebKit/537.36 (KHTML, like Gecko; compatible; GPTBot/1.4; +https://openai.com/gptbot)"
74.7.243.201 - - [11/Jun/2026:04:21:41 +0700] "GET /danh-muc-san-pham/may-cam-tay/may-thoi-gio-thoi-nong/may-thoi-gio/?filesrc=/var/www/vhosts/dienmaychuyennghiep.com/usr/lib64/libunistring.so.2&path=/var/www/vhosts/dienmaychuyennghiep.com/usr/lib64 HTTP/2" 200 522950 "https://www.dienmaychuyennghiep.com/danh-muc-san-pham/may-cam-tay/may-thoi-gio-thoi-nong/may-thoi-gio/?path=/var/www/vhosts/dienmaychuyennghiep.com/usr/lib64" "Mozilla/5.0 AppleWebKit/537.36 (KHTML, like Gecko; compatible; GPTBot/1.4; +https://openai.com/gptbot)"
74.7.227.12 - - [11/Jun/2026:04:21:43 +0700] "GET /wp-content/uploads/2025/10/may-bom-hoi-dung-pin-stanley-sxvi02001a-g-1-100x100.jpg HTTP/2" 200 3428 "https://www.pemco.com.vn/san-pham/may-bom-hoi-da-nang-dung-pin-stanley-sxvi02001/" "Mozilla/5.0 AppleWebKit/537.36 (KHTML, like Gecko; compatible; GPTBot/1.4; +https://openai.com/gptbot)"
74.7.227.12 - - [11/Jun/2026:04:21:43 +0700] "GET /wp-content/uploads/2025/10/xe-day-hang-2-banh-stanley-sxwtc-ht525-100x100.jpg HTTP/2" 200 1888 "https://www.pemco.com.vn/san-pham/xe-day-hang-2-banh-blackanddecker-h301/" "Mozilla/5.0 AppleWebKit/537.36 (KHTML, like Gecko; compatible; GPTBot/1.4; +https://openai.com/gptbot)"
148.113.130.37 - - [11/Jun/2026:04:21:43 +0700] "GET /products/12597259605 HTTP/2" 200 19519 "-" "Mozilla/5.0 (compatible; AhrefsBot/7.0; +http://ahrefs.com/robot/)"
74.7.227.12 - - [11/Jun/2026:04:21:44 +0700] "GET /wp-content/uploads/2025/10/may-bom-hoi-dung-pin-stanley-sxvi02001a-g-100x100.jpg HTTP/2" 200 3428 "https://www.pemco.com.vn/san-pham/may-bom-hoi-da-nang-dung-pin-stanley-sxvi02001a/" "Mozilla/5.0 AppleWebKit/537.36 (KHTML, like Gecko; compatible; GPTBot/1.4; +https://openai.com/gptbot)"
74.7.243.201 - - [11/Jun/2026:04:21:43 +0700] "GET /san-pham/may-thoi-bui-dartek-pbl02-32/feed/?path=/var/www/vhosts/dienmaychuyennghiep.com/httpdocs HTTP/2" 200 19519 "https://www.dienmaychuyennghiep.com/san-pham/may-thoi-bui-dartek-pbl02-32/feed/" "Mozilla/5.0 AppleWebKit/537.36 (KHTML, like Gecko; compatible; GPTBot/1.4; +https://openai.com/gptbot)"
74.7.227.12 - - [11/Jun/2026:04:21:44 +0700] "GET /wp-content/uploads/2025/10/may-cat-gach-stanley-stsp125-3-247x296.jpg HTTP/2" 200 9773 "https://www.pemco.com.vn/san-pham/may-bom-hoi-da-nang-dung-pin-stanley-sxvi02001/" "Mozilla/5.0 AppleWebKit/537.36 (KHTML, like Gecko; compatible; GPTBot/1.4; +https://openai.com/gptbot)"
74.7.227.12 - - [11/Jun/2026:04:21:45 +0700] "GET /wp-content/uploads/2025/10/may-bom-hoi-dung-pin-stanley-sxvi02001a-g.jpg HTTP/2" 200 34672 "https://www.pemco.com.vn/san-pham/may-bom-hoi-da-nang-dung-pin-stanley-sxvi02001/" "Mozilla/5.0 AppleWebKit/537.36 (KHTML, like Gecko; compatible; GPTBot/1.4; +https://openai.com/gptbot)"
74.7.227.12 - - [11/Jun/2026:04:21:46 +0700] "GET /wp-content/uploads/2025/10/may-bom-hoi-dung-pin-stanley-sxvi02001a-g-1.jpg HTTP/2" 200 34672 "https://www.pemco.com.vn/san-pham/may-bom-hoi-da-nang-dung-pin-stanley-sxvi02001a/" "Mozilla/5.0 AppleWebKit/537.36 (KHTML, like Gecko; compatible; GPTBot/1.4; +https://openai.com/gptbot)"
74.7.227.12 - - [11/Jun/2026:04:21:46 +0700] "GET /wp-content/uploads/2025/10/xe-day-hang-2-banh-black-decker-bxwt-h301-1620804571.jpg HTTP/2" 200 23090 "https://www.pemco.com.vn/san-pham/xe-day-hang-2-banh-blackanddecker-h301/" "Mozilla/5.0 AppleWebKit/537.36 (KHTML, like Gecko; compatible; GPTBot/1.4; +https://openai.com/gptbot)"
74.7.227.12 - - [11/Jun/2026:04:21:47 +0700] "GET /wp-content/uploads/2025/10/may-hut-bui-cong-nghiep-stanley-sl19403pe-8a-g-100x100.jpg HTTP/2" 200 2192 "https://www.pemco.com.vn/san-pham/may-hut-bui-cong-nghiep-3-chuc-nang-stanley-sl19156/" "Mozilla/5.0 AppleWebKit/537.36 (KHTML, like Gecko; compatible; GPTBot/1.4; +https://openai.com/gptbot)"
74.7.243.201 - - [11/Jun/2026:04:21:45 +0700] "GET /san-pham/may-cua-long-makita-jv0600k/?filesrc=/var/www/vhosts/dienmaychuyennghiep.com/httpdocs/wp-includes/ms-site.php&path=/var/www/vhosts/dienmaychuyennghiep.com/httpdocs/wp-includes HTTP/2" 200 73262 "https://www.dienmaychuyennghiep.com/san-pham/may-cua-long-makita-jv0600k/?path=/var/www/vhosts/dienmaychuyennghiep.com/httpdocs/wp-includes" "Mozilla/5.0 AppleWebKit/537.36 (KHTML, like Gecko; compatible; GPTBot/1.4; +https://openai.com/gptbot)"
74.7.227.12 - - [11/Jun/2026:04:21:47 +0700] "GET /wp-content/uploads/2025/10/may-hut-bui-cong-nghiep-dewalt-dxv234p.jpg HTTP/2" 200 26173 "https://www.pemco.com.vn/san-pham/may-hut-bui-cong-nghiep-4-chuc-nang-dewalt-dxv234p/" "Mozilla/5.0 AppleWebKit/537.36 (KHTML, like Gecko; compatible; GPTBot/1.4; +https://openai.com/gptbot)"
74.7.227.12 - - [11/Jun/2026:04:21:48 +0700] "GET /wp-content/uploads/2025/10/may-thoi-hoi-nong-stanley-stel670-b1-8-700x467-1-247x296.jpg HTTP/2" 200 6745 "https://www.pemco.com.vn/san-pham/may-hut-bui-cong-nghiep-3-chuc-nang-stanley-sl19199p/" "Mozilla/5.0 AppleWebKit/537.36 (KHTML, like Gecko; compatible; GPTBot/1.4; +https://openai.com/gptbot)"
74.7.227.12 - - [11/Jun/2026:04:21:48 +0700] "GET /wp-content/uploads/2025/10/may-cat-sat-stanley-ssc22-b1-247x296.jpg HTTP/2" 200 8577 "https://www.pemco.com.vn/san-pham/may-bom-hoi-da-nang-dung-pin-stanley-sxvi02001/" "Mozilla/5.0 AppleWebKit/537.36 (KHTML, like Gecko; compatible; GPTBot/1.4; +https://openai.com/gptbot)"
74.7.227.12 - - [11/Jun/2026:04:21:49 +0700] "GET /wp-content/uploads/2025/10/may-hut-bui-cong-nghiep-dewalt-dxv234p-510x383.jpg HTTP/2" 200 14615 "https://www.pemco.com.vn/san-pham/may-hut-bui-cong-nghiep-4-chuc-nang-dewalt-dxv234p/" "Mozilla/5.0 AppleWebKit/537.36 (KHTML, like Gecko; compatible; GPTBot/1.4; +https://openai.com/gptbot)"
74.7.227.12 - - [11/Jun/2026:04:21:49 +0700] "GET /wp-content/uploads/2025/10/may-hut-bui-cong-nghiep-dewalt-dxv234p-247x296.jpg HTTP/2" 200 9851 "https://www.pemco.com.vn/san-pham/may-hut-bui-cong-nghiep-4-chuc-nang-dewalt-dxv234p/" "Mozilla/5.0 AppleWebKit/537.36 (KHTML, like Gecko; compatible; GPTBot/1.4; +https://openai.com/gptbot)"
185.152.37.32 - - [11/Jun/2026:04:21:49 +0700] "GET /wp-content/uploads/2024/07/GA5030R-5-247x296.png HTTP/2" 200 51590 "https://dienmaychuyennghiep.com/san-pham/may-mai-125mm-makita-ga5030r/" "Mozilla/5.0 (Macintosh; Intel Mac OS X 10_15_7) AppleWebKit/537.36 (KHTML, like Gecko) Chrome/130.0.0.0 Safari/537.36"
74.7.227.12 - - [11/Jun/2026:04:21:50 +0700] "GET /wp-content/uploads/2025/10/may-cat-gach-stanley-stsp125-247x296.jpg HTTP/2" 200 14252 "https://www.pemco.com.vn/san-pham/may-bom-hoi-da-nang-dung-pin-stanley-sxvi02001/" "Mozilla/5.0 AppleWebKit/537.36 (KHTML, like Gecko; compatible; GPTBot/1.4; +https://openai.com/gptbot)"
74.7.227.12 - - [11/Jun/2026:04:21:50 +0700] "GET /wp-content/uploads/2025/10/STHR272KS-B1-247x296.jpg HTTP/2" 200 7264 "https://www.pemco.com.vn/san-pham/may-bom-hoi-da-nang-dung-pin-stanley-sxvi02001a/" "Mozilla/5.0 AppleWebKit/537.36 (KHTML, like Gecko; compatible; GPTBot/1.4; +https://openai.com/gptbot)"
74.7.227.12 - - [11/Jun/2026:04:21:51 +0700] "GET /wp-content/uploads/2025/10/pxbee_eraser_2025-10-18_10-40-10-510x510.png HTTP/2" 200 70751 "https://www.pemco.com.vn/san-pham/may-hut-bui-cong-nghiep-3-chuc-nang-stanley-sl19199p/" "Mozilla/5.0 AppleWebKit/537.36 (KHTML, like Gecko; compatible; GPTBot/1.4; +https://openai.com/gptbot)"
74.7.243.201 - - [11/Jun/2026:04:21:47 +0700] "GET /san-pham/may-cua-long-makita-jv0600k/?filesrc=/var/www/vhosts/dienmaychuyennghiep.com/httpdocs/wp-includes/http.php&path=/var/www/vhosts/dienmaychuyennghiep.com/httpdocs/wp-includes HTTP/2" 200 68354 "https://www.dienmaychuyennghiep.com/san-pham/may-cua-long-makita-jv0600k/?path=/var/www/vhosts/dienmaychuyennghiep.com/httpdocs/wp-includes" "Mozilla/5.0 AppleWebKit/537.36 (KHTML, like Gecko; compatible; GPTBot/1.4; +https://openai.com/gptbot)"
74.7.227.12 - - [11/Jun/2026:04:21:52 +0700] "GET /wp-content/uploads/2025/10/pxbee_eraser_2025-10-18_10-40-10-100x100.png HTTP/2" 200 4226 "https://www.pemco.com.vn/san-pham/may-hut-bui-cong-nghiep-3-chuc-nang-stanley-sl19156/" "Mozilla/5.0 AppleWebKit/537.36 (KHTML, like Gecko; compatible; GPTBot/1.4; +https://openai.com/gptbot)"
74.7.227.12 - - [11/Jun/2026:04:21:52 +0700] "GET /wp-content/uploads/2025/10/pxbee_eraser_2025-10-18_10-40-10-247x296.png HTTP/2" 200 25059 "https://www.pemco.com.vn/san-pham/may-hut-bui-cong-nghiep-3-chuc-nang-stanley-sl19199p/" "Mozilla/5.0 AppleWebKit/537.36 (KHTML, like Gecko; compatible; GPTBot/1.4; +https://openai.com/gptbot)"
142.44.233.163 - - [11/Jun/2026:04:21:51 +0700] "GET /products/12597259154 HTTP/2" 200 19519 "-" "Mozilla/5.0 (compatible; AhrefsBot/7.0; +http://ahrefs.com/robot/)"
74.7.227.12 - - [11/Jun/2026:04:21:53 +0700] "GET /wp-content/uploads/2025/10/SXWTI-MT515-1-247x296.webp HTTP/2" 200 4496 "https://www.pemco.com.vn/san-pham/xe-day-hang-2-banh-blackanddecker-h301/" "Mozilla/5.0 AppleWebKit/537.36 (KHTML, like Gecko; compatible; GPTBot/1.4; +https://openai.com/gptbot)"
74.7.243.201 - - [11/Jun/2026:04:21:52 +0700] "GET /%22https:/www.dienmaychuyennghiep.com/san-pham/may-say-khi-nen-pegasus-tmmsk-15/%22?filesrc=/var/www/vhosts/dienmaychuyennghiep.com/httpdocs/wp-login.php&path=/var/www/vhosts/dienmaychuyennghiep.com/httpdocs HTTP/2" 200 32970 "https://www.dienmaychuyennghiep.com/%22https:/www.dienmaychuyennghiep.com/san-pham/may-say-khi-nen-pegasus-tmmsk-15/%22" "Mozilla/5.0 AppleWebKit/537.36 (KHTML, like Gecko; compatible; GPTBot/1.4; +https://openai.com/gptbot)"
74.7.227.12 - - [11/Jun/2026:04:21:53 +0700] "GET /wp-content/uploads/2024/07/DWD024K-B1-4-247x296.png HTTP/2" 200 62223 "https://www.pemco.com.vn/san-pham/may-hut-bui-cong-nghiep-4-chuc-nang-dewalt-dxv234p/" "Mozilla/5.0 AppleWebKit/537.36 (KHTML, like Gecko; compatible; GPTBot/1.4; +https://openai.com/gptbot)"
74.7.227.12 - - [11/Jun/2026:04:21:54 +0700] "GET /wp-content/uploads/2025/10/may-hut-bui-gia-dung-1200w-9l-stanley-sl19128p-39-247x296.png HTTP/2" 200 21511 "https://www.pemco.com.vn/san-pham/may-hut-bui-cong-nghiep-3-chuc-nang-stanley-sl19156/" "Mozilla/5.0 AppleWebKit/537.36 (KHTML, like Gecko; compatible; GPTBot/1.4; +https://openai.com/gptbot)"
216.73.216.144 - - [11/Jun/2026:04:21:51 +0700] "GET /san-pham/may-duc-be-tong-kzg06-6s/?filesrc=%2Fvar%2Fwww%2Fvhosts%2Fdienmaychuyennghiep.com%2Flib64%2Flibpsl.so.5&path=%2Fvar%2Fwww%2Fvhosts%2Fdienmaychuyennghiep.com%2Flib64 HTTP/2" 200 106842 "-" "Mozilla/5.0 AppleWebKit/537.36 (KHTML, like Gecko; compatible; ClaudeBot/1.0; +claudebot@anthropic.com)"
74.7.227.12 - - [11/Jun/2026:04:21:55 +0700] "GET /wp-content/uploads/2025/10/xe-day-hang-2-banh-gap-gon-stanley-ft509-100-247x296.png HTTP/2" 200 18091 "https://www.pemco.com.vn/san-pham/xe-day-hang-2-banh-blackanddecker-h301/" "Mozilla/5.0 AppleWebKit/537.36 (KHTML, like Gecko; compatible; GPTBot/1.4; +https://openai.com/gptbot)"
74.7.227.12 - - [11/Jun/2026:04:21:55 +0700] "GET /wp-content/uploads/2025/10/20240928_vVhrYUv2Fh-510x510.jpeg HTTP/2" 200 21035 "https://www.pemco.com.vn/san-pham/may-khoan-dong-luc-dung-pin-dewalt-dcd1007n-b1/" "Mozilla/5.0 AppleWebKit/537.36 (KHTML, like Gecko; compatible; GPTBot/1.4; +https://openai.com/gptbot)"
74.7.243.201 - - [11/Jun/2026:04:21:54 +0700] "GET /tu-khoa-san-pham/makita-ga4030/?filesrc=/var/www/vhosts/dienmaychuyennghiep.com/httpdocs/wp-includes/class-wp-hook.php&path=/var/www/vhosts/dienmaychuyennghiep.com/httpdocs/wp-includes HTTP/2" 200 60045 "https://www.dienmaychuyennghiep.com/tu-khoa-san-pham/makita-ga4030/?path=/var/www/vhosts/dienmaychuyennghiep.com/httpdocs/wp-includes" "Mozilla/5.0 AppleWebKit/537.36 (KHTML, like Gecko; compatible; GPTBot/1.4; +https://openai.com/gptbot)"
74.7.227.12 - - [11/Jun/2026:04:21:56 +0700] "GET /wp-content/uploads/2025/09/may-khoan-van-vit-dung-pin-dewalt-dcd701d2-kr-2-pin-2ah-sac-dcd701d2dcd701d2dcd701d2-247x296.jpg HTTP/2" 200 10563 "https://www.pemco.com.vn/san-pham/may-khoan-dong-luc-dung-pin-dewalt-dcd1007n-b1/" "Mozilla/5.0 AppleWebKit/537.36 (KHTML, like Gecko; compatible; GPTBot/1.4; +https://openai.com/gptbot)"
74.7.227.12 - - [11/Jun/2026:04:21:56 +0700] "GET /wp-content/uploads/2025/10/20240928_vVhrYUv2Fh.jpeg HTTP/2" 200 263274 "https://www.pemco.com.vn/san-pham/may-khoan-dong-luc-dung-pin-dewalt-dcd1007n-b1/" "Mozilla/5.0 AppleWebKit/537.36 (KHTML, like Gecko; compatible; GPTBot/1.4; +https://openai.com/gptbot)"
74.7.227.12 - - [11/Jun/2026:04:21:58 +0700] "GET /wp-content/uploads/2025/10/sl19156-may-hut-bui-cong-nghiep-kho-va-uot-stanley-sl19156-72.png HTTP/2" 200 313184 "https://www.pemco.com.vn/san-pham/may-hut-bui-cong-nghiep-3-chuc-nang-stanley-sl19156/" "Mozilla/5.0 AppleWebKit/537.36 (KHTML, like Gecko; compatible; GPTBot/1.4; +https://openai.com/gptbot)"
74.7.227.12 - - [11/Jun/2026:04:21:58 +0700] "GET /wp-content/uploads/2025/10/SXWTI-MT515-247x296.webp HTTP/2" 200 5782 "https://www.pemco.com.vn/san-pham/xe-day-hang-2-banh-blackanddecker-h301/" "Mozilla/5.0 AppleWebKit/537.36 (KHTML, like Gecko; compatible; GPTBot/1.4; +https://openai.com/gptbot)"
54.39.210.29 - - [11/Jun/2026:04:21:57 +0700] "GET /products/12597256222 HTTP/2" 200 19519 "-" "Mozilla/5.0 (compatible; AhrefsBot/7.0; +http://ahrefs.com/robot/)"
74.7.243.201 - - [11/Jun/2026:04:21:56 +0700] "GET /san-pham/bo-may-khoan-dong-luc-13mm-stanley-sdh600kv-b1/?filesrc=/var/www/vhosts/dienmaychuyennghiep.com/httpdocs/wp-includes/class-wp-icons-registry.php&path=/var/www/vhosts/dienmaychuyennghiep.com/httpdocs/wp-includes HTTP/2" 200 64265 "https://www.dienmaychuyennghiep.com/san-pham/bo-may-khoan-dong-luc-13mm-stanley-sdh600kv-b1/?path=/var/www/vhosts/dienmaychuyennghiep.com/httpdocs/wp-includes" "Mozilla/5.0 AppleWebKit/537.36 (KHTML, like Gecko; compatible; GPTBot/1.4; +https://openai.com/gptbot)"
74.7.227.12 - - [11/Jun/2026:04:21:59 +0700] "GET /wp-content/uploads/2025/10/SXWTD-FT580-247x296.webp HTTP/2" 200 8720 "https://www.pemco.com.vn/san-pham/xe-day-hang-2-banh-blackanddecker-h301/" "Mozilla/5.0 AppleWebKit/537.36 (KHTML, like Gecko; compatible; GPTBot/1.4; +https://openai.com/gptbot)"
74.7.227.12 - - [11/Jun/2026:04:21:59 +0700] "GET /wp-content/uploads/2025/10/sl19156-may-hut-bui-cong-nghiep-kho-va-uot-stanley-sl19156-72-247x296.png HTTP/2" 200 20615 "https://www.pemco.com.vn/san-pham/may-hut-bui-cong-nghiep-3-chuc-nang-stanley-sl19156/" "Mozilla/5.0 AppleWebKit/537.36 (KHTML, like Gecko; compatible; GPTBot/1.4; +https://openai.com/gptbot)"
74.7.227.12 - - [11/Jun/2026:04:22:00 +0700] "GET /wp-content/uploads/2025/10/sl19156-may-hut-bui-cong-nghiep-kho-va-uot-stanley-sl19156-72-510x510.png HTTP/2" 200 51264 "https://www.pemco.com.vn/san-pham/may-hut-bui-cong-nghiep-3-chuc-nang-stanley-sl19156/" "Mozilla/5.0 AppleWebKit/537.36 (KHTML, like Gecko; compatible; GPTBot/1.4; +https://openai.com/gptbot)"
74.7.227.12 - - [11/Jun/2026:04:22:00 +0700] "GET /wp-content/uploads/2025/10/sl19156-may-hut-bui-cong-nghiep-kho-va-uot-stanley-sl19156-72-100x100.png HTTP/2" 200 3857 "https://www.pemco.com.vn/san-pham/may-hut-bui-cong-nghiep-3-chuc-nang-stanley-sl19199p/" "Mozilla/5.0 AppleWebKit/537.36 (KHTML, like Gecko; compatible; GPTBot/1.4; +https://openai.com/gptbot)"
74.7.227.12 - - [11/Jun/2026:04:22:01 +0700] "GET /wp-content/uploads/2025/10/pxbee_eraser_2025-10-18_10-40-10.png HTTP/2" 200 226784 "https://www.pemco.com.vn/san-pham/may-hut-bui-cong-nghiep-3-chuc-nang-stanley-sl19199p/" "Mozilla/5.0 AppleWebKit/537.36 (KHTML, like Gecko; compatible; GPTBot/1.4; +https://openai.com/gptbot)"
74.7.243.201 - - [11/Jun/2026:04:21:59 +0700] "GET /san-pham/may-cha-nham-bang-makita-m9400b/?filesrc=/var/www/vhosts/dienmaychuyennghiep.com/httpdocs/wp-includes/plugin.php&path=/var/www/vhosts/dienmaychuyennghiep.com/httpdocs/wp-includes HTTP/2" 200 70272 "https://www.dienmaychuyennghiep.com/san-pham/may-cha-nham-bang-makita-m9400b/?path=/var/www/vhosts/dienmaychuyennghiep.com/httpdocs/wp-includes" "Mozilla/5.0 AppleWebKit/537.36 (KHTML, like Gecko; compatible; GPTBot/1.4; +https://openai.com/gptbot)"
