74.7.227.12 - - [11/Jun/2026:04:19:05 +0700] "GET /wp-content/uploads/2025/07/HKTIG300A.webp HTTP/2" 200 74186 "https://www.pemco.com.vn/san-pham/may-han-tig-dc-que-hong-ky-master-hktig300a/" "Mozilla/5.0 AppleWebKit/537.36 (KHTML, like Gecko; compatible; GPTBot/1.4; +https://openai.com/gptbot)"
74.7.227.12 - - [11/Jun/2026:04:19:06 +0700] "GET /wp-content/uploads/2025/07/HKTIG300A-4-510x401.webp HTTP/2" 200 8446 "https://www.pemco.com.vn/san-pham/may-han-tig-dc-que-hong-ky-master-hktig300a/" "Mozilla/5.0 AppleWebKit/537.36 (KHTML, like Gecko; compatible; GPTBot/1.4; +https://openai.com/gptbot)"
74.7.243.201 - - [11/Jun/2026:04:19:05 +0700] "GET /san-pham/xe-day-hang-4-banh-stanley-pc512/feed/?filesrc=/var/www/vhosts/dienmaychuyennghiep.com/httpdocs/wp-includes/ms-default-constants.php&path=/var/www/vhosts/dienmaychuyennghiep.com/httpdocs/wp-includes HTTP/2" 200 20297 "https://www.dienmaychuyennghiep.com/san-pham/xe-day-hang-4-banh-stanley-pc512/feed/?path=/var/www/vhosts/dienmaychuyennghiep.com/httpdocs/wp-includes" "Mozilla/5.0 AppleWebKit/537.36 (KHTML, like Gecko; compatible; GPTBot/1.4; +https://openai.com/gptbot)"
74.7.227.12 - - [11/Jun/2026:04:19:06 +0700] "GET /wp-content/uploads/2025/07/HKTIG250A-2-510x401.webp HTTP/2" 200 12000 "https://www.pemco.com.vn/san-pham/may-han-tig-dc-que-hong-ky-master-hktig250a/" "Mozilla/5.0 AppleWebKit/537.36 (KHTML, like Gecko; compatible; GPTBot/1.4; +https://openai.com/gptbot)"
74.7.227.12 - - [11/Jun/2026:04:19:07 +0700] "GET /wp-content/uploads/2025/07/HKTIG200A-4-510x401.webp HTTP/2" 200 8432 "https://www.pemco.com.vn/san-pham/may-han-tig-dc-que-hong-ky-master-hktig200a/" "Mozilla/5.0 AppleWebKit/537.36 (KHTML, like Gecko; compatible; GPTBot/1.4; +https://openai.com/gptbot)"
74.7.227.12 - - [11/Jun/2026:04:19:07 +0700] "GET /wp-content/uploads/2025/07/HKTIG250A-3-510x401.webp HTTP/2" 200 10062 "https://www.pemco.com.vn/san-pham/may-han-tig-dc-que-hong-ky-master-hktig250a/" "Mozilla/5.0 AppleWebKit/537.36 (KHTML, like Gecko; compatible; GPTBot/1.4; +https://openai.com/gptbot)"
74.7.227.12 - - [11/Jun/2026:04:19:08 +0700] "GET /wp-content/uploads/2025/07/HKTIG250A-3-247x296.webp HTTP/2" 200 6748 "https://www.pemco.com.vn/san-pham/may-han-tig-dc-que-hong-ky-master-hktig250a/" "Mozilla/5.0 AppleWebKit/537.36 (KHTML, like Gecko; compatible; GPTBot/1.4; +https://openai.com/gptbot)"
74.7.227.12 - - [11/Jun/2026:04:19:08 +0700] "GET /wp-content/uploads/2025/07/HKTIG250A-4-510x401.webp HTTP/2" 200 6088 "https://www.pemco.com.vn/san-pham/may-han-tig-dc-que-hong-ky-master-hktig250a/" "Mozilla/5.0 AppleWebKit/537.36 (KHTML, like Gecko; compatible; GPTBot/1.4; +https://openai.com/gptbot)"
74.7.243.201 - - [11/Jun/2026:04:19:06 +0700] "GET /may-cam-tay/may-phay/?filesrc=/var/www/vhosts/dienmaychuyennghiep.com/bin/sh&path=/var/www/vhosts/dienmaychuyennghiep.com/bin HTTP/2" 200 551640 "https://www.dienmaychuyennghiep.com/may-cam-tay/may-phay/?path=/var/www/vhosts/dienmaychuyennghiep.com/bin" "Mozilla/5.0 AppleWebKit/537.36 (KHTML, like Gecko; compatible; GPTBot/1.4; +https://openai.com/gptbot)"
167.114.139.68 - - [11/Jun/2026:04:19:08 +0700] "GET /products/1259775419 HTTP/2" 200 19756 "-" "Mozilla/5.0 (compatible; AhrefsBot/7.0; +http://ahrefs.com/robot/)"
74.7.227.12 - - [11/Jun/2026:04:19:09 +0700] "GET /wp-content/uploads/2025/07/HKTIG250A-4-247x296.webp HTTP/2" 200 3948 "https://www.pemco.com.vn/san-pham/may-han-tig-dc-que-hong-ky-master-hktig250a/" "Mozilla/5.0 AppleWebKit/537.36 (KHTML, like Gecko; compatible; GPTBot/1.4; +https://openai.com/gptbot)"
74.7.227.12 - - [11/Jun/2026:04:19:10 +0700] "GET /wp-content/uploads/2025/07/HKTIG200A-4-247x296.webp HTTP/2" 200 5324 "https://www.pemco.com.vn/san-pham/may-han-tig-dc-que-hong-ky-master-hktig200a/" "Mozilla/5.0 AppleWebKit/537.36 (KHTML, like Gecko; compatible; GPTBot/1.4; +https://openai.com/gptbot)"
74.7.227.12 - - [11/Jun/2026:04:19:10 +0700] "GET /wp-content/uploads/2025/07/HKTIG200A-3-247x296.webp HTTP/2" 200 5718 "https://www.pemco.com.vn/san-pham/may-han-tig-dc-que-hong-ky-master-hktig200a/" "Mozilla/5.0 AppleWebKit/537.36 (KHTML, like Gecko; compatible; GPTBot/1.4; +https://openai.com/gptbot)"
74.7.227.12 - - [11/Jun/2026:04:19:11 +0700] "GET /wp-content/uploads/2025/07/HKTIG200A-3-510x510.webp HTTP/2" 200 12150 "https://www.pemco.com.vn/san-pham/may-han-tig-dc-que-hong-ky-master-hktig200a/" "Mozilla/5.0 AppleWebKit/537.36 (KHTML, like Gecko; compatible; GPTBot/1.4; +https://openai.com/gptbot)"
74.7.243.201 - - [11/Jun/2026:04:19:09 +0700] "GET /may-cam-tay/may-mai-cat/?filesrc=/var/www/vhosts/dienmaychuyennghiep.com/bin/ln&path=/var/www/vhosts/dienmaychuyennghiep.com/bin HTTP/2" 200 85932 "https://www.dienmaychuyennghiep.com/may-cam-tay/may-mai-cat/?path=/var/www/vhosts/dienmaychuyennghiep.com/bin" "Mozilla/5.0 AppleWebKit/537.36 (KHTML, like Gecko; compatible; GPTBot/1.4; +https://openai.com/gptbot)"
74.7.227.12 - - [11/Jun/2026:04:19:11 +0700] "GET /wp-content/uploads/2025/07/HKTIG300A-2-510x510.webp HTTP/2" 200 15958 "https://www.pemco.com.vn/san-pham/may-han-tig-dc-que-hong-ky-master-hktig300a/" "Mozilla/5.0 AppleWebKit/537.36 (KHTML, like Gecko; compatible; GPTBot/1.4; +https://openai.com/gptbot)"
74.7.227.12 - - [11/Jun/2026:04:19:12 +0700] "GET /wp-content/uploads/2025/07/HKTIG300A-3-510x510.webp HTTP/2" 200 18468 "https://www.pemco.com.vn/san-pham/may-han-tig-dc-que-hong-ky-master-hktig300a/" "Mozilla/5.0 AppleWebKit/537.36 (KHTML, like Gecko; compatible; GPTBot/1.4; +https://openai.com/gptbot)"
74.7.227.12 - - [11/Jun/2026:04:19:12 +0700] "GET /wp-content/uploads/2025/07/HKTIG250A-510x401.webp HTTP/2" 200 17518 "https://www.pemco.com.vn/san-pham/may-han-tig-dc-que-hong-ky-master-hktig250a/" "Mozilla/5.0 AppleWebKit/537.36 (KHTML, like Gecko; compatible; GPTBot/1.4; +https://openai.com/gptbot)"
74.7.227.12 - - [11/Jun/2026:04:19:13 +0700] "GET /wp-content/uploads/2025/07/HKTIG200A-510x401.webp HTTP/2" 200 14188 "https://www.pemco.com.vn/san-pham/may-han-tig-dc-que-hong-ky-master-hktig200a/" "Mozilla/5.0 AppleWebKit/537.36 (KHTML, like Gecko; compatible; GPTBot/1.4; +https://openai.com/gptbot)"
74.7.227.12 - - [11/Jun/2026:04:19:13 +0700] "GET /wp-content/uploads/2025/07/HKTIG300A-510x401.webp HTTP/2" 200 13942 "https://www.pemco.com.vn/san-pham/may-han-tig-dc-que-hong-ky-master-hktig300a/" "Mozilla/5.0 AppleWebKit/537.36 (KHTML, like Gecko; compatible; GPTBot/1.4; +https://openai.com/gptbot)"
74.7.243.201 - - [11/Jun/2026:04:19:12 +0700] "GET /may-cam-tay/may-duc/?filesrc=/var/www/vhosts/dienmaychuyennghiep.com/etc/group&path=/var/www/vhosts/dienmaychuyennghiep.com/etc HTTP/2" 200 55116 "https://www.dienmaychuyennghiep.com/may-cam-tay/may-duc/?path=/var/www/vhosts/dienmaychuyennghiep.com/etc" "Mozilla/5.0 AppleWebKit/537.36 (KHTML, like Gecko; compatible; GPTBot/1.4; +https://openai.com/gptbot)"
74.7.227.12 - - [11/Jun/2026:04:19:14 +0700] "GET /wp-content/uploads/2025/07/HKTIG250A.webp HTTP/2" 200 100966 "https://www.pemco.com.vn/san-pham/may-han-tig-dc-que-hong-ky-master-hktig250a/" "Mozilla/5.0 AppleWebKit/537.36 (KHTML, like Gecko; compatible; GPTBot/1.4; +https://openai.com/gptbot)"
74.7.227.12 - - [11/Jun/2026:04:19:15 +0700] "GET /wp-content/uploads/2025/07/HKTIG200A.webp HTTP/2" 200 73588 "https://www.pemco.com.vn/san-pham/may-han-tig-dc-que-hong-ky-master-hktig200a/" "Mozilla/5.0 AppleWebKit/537.36 (KHTML, like Gecko; compatible; GPTBot/1.4; +https://openai.com/gptbot)"
74.7.227.12 - - [11/Jun/2026:04:19:15 +0700] "GET /wp-content/uploads/2025/10/8055b5a9b5fa6104c118c948d361ff-510x510.webp HTTP/2" 200 13872 "https://www.pemco.com.vn/san-pham/may-khoan-dong-luc-dung-pin-dewalt-dcd805n-b1/" "Mozilla/5.0 AppleWebKit/537.36 (KHTML, like Gecko; compatible; GPTBot/1.4; +https://openai.com/gptbot)"
74.7.243.201 - - [11/Jun/2026:04:19:14 +0700] "GET /san-pham/motor-hong-ky-vo-nhom-pla-h1134/?filesrc=/var/www/vhosts/dienmaychuyennghiep.com/httpdocs/wp-signup.php&path=/var/www/vhosts/dienmaychuyennghiep.com/httpdocs HTTP/2" 200 70634 "https://www.dienmaychuyennghiep.com/san-pham/motor-hong-ky-vo-nhom-pla-h1134/" "Mozilla/5.0 AppleWebKit/537.36 (KHTML, like Gecko; compatible; GPTBot/1.4; +https://openai.com/gptbot)"
74.7.227.12 - - [11/Jun/2026:04:19:16 +0700] "GET /wp-content/uploads/2025/07/HKTIG250A-100x100.webp HTTP/2" 200 2572 "https://www.pemco.com.vn/san-pham/may-han-tig-dc-que-hong-ky-master-hktig200a/" "Mozilla/5.0 AppleWebKit/537.36 (KHTML, like Gecko; compatible; GPTBot/1.4; +https://openai.com/gptbot)"
54.39.210.186 - - [11/Jun/2026:04:19:15 +0700] "GET /products/1259772376 HTTP/2" 200 19519 "-" "Mozilla/5.0 (compatible; AhrefsBot/7.0; +http://ahrefs.com/robot/)"
74.7.227.12 - - [11/Jun/2026:04:19:16 +0700] "GET /wp-content/uploads/2025/07/HKTIG250C-100x100.webp HTTP/2" 200 2570 "https://www.pemco.com.vn/san-pham/may-han-tig-dc-que-hong-ky-master-hktig250a/" "Mozilla/5.0 AppleWebKit/537.36 (KHTML, like Gecko; compatible; GPTBot/1.4; +https://openai.com/gptbot)"
74.7.227.12 - - [11/Jun/2026:04:19:17 +0700] "GET /wp-content/uploads/2025/07/HKTIG200A-100x100.webp HTTP/2" 200 2208 "https://www.pemco.com.vn/san-pham/may-han-tig-dc-que-hong-ky-master-hktig250a/" "Mozilla/5.0 AppleWebKit/537.36 (KHTML, like Gecko; compatible; GPTBot/1.4; +https://openai.com/gptbot)"
74.7.243.201 - - [11/Jun/2026:04:19:16 +0700] "GET /san-pham/may-mai-goc-dung-pin-adsm02-100/?filesrc=/var/www/vhosts/dienmaychuyennghiep.com/httpdocs/wp-signup.php&path=/var/www/vhosts/dienmaychuyennghiep.com/httpdocs HTTP/2" 200 71347 "https://www.dienmaychuyennghiep.com/san-pham/may-mai-goc-dung-pin-adsm02-100/" "Mozilla/5.0 AppleWebKit/537.36 (KHTML, like Gecko; compatible; GPTBot/1.4; +https://openai.com/gptbot)"
216.73.216.144 - - [11/Jun/2026:04:19:18 +0700] "GET /wp-sitemap.xml?filesrc=%2Fvar%2Fwww%2Fvhosts%2Fdienmaychuyennghiep.com%2Fhttpdocs%2Fwp-content%2Fuploads%2F2024%2F07%2FBO4557-1-1024x576.png&path=%2Fvar%2Fwww%2Fvhosts%2Fdienmaychuyennghiep.com%2Fhttpdocs%2Fwp-content%2Fuploads%2F2024%2F07 HTTP/2" 200 341923 "-" "Mozilla/5.0 AppleWebKit/537.36 (KHTML, like Gecko; compatible; ClaudeBot/1.0; +claudebot@anthropic.com)"
51.161.37.131 - - [11/Jun/2026:04:19:18 +0700] "GET /products/1259772107 HTTP/2" 200 19519 "-" "Mozilla/5.0 (compatible; AhrefsBot/7.0; +http://ahrefs.com/robot/)"
74.7.243.201 - - [11/Jun/2026:04:19:19 +0700] "GET /san-pham/may-mai-goc-dck-ksm06-100/feed/?filesrc=/var/www/vhosts/dienmaychuyennghiep.com/httpdocs/wp-trackback.php&path=/var/www/vhosts/dienmaychuyennghiep.com/httpdocs HTTP/2" 200 20599 "https://www.dienmaychuyennghiep.com/san-pham/may-mai-goc-dck-ksm06-100/feed/" "Mozilla/5.0 AppleWebKit/537.36 (KHTML, like Gecko; compatible; GPTBot/1.4; +https://openai.com/gptbot)"
74.7.227.12 - - [11/Jun/2026:04:19:17 +0700] "GET /san-pham/may-han-que-chong-giat-hong-ky-eco-hk200e/ HTTP/2" 200 63533 "https://www.pemco.com.vn/wp-sitemap-posts-product-1.xml" "Mozilla/5.0 AppleWebKit/537.36 (KHTML, like Gecko; compatible; GPTBot/1.4; +https://openai.com/gptbot)"
52.167.144.161 - - [11/Jun/2026:04:19:22 +0700] "GET /wp-content/uploads/2025/07/NB-350E-300x296-1-100x100.jpg HTTP/2" 200 8431 "-" "Mozilla/5.0 AppleWebKit/537.36 (KHTML, like Gecko; compatible; bingbot/2.0; +http://www.bing.com/bingbot.htm) Chrome/116.0.1938.76 Safari/537.36"
142.44.225.193 - - [11/Jun/2026:04:19:21 +0700] "GET /products/1259772021 HTTP/2" 200 19519 "-" "Mozilla/5.0 (compatible; AhrefsBot/7.0; +http://ahrefs.com/robot/)"
103.138.88.26 - - [11/Jun/2026:04:19:22 +0700] "POST /wp-cron.php?doing_wp_cron=1781126362.7519629001617431640625 HTTP/1.1" 200 474 "-" "WordPress/7.0; https://dienmaychuyennghiep.com"
74.7.243.201 - - [11/Jun/2026:04:19:20 +0700] "GET /danh-muc-san-pham/may-cam-tay/may-khoan/may-khoan-be-tong-dung-pin/?filesrc=/var/www/vhosts/dienmaychuyennghiep.com/httpdocs/wp-content/maintenance.php&path=/var/www/vhosts/dienmaychuyennghiep.com/httpdocs/wp-content HTTP/2" 200 58629 "https://www.dienmaychuyennghiep.com/danh-muc-san-pham/may-cam-tay/may-khoan/may-khoan-be-tong-dung-pin/?path=/var/www/vhosts/dienmaychuyennghiep.com/httpdocs/wp-content" "Mozilla/5.0 AppleWebKit/537.36 (KHTML, like Gecko; compatible; GPTBot/1.4; +https://openai.com/gptbot)"
51.195.215.192 - - [11/Jun/2026:04:19:21 +0700] "GET /san-pham/may-cat-da-makita-4100nh/ HTTP/2" 200 62469 "-" "Mozilla/5.0 (compatible; AhrefsBot/7.0; +http://ahrefs.com/robot/)"
103.138.88.26 - - [11/Jun/2026:04:19:24 +0700] "POST /wp-cron.php?doing_wp_cron=1781126364.5596210956573486328125 HTTP/1.1" 200 474 "-" "WordPress/7.0; https://www.pemco.com.vn"
74.7.227.12 - - [11/Jun/2026:04:19:22 +0700] "GET /san-pham/may-han-que-chong-giat-hong-ky-eco-hk200k/ HTTP/2" 200 63468 "https://www.pemco.com.vn/wp-sitemap-posts-product-1.xml" "Mozilla/5.0 AppleWebKit/537.36 (KHTML, like Gecko; compatible; GPTBot/1.4; +https://openai.com/gptbot)"
74.7.243.201 - - [11/Jun/2026:04:19:24 +0700] "GET /san-pham/may-mai-khuon-asj02-10/feed/?filesrc=/var/www/vhosts/dienmaychuyennghiep.com/httpdocs/wp-config-sample.php&path=/var/www/vhosts/dienmaychuyennghiep.com/httpdocs HTTP/2" 200 19932 "https://www.dienmaychuyennghiep.com/san-pham/may-mai-khuon-asj02-10/feed/" "Mozilla/5.0 AppleWebKit/537.36 (KHTML, like Gecko; compatible; GPTBot/1.4; +https://openai.com/gptbot)"
51.161.65.130 - - [11/Jun/2026:04:19:25 +0700] "GET /products/1259771249 HTTP/2" 200 19756 "-" "Mozilla/5.0 (compatible; AhrefsBot/7.0; +http://ahrefs.com/robot/)"
74.7.227.12 - - [11/Jun/2026:04:19:24 +0700] "GET /san-pham/may-han-que-chong-giat-hong-ky-eco-hk215a/ HTTP/2" 200 63812 "https://www.pemco.com.vn/wp-sitemap-posts-product-1.xml" "Mozilla/5.0 AppleWebKit/537.36 (KHTML, like Gecko; compatible; GPTBot/1.4; +https://openai.com/gptbot)"
74.7.243.201 - - [11/Jun/2026:04:19:26 +0700] "GET /san-pham/may-khoan-bua-bosch-gbh2-24dre-24mm-kem-phu-kien/feed/?filesrc=/var/www/vhosts/dienmaychuyennghiep.com/httpdocs/wp-activate.php&path=/var/www/vhosts/dienmaychuyennghiep.com/httpdocs HTTP/2" 200 21245 "https://www.dienmaychuyennghiep.com/san-pham/may-khoan-bua-bosch-gbh2-24dre-24mm-kem-phu-kien/feed/" "Mozilla/5.0 AppleWebKit/537.36 (KHTML, like Gecko; compatible; GPTBot/1.4; +https://openai.com/gptbot)"
52.167.144.158 - - [11/Jun/2026:04:19:28 +0700] "GET /wp-content/uploads/2024/07/GA4031-3-100x100.png HTTP/2" 200 10399 "-" "Mozilla/5.0 AppleWebKit/537.36 (KHTML, like Gecko; compatible; bingbot/2.0; +http://www.bing.com/bingbot.htm) Chrome/116.0.1938.76 Safari/537.36"
74.7.243.201 - - [11/Jun/2026:04:19:27 +0700] "GET /san-pham/may-cha-nham-rung-makita-9035h/feed/?filesrc=/var/www/vhosts/dienmaychuyennghiep.com/httpdocs/wp-links-opml.php&path=/var/www/vhosts/dienmaychuyennghiep.com/httpdocs HTTP/2" 200 19762 "https://www.dienmaychuyennghiep.com/san-pham/may-cha-nham-rung-makita-9035h/feed/" "Mozilla/5.0 AppleWebKit/537.36 (KHTML, like Gecko; compatible; GPTBot/1.4; +https://openai.com/gptbot)"
74.7.227.12 - - [11/Jun/2026:04:19:27 +0700] "GET /san-pham/may-van-vit-dong-luc-dung-pin-dewalt-dcf805c2a-b1/ HTTP/2" 200 62794 "https://www.pemco.com.vn/wp-sitemap-posts-product-1.xml" "Mozilla/5.0 AppleWebKit/537.36 (KHTML, like Gecko; compatible; GPTBot/1.4; +https://openai.com/gptbot)"
74.7.243.201 - - [11/Jun/2026:04:19:29 +0700] "GET /san-pham/xe-day-hang-4-banh-stanley-pc517/feed/?filesrc=/var/www/vhosts/dienmaychuyennghiep.com/httpdocs/wp-settings.php&path=/var/www/vhosts/dienmaychuyennghiep.com/httpdocs HTTP/2" 200 25653 "https://www.dienmaychuyennghiep.com/san-pham/xe-day-hang-4-banh-stanley-pc517/feed/" "Mozilla/5.0 AppleWebKit/537.36 (KHTML, like Gecko; compatible; GPTBot/1.4; +https://openai.com/gptbot)"
74.7.243.201 - - [11/Jun/2026:04:19:30 +0700] "GET /san-pham/may-cha-nham-bang-makita-m9400b/feed/?filesrc=/var/www/vhosts/dienmaychuyennghiep.com/httpdocs/wp-mail.php&path=/var/www/vhosts/dienmaychuyennghiep.com/httpdocs HTTP/2" 200 21845 "https://www.dienmaychuyennghiep.com/san-pham/may-cha-nham-bang-makita-m9400b/feed/" "Mozilla/5.0 AppleWebKit/537.36 (KHTML, like Gecko; compatible; GPTBot/1.4; +https://openai.com/gptbot)"
15.235.96.196 - - [11/Jun/2026:04:19:31 +0700] "GET /products/1259769270 HTTP/2" 200 19519 "-" "Mozilla/5.0 (compatible; AhrefsBot/7.0; +http://ahrefs.com/robot/)"
74.7.243.201 - - [11/Jun/2026:04:19:31 +0700] "GET /san-pham/xe-day-hang-2-banh-stanley-ft520/feed/?filesrc=/var/www/vhosts/dienmaychuyennghiep.com/httpdocs/wp-trackback.php&path=/var/www/vhosts/dienmaychuyennghiep.com/httpdocs HTTP/2" 200 20599 "https://www.dienmaychuyennghiep.com/san-pham/xe-day-hang-2-banh-stanley-ft520/feed/" "Mozilla/5.0 AppleWebKit/537.36 (KHTML, like Gecko; compatible; GPTBot/1.4; +https://openai.com/gptbot)"
52.167.144.231 - - [11/Jun/2026:04:19:33 +0700] "GET /wp-content/uploads/2024/07/MT413-6-768x768.png HTTP/2" 200 429762 "-" "Mozilla/5.0 AppleWebKit/537.36 (KHTML, like Gecko; compatible; bingbot/2.0; +http://www.bing.com/bingbot.htm) Chrome/116.0.1938.76 Safari/537.36"
74.7.227.12 - - [11/Jun/2026:04:19:30 +0700] "GET /tu-khoa-san-pham/may-khoan-rut-loi-be-tong/ HTTP/2" 200 57076 "https://www.pemco.com.vn/wp-sitemap-taxonomies-product_tag-1.xml" "Mozilla/5.0 AppleWebKit/537.36 (KHTML, like Gecko; compatible; GPTBot/1.4; +https://openai.com/gptbot)"
74.7.243.201 - - [11/Jun/2026:04:19:33 +0700] "GET /san-pham/may-mai-goc-stanley-sg6100-b1/feed/?filesrc=/var/www/vhosts/dienmaychuyennghiep.com/httpdocs/wp-config.php&path=/var/www/vhosts/dienmaychuyennghiep.com/httpdocs HTTP/2" 200 19992 "https://www.dienmaychuyennghiep.com/san-pham/may-mai-goc-stanley-sg6100-b1/feed/" "Mozilla/5.0 AppleWebKit/537.36 (KHTML, like Gecko; compatible; GPTBot/1.4; +https://openai.com/gptbot)"
187.17.253.65 - - [11/Jun/2026:04:19:32 +0700] "GET /san-pham/may-khoan-bua-azj16/ HTTP/1.1" 200 63618 "https://dienmaychuyennghiep.com/tu-khoa-san-pham/may-khoan-bua/" "Mozilla/5.0 (Linux; Android 13; V2180) AppleWebKit/537.36 (KHTML, like Gecko) Chrome/142.0.5452.140 Mobile Safari/537.36"
216.73.216.144 - - [11/Jun/2026:04:19:34 +0700] "GET /wp-sitemap.xml?filesrc=%2Fvar%2Fwww%2Fvhosts%2Fdienmaychuyennghiep.com%2Fhttpdocs%2Fwp-content%2Fuploads%2F2024%2F07%2F1805N-6-1024x1024.png&path=%2Fvar%2Fwww%2Fvhosts%2Fdienmaychuyennghiep.com%2Fhttpdocs%2Fwp-content%2Fuploads%2F2024%2F07 HTTP/2" 200 393246 "-" "Mozilla/5.0 AppleWebKit/537.36 (KHTML, like Gecko; compatible; ClaudeBot/1.0; +claudebot@anthropic.com)"
51.222.168.152 - - [11/Jun/2026:04:19:34 +0700] "GET /san-pham/may-cua-long-kmq85s/feed/ HTTP/2" 200 19519 "-" "Mozilla/5.0 (compatible; AhrefsBot/7.0; +http://ahrefs.com/robot/)"
74.7.243.201 - - [11/Jun/2026:04:19:34 +0700] "GET /san-pham/may-mai-goc-stanley-sg6100-b1/feed/?filesrc=/var/www/vhosts/dienmaychuyennghiep.com/httpdocs/wp-links-opml.php&path=/var/www/vhosts/dienmaychuyennghiep.com/httpdocs HTTP/2" 200 19762 "https://www.dienmaychuyennghiep.com/san-pham/may-mai-goc-stanley-sg6100-b1/feed/" "Mozilla/5.0 AppleWebKit/537.36 (KHTML, like Gecko; compatible; GPTBot/1.4; +https://openai.com/gptbot)"
51.161.65.21 - - [11/Jun/2026:04:19:35 +0700] "GET /products/1259768910 HTTP/2" 200 19500 "-" "Mozilla/5.0 (compatible; AhrefsBot/7.0; +http://ahrefs.com/robot/)"
74.7.227.12 - - [11/Jun/2026:04:19:34 +0700] "GET /san-pham/may-van-vit-dong-luc-dung-pin-dewalt-dcf805c2-b1/ HTTP/2" 200 63104 "https://www.pemco.com.vn/wp-sitemap-posts-product-1.xml" "Mozilla/5.0 AppleWebKit/537.36 (KHTML, like Gecko; compatible; GPTBot/1.4; +https://openai.com/gptbot)"
74.7.243.201 - - [11/Jun/2026:04:19:36 +0700] "GET /san-pham/may-ban-tinh-de-tong-d03-st64c/feed/?filesrc=/var/www/vhosts/dienmaychuyennghiep.com/httpdocs/wp-config-sample.php&path=/var/www/vhosts/dienmaychuyennghiep.com/httpdocs HTTP/2" 200 19932 "https://www.dienmaychuyennghiep.com/san-pham/may-ban-tinh-de-tong-d03-st64c/feed/" "Mozilla/5.0 AppleWebKit/537.36 (KHTML, like Gecko; compatible; GPTBot/1.4; +https://openai.com/gptbot)"
74.7.243.201 - - [11/Jun/2026:04:19:38 +0700] "GET /san-pham/sung-ban-dinh-be-tong-a03-st64c/feed/?filesrc=/var/www/vhosts/dienmaychuyennghiep.com/httpdocs/wp-config-sample.php&path=/var/www/vhosts/dienmaychuyennghiep.com/httpdocs HTTP/2" 200 19932 "https://www.dienmaychuyennghiep.com/san-pham/sung-ban-dinh-be-tong-a03-st64c/feed/" "Mozilla/5.0 AppleWebKit/537.36 (KHTML, like Gecko; compatible; GPTBot/1.4; +https://openai.com/gptbot)"
142.44.220.49 - - [11/Jun/2026:04:19:39 +0700] "GET /products/1259766258 HTTP/2" 200 19519 "-" "Mozilla/5.0 (compatible; AhrefsBot/7.0; +http://ahrefs.com/robot/)"
74.7.227.12 - - [11/Jun/2026:04:19:37 +0700] "GET /san-pham/may-han-que-hong-ky-master-digital-hkm200d/ HTTP/2" 200 62757 "https://www.pemco.com.vn/wp-sitemap-posts-product-1.xml" "Mozilla/5.0 AppleWebKit/537.36 (KHTML, like Gecko; compatible; GPTBot/1.4; +https://openai.com/gptbot)"
74.7.243.201 - - [11/Jun/2026:04:19:39 +0700] "GET /san-pham/may-khoan-rut-loi-azz200s/?filesrc=/var/www/vhosts/dienmaychuyennghiep.com/httpdocs/wp-signup.php&path=/var/www/vhosts/dienmaychuyennghiep.com/httpdocs HTTP/2" 200 70445 "https://www.dienmaychuyennghiep.com/san-pham/may-khoan-rut-loi-azz200s/" "Mozilla/5.0 AppleWebKit/537.36 (KHTML, like Gecko; compatible; GPTBot/1.4; +https://openai.com/gptbot)"
74.7.227.12 - - [11/Jun/2026:04:19:40 +0700] "GET /san-pham/may-han-que-hong-ky-master-digital-hkm160d/ HTTP/2" 200 62848 "https://www.pemco.com.vn/wp-sitemap-posts-product-1.xml" "Mozilla/5.0 AppleWebKit/537.36 (KHTML, like Gecko; compatible; GPTBot/1.4; +https://openai.com/gptbot)"
54.39.203.151 - - [11/Jun/2026:04:19:41 +0700] "GET /san-pham/may-mai-goc-dck-ksm13-100/feed/ HTTP/2" 200 19500 "-" "Mozilla/5.0 (compatible; AhrefsBot/7.0; +http://ahrefs.com/robot/)"
74.7.243.201 - - [11/Jun/2026:04:19:42 +0700] "GET /danh-muc-san-pham/may-cam-tay/may-cat-ban/may-cat-da-nang-dung-pin/?filesrc=/var/www/vhosts/dienmaychuyennghiep.com/usr/lib64/libgnutls.so.30&path=/var/www/vhosts/dienmaychuyennghiep.com/usr/lib64 HTTP/2" 200 853803 "https://www.dienmaychuyennghiep.com/danh-muc-san-pham/may-cam-tay/may-cat-ban/may-cat-da-nang-dung-pin/?path=/var/www/vhosts/dienmaychuyennghiep.com/usr/lib64" "Mozilla/5.0 AppleWebKit/537.36 (KHTML, like Gecko; compatible; GPTBot/1.4; +https://openai.com/gptbot)"
142.44.233.179 - - [11/Jun/2026:04:19:43 +0700] "GET /products/1259765960 HTTP/2" 200 19519 "-" "Mozilla/5.0 (compatible; AhrefsBot/7.0; +http://ahrefs.com/robot/)"
74.7.227.12 - - [11/Jun/2026:04:19:42 +0700] "GET /may-phat-dien/ HTTP/2" 200 55755 "https://www.pemco.com.vn/featured_item/flat-t-shirt-company/" "Mozilla/5.0 AppleWebKit/537.36 (KHTML, like Gecko; compatible; GPTBot/1.4; +https://openai.com/gptbot)"
74.7.243.201 - - [11/Jun/2026:04:19:44 +0700] "GET /tu-khoa-san-pham/mai-thang/feed/?filesrc=/var/www/vhosts/dienmaychuyennghiep.com/httpdocs/wp-config.php&path=/var/www/vhosts/dienmaychuyennghiep.com/httpdocs HTTP/2" 200 19992 "https://www.dienmaychuyennghiep.com/tu-khoa-san-pham/mai-thang/feed/" "Mozilla/5.0 AppleWebKit/537.36 (KHTML, like Gecko; compatible; GPTBot/1.4; +https://openai.com/gptbot)"
74.7.227.12 - - [11/Jun/2026:04:19:45 +0700] "GET /san-pham/may-khoan-bua-bosch-gbh2-24dre-24mm-kem-phu-kien/ HTTP/2" 200 63143 "https://www.pemco.com.vn/wp-sitemap-posts-product-1.xml" "Mozilla/5.0 AppleWebKit/537.36 (KHTML, like Gecko; compatible; GPTBot/1.4; +https://openai.com/gptbot)"
54.39.136.181 - - [11/Jun/2026:04:19:46 +0700] "GET /products/1259765002 HTTP/2" 200 19519 "-" "Mozilla/5.0 (compatible; AhrefsBot/7.0; +http://ahrefs.com/robot/)"
85.208.96.212 - - [11/Jun/2026:04:19:46 +0700] "GET /robots.txt HTTP/1.1" 200 20780 "-" "Mozilla/5.0 (compatible; SemrushBot/7~bl; +http://www.semrush.com/bot.html)"
74.7.227.12 - - [11/Jun/2026:04:19:47 +0700] "GET /san-pham/may-hut-bui-dung-pin-dewalt-dcv501ln-b1/ HTTP/2" 200 62824 "https://www.pemco.com.vn/wp-sitemap-posts-product-1.xml" "Mozilla/5.0 AppleWebKit/537.36 (KHTML, like Gecko; compatible; GPTBot/1.4; +https://openai.com/gptbot)"
74.7.227.12 - - [11/Jun/2026:04:19:50 +0700] "GET /?p=6780 HTTP/2" 200 19756 "https://www.pemco.com.vn/san-pham/may-han-que-chong-giat-hong-ky-eco-hk200e/" "Mozilla/5.0 AppleWebKit/537.36 (KHTML, like Gecko; compatible; GPTBot/1.4; +https://openai.com/gptbot)"
185.191.171.16 - - [11/Jun/2026:04:19:49 +0700] "GET /shop/page/72/ HTTP/1.1" 200 65655 "-" "Mozilla/5.0 (compatible; SemrushBot/7~bl; +http://www.semrush.com/bot.html)"
148.113.128.213 - - [11/Jun/2026:04:19:50 +0700] "GET /products/1259764293 HTTP/2" 200 19519 "-" "Mozilla/5.0 (compatible; AhrefsBot/7.0; +http://ahrefs.com/robot/)"
74.7.227.12 - - [11/Jun/2026:04:19:51 +0700] "GET /?p=6775 HTTP/2" 200 19756 "https://www.pemco.com.vn/san-pham/may-han-que-chong-giat-hong-ky-eco-hk200k/" "Mozilla/5.0 AppleWebKit/537.36 (KHTML, like Gecko; compatible; GPTBot/1.4; +https://openai.com/gptbot)"
142.44.220.3 - - [11/Jun/2026:04:19:52 +0700] "GET /products/1259763159 HTTP/2" 200 19519 "-" "Mozilla/5.0 (compatible; AhrefsBot/7.0; +http://ahrefs.com/robot/)"
74.7.227.12 - - [11/Jun/2026:04:19:53 +0700] "GET /?p=6785 HTTP/2" 200 19519 "https://www.pemco.com.vn/san-pham/may-han-que-chong-giat-hong-ky-eco-hk215a/" "Mozilla/5.0 AppleWebKit/537.36 (KHTML, like Gecko; compatible; GPTBot/1.4; +https://openai.com/gptbot)"
74.7.243.201 - - [11/Jun/2026:04:19:46 +0700] "GET /tu-khoa-san-pham/100et/?path=/ HTTP/2" 200 55580 "https://www.dienmaychuyennghiep.com/tu-khoa-san-pham/100et/" "Mozilla/5.0 AppleWebKit/537.36 (KHTML, like Gecko; compatible; GPTBot/1.4; +https://openai.com/gptbot)"
51.68.247.195 - - [11/Jun/2026:04:19:53 +0700] "GET /danh-muc-san-pham/dung-cu-cam-tay/dung-cu-thuy-luc/ HTTP/2" 200 55595 "-" "Mozilla/5.0 (compatible; AhrefsBot/7.0; +http://ahrefs.com/robot/)"
74.7.227.12 - - [11/Jun/2026:04:19:54 +0700] "GET /?p=8482 HTTP/2" 200 19756 "https://www.pemco.com.vn/san-pham/may-van-vit-dong-luc-dung-pin-dewalt-dcf805c2a-b1/" "Mozilla/5.0 AppleWebKit/537.36 (KHTML, like Gecko; compatible; GPTBot/1.4; +https://openai.com/gptbot)"
74.7.227.12 - - [11/Jun/2026:04:19:56 +0700] "GET /wp-content/uploads/2025/08/may-khoan-rut-loi-be-tong-3300w-200mm-dck-kzz200s-1701670489-247x296.jpg HTTP/2" 200 17312 "https://www.pemco.com.vn/tu-khoa-san-pham/may-khoan-rut-loi-be-tong/" "Mozilla/5.0 AppleWebKit/537.36 (KHTML, like Gecko; compatible; GPTBot/1.4; +https://openai.com/gptbot)"
74.7.243.201 - - [11/Jun/2026:04:19:55 +0700] "GET /san-pham/may-han-que-hong-ky-eco-hk120a/feed/?filesrc=/var/www/vhosts/dienmaychuyennghiep.com/httpdocs/.htaccess&path=/var/www/vhosts/dienmaychuyennghiep.com/httpdocs HTTP/2" 200 18959 "https://www.dienmaychuyennghiep.com/san-pham/may-han-que-hong-ky-eco-hk120a/feed/" "Mozilla/5.0 AppleWebKit/537.36 (KHTML, like Gecko; compatible; GPTBot/1.4; +https://openai.com/gptbot)"
142.44.220.155 - - [11/Jun/2026:04:19:56 +0700] "GET /products/1259760440 HTTP/2" 200 19519 "-" "Mozilla/5.0 (compatible; AhrefsBot/7.0; +http://ahrefs.com/robot/)"
74.7.243.201 - - [11/Jun/2026:04:19:56 +0700] "GET /san-pham/may-khoan-rut-loi-dzz02-250/feed/?path=/var/www/vhosts/dienmaychuyennghiep.com/dev HTTP/2" 200 18603 "https://www.dienmaychuyennghiep.com/san-pham/may-khoan-rut-loi-dzz02-250/feed/?path=/var/www/vhosts/dienmaychuyennghiep.com" "Mozilla/5.0 AppleWebKit/537.36 (KHTML, like Gecko; compatible; GPTBot/1.4; +https://openai.com/gptbot)"
74.7.227.12 - - [11/Jun/2026:04:19:56 +0700] "GET /?p=8477 HTTP/2" 200 19519 "https://www.pemco.com.vn/san-pham/may-van-vit-dong-luc-dung-pin-dewalt-dcf805c2-b1/" "Mozilla/5.0 AppleWebKit/537.36 (KHTML, like Gecko; compatible; GPTBot/1.4; +https://openai.com/gptbot)"
74.7.227.12 - - [11/Jun/2026:04:19:58 +0700] "GET /?p=6626 HTTP/2" 200 19519 "https://www.pemco.com.vn/san-pham/may-han-que-hong-ky-master-digital-hkm200d/" "Mozilla/5.0 AppleWebKit/537.36 (KHTML, like Gecko; compatible; GPTBot/1.4; +https://openai.com/gptbot)"
74.7.243.201 - - [11/Jun/2026:04:19:58 +0700] "GET /san-pham/dong-co-xang-gx160t2-qab3/feed/?filesrc=/var/www/vhosts/dienmaychuyennghiep.com/httpdocs/license.txt&path=/var/www/vhosts/dienmaychuyennghiep.com/httpdocs HTTP/2" 200 18553 "https://www.dienmaychuyennghiep.com/san-pham/dong-co-xang-gx160t2-qab3/feed/" "Mozilla/5.0 AppleWebKit/537.36 (KHTML, like Gecko; compatible; GPTBot/1.4; +https://openai.com/gptbot)"
216.73.216.144 - - [11/Jun/2026:04:19:59 +0700] "GET /wp-sitemap.xml?filesrc=%2Fvar%2Fwww%2Fvhosts%2Fdienmaychuyennghiep.com%2Fhttpdocs%2Fwp-content%2Fuploads%2F2024%2F06%2FHM1213C-2-247x296.png&path=%2Fvar%2Fwww%2Fvhosts%2Fdienmaychuyennghiep.com%2Fhttpdocs%2Fwp-content%2Fuploads%2F2024%2F06 HTTP/2" 200 81518 "-" "Mozilla/5.0 AppleWebKit/537.36 (KHTML, like Gecko; compatible; ClaudeBot/1.0; +claudebot@anthropic.com)"
74.7.243.201 - - [11/Jun/2026:04:19:59 +0700] "GET /san-pham/may-khoan-dong-luc-stanley-sthr202k-b1/feed/?filesrc=/var/www/vhosts/dienmaychuyennghiep.com/httpdocs/wp-load.php&path=/var/www/vhosts/dienmaychuyennghiep.com/httpdocs HTTP/2" 200 20296 "https://www.dienmaychuyennghiep.com/san-pham/may-khoan-dong-luc-stanley-sthr202k-b1/feed/" "Mozilla/5.0 AppleWebKit/537.36 (KHTML, like Gecko; compatible; GPTBot/1.4; +https://openai.com/gptbot)"
74.7.227.12 - - [11/Jun/2026:04:19:59 +0700] "GET /?p=6621 HTTP/2" 200 19519 "https://www.pemco.com.vn/san-pham/may-han-que-hong-ky-master-digital-hkm160d/" "Mozilla/5.0 AppleWebKit/537.36 (KHTML, like Gecko; compatible; GPTBot/1.4; +https://openai.com/gptbot)"
54.39.203.205 - - [11/Jun/2026:04:19:59 +0700] "GET /products/1259757265 HTTP/2" 200 19519 "-" "Mozilla/5.0 (compatible; AhrefsBot/7.0; +http://ahrefs.com/robot/)"
74.7.227.12 - - [11/Jun/2026:04:20:01 +0700] "GET /?p=5700 HTTP/2" 200 19756 "https://www.pemco.com.vn/may-phat-dien/" "Mozilla/5.0 AppleWebKit/537.36 (KHTML, like Gecko; compatible; GPTBot/1.4; +https://openai.com/gptbot)"
74.7.243.201 - - [11/Jun/2026:04:20:01 +0700] "GET /san-pham/sung-ban-dinh-k02-st64c/feed/?filesrc=/var/www/vhosts/dienmaychuyennghiep.com/httpdocs/wp-config-sample.php&path=/var/www/vhosts/dienmaychuyennghiep.com/httpdocs HTTP/2" 200 19932 "https://www.dienmaychuyennghiep.com/san-pham/sung-ban-dinh-k02-st64c/feed/" "Mozilla/5.0 AppleWebKit/537.36 (KHTML, like Gecko; compatible; GPTBot/1.4; +https://openai.com/gptbot)"
114.119.152.143 - - [11/Jun/2026:04:20:00 +0700] "GET /san-pham/may-mai-thang-ksj02-25/?path=/var/www HTTP/1.1" 200 61479 "https://www.pemco.vn/san-pham/may-mai-thang-ksj02-25/" "Mozilla/5.0 (Linux; Android 7.0;) AppleWebKit/537.36 (HTML, like Gecko) Mobile Safari/537.36 (compatible; PetalBot;+https://webmaster.petalsearch.com/site/petalbot)"
54.39.89.95 - - [11/Jun/2026:04:20:02 +0700] "GET /products/1259755139 HTTP/2" 200 19500 "-" "Mozilla/5.0 (compatible; AhrefsBot/7.0; +http://ahrefs.com/robot/)"
62.101.187.55 - - [11/Jun/2026:04:20:05 +0700] "GET /wp-content/uploads/2025/07/CUT80-L225-%E2%85%A1-JET-20-300x250-2.jpg HTTP/2" 200 13544 "https://www.dienmaychuyennghiep.com/san-pham/may-cat-plasma-cut80-l225-%E2%85%B1-jet-20/" "Mozilla/5.0 (Macintosh; Intel Mac OS X 10_15_7) AppleWebKit/537.36 (KHTML, like Gecko) Chrome/130.0.0.0 Safari/537.36"
74.7.227.12 - - [11/Jun/2026:04:20:03 +0700] "GET /?p=2518 HTTP/2" 200 19756 "https://www.pemco.com.vn/san-pham/may-khoan-bua-bosch-gbh2-24dre-24mm-kem-phu-kien/" "Mozilla/5.0 AppleWebKit/537.36 (KHTML, like Gecko; compatible; GPTBot/1.4; +https://openai.com/gptbot)"
74.7.243.201 - - [11/Jun/2026:04:20:04 +0700] "GET /san-pham/may-cha-nham-bang-makita-m9400b/feed/?filesrc=/var/www/vhosts/dienmaychuyennghiep.com/httpdocs/index.php&path=/var/www/vhosts/dienmaychuyennghiep.com/httpdocs HTTP/2" 200 18801 "https://www.dienmaychuyennghiep.com/san-pham/may-cha-nham-bang-makita-m9400b/feed/" "Mozilla/5.0 AppleWebKit/537.36 (KHTML, like Gecko; compatible; GPTBot/1.4; +https://openai.com/gptbot)"
74.7.227.12 - - [11/Jun/2026:04:20:05 +0700] "GET /?p=8621 HTTP/2" 200 19519 "https://www.pemco.com.vn/san-pham/may-hut-bui-dung-pin-dewalt-dcv501ln-b1/" "Mozilla/5.0 AppleWebKit/537.36 (KHTML, like Gecko; compatible; GPTBot/1.4; +https://openai.com/gptbot)"
54.39.89.244 - - [11/Jun/2026:04:20:06 +0700] "GET /products/1259753815 HTTP/2" 200 19519 "-" "Mozilla/5.0 (compatible; AhrefsBot/7.0; +http://ahrefs.com/robot/)"
74.7.243.201 - - [11/Jun/2026:04:20:05 +0700] "GET /danh-muc-san-pham/dung-cu-cam-tay/bua/bua-co-khi/?filesrc=/var/www/vhosts/dienmaychuyennghiep.com/bin/sh&path=/var/www/vhosts/dienmaychuyennghiep.com/bin HTTP/2" 200 551609 "https://www.dienmaychuyennghiep.com/danh-muc-san-pham/dung-cu-cam-tay/bua/bua-co-khi/?path=/var/www/vhosts/dienmaychuyennghiep.com/bin" "Mozilla/5.0 AppleWebKit/537.36 (KHTML, like Gecko; compatible; GPTBot/1.4; +https://openai.com/gptbot)"
74.7.227.12 - - [11/Jun/2026:04:20:06 +0700] "GET /may-phat-dien/?path=/var/www/vhosts/dienmaychuyennghiep.com HTTP/2" 200 55671 "https://www.pemco.com.vn/may-phat-dien/" "Mozilla/5.0 AppleWebKit/537.36 (KHTML, like Gecko; compatible; GPTBot/1.4; +https://openai.com/gptbot)"
74.7.227.12 - - [11/Jun/2026:04:20:09 +0700] "GET /wp-content/uploads/2025/10/may-hut-bui-20v-dong-co-gan-lien-hieu-dewalt-dcv501ln-b1-chua-pin-sac.jpg HTTP/2" 200 10601 "https://www.pemco.com.vn/san-pham/may-hut-bui-dung-pin-dewalt-dcv501ln-b1/" "Mozilla/5.0 AppleWebKit/537.36 (KHTML, like Gecko; compatible; GPTBot/1.4; +https://openai.com/gptbot)"
74.7.243.201 - - [11/Jun/2026:04:20:08 +0700] "GET /san-pham/may-cha-nham-850w-makita-9924db/feed/?filesrc=/var/www/vhosts/dienmaychuyennghiep.com/httpdocs/wp-blog-header.php&path=/var/www/vhosts/dienmaychuyennghiep.com/httpdocs HTTP/2" 200 18764 "https://www.dienmaychuyennghiep.com/san-pham/may-cha-nham-850w-makita-9924db/feed/" "Mozilla/5.0 AppleWebKit/537.36 (KHTML, like Gecko; compatible; GPTBot/1.4; +https://openai.com/gptbot)"
74.7.227.12 - - [11/Jun/2026:04:20:09 +0700] "GET /wp-content/uploads/2025/10/may-hut-bui-20v-dong-co-gan-lien-hieu-dewalt-dcv501ln-b1-chua-pin-sac-2.jpg HTTP/2" 200 9851 "https://www.pemco.com.vn/san-pham/may-hut-bui-dung-pin-dewalt-dcv501ln-b1/" "Mozilla/5.0 AppleWebKit/537.36 (KHTML, like Gecko; compatible; GPTBot/1.4; +https://openai.com/gptbot)"
74.7.227.12 - - [11/Jun/2026:04:20:10 +0700] "GET /wp-content/uploads/2025/08/may-khoan-rut-loi-be-tong-kzz02-160-dck-1800w-160mm.jpg-247x296.webp HTTP/2" 200 4252 "https://www.pemco.com.vn/tu-khoa-san-pham/may-khoan-rut-loi-be-tong/" "Mozilla/5.0 AppleWebKit/537.36 (KHTML, like Gecko; compatible; GPTBot/1.4; +https://openai.com/gptbot)"
74.7.227.12 - - [11/Jun/2026:04:20:10 +0700] "GET /wp-content/uploads/2025/10/may-khoan-pin-dewalt-dcd709n-18v-chua-kem-pin-sac-1610931516-247x296.jpg HTTP/2" 200 11775 "https://www.pemco.com.vn/san-pham/may-van-vit-dong-luc-dung-pin-dewalt-dcf805c2-b1/" "Mozilla/5.0 AppleWebKit/537.36 (KHTML, like Gecko; compatible; GPTBot/1.4; +https://openai.com/gptbot)"
54.39.210.34 - - [11/Jun/2026:04:20:10 +0700] "GET /products/1259750432 HTTP/2" 200 19519 "-" "Mozilla/5.0 (compatible; AhrefsBot/7.0; +http://ahrefs.com/robot/)"
74.7.227.12 - - [11/Jun/2026:04:20:11 +0700] "GET /wp-content/uploads/2025/10/may-hut-bui-20v-dong-co-gan-lien-hieu-dewalt-dcv501ln-b1-chua-pin-sac-2-247x296.jpg HTTP/2" 200 6476 "https://www.pemco.com.vn/san-pham/may-hut-bui-dung-pin-dewalt-dcv501ln-b1/" "Mozilla/5.0 AppleWebKit/537.36 (KHTML, like Gecko; compatible; GPTBot/1.4; +https://openai.com/gptbot)"
74.7.227.12 - - [11/Jun/2026:04:20:11 +0700] "GET /wp-content/uploads/2025/08/kzz02-250-m-y-khoan-r-t-l-i-b-t-ng-dck-mh010696-247x296.jpg HTTP/2" 200 8681 "https://www.pemco.com.vn/tu-khoa-san-pham/may-khoan-rut-loi-be-tong/" "Mozilla/5.0 AppleWebKit/537.36 (KHTML, like Gecko; compatible; GPTBot/1.4; +https://openai.com/gptbot)"
74.7.243.201 - - [11/Jun/2026:04:20:09 +0700] "GET /danh-muc-san-pham/may-cam-tay/may-khoan/may-khoan-dien/page/3/?path=%2Fvar%2Fwww%2Fvhosts%2Fdienmaychuyennghiep.com%2F.cagefs%2Fvar%2Fcache HTTP/2" 200 58468 "https://www.dienmaychuyennghiep.com/danh-muc-san-pham/may-cam-tay/may-khoan/may-khoan-dien/?path=/var/www/vhosts/dienmaychuyennghiep.com/.cagefs/var/cache" "Mozilla/5.0 AppleWebKit/537.36 (KHTML, like Gecko; compatible; GPTBot/1.4; +https://openai.com/gptbot)"
74.7.227.12 - - [11/Jun/2026:04:20:12 +0700] "GET /wp-content/uploads/2025/08/1_5820d77d8bfb46438ba69d14c590e031_1024x1024-247x296.jpg HTTP/2" 200 6235 "https://www.pemco.com.vn/tu-khoa-san-pham/may-khoan-rut-loi-be-tong/" "Mozilla/5.0 AppleWebKit/537.36 (KHTML, like Gecko; compatible; GPTBot/1.4; +https://openai.com/gptbot)"
74.7.227.12 - - [11/Jun/2026:04:20:12 +0700] "GET /wp-content/uploads/2025/10/may-hut-bui-20v-dong-co-gan-lien-hieu-dewalt-dcv501ln-b1-chua-pin-sac-1667185044.jpg HTTP/2" 200 106943 "https://www.pemco.com.vn/san-pham/may-hut-bui-dung-pin-dewalt-dcv501ln-b1/" "Mozilla/5.0 AppleWebKit/537.36 (KHTML, like Gecko; compatible; GPTBot/1.4; +https://openai.com/gptbot)"
216.73.216.144 - - [11/Jun/2026:04:20:09 +0700] "GET /san-pham/may-duc-be-tong-kzg06-6s/?filesrc=%2Fvar%2Fwww%2Fvhosts%2Fdienmaychuyennghiep.com%2Flogs%2Faccess_ssl_log.processed.5.gz&path=%2Fvar%2Fwww%2Fvhosts%2Fdienmaychuyennghiep.com%2Flogs HTTP/2" 200 1486221 "-" "Mozilla/5.0 AppleWebKit/537.36 (KHTML, like Gecko; compatible; ClaudeBot/1.0; +claudebot@anthropic.com)"
74.7.243.201 - - [11/Jun/2026:04:20:12 +0700] "GET /%22https:/www.dienmaychuyennghiep.com/san-pham/may-cua-da-goc-truot-1200w-makita-ls0816f/%22?path=/var/www/vhosts/dienmaychuyennghiep.com/httpdocs HTTP/2" 200 19519 "https://www.dienmaychuyennghiep.com/%22https:/www.dienmaychuyennghiep.com/san-pham/may-cua-da-goc-truot-1200w-makita-ls0816f/%22" "Mozilla/5.0 AppleWebKit/537.36 (KHTML, like Gecko; compatible; GPTBot/1.4; +https://openai.com/gptbot)"
74.7.227.12 - - [11/Jun/2026:04:20:13 +0700] "GET /wp-content/uploads/2025/10/may-hut-bui-20v-dong-co-gan-lien-hieu-dewalt-dcv501ln-b1-chua-pin-sac-1667185044-510x510.jpg HTTP/2" 200 28770 "https://www.pemco.com.vn/san-pham/may-hut-bui-dung-pin-dewalt-dcv501ln-b1/" "Mozilla/5.0 AppleWebKit/537.36 (KHTML, like Gecko; compatible; GPTBot/1.4; +https://openai.com/gptbot)"
54.39.6.184 - - [11/Jun/2026:04:20:13 +0700] "GET /products/1259747664 HTTP/2" 200 19519 "-" "Mozilla/5.0 (compatible; AhrefsBot/7.0; +http://ahrefs.com/robot/)"
74.7.227.12 - - [11/Jun/2026:04:20:14 +0700] "GET /wp-content/uploads/2025/08/Avatar-Website-21-247x296.jpg HTTP/2" 200 7715 "https://www.pemco.com.vn/tu-khoa-san-pham/may-khoan-rut-loi-be-tong/" "Mozilla/5.0 AppleWebKit/537.36 (KHTML, like Gecko; compatible; GPTBot/1.4; +https://openai.com/gptbot)"
74.7.227.12 - - [11/Jun/2026:04:20:14 +0700] "GET /wp-content/uploads/2025/10/Fact-depot-may-van-vit-dong-luc-pin-dewalt-dcf805c2a-b1-510x510.png HTTP/2" 200 31698 "https://www.pemco.com.vn/san-pham/may-van-vit-dong-luc-dung-pin-dewalt-dcf805c2a-b1/" "Mozilla/5.0 AppleWebKit/537.36 (KHTML, like Gecko; compatible; GPTBot/1.4; +https://openai.com/gptbot)"
74.7.227.12 - - [11/Jun/2026:04:20:15 +0700] "GET /wp-content/uploads/2025/10/Fact-depot-may-van-vit-dong-luc-pin-dewalt-dcf805c2a-b1-100x100.png HTTP/2" 200 2981 "https://www.pemco.com.vn/san-pham/may-van-vit-dong-luc-dung-pin-dewalt-dcf805c2-b1/" "Mozilla/5.0 AppleWebKit/537.36 (KHTML, like Gecko; compatible; GPTBot/1.4; +https://openai.com/gptbot)"
74.7.227.12 - - [11/Jun/2026:04:20:15 +0700] "GET /wp-content/uploads/2025/10/Screenshot_15-10-2025_141336_dartek.vn_-100x100.jpeg HTTP/2" 200 2228 "https://www.pemco.com.vn/san-pham/may-van-vit-dong-luc-dung-pin-dewalt-dcf805c2a-b1/" "Mozilla/5.0 AppleWebKit/537.36 (KHTML, like Gecko; compatible; GPTBot/1.4; +https://openai.com/gptbot)"
74.7.227.12 - - [11/Jun/2026:04:20:16 +0700] "GET /wp-content/uploads/2025/10/Screenshot_15-10-2025_14843_dartek.vn_-100x100.jpeg HTTP/2" 200 1945 "https://www.pemco.com.vn/san-pham/may-hut-bui-dung-pin-dewalt-dcv501ln-b1/" "Mozilla/5.0 AppleWebKit/537.36 (KHTML, like Gecko; compatible; GPTBot/1.4; +https://openai.com/gptbot)"
74.7.243.201 - - [11/Jun/2026:04:20:14 +0700] "GET /san-pham/may-nen-khi-day-dai-pegasus-model-tm-v-0-6-8-230l-380v/?path=/var/www/vhosts/dienmaychuyennghiep.com/httpdocs/.well-known HTTP/2" 200 61033 "https://www.dienmaychuyennghiep.com/san-pham/may-nen-khi-day-dai-pegasus-model-tm-v-0-6-8-230l-380v/" "Mozilla/5.0 AppleWebKit/537.36 (KHTML, like Gecko; compatible; GPTBot/1.4; +https://openai.com/gptbot)"
54.39.136.205 - - [11/Jun/2026:04:20:16 +0700] "GET /products/1259747415 HTTP/2" 200 19756 "-" "Mozilla/5.0 (compatible; AhrefsBot/7.0; +http://ahrefs.com/robot/)"
74.7.243.201 - - [11/Jun/2026:04:20:16 +0700] "GET /san-pham/may-nen-khi-chay-bang-dau-diesel-pegasus-model-tm-w-1-0-8-500l/feed/?path=/var/www/vhosts HTTP/2" 200 18574 "https://www.dienmaychuyennghiep.com/san-pham/may-nen-khi-chay-bang-dau-diesel-pegasus-model-tm-w-1-0-8-500l/feed/" "Mozilla/5.0 AppleWebKit/537.36 (KHTML, like Gecko; compatible; GPTBot/1.4; +https://openai.com/gptbot)"
74.7.227.12 - - [11/Jun/2026:04:20:17 +0700] "GET /san-pham/may-khoan-bua-bosch-gbh2-24dre-24mm-kem-phu-kien/?filesrc=/var/www/vhosts/dienmaychuyennghiep.com/httpdocs/xmlrpc.php&path=/var/www/vhosts/dienmaychuyennghiep.com/httpdocs HTTP/2" 200 63583 "https://www.pemco.com.vn/san-pham/may-khoan-bua-bosch-gbh2-24dre-24mm-kem-phu-kien/" "Mozilla/5.0 AppleWebKit/537.36 (KHTML, like Gecko; compatible; GPTBot/1.4; +https://openai.com/gptbot)"
51.161.65.28 - - [11/Jun/2026:04:20:18 +0700] "GET /products/1259745139 HTTP/2" 200 19519 "-" "Mozilla/5.0 (compatible; AhrefsBot/7.0; +http://ahrefs.com/robot/)"
74.7.227.12 - - [11/Jun/2026:04:20:19 +0700] "GET /wp-content/uploads/2024/06/GBH-2-24-DRE-3-510x510.png HTTP/2" 200 171196 "https://www.pemco.com.vn/san-pham/may-khoan-bua-bosch-gbh2-24dre-24mm-kem-phu-kien/" "Mozilla/5.0 AppleWebKit/537.36 (KHTML, like Gecko; compatible; GPTBot/1.4; +https://openai.com/gptbot)"
74.7.227.12 - - [11/Jun/2026:04:20:20 +0700] "GET /wp-content/uploads/2024/06/GBH-2-24-DRE-3-247x296.png HTTP/2" 200 67241 "https://www.pemco.com.vn/san-pham/may-khoan-bua-bosch-gbh2-24dre-24mm-kem-phu-kien/" "Mozilla/5.0 AppleWebKit/537.36 (KHTML, like Gecko; compatible; GPTBot/1.4; +https://openai.com/gptbot)"
74.7.227.12 - - [11/Jun/2026:04:20:21 +0700] "GET /wp-content/uploads/2025/10/Fact-depot-may-van-vit-dong-luc-pin-dewalt-dcf805c2a-b1.png HTTP/2" 200 250449 "https://www.pemco.com.vn/san-pham/may-van-vit-dong-luc-dung-pin-dewalt-dcf805c2a-b1/" "Mozilla/5.0 AppleWebKit/537.36 (KHTML, like Gecko; compatible; GPTBot/1.4; +https://openai.com/gptbot)"
74.7.243.201 - - [11/Jun/2026:04:20:19 +0700] "GET /may-bom-nuoc/?filesrc=/var/www/vhosts/dienmaychuyennghiep.com/httpdocs/wp-trackback.php&path=/var/www/vhosts/dienmaychuyennghiep.com/httpdocs HTTP/2" 200 56739 "https://www.dienmaychuyennghiep.com/may-bom-nuoc/" "Mozilla/5.0 AppleWebKit/537.36 (KHTML, like Gecko; compatible; GPTBot/1.4; +https://openai.com/gptbot)"
74.7.227.12 - - [11/Jun/2026:04:20:21 +0700] "GET /wp-content/uploads/2025/10/may-van-vit-dong-luc-pin-dewalt-dcf805c2-b1-10.8v-kem-02-pin-1.3ah-sac-dcf805c2-b1-510x428.png HTTP/2" 200 51411 "https://www.pemco.com.vn/san-pham/may-van-vit-dong-luc-dung-pin-dewalt-dcf805c2-b1/" "Mozilla/5.0 AppleWebKit/537.36 (KHTML, like Gecko; compatible; GPTBot/1.4; +https://openai.com/gptbot)"
74.7.227.12 - - [11/Jun/2026:04:20:22 +0700] "GET /wp-content/uploads/2025/10/may-van-vit-dong-luc-pin-dewalt-dcf805c2-b1-10.8v-kem-02-pin-1.3ah-sac-dcf805c2-b1.png HTTP/2" 200 413566 "https://www.pemco.com.vn/san-pham/may-van-vit-dong-luc-dung-pin-dewalt-dcf805c2-b1/" "Mozilla/5.0 AppleWebKit/537.36 (KHTML, like Gecko; compatible; GPTBot/1.4; +https://openai.com/gptbot)"
74.7.227.12 - - [11/Jun/2026:04:20:22 +0700] "GET /wp-content/uploads/2024/06/GBH220-3-100x100.png HTTP/2" 200 12322 "https://www.pemco.com.vn/san-pham/may-khoan-bua-bosch-gbh2-24dre-24mm-kem-phu-kien/" "Mozilla/5.0 AppleWebKit/537.36 (KHTML, like Gecko; compatible; GPTBot/1.4; +https://openai.com/gptbot)"
74.7.227.12 - - [11/Jun/2026:04:20:23 +0700] "GET /wp-content/uploads/2025/10/20240928_vVhrYUv2Fh-100x100.jpeg HTTP/2" 200 2721 "https://www.pemco.com.vn/san-pham/may-van-vit-dong-luc-dung-pin-dewalt-dcf805c2-b1/" "Mozilla/5.0 AppleWebKit/537.36 (KHTML, like Gecko; compatible; GPTBot/1.4; +https://openai.com/gptbot)"
74.7.227.12 - - [11/Jun/2026:04:20:23 +0700] "GET /wp-content/uploads/2025/10/may-van-vit-dong-luc-pin-dewalt-dcf805c2-b1-10.8v-kem-02-pin-1.3ah-sac-dcf805c2-b1-100x100.png HTTP/2" 200 5741 "https://www.pemco.com.vn/san-pham/may-van-vit-dong-luc-dung-pin-dewalt-dcf805c2a-b1/" "Mozilla/5.0 AppleWebKit/537.36 (KHTML, like Gecko; compatible; GPTBot/1.4; +https://openai.com/gptbot)"
142.44.233.154 - - [11/Jun/2026:04:20:22 +0700] "GET /products/1259742847 HTTP/2" 200 19519 "-" "Mozilla/5.0 (compatible; AhrefsBot/7.0; +http://ahrefs.com/robot/)"
74.7.243.201 - - [11/Jun/2026:04:20:21 +0700] "GET /blog/?filesrc=/var/www/vhosts/dienmaychuyennghiep.com/httpdocs/wp-blog-header.php&path=/var/www/vhosts/dienmaychuyennghiep.com/httpdocs HTTP/2" 200 52652 "https://www.dienmaychuyennghiep.com/blog/" "Mozilla/5.0 AppleWebKit/537.36 (KHTML, like Gecko; compatible; GPTBot/1.4; +https://openai.com/gptbot)"
74.7.227.12 - - [11/Jun/2026:04:20:24 +0700] "GET /wp-content/uploads/2024/06/GBH-2-24-DRE-3.png HTTP/2" 200 573370 "https://www.pemco.com.vn/san-pham/may-khoan-bua-bosch-gbh2-24dre-24mm-kem-phu-kien/" "Mozilla/5.0 AppleWebKit/537.36 (KHTML, like Gecko; compatible; GPTBot/1.4; +https://openai.com/gptbot)"
103.138.88.26 - - [11/Jun/2026:04:20:25 +0700] "POST /wp-cron.php?doing_wp_cron=1781126425.2606599330902099609375 HTTP/1.1" 200 474 "-" "WordPress/7.0; https://pemco.vn"
216.73.216.144 - - [11/Jun/2026:04:20:23 +0700] "GET /san-pham/motor-hong-ky-vo-gang-plc-h2-234/feed/?filesrc=%2Fvar%2Fwww%2Fvhosts%2Fdienmaychuyennghiep.com%2Fhttpdocs%2Fwp-blog-header.php&path=%2Fvar%2Fwww%2Fvhosts%2Fdienmaychuyennghiep.com%2Fhttpdocs HTTP/2" 200 19254 "-" "Mozilla/5.0 AppleWebKit/537.36 (KHTML, like Gecko; compatible; ClaudeBot/1.0; +claudebot@anthropic.com)"
103.138.88.26 - - [11/Jun/2026:04:20:26 +0700] "POST /wp-cron.php?doing_wp_cron=1781126426.6366379261016845703125 HTTP/1.1" 200 474 "-" "WordPress/7.0; https://www.dienmaychuyennghiep.com"
74.7.243.201 - - [11/Jun/2026:04:20:24 +0700] "GET /san-pham/may-nen-khi-day-dai-pegasus-model-tm-w-2-0-12-5-500l-380v/?filesrc=/var/www/vhosts/dienmaychuyennghiep.com/httpdocs/license.txt&path=/var/www/vhosts/dienmaychuyennghiep.com/httpdocs HTTP/2" 200 60723 "https://www.dienmaychuyennghiep.com/san-pham/may-nen-khi-day-dai-pegasus-model-tm-w-2-0-12-5-500l-380v/" "Mozilla/5.0 AppleWebKit/537.36 (KHTML, like Gecko; compatible; GPTBot/1.4; +https://openai.com/gptbot)"
74.7.243.201 - - [11/Jun/2026:04:20:27 +0700] "GET /san-pham/may-mai-goc-dck-ksm10-125/feed/?filesrc=/var/www/vhosts/dienmaychuyennghiep.com/httpdocs/wp-mail.php&path=/var/www/vhosts/dienmaychuyennghiep.com/httpdocs HTTP/2" 200 21845 "https://www.dienmaychuyennghiep.com/san-pham/may-mai-goc-dck-ksm10-125/feed/" "Mozilla/5.0 AppleWebKit/537.36 (KHTML, like Gecko; compatible; GPTBot/1.4; +https://openai.com/gptbot)"
54.39.136.249 - - [11/Jun/2026:04:20:27 +0700] "GET /products/1259741499 HTTP/2" 200 19519 "-" "Mozilla/5.0 (compatible; AhrefsBot/7.0; +http://ahrefs.com/robot/)"
40.77.167.230 - - [11/Jun/2026:04:20:29 +0700] "GET /wp-content/uploads/2024/07/M9514B-1-768x432.png HTTP/2" 200 196436 "-" "Mozilla/5.0 AppleWebKit/537.36 (KHTML, like Gecko; compatible; bingbot/2.0; +http://www.bing.com/bingbot.htm) Chrome/116.0.1938.76 Safari/537.36"
74.7.243.201 - - [11/Jun/2026:04:20:29 +0700] "GET /san-pham/may-mai-goc-dck-ksm04-100b/feed/?filesrc=/var/www/vhosts/dienmaychuyennghiep.com/httpdocs/wp-mail.php&path=/var/www/vhosts/dienmaychuyennghiep.com/httpdocs HTTP/2" 200 21845 "https://www.dienmaychuyennghiep.com/san-pham/may-mai-goc-dck-ksm04-100b/feed/" "Mozilla/5.0 AppleWebKit/537.36 (KHTML, like Gecko; compatible; GPTBot/1.4; +https://openai.com/gptbot)"
74.7.243.201 - - [11/Jun/2026:04:20:31 +0700] "GET /san-pham/may-mai-goc-dck-ksm02-115/feed/?filesrc=/var/www/vhosts/dienmaychuyennghiep.com/httpdocs/wp-mail.php&path=/var/www/vhosts/dienmaychuyennghiep.com/httpdocs HTTP/2" 200 21845 "https://www.dienmaychuyennghiep.com/san-pham/may-mai-goc-dck-ksm02-115/feed/" "Mozilla/5.0 AppleWebKit/537.36 (KHTML, like Gecko; compatible; GPTBot/1.4; +https://openai.com/gptbot)"
74.7.227.12 - - [11/Jun/2026:04:20:25 +0700] "GET /san-pham/may-khoan-duc-be-tong-dongcheng-dzc03-26b/ HTTP/2" 200 63211 "https://www.pemco.com.vn/wp-sitemap-posts-product-1.xml" "Mozilla/5.0 AppleWebKit/537.36 (KHTML, like Gecko; compatible; GPTBot/1.4; +https://openai.com/gptbot)"
15.235.96.117 - - [11/Jun/2026:04:20:32 +0700] "GET /products/12597399 HTTP/2" 200 19519 "-" "Mozilla/5.0 (compatible; AhrefsBot/7.0; +http://ahrefs.com/robot/)"
74.7.243.201 - - [11/Jun/2026:04:20:32 +0700] "GET /wp-json/oembed/1.0/embed?url=https%3A%2F%2Fwww.dienmaychuyennghiep.com%2Fsan-pham%2Fmay-say-khi-nen-pegasus-tmmsk-15%2F HTTP/2" 200 20743 "https://www.dienmaychuyennghiep.com/san-pham/may-say-khi-nen-pegasus-tmmsk-15/" "Mozilla/5.0 AppleWebKit/537.36 (KHTML, like Gecko; compatible; GPTBot/1.4; +https://openai.com/gptbot)"
167.114.139.182 - - [11/Jun/2026:04:20:34 +0700] "GET /products/1259739568 HTTP/2" 200 19519 "-" "Mozilla/5.0 (compatible; AhrefsBot/7.0; +http://ahrefs.com/robot/)"
74.7.243.201 - - [11/Jun/2026:04:20:35 +0700] "GET /wp-json/wp/v2/product/3422?filesrc=/var/www/vhosts/dienmaychuyennghiep.com/httpdocs/wp-settings.php&path=/var/www/vhosts/dienmaychuyennghiep.com/httpdocs HTTP/2" 200 28734 "https://www.dienmaychuyennghiep.com/wp-json/wp/v2/product/3422" "Mozilla/5.0 AppleWebKit/537.36 (KHTML, like Gecko; compatible; GPTBot/1.4; +https://openai.com/gptbot)"
74.7.243.201 - - [11/Jun/2026:04:20:36 +0700] "GET /wp-json/wp/v2/product/6637?filesrc=/var/www/vhosts/dienmaychuyennghiep.com/httpdocs/wp-activate.php&path=/var/www/vhosts/dienmaychuyennghiep.com/httpdocs HTTP/2" 200 24104 "https://www.dienmaychuyennghiep.com/wp-json/wp/v2/product/6637" "Mozilla/5.0 AppleWebKit/537.36 (KHTML, like Gecko; compatible; GPTBot/1.4; +https://openai.com/gptbot)"
