216.73.216.144 - - [11/Jun/2026:04:40:23 +0700] "GET /san-pham/may-duc-be-tong-bosch-gsh-5/whatsapp:/send?filesrc=%2Fvar%2Fwww%2Fvhosts%2Fdienmaychuyennghiep.com%2Flogs%2Faccess_ssl_log.processed.5.gz&path=%2Fvar%2Fwww%2Fvhosts%2Fdienmaychuyennghiep.com%2Flogs HTTP/2" 200 1443263 "-" "Mozilla/5.0 AppleWebKit/537.36 (KHTML, like Gecko; compatible; ClaudeBot/1.0; +claudebot@anthropic.com)"
216.73.216.144 - - [11/Jun/2026:04:40:23 +0700] "GET /san-pham/may-duc-be-tong-bosch-gsh-5/whatsapp:/send?filesrc=%2Fvar%2Fwww%2Fvhosts%2Fdienmaychuyennghiep.com%2Flogs%2Faccess_ssl_log.processed.6.gz&path=%2Fvar%2Fwww%2Fvhosts%2Fdienmaychuyennghiep.com%2Flogs HTTP/2" 200 1522836 "-" "Mozilla/5.0 AppleWebKit/537.36 (KHTML, like Gecko; compatible; ClaudeBot/1.0; +claudebot@anthropic.com)"
216.73.216.144 - - [11/Jun/2026:04:40:23 +0700] "GET /san-pham/may-duc-be-tong-bosch-gsh-5/whatsapp:/send?filesrc=%2Fvar%2Fwww%2Fvhosts%2Fdienmaychuyennghiep.com%2Flogs%2Ferror_log&path=%2Fvar%2Fwww%2Fvhosts%2Fdienmaychuyennghiep.com%2Flogs HTTP/2" 200 329950 "-" "Mozilla/5.0 AppleWebKit/537.36 (KHTML, like Gecko; compatible; ClaudeBot/1.0; +claudebot@anthropic.com)"
216.73.216.144 - - [11/Jun/2026:04:40:23 +0700] "GET /san-pham/may-duc-be-tong-bosch-gsh-5/whatsapp:/send?filesrc=%2Fvar%2Fwww%2Fvhosts%2Fdienmaychuyennghiep.com%2Flogs%2Faccess_ssl_log.processed.9.gz&path=%2Fvar%2Fwww%2Fvhosts%2Fdienmaychuyennghiep.com%2Flogs HTTP/2" 200 1299473 "-" "Mozilla/5.0 AppleWebKit/537.36 (KHTML, like Gecko; compatible; ClaudeBot/1.0; +claudebot@anthropic.com)"
216.73.216.144 - - [11/Jun/2026:04:40:23 +0700] "GET /san-pham/may-duc-be-tong-bosch-gsh-5/whatsapp:/send?filesrc=%2Fvar%2Fwww%2Fvhosts%2Fdienmaychuyennghiep.com%2Flogs%2Faccess_ssl_log.processed.1.gz&path=%2Fvar%2Fwww%2Fvhosts%2Fdienmaychuyennghiep.com%2Flogs HTTP/2" 200 2612878 "-" "Mozilla/5.0 AppleWebKit/537.36 (KHTML, like Gecko; compatible; ClaudeBot/1.0; +claudebot@anthropic.com)"
74.7.227.12 - - [11/Jun/2026:04:40:29 +0700] "GET /wp-content/uploads/2025/10/may-thoi-la-dung-pin-54-60v-dewalt-dcmba572n-xj-1687138543.jpg HTTP/2" 200 7282 "https://www.pemco.com.vn/san-pham/may-thoi-la-dung-pin-dewalt-dcmba572n-xj/" "Mozilla/5.0 AppleWebKit/537.36 (KHTML, like Gecko; compatible; GPTBot/1.4; +https://openai.com/gptbot)"
74.7.227.12 - - [11/Jun/2026:04:40:29 +0700] "GET /wp-content/uploads/2025/10/may-hut-bui-gia-dinh-stanley-sl19301-4b-1-247x296.jpg HTTP/2" 200 9258 "https://www.pemco.com.vn/san-pham/may-hut-bui-gia-dung-stanley-sl19301-4b/" "Mozilla/5.0 AppleWebKit/537.36 (KHTML, like Gecko; compatible; GPTBot/1.4; +https://openai.com/gptbot)"
216.73.216.144 - - [11/Jun/2026:04:40:27 +0700] "GET /san-pham/may-duc-be-tong-bosch-gsh-5/whatsapp:/send?filesrc=%2Fvar%2Fwww%2Fvhosts%2Fdienmaychuyennghiep.com%2Flogs%2Faccess_ssl_log.processed.7.gz&path=%2Fvar%2Fwww%2Fvhosts%2Fdienmaychuyennghiep.com%2Flogs HTTP/2" 200 1590979 "-" "Mozilla/5.0 AppleWebKit/537.36 (KHTML, like Gecko; compatible; ClaudeBot/1.0; +claudebot@anthropic.com)"
74.7.243.201 - - [11/Jun/2026:04:40:23 +0700] "GET /may-cam-tay/may-duc/?path=/var/www/vhosts/dienmaychuyennghiep.com/httpdocs/.well-known/acme-challenge HTTP/2" 200 55279 "https://www.dienmaychuyennghiep.com/may-cam-tay/may-duc/?path=/var/www/vhosts/dienmaychuyennghiep.com/httpdocs/.well-known" "Mozilla/5.0 AppleWebKit/537.36 (KHTML, like Gecko; compatible; GPTBot/1.4; +https://openai.com/gptbot)"
15.235.27.63 - - [11/Jun/2026:04:40:28 +0700] "GET /products/79033271395 HTTP/2" 200 19519 "-" "Mozilla/5.0 (compatible; AhrefsBot/7.0; +http://ahrefs.com/robot/)"
74.7.227.12 - - [11/Jun/2026:04:40:30 +0700] "GET /wp-content/uploads/2025/10/may-hut-bui-gia-dinh-stanley-sl19301-4b-2-247x296.jpg HTTP/2" 200 15737 "https://www.pemco.com.vn/san-pham/may-hut-bui-gia-dung-stanley-sl19301-4b/" "Mozilla/5.0 AppleWebKit/537.36 (KHTML, like Gecko; compatible; GPTBot/1.4; +https://openai.com/gptbot)"
74.7.227.12 - - [11/Jun/2026:04:40:30 +0700] "GET /wp-content/uploads/2025/10/may-hut-bui-gia-dinh-stanley-sl19301-4b-5-510x383.jpg HTTP/2" 200 25081 "https://www.pemco.com.vn/san-pham/may-hut-bui-gia-dung-stanley-sl19301-4b/" "Mozilla/5.0 AppleWebKit/537.36 (KHTML, like Gecko; compatible; GPTBot/1.4; +https://openai.com/gptbot)"
74.7.227.12 - - [11/Jun/2026:04:40:31 +0700] "GET /wp-content/uploads/2025/10/may-hut-bui-gia-dinh-stanley-sl19301-4b-2-510x383.jpg HTTP/2" 200 25206 "https://www.pemco.com.vn/san-pham/may-hut-bui-gia-dung-stanley-sl19301-4b/" "Mozilla/5.0 AppleWebKit/537.36 (KHTML, like Gecko; compatible; GPTBot/1.4; +https://openai.com/gptbot)"
74.7.227.12 - - [11/Jun/2026:04:40:32 +0700] "GET /wp-content/uploads/2025/10/may-khoan-dong-luc-stanley-stdh7213-b1-800w-7-700x467-1.jpg HTTP/2" 200 18353 "https://www.pemco.com.vn/san-pham/may-khoan-dong-luc-stanley-stdh7213-b1-2/" "Mozilla/5.0 AppleWebKit/537.36 (KHTML, like Gecko; compatible; GPTBot/1.4; +https://openai.com/gptbot)"
74.7.227.12 - - [11/Jun/2026:04:40:32 +0700] "GET /wp-content/uploads/2025/10/may-khoan-dong-luc-stanley-stdh7213-b1-800w-5-700x467-1.jpg HTTP/2" 200 19492 "https://www.pemco.com.vn/san-pham/may-khoan-dong-luc-stanley-stdh7213-b1-2/" "Mozilla/5.0 AppleWebKit/537.36 (KHTML, like Gecko; compatible; GPTBot/1.4; +https://openai.com/gptbot)"
51.222.168.227 - - [11/Jun/2026:04:40:31 +0700] "GET /products/79033261815 HTTP/2" 200 19519 "-" "Mozilla/5.0 (compatible; AhrefsBot/7.0; +http://ahrefs.com/robot/)"
74.7.243.201 - - [11/Jun/2026:04:40:30 +0700] "GET /may-cam-tay/may-mai-cat/?path=/var/www/vhosts/dienmaychuyennghiep.com/wordpress-backups HTTP/2" 200 55304 "https://www.dienmaychuyennghiep.com/may-cam-tay/may-mai-cat/?path=/var/www/vhosts/dienmaychuyennghiep.com" "Mozilla/5.0 AppleWebKit/537.36 (KHTML, like Gecko; compatible; GPTBot/1.4; +https://openai.com/gptbot)"
74.7.227.12 - - [11/Jun/2026:04:40:33 +0700] "GET /wp-content/uploads/2025/10/may-khoan-dong-luc-stanley-stdh7213-b1-800w-1-700x467-1.jpg HTTP/2" 200 37428 "https://www.pemco.com.vn/san-pham/may-khoan-dong-luc-stanley-stdh7213-b1-2/" "Mozilla/5.0 AppleWebKit/537.36 (KHTML, like Gecko; compatible; GPTBot/1.4; +https://openai.com/gptbot)"
216.73.216.144 - - [11/Jun/2026:04:40:33 +0700] "GET /san-pham/may-duc-be-tong-kzg06-6s/feed/?filesrc=%2Fvar%2Fwww%2Fvhosts%2Fdienmaychuyennghiep.com%2Fhttpdocs%2Fwp-admin%2Fimages%2Fdate-button.gif&path=%2Fvar%2Fwww%2Fvhosts%2Fdienmaychuyennghiep.com%2Fhttpdocs%2Fwp-admin%2Fimages HTTP/2" 403 370 "-" "Mozilla/5.0 AppleWebKit/537.36 (KHTML, like Gecko; compatible; ClaudeBot/1.0; +claudebot@anthropic.com)"
216.73.216.144 - - [11/Jun/2026:04:40:33 +0700] "GET /san-pham/may-duc-be-tong-bosch-gsh-5/whatsapp:/send?filesrc=%2Fvar%2Fwww%2Fvhosts%2Fdienmaychuyennghiep.com%2Flogs%2Ferror_log.3.gz&path=%2Fvar%2Fwww%2Fvhosts%2Fdienmaychuyennghiep.com%2Flogs HTTP/2" 403 370 "-" "Mozilla/5.0 AppleWebKit/537.36 (KHTML, like Gecko; compatible; ClaudeBot/1.0; +claudebot@anthropic.com)"
216.73.216.144 - - [11/Jun/2026:04:40:33 +0700] "GET /san-pham/may-duc-be-tong-kzg06-6s/feed/?filesrc=%2Fvar%2Fwww%2Fvhosts%2Fdienmaychuyennghiep.com%2Fhttpdocs%2Fwp-admin%2Fimages%2Fdate-button-2x.gif&path=%2Fvar%2Fwww%2Fvhosts%2Fdienmaychuyennghiep.com%2Fhttpdocs%2Fwp-admin%2Fimages HTTP/2" 403 370 "-" "Mozilla/5.0 AppleWebKit/537.36 (KHTML, like Gecko; compatible; ClaudeBot/1.0; +claudebot@anthropic.com)"
216.73.216.144 - - [11/Jun/2026:04:40:33 +0700] "GET /san-pham/may-duc-be-tong-bosch-gsh-5/whatsapp:/send?filesrc=%2Fvar%2Fwww%2Fvhosts%2Fdienmaychuyennghiep.com%2Flogs%2Faccess_log.processed.1.gz&path=%2Fvar%2Fwww%2Fvhosts%2Fdienmaychuyennghiep.com%2Flogs HTTP/2" 403 370 "-" "Mozilla/5.0 AppleWebKit/537.36 (KHTML, like Gecko; compatible; ClaudeBot/1.0; +claudebot@anthropic.com)"
216.73.216.144 - - [11/Jun/2026:04:40:33 +0700] "GET /san-pham/may-duc-be-tong-bosch-gsh-5/whatsapp:/send?filesrc=%2Fvar%2Fwww%2Fvhosts%2Fdienmaychuyennghiep.com%2Flogs%2Faccess_ssl_log&path=%2Fvar%2Fwww%2Fvhosts%2Fdienmaychuyennghiep.com%2Flogs HTTP/2" 403 370 "-" "Mozilla/5.0 AppleWebKit/537.36 (KHTML, like Gecko; compatible; ClaudeBot/1.0; +claudebot@anthropic.com)"
216.73.216.144 - - [11/Jun/2026:04:40:33 +0700] "GET /san-pham/may-duc-be-tong-bosch-gsh-5/whatsapp:/send?filesrc=%2Fvar%2Fwww%2Fvhosts%2Fdienmaychuyennghiep.com%2Flogs%2Ferror_log.2.gz&path=%2Fvar%2Fwww%2Fvhosts%2Fdienmaychuyennghiep.com%2Flogs HTTP/2" 403 370 "-" "Mozilla/5.0 AppleWebKit/537.36 (KHTML, like Gecko; compatible; ClaudeBot/1.0; +claudebot@anthropic.com)"
216.73.216.144 - - [11/Jun/2026:04:40:33 +0700] "GET /san-pham/may-duc-be-tong-kzg06-6s/feed/?filesrc=%2Fvar%2Fwww%2Fvhosts%2Fdienmaychuyennghiep.com%2Fhttpdocs%2Fwp-admin%2Fimages%2Fsort.gif&path=%2Fvar%2Fwww%2Fvhosts%2Fdienmaychuyennghiep.com%2Fhttpdocs%2Fwp-admin%2Fimages HTTP/2" 403 370 "-" "Mozilla/5.0 AppleWebKit/537.36 (KHTML, like Gecko; compatible; ClaudeBot/1.0; +claudebot@anthropic.com)"
74.7.227.12 - - [11/Jun/2026:04:40:33 +0700] "GET /wp-content/uploads/2025/10/may-khoan-dong-luc-stanley-stdh7213-b1-800w-2-700x467-1.jpg HTTP/2" 200 30994 "https://www.pemco.com.vn/san-pham/may-khoan-dong-luc-stanley-stdh7213-b1-2/" "Mozilla/5.0 AppleWebKit/537.36 (KHTML, like Gecko; compatible; GPTBot/1.4; +https://openai.com/gptbot)"
216.73.216.144 - - [11/Jun/2026:04:40:33 +0700] "GET /san-pham/may-duc-be-tong-kzg06-6s/feed/?filesrc=%2Fvar%2Fwww%2Fvhosts%2Fdienmaychuyennghiep.com%2Fhttpdocs%2Fwp-admin%2Fimages%2Fdashboard-background.svg&path=%2Fvar%2Fwww%2Fvhosts%2Fdienmaychuyennghiep.com%2Fhttpdocs%2Fwp-admin%2Fimages HTTP/2" 403 370 "-" "Mozilla/5.0 AppleWebKit/537.36 (KHTML, like Gecko; compatible; ClaudeBot/1.0; +claudebot@anthropic.com)"
74.7.227.12 - - [11/Jun/2026:04:40:34 +0700] "GET /wp-content/uploads/2025/09/may-nen-khi-pegasus-70-lit-15hp-khong-dau-model-tm-of550x2-70l-510x510.jpg HTTP/2" 200 21300 "https://www.pemco.com.vn/san-pham/may-nen-khi-pegasus-model-tm-of5502-70l/" "Mozilla/5.0 AppleWebKit/537.36 (KHTML, like Gecko; compatible; GPTBot/1.4; +https://openai.com/gptbot)"
74.7.227.12 - - [11/Jun/2026:04:40:34 +0700] "GET /wp-content/uploads/2025/10/Screenshot-2025-10-15-143345-100x100.jpg HTTP/2" 200 2014 "https://www.pemco.com.vn/san-pham/may-khoan-van-vit-dung-pin-dartek-q3-50-1/" "Mozilla/5.0 AppleWebKit/537.36 (KHTML, like Gecko; compatible; GPTBot/1.4; +https://openai.com/gptbot)"
216.73.216.144 - - [11/Jun/2026:04:40:33 +0700] "GET /san-pham/may-duc-be-tong-bosch-gsh-5/whatsapp:/send?filesrc=%2Fvar%2Fwww%2Fvhosts%2Fdienmaychuyennghiep.com%2Flogs%2Faccess_log&path=%2Fvar%2Fwww%2Fvhosts%2Fdienmaychuyennghiep.com%2Flogs HTTP/2" 200 18918 "-" "Mozilla/5.0 AppleWebKit/537.36 (KHTML, like Gecko; compatible; ClaudeBot/1.0; +claudebot@anthropic.com)"
216.73.216.144 - - [11/Jun/2026:04:40:33 +0700] "GET /san-pham/may-duc-be-tong-bosch-gsh-5/whatsapp:/send?filesrc=%2Fvar%2Fwww%2Fvhosts%2Fdienmaychuyennghiep.com%2Flogs%2Ferror_log.1.gz&path=%2Fvar%2Fwww%2Fvhosts%2Fdienmaychuyennghiep.com%2Flogs HTTP/2" 200 603565 "-" "Mozilla/5.0 AppleWebKit/537.36 (KHTML, like Gecko; compatible; ClaudeBot/1.0; +claudebot@anthropic.com)"
216.73.216.144 - - [11/Jun/2026:04:40:33 +0700] "GET /san-pham/may-duc-be-tong-kzg06-6s/feed/?filesrc=%2Fvar%2Fwww%2Fvhosts%2Fdienmaychuyennghiep.com%2Fhttpdocs%2Fwp-admin%2Fimages%2Fresize.gif&path=%2Fvar%2Fwww%2Fvhosts%2Fdienmaychuyennghiep.com%2Fhttpdocs%2Fwp-admin%2Fimages HTTP/2" 200 19163 "-" "Mozilla/5.0 AppleWebKit/537.36 (KHTML, like Gecko; compatible; ClaudeBot/1.0; +claudebot@anthropic.com)"
216.73.216.144 - - [11/Jun/2026:04:40:33 +0700] "GET /san-pham/may-duc-be-tong-kzg06-6s/feed/?filesrc=%2Fvar%2Fwww%2Fvhosts%2Fdienmaychuyennghiep.com%2Fhttpdocs%2Fwp-admin%2Fimages%2Fbrowser.png&path=%2Fvar%2Fwww%2Fvhosts%2Fdienmaychuyennghiep.com%2Fhttpdocs%2Fwp-admin%2Fimages HTTP/2" 200 54888 "-" "Mozilla/5.0 AppleWebKit/537.36 (KHTML, like Gecko; compatible; ClaudeBot/1.0; +claudebot@anthropic.com)"
74.7.243.201 - - [11/Jun/2026:04:40:33 +0700] "GET /san-pham/wicked-ss-o-neck-selected-homme/?path=/var/www/vhosts/dienmaychuyennghiep.com/usr/libexec HTTP/2" 200 60167 "https://www.dienmaychuyennghiep.com/san-pham/wicked-ss-o-neck-selected-homme/?path=/var/www/vhosts/dienmaychuyennghiep.com/usr" "Mozilla/5.0 AppleWebKit/537.36 (KHTML, like Gecko; compatible; GPTBot/1.4; +https://openai.com/gptbot)"
198.244.168.131 - - [11/Jun/2026:04:40:34 +0700] "GET /san-pham/may-khoan-bua-bosch-gbh-8-45d/ HTTP/2" 200 63049 "-" "Mozilla/5.0 (compatible; AhrefsBot/7.0; +http://ahrefs.com/robot/)"
187.187.206.57 - - [11/Jun/2026:04:40:34 +0700] "GET /san-pham/may-hut-bui-cong-nghiep-3-chuc-nang-stanley-sl19199-16a/?path=/var/www HTTP/1.1" 200 62006 "https://dienmaychuyennghiep.com/san-pham/may-hut-bui-cong-nghiep-3-chuc-nang-stanley-sl19199-16a/" "Mozilla/5.0 (Linux; Android 13; M2102J24) AppleWebKit/537.36 (KHTML, like Gecko) Chrome/140.0.5820.135 Mobile Safari/537.36 MicroMessenger/8.0.41(0x18001B3F) NetType/WIFI Language/zh_CN"
74.7.227.12 - - [11/Jun/2026:04:40:35 +0700] "GET /san-pham/may-han-tig-lanh-model-tig300-w229-jasic/?filesrc=/var/www/vhosts/dienmaychuyennghiep.com/httpdocs/wp-load.php&path=/var/www/vhosts/dienmaychuyennghiep.com/httpdocs HTTP/2" 200 64897 "https://www.pemco.com.vn/san-pham/may-han-tig-lanh-model-tig300-w229-jasic/" "Mozilla/5.0 AppleWebKit/537.36 (KHTML, like Gecko; compatible; GPTBot/1.4; +https://openai.com/gptbot)"
74.7.227.12 - - [11/Jun/2026:04:40:39 +0700] "GET /wp-content/uploads/2025/10/may-hut-bui-gia-dung-1200w-9l-stanley-sl19128p-39-100x100.png HTTP/2" 200 4051 "https://www.pemco.com.vn/san-pham/may-hut-bui-gia-dung-stanley-sl19301-4b/" "Mozilla/5.0 AppleWebKit/537.36 (KHTML, like Gecko; compatible; GPTBot/1.4; +https://openai.com/gptbot)"
74.7.227.12 - - [11/Jun/2026:04:40:40 +0700] "GET /wp-content/uploads/2025/09/DWD024-100x100.jpg HTTP/2" 200 560112 "https://www.pemco.com.vn/san-pham/may-khoan-dong-luc-stanley-stdh7213-b1-2/" "Mozilla/5.0 AppleWebKit/537.36 (KHTML, like Gecko; compatible; GPTBot/1.4; +https://openai.com/gptbot)"
148.113.130.236 - - [11/Jun/2026:04:40:37 +0700] "GET /products/79033261179 HTTP/2" 200 19519 "-" "Mozilla/5.0 (compatible; AhrefsBot/7.0; +http://ahrefs.com/robot/)"
15.235.98.148 - - [11/Jun/2026:04:40:40 +0700] "GET /products/79033260331 HTTP/2" 200 19519 "-" "Mozilla/5.0 (compatible; AhrefsBot/7.0; +http://ahrefs.com/robot/)"
74.7.243.201 - - [11/Jun/2026:04:40:37 +0700] "GET /san-pham/ss-crew-california-sub-river-island/?path=/var/www/vhosts/dienmaychuyennghiep.com/.cagefs/var/php HTTP/2" 200 59945 "https://www.dienmaychuyennghiep.com/san-pham/ss-crew-california-sub-river-island/?path=/var/www/vhosts/dienmaychuyennghiep.com/.cagefs/var" "Mozilla/5.0 AppleWebKit/537.36 (KHTML, like Gecko; compatible; GPTBot/1.4; +https://openai.com/gptbot)"
216.73.216.144 - - [11/Jun/2026:04:40:42 +0700] "GET /san-pham/may-duc-be-tong-kzg06-6s/feed/?filesrc=%2Fvar%2Fwww%2Fvhosts%2Fdienmaychuyennghiep.com%2Fhttpdocs%2Fwp-admin%2Fimages%2Fprivacy.svg&path=%2Fvar%2Fwww%2Fvhosts%2Fdienmaychuyennghiep.com%2Fhttpdocs%2Fwp-admin%2Fimages HTTP/2" 403 370 "-" "Mozilla/5.0 AppleWebKit/537.36 (KHTML, like Gecko; compatible; ClaudeBot/1.0; +claudebot@anthropic.com)"
216.73.216.144 - - [11/Jun/2026:04:40:42 +0700] "GET /san-pham/may-duc-be-tong-kzg06-6s/feed/?filesrc=%2Fvar%2Fwww%2Fvhosts%2Fdienmaychuyennghiep.com%2Fhttpdocs%2Fwp-admin%2Fimages%2Fsort-2x.gif&path=%2Fvar%2Fwww%2Fvhosts%2Fdienmaychuyennghiep.com%2Fhttpdocs%2Fwp-admin%2Fimages HTTP/2" 403 370 "-" "Mozilla/5.0 AppleWebKit/537.36 (KHTML, like Gecko; compatible; ClaudeBot/1.0; +claudebot@anthropic.com)"
216.73.216.144 - - [11/Jun/2026:04:40:42 +0700] "GET /san-pham/may-duc-be-tong-kzg06-6s/feed/?filesrc=%2Fvar%2Fwww%2Fvhosts%2Fdienmaychuyennghiep.com%2Fhttpdocs%2Fwp-admin%2Fimages%2Fmedia-button-image.gif&path=%2Fvar%2Fwww%2Fvhosts%2Fdienmaychuyennghiep.com%2Fhttpdocs%2Fwp-admin%2Fimages HTTP/2" 403 370 "-" "Mozilla/5.0 AppleWebKit/537.36 (KHTML, like Gecko; compatible; ClaudeBot/1.0; +claudebot@anthropic.com)"
216.73.216.144 - - [11/Jun/2026:04:40:42 +0700] "GET /san-pham/may-duc-be-tong-kzg06-6s/feed/?filesrc=%2Fvar%2Fwww%2Fvhosts%2Fdienmaychuyennghiep.com%2Fhttpdocs%2Fwp-admin%2Fimages%2Fgeneric.png&path=%2Fvar%2Fwww%2Fvhosts%2Fdienmaychuyennghiep.com%2Fhttpdocs%2Fwp-admin%2Fimages HTTP/2" 403 370 "-" "Mozilla/5.0 AppleWebKit/537.36 (KHTML, like Gecko; compatible; ClaudeBot/1.0; +claudebot@anthropic.com)"
216.73.216.144 - - [11/Jun/2026:04:40:42 +0700] "GET /san-pham/may-duc-be-tong-kzg06-6s/feed/?filesrc=%2Fvar%2Fwww%2Fvhosts%2Fdienmaychuyennghiep.com%2Fhttpdocs%2Fwp-admin%2Fimages%2Fabout-release-logo.svg&path=%2Fvar%2Fwww%2Fvhosts%2Fdienmaychuyennghiep.com%2Fhttpdocs%2Fwp-admin%2Fimages HTTP/2" 403 370 "-" "Mozilla/5.0 AppleWebKit/537.36 (KHTML, like Gecko; compatible; ClaudeBot/1.0; +claudebot@anthropic.com)"
216.73.216.144 - - [11/Jun/2026:04:40:42 +0700] "GET /san-pham/may-duc-be-tong-kzg06-6s/feed/?filesrc=%2Fvar%2Fwww%2Fvhosts%2Fdienmaychuyennghiep.com%2Fhttpdocs%2Fwp-admin%2Fimages%2Fabout-header-freedoms.webp&path=%2Fvar%2Fwww%2Fvhosts%2Fdienmaychuyennghiep.com%2Fhttpdocs%2Fwp-admin%2Fimages HTTP/2" 403 370 "-" "Mozilla/5.0 AppleWebKit/537.36 (KHTML, like Gecko; compatible; ClaudeBot/1.0; +claudebot@anthropic.com)"
216.73.216.144 - - [11/Jun/2026:04:40:42 +0700] "GET /san-pham/may-duc-be-tong-kzg06-6s/feed/?filesrc=%2Fvar%2Fwww%2Fvhosts%2Fdienmaychuyennghiep.com%2Fhttpdocs%2Fwp-admin%2Fimages%2Falign-left.png&path=%2Fvar%2Fwww%2Fvhosts%2Fdienmaychuyennghiep.com%2Fhttpdocs%2Fwp-admin%2Fimages HTTP/2" 403 370 "-" "Mozilla/5.0 AppleWebKit/537.36 (KHTML, like Gecko; compatible; ClaudeBot/1.0; +claudebot@anthropic.com)"
216.73.216.144 - - [11/Jun/2026:04:40:42 +0700] "GET /san-pham/may-duc-be-tong-kzg06-6s/feed/?filesrc=%2Fvar%2Fwww%2Fvhosts%2Fdienmaychuyennghiep.com%2Fhttpdocs%2Fwp-admin%2Fimages%2Fcomment-grey-bubble.png&path=%2Fvar%2Fwww%2Fvhosts%2Fdienmaychuyennghiep.com%2Fhttpdocs%2Fwp-admin%2Fimages HTTP/2" 403 370 "-" "Mozilla/5.0 AppleWebKit/537.36 (KHTML, like Gecko; compatible; ClaudeBot/1.0; +claudebot@anthropic.com)"
216.73.216.144 - - [11/Jun/2026:04:40:42 +0700] "GET /san-pham/may-duc-be-tong-kzg06-6s/feed/?filesrc=%2Fvar%2Fwww%2Fvhosts%2Fdienmaychuyennghiep.com%2Fhttpdocs%2Fwp-admin%2Fimages%2Fwordpress-logo.png&path=%2Fvar%2Fwww%2Fvhosts%2Fdienmaychuyennghiep.com%2Fhttpdocs%2Fwp-admin%2Fimages HTTP/2" 403 370 "-" "Mozilla/5.0 AppleWebKit/537.36 (KHTML, like Gecko; compatible; ClaudeBot/1.0; +claudebot@anthropic.com)"
216.73.216.144 - - [11/Jun/2026:04:40:42 +0700] "GET /san-pham/may-duc-be-tong-kzg06-6s/feed/?filesrc=%2Fvar%2Fwww%2Fvhosts%2Fdienmaychuyennghiep.com%2Fhttpdocs%2Fwp-admin%2Fimages%2Fresize-rtl.gif&path=%2Fvar%2Fwww%2Fvhosts%2Fdienmaychuyennghiep.com%2Fhttpdocs%2Fwp-admin%2Fimages HTTP/2" 403 370 "-" "Mozilla/5.0 AppleWebKit/537.36 (KHTML, like Gecko; compatible; ClaudeBot/1.0; +claudebot@anthropic.com)"
74.7.227.12 - - [11/Jun/2026:04:40:41 +0700] "GET /san-pham/may-khoan-van-vit-dung-pin-dartek-q3-50-1/?filesrc=/var/www/vhosts/dienmaychuyennghiep.com/httpdocs/wp-links-opml.php&path=/var/www/vhosts/dienmaychuyennghiep.com/httpdocs HTTP/2" 200 62916 "https://www.pemco.com.vn/san-pham/may-khoan-van-vit-dung-pin-dartek-q3-50-1/" "Mozilla/5.0 AppleWebKit/537.36 (KHTML, like Gecko; compatible; GPTBot/1.4; +https://openai.com/gptbot)"
216.73.216.144 - - [11/Jun/2026:04:40:43 +0700] "GET /san-pham/may-duc-be-tong-kzg06-6s/feed/?filesrc=%2Fvar%2Fwww%2Fvhosts%2Fdienmaychuyennghiep.com%2Fhttpdocs%2Fwp-admin%2Fimages%2Fbrowser-rtl.png&path=%2Fvar%2Fwww%2Fvhosts%2Fdienmaychuyennghiep.com%2Fhttpdocs%2Fwp-admin%2Fimages HTTP/2" 403 370 "-" "Mozilla/5.0 AppleWebKit/537.36 (KHTML, like Gecko; compatible; ClaudeBot/1.0; +claudebot@anthropic.com)"
216.73.216.144 - - [11/Jun/2026:04:40:42 +0700] "GET /san-pham/may-duc-be-tong-kzg06-6s/feed/?filesrc=%2Fvar%2Fwww%2Fvhosts%2Fdienmaychuyennghiep.com%2Fhttpdocs%2Fwp-admin%2Fimages%2Fspinner.gif&path=%2Fvar%2Fwww%2Fvhosts%2Fdienmaychuyennghiep.com%2Fhttpdocs%2Fwp-admin%2Fimages HTTP/2" 200 21110 "-" "Mozilla/5.0 AppleWebKit/537.36 (KHTML, like Gecko; compatible; ClaudeBot/1.0; +claudebot@anthropic.com)"
74.7.243.201 - - [11/Jun/2026:04:40:42 +0700] "GET /tu-khoa-san-pham/may-khoan-dong-luc-dung-pin/?path=/var/www/vhosts/dienmaychuyennghiep.com/usr/bin HTTP/2" 200 57846 "https://www.dienmaychuyennghiep.com/tu-khoa-san-pham/may-khoan-dong-luc-dung-pin/?path=/var/www/vhosts/dienmaychuyennghiep.com/usr" "Mozilla/5.0 AppleWebKit/537.36 (KHTML, like Gecko; compatible; GPTBot/1.4; +https://openai.com/gptbot)"
54.39.203.48 - - [11/Jun/2026:04:40:45 +0700] "GET /products/79033259425 HTTP/2" 200 19519 "-" "Mozilla/5.0 (compatible; AhrefsBot/7.0; +http://ahrefs.com/robot/)"
74.7.227.12 - - [11/Jun/2026:04:40:43 +0700] "GET /san-pham/may-khoan-dong-luc-stanley-sthr202k-b1/ HTTP/2" 200 62645 "https://www.pemco.com.vn/wp-sitemap-posts-product-1.xml" "Mozilla/5.0 AppleWebKit/537.36 (KHTML, like Gecko; compatible; GPTBot/1.4; +https://openai.com/gptbot)"
74.7.243.201 - - [11/Jun/2026:04:40:45 +0700] "GET /tu-khoa-san-pham/may-hut-bui/?path=/var/www/vhosts/dienmaychuyennghiep.com/httpdocs/.well-known HTTP/2" 200 58101 "https://www.dienmaychuyennghiep.com/tu-khoa-san-pham/may-hut-bui/" "Mozilla/5.0 AppleWebKit/537.36 (KHTML, like Gecko; compatible; GPTBot/1.4; +https://openai.com/gptbot)"
74.7.227.12 - - [11/Jun/2026:04:40:46 +0700] "GET /san-pham/may-khoan-dong-luc-stanley-stdh600k-b1/ HTTP/2" 200 63108 "https://www.pemco.com.vn/wp-sitemap-posts-product-1.xml" "Mozilla/5.0 AppleWebKit/537.36 (KHTML, like Gecko; compatible; GPTBot/1.4; +https://openai.com/gptbot)"
74.7.243.201 - - [11/Jun/2026:04:40:48 +0700] "GET /tu-khoa-san-pham/may-danh-bong/?path=/var/www/vhosts/dienmaychuyennghiep.com/.composer/cache HTTP/2" 200 57718 "https://www.dienmaychuyennghiep.com/tu-khoa-san-pham/may-danh-bong/?path=/var/www/vhosts/dienmaychuyennghiep.com/.composer" "Mozilla/5.0 AppleWebKit/537.36 (KHTML, like Gecko; compatible; GPTBot/1.4; +https://openai.com/gptbot)"
51.222.95.136 - - [11/Jun/2026:04:40:49 +0700] "GET /san-pham/may-khoan-bua-bosch-gbh2-24dre-24mm/feed/ HTTP/2" 200 19964 "-" "Mozilla/5.0 (compatible; AhrefsBot/7.0; +http://ahrefs.com/robot/)"
54.39.136.201 - - [11/Jun/2026:04:40:50 +0700] "GET /products/79033256766 HTTP/2" 200 19519 "-" "Mozilla/5.0 (compatible; AhrefsBot/7.0; +http://ahrefs.com/robot/)"
74.7.227.12 - - [11/Jun/2026:04:40:48 +0700] "GET /san-pham/may-duc-mong-go-dongcheng-ktomer-t3816/ HTTP/2" 200 63127 "https://www.pemco.com.vn/wp-sitemap-posts-product-1.xml" "Mozilla/5.0 AppleWebKit/537.36 (KHTML, like Gecko; compatible; GPTBot/1.4; +https://openai.com/gptbot)"
74.7.243.201 - - [11/Jun/2026:04:40:50 +0700] "GET /tu-khoa-san-pham/may-cha-bang/?path=/var/www/vhosts/dienmaychuyennghiep.com/httpdocs/.well-known HTTP/2" 200 56132 "https://www.dienmaychuyennghiep.com/tu-khoa-san-pham/may-cha-bang/" "Mozilla/5.0 AppleWebKit/537.36 (KHTML, like Gecko; compatible; GPTBot/1.4; +https://openai.com/gptbot)"
74.7.227.12 - - [11/Jun/2026:04:40:51 +0700] "GET /san-pham/may-khoan-dung-pin-dewalt-dcd801n-b1/ HTTP/2" 200 62732 "https://www.pemco.com.vn/wp-sitemap-posts-product-1.xml" "Mozilla/5.0 AppleWebKit/537.36 (KHTML, like Gecko; compatible; GPTBot/1.4; +https://openai.com/gptbot)"
114.119.131.210 - - [11/Jun/2026:04:40:52 +0700] "GET /san-pham/may-cha-nham-dia-makita-gv7000c/?path=/var/www/vhosts/dienmaychuyennghiep.com HTTP/1.1" 200 63612 "https://www.pemco.vn/san-pham/may-cha-nham-dia-makita-gv7000c/" "Mozilla/5.0 (Linux; Android 7.0;) AppleWebKit/537.36 (HTML, like Gecko) Mobile Safari/537.36 (compatible; PetalBot;+https://webmaster.petalsearch.com/site/petalbot)"
216.73.216.144 - - [11/Jun/2026:04:40:54 +0700] "GET /san-pham/may-duc-be-tong-kzg06-6s/feed/?filesrc=%2Fvar%2Fwww%2Fvhosts%2Fdienmaychuyennghiep.com%2Fhttpdocs%2Fwp-admin%2Fimages%2Fabout-texture.png&path=%2Fvar%2Fwww%2Fvhosts%2Fdienmaychuyennghiep.com%2Fhttpdocs%2Fwp-admin%2Fimages HTTP/2" 403 370 "-" "Mozilla/5.0 AppleWebKit/537.36 (KHTML, like Gecko; compatible; ClaudeBot/1.0; +claudebot@anthropic.com)"
216.73.216.144 - - [11/Jun/2026:04:40:54 +0700] "GET /san-pham/may-duc-be-tong-kzg06-6s/feed/?filesrc=%2Fvar%2Fwww%2Fvhosts%2Fdienmaychuyennghiep.com%2Fhttpdocs%2Fwp-admin%2Fimages%2Fmenu-vs.png&path=%2Fvar%2Fwww%2Fvhosts%2Fdienmaychuyennghiep.com%2Fhttpdocs%2Fwp-admin%2Fimages HTTP/2" 403 370 "-" "Mozilla/5.0 AppleWebKit/537.36 (KHTML, like Gecko; compatible; ClaudeBot/1.0; +claudebot@anthropic.com)"
216.73.216.144 - - [11/Jun/2026:04:40:54 +0700] "GET /san-pham/may-duc-be-tong-kzg06-6s/feed/?filesrc=%2Fvar%2Fwww%2Fvhosts%2Fdienmaychuyennghiep.com%2Fhttpdocs%2Fwp-admin%2Fimages%2Falign-right.png&path=%2Fvar%2Fwww%2Fvhosts%2Fdienmaychuyennghiep.com%2Fhttpdocs%2Fwp-admin%2Fimages HTTP/2" 403 370 "-" "Mozilla/5.0 AppleWebKit/537.36 (KHTML, like Gecko; compatible; ClaudeBot/1.0; +claudebot@anthropic.com)"
216.73.216.144 - - [11/Jun/2026:04:40:54 +0700] "GET /san-pham/may-duc-be-tong-kzg06-6s/feed/?filesrc=%2Fvar%2Fwww%2Fvhosts%2Fdienmaychuyennghiep.com%2Fhttpdocs%2Fwp-admin%2Fimages%2Fcontribute-main.svg&path=%2Fvar%2Fwww%2Fvhosts%2Fdienmaychuyennghiep.com%2Fhttpdocs%2Fwp-admin%2Fimages HTTP/2" 403 370 "-" "Mozilla/5.0 AppleWebKit/537.36 (KHTML, like Gecko; compatible; ClaudeBot/1.0; +claudebot@anthropic.com)"
216.73.216.144 - - [11/Jun/2026:04:40:54 +0700] "GET /san-pham/may-duc-be-tong-kzg06-6s/feed/?filesrc=%2Fvar%2Fwww%2Fvhosts%2Fdienmaychuyennghiep.com%2Fhttpdocs%2Fwp-admin%2Fimages%2Fresize-2x.gif&path=%2Fvar%2Fwww%2Fvhosts%2Fdienmaychuyennghiep.com%2Fhttpdocs%2Fwp-admin%2Fimages HTTP/2" 403 370 "-" "Mozilla/5.0 AppleWebKit/537.36 (KHTML, like Gecko; compatible; ClaudeBot/1.0; +claudebot@anthropic.com)"
216.73.216.144 - - [11/Jun/2026:04:40:54 +0700] "GET /san-pham/may-duc-be-tong-kzg06-6s/feed/?filesrc=%2Fvar%2Fwww%2Fvhosts%2Fdienmaychuyennghiep.com%2Fhttpdocs%2Fwp-admin%2Fimages%2Fresize-rtl-2x.gif&path=%2Fvar%2Fwww%2Fvhosts%2Fdienmaychuyennghiep.com%2Fhttpdocs%2Fwp-admin%2Fimages HTTP/2" 403 370 "-" "Mozilla/5.0 AppleWebKit/537.36 (KHTML, like Gecko; compatible; ClaudeBot/1.0; +claudebot@anthropic.com)"
216.73.216.144 - - [11/Jun/2026:04:40:54 +0700] "GET /san-pham/may-duc-be-tong-kzg06-6s/feed/?filesrc=%2Fvar%2Fwww%2Fvhosts%2Fdienmaychuyennghiep.com%2Fhttpdocs%2Fwp-admin%2Fimages%2Fbubble_bg.gif&path=%2Fvar%2Fwww%2Fvhosts%2Fdienmaychuyennghiep.com%2Fhttpdocs%2Fwp-admin%2Fimages HTTP/2" 403 370 "-" "Mozilla/5.0 AppleWebKit/537.36 (KHTML, like Gecko; compatible; ClaudeBot/1.0; +claudebot@anthropic.com)"
216.73.216.144 - - [11/Jun/2026:04:40:54 +0700] "GET /san-pham/may-duc-be-tong-kzg06-6s/feed/?filesrc=%2Fvar%2Fwww%2Fvhosts%2Fdienmaychuyennghiep.com%2Fhttpdocs%2Fwp-admin%2Fimages%2Fmenu.png&path=%2Fvar%2Fwww%2Fvhosts%2Fdienmaychuyennghiep.com%2Fhttpdocs%2Fwp-admin%2Fimages HTTP/2" 403 370 "-" "Mozilla/5.0 AppleWebKit/537.36 (KHTML, like Gecko; compatible; ClaudeBot/1.0; +claudebot@anthropic.com)"
216.73.216.144 - - [11/Jun/2026:04:40:54 +0700] "GET /san-pham/may-duc-be-tong-kzg06-6s/feed/?filesrc=%2Fvar%2Fwww%2Fvhosts%2Fdienmaychuyennghiep.com%2Fhttpdocs%2Fwp-admin%2Fimages%2Fabout-header-freedoms-rtl.webp&path=%2Fvar%2Fwww%2Fvhosts%2Fdienmaychuyennghiep.com%2Fhttpdocs%2Fwp-admin%2Fimages HTTP/2" 403 370 "-" "Mozilla/5.0 AppleWebKit/537.36 (KHTML, like Gecko; compatible; ClaudeBot/1.0; +claudebot@anthropic.com)"
216.73.216.144 - - [11/Jun/2026:04:40:54 +0700] "GET /san-pham/may-duc-be-tong-kzg06-6s/feed/?filesrc=%2Fvar%2Fwww%2Fvhosts%2Fdienmaychuyennghiep.com%2Fhttpdocs%2Fwp-admin%2Fimages%2Falign-left-2x.png&path=%2Fvar%2Fwww%2Fvhosts%2Fdienmaychuyennghiep.com%2Fhttpdocs%2Fwp-admin%2Fimages HTTP/2" 403 370 "-" "Mozilla/5.0 AppleWebKit/537.36 (KHTML, like Gecko; compatible; ClaudeBot/1.0; +claudebot@anthropic.com)"
216.73.216.144 - - [11/Jun/2026:04:40:54 +0700] "GET /san-pham/may-duc-be-tong-bosch-gsh-5/whatsapp:/send?filesrc=%2Fvar%2Fwww%2Fvhosts%2Fdienmaychuyennghiep.com%2Flogs%2Fxferlog_regular&path=%2Fvar%2Fwww%2Fvhosts%2Fdienmaychuyennghiep.com%2Flogs HTTP/2" 403 370 "-" "Mozilla/5.0 AppleWebKit/537.36 (KHTML, like Gecko; compatible; ClaudeBot/1.0; +claudebot@anthropic.com)"
216.73.216.144 - - [11/Jun/2026:04:40:55 +0700] "GET /san-pham/may-duc-be-tong-kzg06-6s/feed/?filesrc=%2Fvar%2Fwww%2Fvhosts%2Fdienmaychuyennghiep.com%2Fhttpdocs%2Fwp-admin%2Fimages%2Falign-none.png&path=%2Fvar%2Fwww%2Fvhosts%2Fdienmaychuyennghiep.com%2Fhttpdocs%2Fwp-admin%2Fimages HTTP/2" 403 370 "-" "Mozilla/5.0 AppleWebKit/537.36 (KHTML, like Gecko; compatible; ClaudeBot/1.0; +claudebot@anthropic.com)"
74.7.243.201 - - [11/Jun/2026:04:40:53 +0700] "GET /danh-muc-san-pham/may-danh-bong-dung-pin/?path=/var/www/vhosts/dienmaychuyennghiep.com/usr/libexec HTTP/2" 200 55920 "https://www.dienmaychuyennghiep.com/danh-muc-san-pham/may-danh-bong-dung-pin/?path=/var/www/vhosts/dienmaychuyennghiep.com/usr" "Mozilla/5.0 AppleWebKit/537.36 (KHTML, like Gecko; compatible; GPTBot/1.4; +https://openai.com/gptbot)"
74.7.227.12 - - [11/Jun/2026:04:40:54 +0700] "GET /san-pham/may-khoan-cam-tay-stanley-shr263k-b1/ HTTP/2" 200 62779 "https://www.pemco.com.vn/wp-sitemap-posts-product-1.xml" "Mozilla/5.0 AppleWebKit/537.36 (KHTML, like Gecko; compatible; GPTBot/1.4; +https://openai.com/gptbot)"
142.44.220.128 - - [11/Jun/2026:04:40:55 +0700] "GET /products/79033253359 HTTP/2" 200 19519 "-" "Mozilla/5.0 (compatible; AhrefsBot/7.0; +http://ahrefs.com/robot/)"
74.7.243.201 - - [11/Jun/2026:04:40:55 +0700] "GET /danh-muc-san-pham/may-danh-bong-dung-pin/?path=/var/www/vhosts/dienmaychuyennghiep.com/.cl.selector HTTP/2" 200 55942 "https://www.dienmaychuyennghiep.com/danh-muc-san-pham/may-danh-bong-dung-pin/?path=/var/www/vhosts/dienmaychuyennghiep.com" "Mozilla/5.0 AppleWebKit/537.36 (KHTML, like Gecko; compatible; GPTBot/1.4; +https://openai.com/gptbot)"
74.7.227.12 - - [11/Jun/2026:04:40:56 +0700] "GET /san-pham/may-khoan-be-tong-dongcheng-dzc05-26/ HTTP/2" 200 63199 "https://www.pemco.com.vn/wp-sitemap-posts-product-1.xml" "Mozilla/5.0 AppleWebKit/537.36 (KHTML, like Gecko; compatible; GPTBot/1.4; +https://openai.com/gptbot)"
74.7.243.201 - - [11/Jun/2026:04:40:58 +0700] "GET /san-pham/ss-crew-california-sub-river-island/?filesrc=/var/www/vhosts/dienmaychuyennghiep.com/usr/bin/bash&path=/var/www/vhosts/dienmaychuyennghiep.com/usr/bin HTTP/2" 200 556593 "https://www.dienmaychuyennghiep.com/san-pham/ss-crew-california-sub-river-island/?path=/var/www/vhosts/dienmaychuyennghiep.com/usr/bin" "Mozilla/5.0 AppleWebKit/537.36 (KHTML, like Gecko; compatible; GPTBot/1.4; +https://openai.com/gptbot)"
74.7.227.12 - - [11/Jun/2026:04:40:58 +0700] "GET /san-pham/may-thoi-hoi-nong-stanley-stel670-b1/ HTTP/2" 200 62827 "https://www.pemco.com.vn/wp-sitemap-posts-product-1.xml" "Mozilla/5.0 AppleWebKit/537.36 (KHTML, like Gecko; compatible; GPTBot/1.4; +https://openai.com/gptbot)"
51.161.65.183 - - [11/Jun/2026:04:41:00 +0700] "GET /products/79033250192 HTTP/2" 200 19519 "-" "Mozilla/5.0 (compatible; AhrefsBot/7.0; +http://ahrefs.com/robot/)"
142.44.225.156 - - [11/Jun/2026:04:41:00 +0700] "GET /products/79164148240 HTTP/2" 200 19519 "-" "Mozilla/5.0 (compatible; AhrefsBot/7.0; +http://ahrefs.com/robot/)"
74.7.227.12 - - [11/Jun/2026:04:41:01 +0700] "GET /danh-muc-san-pham/may-cam-tay/may-thoi-gio-thoi-nong/ HTTP/2" 200 59234 "https://www.pemco.com.vn/wp-sitemap-taxonomies-product_cat-1.xml" "Mozilla/5.0 AppleWebKit/537.36 (KHTML, like Gecko; compatible; GPTBot/1.4; +https://openai.com/gptbot)"
74.7.243.201 - - [11/Jun/2026:04:41:01 +0700] "GET /tu-khoa-san-pham/may-duc-be-tong/?path=/var/www/vhosts/dienmaychuyennghiep.com/httpdocs/wordpress HTTP/2" 200 58234 "https://www.dienmaychuyennghiep.com/tu-khoa-san-pham/may-duc-be-tong/" "Mozilla/5.0 AppleWebKit/537.36 (KHTML, like Gecko; compatible; GPTBot/1.4; +https://openai.com/gptbot)"
54.39.0.233 - - [11/Jun/2026:04:41:04 +0700] "GET /products/79033249140 HTTP/2" 200 19519 "-" "Mozilla/5.0 (compatible; AhrefsBot/7.0; +http://ahrefs.com/robot/)"
74.7.243.201 - - [11/Jun/2026:04:41:04 +0700] "GET /tu-khoa-san-pham/may-khoan-rut-loi-be-tong/?path=/var/www/vhosts/dienmaychuyennghiep.com/httpdocs HTTP/2" 200 57187 "https://www.dienmaychuyennghiep.com/tu-khoa-san-pham/may-khoan-rut-loi-be-tong/" "Mozilla/5.0 AppleWebKit/537.36 (KHTML, like Gecko; compatible; GPTBot/1.4; +https://openai.com/gptbot)"
74.7.227.12 - - [11/Jun/2026:04:41:04 +0700] "GET /san-pham/may-khoan-dong-luc-makita-hr5212c-52mm/ HTTP/2" 200 63169 "https://www.pemco.com.vn/wp-sitemap-posts-product-1.xml" "Mozilla/5.0 AppleWebKit/537.36 (KHTML, like Gecko; compatible; GPTBot/1.4; +https://openai.com/gptbot)"
54.39.0.182 - - [11/Jun/2026:04:41:05 +0700] "GET /products/79164122770 HTTP/2" 200 19519 "-" "Mozilla/5.0 (compatible; AhrefsBot/7.0; +http://ahrefs.com/robot/)"
54.39.0.124 - - [11/Jun/2026:04:41:05 +0700] "GET /products/7916412741 HTTP/2" 200 19519 "-" "Mozilla/5.0 (compatible; AhrefsBot/7.0; +http://ahrefs.com/robot/)"
52.167.144.234 - - [11/Jun/2026:04:41:06 +0700] "GET /wp-content/uploads/2024/07/M9204B-4-768x768.png HTTP/2" 200 463136 "-" "Mozilla/5.0 AppleWebKit/537.36 (KHTML, like Gecko; compatible; bingbot/2.0; +http://www.bing.com/bingbot.htm) Chrome/116.0.1938.76 Safari/537.36"
54.39.203.165 - - [11/Jun/2026:04:41:06 +0700] "GET /products/79164102921 HTTP/2" 200 19519 "-" "Mozilla/5.0 (compatible; AhrefsBot/7.0; +http://ahrefs.com/robot/)"
15.235.98.232 - - [11/Jun/2026:04:41:06 +0700] "GET /products/79164109423 HTTP/2" 200 19756 "-" "Mozilla/5.0 (compatible; AhrefsBot/7.0; +http://ahrefs.com/robot/)"
51.161.37.77 - - [11/Jun/2026:04:41:08 +0700] "GET /products/79033248840 HTTP/2" 200 19519 "-" "Mozilla/5.0 (compatible; AhrefsBot/7.0; +http://ahrefs.com/robot/)"
74.7.227.12 - - [11/Jun/2026:04:41:07 +0700] "GET /san-pham/may-cha-nham-chu-nhat-dartek-pos6001/ HTTP/2" 200 62389 "https://www.pemco.com.vn/wp-sitemap-posts-product-1.xml" "Mozilla/5.0 AppleWebKit/537.36 (KHTML, like Gecko; compatible; GPTBot/1.4; +https://openai.com/gptbot)"
142.44.228.189 - - [11/Jun/2026:04:41:09 +0700] "GET /products/7903388850 HTTP/2" 200 19519 "-" "Mozilla/5.0 (compatible; AhrefsBot/7.0; +http://ahrefs.com/robot/)"
74.7.243.201 - - [11/Jun/2026:04:41:07 +0700] "GET /featured_item/flat-t-shirt-company/?path=/var/www/vhosts/dienmaychuyennghiep.com/httpdocs/.well-known HTTP/2" 200 54401 "https://www.dienmaychuyennghiep.com/featured_item/flat-t-shirt-company/" "Mozilla/5.0 AppleWebKit/537.36 (KHTML, like Gecko; compatible; GPTBot/1.4; +https://openai.com/gptbot)"
51.161.65.72 - - [11/Jun/2026:04:41:09 +0700] "GET /products/7903384625 HTTP/2" 200 19519 "-" "Mozilla/5.0 (compatible; AhrefsBot/7.0; +http://ahrefs.com/robot/)"
148.113.128.83 - - [11/Jun/2026:04:41:10 +0700] "GET /products/7903379309 HTTP/2" 200 19519 "-" "Mozilla/5.0 (compatible; AhrefsBot/7.0; +http://ahrefs.com/robot/)"
74.7.227.12 - - [11/Jun/2026:04:41:10 +0700] "GET /san-pham/may-han-tig-dc-que-hong-ky-eco-hktig200e/ HTTP/2" 200 63643 "https://www.pemco.com.vn/wp-sitemap-posts-product-1.xml" "Mozilla/5.0 AppleWebKit/537.36 (KHTML, like Gecko; compatible; GPTBot/1.4; +https://openai.com/gptbot)"
51.222.95.78 - - [11/Jun/2026:04:41:11 +0700] "GET /products/7903369012 HTTP/2" 200 19519 "-" "Mozilla/5.0 (compatible; AhrefsBot/7.0; +http://ahrefs.com/robot/)"
216.73.216.144 - - [11/Jun/2026:04:41:13 +0700] "GET /san-pham/may-duc-be-tong-kzg06-6s/feed/?filesrc=%2Fvar%2Fwww%2Fvhosts%2Fdienmaychuyennghiep.com%2Fhttpdocs%2Fwp-admin%2Fimages%2Fmenu-2x.png&path=%2Fvar%2Fwww%2Fvhosts%2Fdienmaychuyennghiep.com%2Fhttpdocs%2Fwp-admin%2Fimages HTTP/2" 403 370 "-" "Mozilla/5.0 AppleWebKit/537.36 (KHTML, like Gecko; compatible; ClaudeBot/1.0; +claudebot@anthropic.com)"
216.73.216.144 - - [11/Jun/2026:04:41:13 +0700] "GET /san-pham/may-duc-be-tong-kzg06-6s/feed/?filesrc=%2Fvar%2Fwww%2Fvhosts%2Fdienmaychuyennghiep.com%2Fhttpdocs%2Fwp-admin%2Fimages%2Ffreedom-4.svg&path=%2Fvar%2Fwww%2Fvhosts%2Fdienmaychuyennghiep.com%2Fhttpdocs%2Fwp-admin%2Fimages HTTP/2" 403 370 "-" "Mozilla/5.0 AppleWebKit/537.36 (KHTML, like Gecko; compatible; ClaudeBot/1.0; +claudebot@anthropic.com)"
216.73.216.144 - - [11/Jun/2026:04:41:13 +0700] "GET /san-pham/may-duc-be-tong-kzg06-6s/feed/?filesrc=%2Fvar%2Fwww%2Fvhosts%2Fdienmaychuyennghiep.com%2Fhttpdocs%2Fwp-admin%2Fimages%2Fabout-release-badge.svg&path=%2Fvar%2Fwww%2Fvhosts%2Fdienmaychuyennghiep.com%2Fhttpdocs%2Fwp-admin%2Fimages HTTP/2" 403 370 "-" "Mozilla/5.0 AppleWebKit/537.36 (KHTML, like Gecko; compatible; ClaudeBot/1.0; +claudebot@anthropic.com)"
216.73.216.144 - - [11/Jun/2026:04:41:13 +0700] "GET /san-pham/may-duc-be-tong-kzg06-6s/feed/?filesrc=%2Fvar%2Fwww%2Fvhosts%2Fdienmaychuyennghiep.com%2Fhttpdocs%2Fwp-admin%2Fimages%2Fxit.gif&path=%2Fvar%2Fwww%2Fvhosts%2Fdienmaychuyennghiep.com%2Fhttpdocs%2Fwp-admin%2Fimages HTTP/2" 403 370 "-" "Mozilla/5.0 AppleWebKit/537.36 (KHTML, like Gecko; compatible; ClaudeBot/1.0; +claudebot@anthropic.com)"
216.73.216.144 - - [11/Jun/2026:04:41:13 +0700] "GET /san-pham/may-duc-be-tong-kzg06-6s/feed/?filesrc=%2Fvar%2Fwww%2Fvhosts%2Fdienmaychuyennghiep.com%2Fhttpdocs%2Fwp-admin%2Fimages%2Ffreedom-3.svg&path=%2Fvar%2Fwww%2Fvhosts%2Fdienmaychuyennghiep.com%2Fhttpdocs%2Fwp-admin%2Fimages HTTP/2" 403 370 "-" "Mozilla/5.0 AppleWebKit/537.36 (KHTML, like Gecko; compatible; ClaudeBot/1.0; +claudebot@anthropic.com)"
216.73.216.144 - - [11/Jun/2026:04:41:13 +0700] "GET /san-pham/may-duc-be-tong-kzg06-6s/feed/?filesrc=%2Fvar%2Fwww%2Fvhosts%2Fdienmaychuyennghiep.com%2Fhttpdocs%2Fwp-admin%2Fimages%2Fbubble_bg-2x.gif&path=%2Fvar%2Fwww%2Fvhosts%2Fdienmaychuyennghiep.com%2Fhttpdocs%2Fwp-admin%2Fimages HTTP/2" 403 370 "-" "Mozilla/5.0 AppleWebKit/537.36 (KHTML, like Gecko; compatible; ClaudeBot/1.0; +claudebot@anthropic.com)"
216.73.216.144 - - [11/Jun/2026:04:41:13 +0700] "GET /san-pham/may-duc-be-tong-kzg06-6s/feed/?filesrc=%2Fvar%2Fwww%2Fvhosts%2Fdienmaychuyennghiep.com%2Fhttpdocs%2Fwp-admin%2Fimages%2Fspinner-2x.gif&path=%2Fvar%2Fwww%2Fvhosts%2Fdienmaychuyennghiep.com%2Fhttpdocs%2Fwp-admin%2Fimages HTTP/2" 403 370 "-" "Mozilla/5.0 AppleWebKit/537.36 (KHTML, like Gecko; compatible; ClaudeBot/1.0; +claudebot@anthropic.com)"
216.73.216.144 - - [11/Jun/2026:04:41:13 +0700] "GET /san-pham/may-duc-be-tong-kzg06-6s/feed/?filesrc=%2Fvar%2Fwww%2Fvhosts%2Fdienmaychuyennghiep.com%2Fhttpdocs%2Fwp-admin%2Fimages%2Falign-none-2x.png&path=%2Fvar%2Fwww%2Fvhosts%2Fdienmaychuyennghiep.com%2Fhttpdocs%2Fwp-admin%2Fimages HTTP/2" 403 370 "-" "Mozilla/5.0 AppleWebKit/537.36 (KHTML, like Gecko; compatible; ClaudeBot/1.0; +claudebot@anthropic.com)"
216.73.216.144 - - [11/Jun/2026:04:41:13 +0700] "GET /san-pham/may-duc-be-tong-kzg06-6s/feed/?filesrc=%2Fvar%2Fwww%2Fvhosts%2Fdienmaychuyennghiep.com%2Fhttpdocs%2Fwp-admin%2Fimages%2Fcomment-grey-bubble-2x.png&path=%2Fvar%2Fwww%2Fvhosts%2Fdienmaychuyennghiep.com%2Fhttpdocs%2Fwp-admin%2Fimages HTTP/2" 403 370 "-" "Mozilla/5.0 AppleWebKit/537.36 (KHTML, like Gecko; compatible; ClaudeBot/1.0; +claudebot@anthropic.com)"
216.73.216.144 - - [11/Jun/2026:04:41:13 +0700] "GET /san-pham/may-duc-be-tong-kzg06-6s/feed/?filesrc=%2Fvar%2Fwww%2Fvhosts%2Fdienmaychuyennghiep.com%2Fhttpdocs%2Fwp-admin%2Fimages%2Fmenu-vs-2x.png&path=%2Fvar%2Fwww%2Fvhosts%2Fdienmaychuyennghiep.com%2Fhttpdocs%2Fwp-admin%2Fimages HTTP/2" 403 370 "-" "Mozilla/5.0 AppleWebKit/537.36 (KHTML, like Gecko; compatible; ClaudeBot/1.0; +claudebot@anthropic.com)"
216.73.216.144 - - [11/Jun/2026:04:41:13 +0700] "GET /san-pham/may-duc-be-tong-kzg06-6s/feed/?filesrc=%2Fvar%2Fwww%2Fvhosts%2Fdienmaychuyennghiep.com%2Fhttpdocs%2Fwp-admin%2Fimages%2Fmedia-button.png&path=%2Fvar%2Fwww%2Fvhosts%2Fdienmaychuyennghiep.com%2Fhttpdocs%2Fwp-admin%2Fimages HTTP/2" 403 370 "-" "Mozilla/5.0 AppleWebKit/537.36 (KHTML, like Gecko; compatible; ClaudeBot/1.0; +claudebot@anthropic.com)"
216.73.216.144 - - [11/Jun/2026:04:41:13 +0700] "GET /san-pham/may-duc-be-tong-kzg06-6s/feed/?filesrc=%2Fvar%2Fwww%2Fvhosts%2Fdienmaychuyennghiep.com%2Fhttpdocs%2Fwp-admin%2Fimages%2Ffreedom-2.svg&path=%2Fvar%2Fwww%2Fvhosts%2Fdienmaychuyennghiep.com%2Fhttpdocs%2Fwp-admin%2Fimages HTTP/2" 403 370 "-" "Mozilla/5.0 AppleWebKit/537.36 (KHTML, like Gecko; compatible; ClaudeBot/1.0; +claudebot@anthropic.com)"
54.39.6.47 - - [11/Jun/2026:04:41:11 +0700] "GET /products/790336883 HTTP/2" 200 19519 "-" "Mozilla/5.0 (compatible; AhrefsBot/7.0; +http://ahrefs.com/robot/)"
74.7.243.201 - - [11/Jun/2026:04:41:10 +0700] "GET /san-pham/ss-crew-california-sub-river-island/?path=/var/www/vhosts/dienmaychuyennghiep.com/.cagefs/var/php/apm HTTP/2" 200 60023 "https://www.dienmaychuyennghiep.com/san-pham/ss-crew-california-sub-river-island/?path=/var/www/vhosts/dienmaychuyennghiep.com/.cagefs/var/php" "Mozilla/5.0 AppleWebKit/537.36 (KHTML, like Gecko; compatible; GPTBot/1.4; +https://openai.com/gptbot)"
142.44.220.163 - - [11/Jun/2026:04:41:11 +0700] "GET /products/79033247804 HTTP/2" 200 19519 "-" "Mozilla/5.0 (compatible; AhrefsBot/7.0; +http://ahrefs.com/robot/)"
74.7.227.12 - - [11/Jun/2026:04:41:13 +0700] "GET /?p=2891 HTTP/2" 200 19519 "https://www.pemco.com.vn/san-pham/may-khoan-dong-luc-stanley-sthr202k-b1/" "Mozilla/5.0 AppleWebKit/537.36 (KHTML, like Gecko; compatible; GPTBot/1.4; +https://openai.com/gptbot)"
74.7.227.12 - - [11/Jun/2026:04:41:15 +0700] "GET /wp-content/uploads/2025/10/may-khoan-dong-luc-stanley-sdh600k-b1-600w1-700x467-1.jpg HTTP/2" 200 29204 "https://www.pemco.com.vn/san-pham/may-khoan-dong-luc-stanley-stdh600k-b1/" "Mozilla/5.0 AppleWebKit/537.36 (KHTML, like Gecko; compatible; GPTBot/1.4; +https://openai.com/gptbot)"
74.7.243.201 - - [11/Jun/2026:04:41:13 +0700] "GET /tu-khoa-san-pham/may-cua-dien/?path=/var/www/vhosts/dienmaychuyennghiep.com/httpdocs/.well-known HTTP/2" 200 55975 "https://www.dienmaychuyennghiep.com/tu-khoa-san-pham/may-cua-dien/" "Mozilla/5.0 AppleWebKit/537.36 (KHTML, like Gecko; compatible; GPTBot/1.4; +https://openai.com/gptbot)"
148.113.128.179 - - [11/Jun/2026:04:41:15 +0700] "GET /products/7903356615 HTTP/2" 200 19519 "-" "Mozilla/5.0 (compatible; AhrefsBot/7.0; +http://ahrefs.com/robot/)"
74.7.227.12 - - [11/Jun/2026:04:41:15 +0700] "GET /?p=8665 HTTP/2" 200 19756 "https://www.pemco.com.vn/san-pham/may-khoan-dong-luc-stanley-stdh600k-b1/" "Mozilla/5.0 AppleWebKit/537.36 (KHTML, like Gecko; compatible; GPTBot/1.4; +https://openai.com/gptbot)"
142.44.233.11 - - [11/Jun/2026:04:41:16 +0700] "GET /products/7903355828 HTTP/2" 200 19519 "-" "Mozilla/5.0 (compatible; AhrefsBot/7.0; +http://ahrefs.com/robot/)"
167.114.139.8 - - [11/Jun/2026:04:41:17 +0700] "GET /products/79033247603 HTTP/2" 200 19519 "-" "Mozilla/5.0 (compatible; AhrefsBot/7.0; +http://ahrefs.com/robot/)"
51.222.168.134 - - [11/Jun/2026:04:41:17 +0700] "GET /products/7903344252 HTTP/2" 200 19519 "-" "Mozilla/5.0 (compatible; AhrefsBot/7.0; +http://ahrefs.com/robot/)"
74.7.227.12 - - [11/Jun/2026:04:41:17 +0700] "GET /?p=8459 HTTP/2" 200 19519 "https://www.pemco.com.vn/san-pham/may-khoan-dung-pin-dewalt-dcd801n-b1/" "Mozilla/5.0 AppleWebKit/537.36 (KHTML, like Gecko; compatible; GPTBot/1.4; +https://openai.com/gptbot)"
74.7.227.12 - - [11/Jun/2026:04:41:18 +0700] "GET /?p=3117 HTTP/2" 200 19519 "https://www.pemco.com.vn/san-pham/may-duc-mong-go-dongcheng-ktomer-t3816/" "Mozilla/5.0 AppleWebKit/537.36 (KHTML, like Gecko; compatible; GPTBot/1.4; +https://openai.com/gptbot)"
74.7.243.201 - - [11/Jun/2026:04:41:16 +0700] "GET /dung-cu-cam-tay/dap-ghim-dinh/?path=/var/www/vhosts/dienmaychuyennghiep.com/httpdocs/.well-known HTTP/2" 200 55047 "https://www.dienmaychuyennghiep.com/dung-cu-cam-tay/dap-ghim-dinh/" "Mozilla/5.0 AppleWebKit/537.36 (KHTML, like Gecko; compatible; GPTBot/1.4; +https://openai.com/gptbot)"
15.235.27.138 - - [11/Jun/2026:04:41:19 +0700] "GET /products/7903339471 HTTP/2" 200 19519 "-" "Mozilla/5.0 (compatible; AhrefsBot/7.0; +http://ahrefs.com/robot/)"
15.235.27.41 - - [11/Jun/2026:04:41:19 +0700] "GET /products/7903339252 HTTP/2" 200 19519 "-" "Mozilla/5.0 (compatible; AhrefsBot/7.0; +http://ahrefs.com/robot/)"
74.7.227.12 - - [11/Jun/2026:04:41:20 +0700] "GET /?p=3105 HTTP/2" 200 19519 "https://www.pemco.com.vn/san-pham/may-khoan-be-tong-dongcheng-dzc05-26/" "Mozilla/5.0 AppleWebKit/537.36 (KHTML, like Gecko; compatible; GPTBot/1.4; +https://openai.com/gptbot)"
103.138.88.26 - - [11/Jun/2026:04:41:22 +0700] "POST /wp-cron.php?doing_wp_cron=1781127682.4422209262847900390625 HTTP/1.1" 200 474 "-" "WordPress/7.0; https://www.dienmaychuyennghiep.com"
74.7.243.201 - - [11/Jun/2026:04:41:19 +0700] "GET /tu-khoa-san-pham/may-danh-bong/?path=/var/www/vhosts/dienmaychuyennghiep.com/.composer/cache/files HTTP/2" 200 57444 "https://www.dienmaychuyennghiep.com/tu-khoa-san-pham/may-danh-bong/?path=/var/www/vhosts/dienmaychuyennghiep.com/.composer/cache" "Mozilla/5.0 AppleWebKit/537.36 (KHTML, like Gecko; compatible; GPTBot/1.4; +https://openai.com/gptbot)"
142.44.225.236 - - [11/Jun/2026:04:41:21 +0700] "GET /products/79033244104 HTTP/2" 200 19756 "-" "Mozilla/5.0 (compatible; AhrefsBot/7.0; +http://ahrefs.com/robot/)"
52.167.144.211 - - [11/Jun/2026:04:41:24 +0700] "GET /wp-content/uploads/2024/06/DWE4118-B1-6-300x300.png HTTP/2" 200 51301 "-" "Mozilla/5.0 AppleWebKit/537.36 (KHTML, like Gecko; compatible; bingbot/2.0; +http://www.bing.com/bingbot.htm) Chrome/116.0.1938.76 Safari/537.36"
54.39.210.42 - - [11/Jun/2026:04:41:22 +0700] "GET /products/79033275486 HTTP/2" 200 19756 "-" "Mozilla/5.0 (compatible; AhrefsBot/7.0; +http://ahrefs.com/robot/)"
54.39.6.3 - - [11/Jun/2026:04:41:22 +0700] "GET /products/79033261179 HTTP/2" 200 19756 "-" "Mozilla/5.0 (compatible; AhrefsBot/7.0; +http://ahrefs.com/robot/)"
148.113.128.75 - - [11/Jun/2026:04:41:21 +0700] "GET /products/7903337146 HTTP/2" 200 19519 "-" "Mozilla/5.0 (compatible; AhrefsBot/7.0; +http://ahrefs.com/robot/)"
54.39.6.194 - - [11/Jun/2026:04:41:24 +0700] "GET /products/79033241444 HTTP/2" 200 19756 "-" "Mozilla/5.0 (compatible; AhrefsBot/7.0; +http://ahrefs.com/robot/)"
74.7.227.12 - - [11/Jun/2026:04:41:22 +0700] "GET /?p=8720 HTTP/2" 200 19519 "https://www.pemco.com.vn/san-pham/may-thoi-hoi-nong-stanley-stel670-b1/" "Mozilla/5.0 AppleWebKit/537.36 (KHTML, like Gecko; compatible; GPTBot/1.4; +https://openai.com/gptbot)"
74.7.227.12 - - [11/Jun/2026:04:41:25 +0700] "GET /?p=2892 HTTP/2" 200 19500 "https://www.pemco.com.vn/san-pham/may-khoan-cam-tay-stanley-shr263k-b1/" "Mozilla/5.0 AppleWebKit/537.36 (KHTML, like Gecko; compatible; GPTBot/1.4; +https://openai.com/gptbot)"
74.7.243.201 - - [11/Jun/2026:04:41:23 +0700] "GET /tu-khoa-san-pham/may-khoan-bua/?path=/var/www/vhosts/dienmaychuyennghiep.com/httpdocs/.well-known HTTP/2" 200 58185 "https://www.dienmaychuyennghiep.com/tu-khoa-san-pham/may-khoan-bua/" "Mozilla/5.0 AppleWebKit/537.36 (KHTML, like Gecko; compatible; GPTBot/1.4; +https://openai.com/gptbot)"
74.7.227.12 - - [11/Jun/2026:04:41:27 +0700] "GET /?p=2202 HTTP/2" 200 19743 "https://www.pemco.com.vn/san-pham/may-khoan-dong-luc-makita-hr5212c-52mm/" "Mozilla/5.0 AppleWebKit/537.36 (KHTML, like Gecko; compatible; GPTBot/1.4; +https://openai.com/gptbot)"
74.7.227.12 - - [11/Jun/2026:04:41:29 +0700] "GET /?p=8763 HTTP/2" 200 19756 "https://www.pemco.com.vn/san-pham/may-cha-nham-chu-nhat-dartek-pos6001/" "Mozilla/5.0 AppleWebKit/537.36 (KHTML, like Gecko; compatible; GPTBot/1.4; +https://openai.com/gptbot)"
54.39.6.23 - - [11/Jun/2026:04:41:29 +0700] "GET /products/79033233781 HTTP/2" 200 19519 "-" "Mozilla/5.0 (compatible; AhrefsBot/7.0; +http://ahrefs.com/robot/)"
74.7.243.201 - - [11/Jun/2026:04:41:28 +0700] "GET /tu-khoa-san-pham/may-mai-goc/?path=/var/www/vhosts/dienmaychuyennghiep.com/httpdocs/.well-known HTTP/2" 200 58153 "https://www.dienmaychuyennghiep.com/tu-khoa-san-pham/may-mai-goc/" "Mozilla/5.0 AppleWebKit/537.36 (KHTML, like Gecko; compatible; GPTBot/1.4; +https://openai.com/gptbot)"
54.39.0.193 - - [11/Jun/2026:04:41:30 +0700] "GET /products/79033230519 HTTP/2" 200 19519 "-" "Mozilla/5.0 (compatible; AhrefsBot/7.0; +http://ahrefs.com/robot/)"
74.7.227.12 - - [11/Jun/2026:04:41:31 +0700] "GET /?p=6795 HTTP/2" 200 19519 "https://www.pemco.com.vn/san-pham/may-han-tig-dc-que-hong-ky-eco-hktig200e/" "Mozilla/5.0 AppleWebKit/537.36 (KHTML, like Gecko; compatible; GPTBot/1.4; +https://openai.com/gptbot)"
74.7.243.201 - - [11/Jun/2026:04:41:32 +0700] "GET /tu-khoa-san-pham/may-khoan-be-tong-dung-pin/?path=/var/www/vhosts/dienmaychuyennghiep.com/usr/libexec HTTP/2" 200 57232 "https://www.dienmaychuyennghiep.com/tu-khoa-san-pham/may-khoan-be-tong-dung-pin/?path=/var/www/vhosts/dienmaychuyennghiep.com/usr" "Mozilla/5.0 AppleWebKit/537.36 (KHTML, like Gecko; compatible; GPTBot/1.4; +https://openai.com/gptbot)"
167.114.139.94 - - [11/Jun/2026:04:41:33 +0700] "GET /products/79033229266 HTTP/2" 200 19743 "-" "Mozilla/5.0 (compatible; AhrefsBot/7.0; +http://ahrefs.com/robot/)"
74.7.227.12 - - [11/Jun/2026:04:41:32 +0700] "GET /san-pham/may-khoan-be-tong-dongcheng-dzc05-26/?path=/var/www/vhosts/dienmaychuyennghiep.com/httpdocs/wordpress HTTP/2" 200 62241 "https://www.pemco.com.vn/san-pham/may-khoan-be-tong-dongcheng-dzc05-26/" "Mozilla/5.0 AppleWebKit/537.36 (KHTML, like Gecko; compatible; GPTBot/1.4; +https://openai.com/gptbot)"
74.7.227.12 - - [11/Jun/2026:04:41:35 +0700] "GET /wp-content/uploads/2025/09/D26411_3-247x296.jpg HTTP/2" 200 8777 "https://www.pemco.com.vn/san-pham/may-thoi-hoi-nong-stanley-stel670-b1/" "Mozilla/5.0 AppleWebKit/537.36 (KHTML, like Gecko; compatible; GPTBot/1.4; +https://openai.com/gptbot)"
54.39.0.224 - - [11/Jun/2026:04:41:33 +0700] "GET /san-pham/may-mai-goc-dsm02-125b/feed/ HTTP/2" 200 19949 "-" "Mozilla/5.0 (compatible; AhrefsBot/7.0; +http://ahrefs.com/robot/)"
66.249.79.228 - - [11/Jun/2026:04:41:35 +0700] "GET /products/34325157444 HTTP/1.1" 200 20024 "-" "Mozilla/5.0 (Linux; Android 6.0.1; Nexus 5X Build/MMB29P) AppleWebKit/537.36 (KHTML, like Gecko) Chrome/148.0.7778.96 Mobile Safari/537.36 (compatible; Googlebot/2.1; +http://www.google.com/bot.html)"
