216.73.216.144 - - [11/Jun/2026:04:25:03 +0700] "GET /?filesrc=%2Fvar%2Fwww%2Fvhosts%2Fdienmaychuyennghiep.com%2Fhttpdocs%2Fwp-includes%2Fclass-wp-error.php&path=%2Fvar%2Fwww%2Fvhosts%2Fdienmaychuyennghiep.com%2Fhttpdocs%2Fwp-includes HTTP/2" 403 370 "-" "Mozilla/5.0 AppleWebKit/537.36 (KHTML, like Gecko; compatible; ClaudeBot/1.0; +claudebot@anthropic.com)"
216.73.216.144 - - [11/Jun/2026:04:25:04 +0700] "GET /?path=%2Fvar%2Fwww%2Fvhosts%2Fdienmaychuyennghiep.com%2Fhttpdocs%2Fwp-content%2Fupgrade-temp-backup HTTP/2" 403 370 "-" "Mozilla/5.0 AppleWebKit/537.36 (KHTML, like Gecko; compatible; ClaudeBot/1.0; +claudebot@anthropic.com)"
216.73.216.144 - - [11/Jun/2026:04:25:04 +0700] "GET /?filesrc=%2Fvar%2Fwww%2Fvhosts%2Fdienmaychuyennghiep.com%2Fhttpdocs%2Fwp-admin%2Fplugins.php&path=%2Fvar%2Fwww%2Fvhosts%2Fdienmaychuyennghiep.com%2Fhttpdocs%2Fwp-admin HTTP/2" 403 370 "-" "Mozilla/5.0 AppleWebKit/537.36 (KHTML, like Gecko; compatible; ClaudeBot/1.0; +claudebot@anthropic.com)"
216.73.216.144 - - [11/Jun/2026:04:25:04 +0700] "GET /?path=%2Fvar%2Fwww%2Fvhosts%2Fdienmaychuyennghiep.com%2Fhttpdocs%2Fwp-content%2Fjetpack-waf HTTP/2" 403 370 "-" "Mozilla/5.0 AppleWebKit/537.36 (KHTML, like Gecko; compatible; ClaudeBot/1.0; +claudebot@anthropic.com)"
216.73.216.144 - - [11/Jun/2026:04:25:04 +0700] "GET /?filesrc=%2Fvar%2Fwww%2Fvhosts%2Fdienmaychuyennghiep.com%2Fhttpdocs%2Fwp-includes%2Fclass-wp-http-proxy.php&path=%2Fvar%2Fwww%2Fvhosts%2Fdienmaychuyennghiep.com%2Fhttpdocs%2Fwp-includes HTTP/2" 403 370 "-" "Mozilla/5.0 AppleWebKit/537.36 (KHTML, like Gecko; compatible; ClaudeBot/1.0; +claudebot@anthropic.com)"
74.7.227.12 - - [11/Jun/2026:04:25:04 +0700] "GET /wp-content/uploads/2025/10/dewalt-dcf911n-b1-1-700x467-1-247x296.jpg HTTP/2" 200 9583 "https://www.pemco.com.vn/san-pham/may-van-bu-long-dong-luc-dung-pin-dewalt-dcf911n-b1/" "Mozilla/5.0 AppleWebKit/537.36 (KHTML, like Gecko; compatible; GPTBot/1.4; +https://openai.com/gptbot)"
74.7.243.201 - - [11/Jun/2026:04:25:01 +0700] "GET /featured_item_category/design/?path=/var/www/vhosts/dienmaychuyennghiep.com/.cagefs/var/run/screen HTTP/2" 200 53333 "https://www.dienmaychuyennghiep.com/featured_item_category/design/?path=/var/www/vhosts/dienmaychuyennghiep.com/.cagefs/var/run" "Mozilla/5.0 AppleWebKit/537.36 (KHTML, like Gecko; compatible; GPTBot/1.4; +https://openai.com/gptbot)"
74.7.227.12 - - [11/Jun/2026:04:25:04 +0700] "GET /wp-content/uploads/2025/10/dewalt-dcf911n-b1-1-700x467-1-510x340.jpg HTTP/2" 200 12285 "https://www.pemco.com.vn/san-pham/may-van-bu-long-dong-luc-dung-pin-dewalt-dcf911n-b1/" "Mozilla/5.0 AppleWebKit/537.36 (KHTML, like Gecko; compatible; GPTBot/1.4; +https://openai.com/gptbot)"
216.73.216.144 - - [11/Jun/2026:04:25:05 +0700] "GET /?filesrc=%2Fvar%2Fwww%2Fvhosts%2Fdienmaychuyennghiep.com%2Fhttpdocs%2Fwp-includes%2Fclass-wp-theme-json-data.php&path=%2Fvar%2Fwww%2Fvhosts%2Fdienmaychuyennghiep.com%2Fhttpdocs%2Fwp-includes HTTP/2" 403 370 "-" "Mozilla/5.0 AppleWebKit/537.36 (KHTML, like Gecko; compatible; ClaudeBot/1.0; +claudebot@anthropic.com)"
216.73.216.144 - - [11/Jun/2026:04:25:05 +0700] "GET /?filesrc=%2Fvar%2Fwww%2Fvhosts%2Fdienmaychuyennghiep.com%2Fhttpdocs%2Fwp-includes%2Fclass-wp-object-cache.php&path=%2Fvar%2Fwww%2Fvhosts%2Fdienmaychuyennghiep.com%2Fhttpdocs%2Fwp-includes HTTP/2" 403 370 "-" "Mozilla/5.0 AppleWebKit/537.36 (KHTML, like Gecko; compatible; ClaudeBot/1.0; +claudebot@anthropic.com)"
216.73.216.144 - - [11/Jun/2026:04:25:05 +0700] "GET /?filesrc=%2Fvar%2Fwww%2Fvhosts%2Fdienmaychuyennghiep.com%2Fhttpdocs%2Fwp-includes%2Fclass-wp-oembed-controller.php&path=%2Fvar%2Fwww%2Fvhosts%2Fdienmaychuyennghiep.com%2Fhttpdocs%2Fwp-includes HTTP/2" 403 370 "-" "Mozilla/5.0 AppleWebKit/537.36 (KHTML, like Gecko; compatible; ClaudeBot/1.0; +claudebot@anthropic.com)"
216.73.216.144 - - [11/Jun/2026:04:25:05 +0700] "GET /?filesrc=%2Fvar%2Fwww%2Fvhosts%2Fdienmaychuyennghiep.com%2Fhttpdocs%2Fwp-includes%2Fclass-wp-block-processor.php&path=%2Fvar%2Fwww%2Fvhosts%2Fdienmaychuyennghiep.com%2Fhttpdocs%2Fwp-includes HTTP/2" 403 370 "-" "Mozilla/5.0 AppleWebKit/537.36 (KHTML, like Gecko; compatible; ClaudeBot/1.0; +claudebot@anthropic.com)"
216.73.216.144 - - [11/Jun/2026:04:25:05 +0700] "GET /?path=%2Fvar%2Fwww%2Fvhosts%2Fdienmaychuyennghiep.com%2Fhttpdocs%2Fwp-content%2Fupgrade HTTP/2" 403 370 "-" "Mozilla/5.0 AppleWebKit/537.36 (KHTML, like Gecko; compatible; ClaudeBot/1.0; +claudebot@anthropic.com)"
216.73.216.144 - - [11/Jun/2026:04:25:05 +0700] "GET /?filesrc=%2Fvar%2Fwww%2Fvhosts%2Fdienmaychuyennghiep.com%2Fhttpdocs%2Fwp-admin%2Fplugin-editor.php&path=%2Fvar%2Fwww%2Fvhosts%2Fdienmaychuyennghiep.com%2Fhttpdocs%2Fwp-admin HTTP/2" 403 370 "-" "Mozilla/5.0 AppleWebKit/537.36 (KHTML, like Gecko; compatible; ClaudeBot/1.0; +claudebot@anthropic.com)"
74.7.227.12 - - [11/Jun/2026:04:25:05 +0700] "GET /wp-content/uploads/2025/09/may-nen-khi-truc-vit-to-hop-pegasus-20hp-15kw-model-tmcp-20a-100x100.jpg HTTP/2" 200 3416 "https://www.pemco.com.vn/san-pham/may-nen-khi-truc-vit-tong-hop-pegasus-model-tmcp-20hp/" "Mozilla/5.0 AppleWebKit/537.36 (KHTML, like Gecko; compatible; GPTBot/1.4; +https://openai.com/gptbot)"
74.7.227.12 - - [11/Jun/2026:04:25:05 +0700] "GET /wp-content/uploads/2025/10/may-van-bulong-dung-pin-dewalt-20v-dcf892n-kr-chua-pin-sac-2-247x296.jpg HTTP/2" 200 9533 "https://www.pemco.com.vn/san-pham/may-van-bu-long-dong-luc-dung-pin-dewalt-dcf892n-b1/" "Mozilla/5.0 AppleWebKit/537.36 (KHTML, like Gecko; compatible; GPTBot/1.4; +https://openai.com/gptbot)"
74.7.227.12 - - [11/Jun/2026:04:25:06 +0700] "GET /wp-content/uploads/2025/10/dewalt-dcf911n-b1-4-700x467-1.jpg HTTP/2" 200 32598 "https://www.pemco.com.vn/san-pham/may-van-bu-long-dong-luc-dung-pin-dewalt-dcf911n-b1/" "Mozilla/5.0 AppleWebKit/537.36 (KHTML, like Gecko; compatible; GPTBot/1.4; +https://openai.com/gptbot)"
216.73.216.144 - - [11/Jun/2026:04:25:06 +0700] "GET /?filesrc=%2Fvar%2Fwww%2Fvhosts%2Fdienmaychuyennghiep.com%2Fhttpdocs%2Fwp-includes%2Fwp-diff.php&path=%2Fvar%2Fwww%2Fvhosts%2Fdienmaychuyennghiep.com%2Fhttpdocs%2Fwp-includes HTTP/2" 403 370 "-" "Mozilla/5.0 AppleWebKit/537.36 (KHTML, like Gecko; compatible; ClaudeBot/1.0; +claudebot@anthropic.com)"
216.73.216.144 - - [11/Jun/2026:04:25:06 +0700] "GET /?path=%2Fvar%2Fwww%2Fvhosts%2Fdienmaychuyennghiep.com%2Fhttpdocs%2Fwp-content%2Fthemes HTTP/2" 403 370 "-" "Mozilla/5.0 AppleWebKit/537.36 (KHTML, like Gecko; compatible; ClaudeBot/1.0; +claudebot@anthropic.com)"
216.73.216.144 - - [11/Jun/2026:04:25:06 +0700] "GET /?filesrc=%2Fvar%2Fwww%2Fvhosts%2Fdienmaychuyennghiep.com%2Fhttpdocs%2Fwp-includes%2Fclass-wp-scripts.php&path=%2Fvar%2Fwww%2Fvhosts%2Fdienmaychuyennghiep.com%2Fhttpdocs%2Fwp-includes HTTP/2" 403 370 "-" "Mozilla/5.0 AppleWebKit/537.36 (KHTML, like Gecko; compatible; ClaudeBot/1.0; +claudebot@anthropic.com)"
216.73.216.144 - - [11/Jun/2026:04:25:03 +0700] "GET /?filesrc=%2Fvar%2Fwww%2Fvhosts%2Fdienmaychuyennghiep.com%2Fhttpdocs%2Fwp-admin%2Fadmin-post.php&path=%2Fvar%2Fwww%2Fvhosts%2Fdienmaychuyennghiep.com%2Fhttpdocs%2Fwp-admin HTTP/2" 200 56145 "-" "Mozilla/5.0 AppleWebKit/537.36 (KHTML, like Gecko; compatible; ClaudeBot/1.0; +claudebot@anthropic.com)"
216.73.216.144 - - [11/Jun/2026:04:25:06 +0700] "GET /?filesrc=%2Fvar%2Fwww%2Fvhosts%2Fdienmaychuyennghiep.com%2Fhttpdocs%2Fwp-admin%2Fload-scripts.php&path=%2Fvar%2Fwww%2Fvhosts%2Fdienmaychuyennghiep.com%2Fhttpdocs%2Fwp-admin HTTP/2" 403 370 "-" "Mozilla/5.0 AppleWebKit/537.36 (KHTML, like Gecko; compatible; ClaudeBot/1.0; +claudebot@anthropic.com)"
216.73.216.144 - - [11/Jun/2026:04:25:06 +0700] "GET /?filesrc=%2Fvar%2Fwww%2Fvhosts%2Fdienmaychuyennghiep.com%2Fhttpdocs%2Fwp-includes%2Fclass-wp-text-diff-renderer-table.php&path=%2Fvar%2Fwww%2Fvhosts%2Fdienmaychuyennghiep.com%2Fhttpdocs%2Fwp-includes HTTP/2" 403 370 "-" "Mozilla/5.0 AppleWebKit/537.36 (KHTML, like Gecko; compatible; ClaudeBot/1.0; +claudebot@anthropic.com)"
74.7.227.12 - - [11/Jun/2026:04:25:07 +0700] "GET /wp-content/uploads/2025/10/dewalt-dcf911n-b1-3-700x467-1.jpg HTTP/2" 200 28707 "https://www.pemco.com.vn/san-pham/may-van-bu-long-dong-luc-dung-pin-dewalt-dcf911n-b1/" "Mozilla/5.0 AppleWebKit/537.36 (KHTML, like Gecko; compatible; GPTBot/1.4; +https://openai.com/gptbot)"
74.7.227.12 - - [11/Jun/2026:04:25:07 +0700] "GET /wp-content/uploads/2025/10/dewalt-dcf911n-b1-2-700x467-1.jpg HTTP/2" 200 30999 "https://www.pemco.com.vn/san-pham/may-van-bu-long-dong-luc-dung-pin-dewalt-dcf911n-b1/" "Mozilla/5.0 AppleWebKit/537.36 (KHTML, like Gecko; compatible; GPTBot/1.4; +https://openai.com/gptbot)"
74.7.243.201 - - [11/Jun/2026:04:25:04 +0700] "GET /featured_item_category/design/?path=/var/www/vhosts/dienmaychuyennghiep.com/.cagefs/var/run/cagefs HTTP/2" 200 53417 "https://www.dienmaychuyennghiep.com/featured_item_category/design/?path=/var/www/vhosts/dienmaychuyennghiep.com/.cagefs/var/run" "Mozilla/5.0 AppleWebKit/537.36 (KHTML, like Gecko; compatible; GPTBot/1.4; +https://openai.com/gptbot)"
74.7.227.12 - - [11/Jun/2026:04:25:08 +0700] "GET /wp-content/uploads/2025/10/dewalt-dcf911n-b1-7-700x467-1.jpg HTTP/2" 200 18645 "https://www.pemco.com.vn/san-pham/may-van-bu-long-dong-luc-dung-pin-dewalt-dcf911n-b1/" "Mozilla/5.0 AppleWebKit/537.36 (KHTML, like Gecko; compatible; GPTBot/1.4; +https://openai.com/gptbot)"
74.7.227.12 - - [11/Jun/2026:04:25:08 +0700] "GET /wp-content/uploads/2025/10/dewalt-dcf911n-b1-1-700x467-1.jpg HTTP/2" 200 28378 "https://www.pemco.com.vn/san-pham/may-van-bu-long-dong-luc-dung-pin-dewalt-dcf911n-b1/" "Mozilla/5.0 AppleWebKit/537.36 (KHTML, like Gecko; compatible; GPTBot/1.4; +https://openai.com/gptbot)"
54.39.89.108 - - [11/Jun/2026:04:25:07 +0700] "GET /products/12597149118 HTTP/2" 200 19519 "-" "Mozilla/5.0 (compatible; AhrefsBot/7.0; +http://ahrefs.com/robot/)"
74.7.227.12 - - [11/Jun/2026:04:25:09 +0700] "GET /wp-content/uploads/2025/09/may-nen-khi-truc-vit-bien-tan-pegasus-30hp-tmbt30a-2-100x100.jpg HTTP/2" 200 2961 "https://www.pemco.com.vn/san-pham/may-nen-khi-truc-vit-tong-hop-pegasus-model-tmcp-20hp/" "Mozilla/5.0 AppleWebKit/537.36 (KHTML, like Gecko; compatible; GPTBot/1.4; +https://openai.com/gptbot)"
74.7.227.12 - - [11/Jun/2026:04:25:09 +0700] "GET /wp-content/uploads/2025/09/may-nen-khi-truc-vit-bien-tan-pegasus-30hp-tmbt30a-1-510x340.jpg HTTP/2" 200 14922 "https://www.pemco.com.vn/san-pham/may-nen-khi-truc-vit-bien-tan-tiet-kiem-dien-pegasus-model-tmbt-75hp/" "Mozilla/5.0 AppleWebKit/537.36 (KHTML, like Gecko; compatible; GPTBot/1.4; +https://openai.com/gptbot)"
74.7.227.12 - - [11/Jun/2026:04:25:10 +0700] "GET /wp-content/uploads/2025/09/may-nen-khi-truc-vit-bien-tan-pegasus-30hp-tmbt30a-1-100x100.jpg HTTP/2" 200 2961 "https://www.pemco.com.vn/san-pham/may-nen-khi-truc-vit-bien-tan-tiet-kiem-dien-pegasus-model-tmbt-75hp/" "Mozilla/5.0 AppleWebKit/537.36 (KHTML, like Gecko; compatible; GPTBot/1.4; +https://openai.com/gptbot)"
74.7.227.12 - - [11/Jun/2026:04:25:10 +0700] "GET /wp-content/uploads/2025/09/may-nen-khi-truc-vit-to-hop-pegasus-20hp-tmcp20a-510x340.jpg HTTP/2" 200 14923 "https://www.pemco.com.vn/san-pham/may-nen-khi-truc-vit-tong-hop-pegasus-model-tmcp-20hp/" "Mozilla/5.0 AppleWebKit/537.36 (KHTML, like Gecko; compatible; GPTBot/1.4; +https://openai.com/gptbot)"
216.73.216.144 - - [11/Jun/2026:04:25:11 +0700] "GET /?filesrc=%2Fvar%2Fwww%2Fvhosts%2Fdienmaychuyennghiep.com%2Fhttpdocs%2Fwp-includes%2Fclass-wp-dependency.php&path=%2Fvar%2Fwww%2Fvhosts%2Fdienmaychuyennghiep.com%2Fhttpdocs%2Fwp-includes HTTP/2" 403 370 "-" "Mozilla/5.0 AppleWebKit/537.36 (KHTML, like Gecko; compatible; ClaudeBot/1.0; +claudebot@anthropic.com)"
216.73.216.144 - - [11/Jun/2026:04:25:11 +0700] "GET /?filesrc=%2Fvar%2Fwww%2Fvhosts%2Fdienmaychuyennghiep.com%2Fhttpdocs%2Fwp-includes%2Fclass-wp-fatal-error-handler.php&path=%2Fvar%2Fwww%2Fvhosts%2Fdienmaychuyennghiep.com%2Fhttpdocs%2Fwp-includes HTTP/2" 403 370 "-" "Mozilla/5.0 AppleWebKit/537.36 (KHTML, like Gecko; compatible; ClaudeBot/1.0; +claudebot@anthropic.com)"
216.73.216.144 - - [11/Jun/2026:04:25:11 +0700] "GET /?filesrc=%2Fvar%2Fwww%2Fvhosts%2Fdienmaychuyennghiep.com%2Fhttpdocs%2Fwp-includes%2Fblock-editor.php&path=%2Fvar%2Fwww%2Fvhosts%2Fdienmaychuyennghiep.com%2Fhttpdocs%2Fwp-includes HTTP/2" 403 370 "-" "Mozilla/5.0 AppleWebKit/537.36 (KHTML, like Gecko; compatible; ClaudeBot/1.0; +claudebot@anthropic.com)"
216.73.216.144 - - [11/Jun/2026:04:25:11 +0700] "GET /?filesrc=%2Fvar%2Fwww%2Fvhosts%2Fdienmaychuyennghiep.com%2Fhttpdocs%2Fwp-includes%2Fclass-wp-plugin-dependencies.php&path=%2Fvar%2Fwww%2Fvhosts%2Fdienmaychuyennghiep.com%2Fhttpdocs%2Fwp-includes HTTP/2" 403 370 "-" "Mozilla/5.0 AppleWebKit/537.36 (KHTML, like Gecko; compatible; ClaudeBot/1.0; +claudebot@anthropic.com)"
216.73.216.144 - - [11/Jun/2026:04:25:11 +0700] "GET /?filesrc=%2Fvar%2Fwww%2Fvhosts%2Fdienmaychuyennghiep.com%2Fhttpdocs%2Fwp-includes%2Fclass-wp-post.php&path=%2Fvar%2Fwww%2Fvhosts%2Fdienmaychuyennghiep.com%2Fhttpdocs%2Fwp-includes HTTP/2" 403 370 "-" "Mozilla/5.0 AppleWebKit/537.36 (KHTML, like Gecko; compatible; ClaudeBot/1.0; +claudebot@anthropic.com)"
216.73.216.144 - - [11/Jun/2026:04:25:11 +0700] "GET /?filesrc=%2Fvar%2Fwww%2Fvhosts%2Fdienmaychuyennghiep.com%2Fhttpdocs%2Fwp-includes%2Fclass-wp-comment-query.php&path=%2Fvar%2Fwww%2Fvhosts%2Fdienmaychuyennghiep.com%2Fhttpdocs%2Fwp-includes HTTP/2" 403 370 "-" "Mozilla/5.0 AppleWebKit/537.36 (KHTML, like Gecko; compatible; ClaudeBot/1.0; +claudebot@anthropic.com)"
216.73.216.144 - - [11/Jun/2026:04:25:11 +0700] "GET /?filesrc=%2Fvar%2Fwww%2Fvhosts%2Fdienmaychuyennghiep.com%2Fhttpdocs%2Fwp-includes%2Fspeculative-loading.php&path=%2Fvar%2Fwww%2Fvhosts%2Fdienmaychuyennghiep.com%2Fhttpdocs%2Fwp-includes HTTP/2" 403 370 "-" "Mozilla/5.0 AppleWebKit/537.36 (KHTML, like Gecko; compatible; ClaudeBot/1.0; +claudebot@anthropic.com)"
216.73.216.144 - - [11/Jun/2026:04:25:11 +0700] "GET /?filesrc=%2Fvar%2Fwww%2Fvhosts%2Fdienmaychuyennghiep.com%2Fhttpdocs%2Fwp-includes%2Fclass-wp-network-query.php&path=%2Fvar%2Fwww%2Fvhosts%2Fdienmaychuyennghiep.com%2Fhttpdocs%2Fwp-includes HTTP/2" 403 370 "-" "Mozilla/5.0 AppleWebKit/537.36 (KHTML, like Gecko; compatible; ClaudeBot/1.0; +claudebot@anthropic.com)"
216.73.216.144 - - [11/Jun/2026:04:25:11 +0700] "GET /?filesrc=%2Fvar%2Fwww%2Fvhosts%2Fdienmaychuyennghiep.com%2Fhttpdocs%2Fwp-includes%2Fclass-wp-theme.php&path=%2Fvar%2Fwww%2Fvhosts%2Fdienmaychuyennghiep.com%2Fhttpdocs%2Fwp-includes HTTP/2" 403 370 "-" "Mozilla/5.0 AppleWebKit/537.36 (KHTML, like Gecko; compatible; ClaudeBot/1.0; +claudebot@anthropic.com)"
74.7.243.201 - - [11/Jun/2026:04:25:08 +0700] "GET /san-pham/wicked-ss-o-neck-selected-homme/?path=/var/www/vhosts/dienmaychuyennghiep.com/httpdocs/wordpress HTTP/2" 200 60256 "https://www.dienmaychuyennghiep.com/san-pham/wicked-ss-o-neck-selected-homme/" "Mozilla/5.0 AppleWebKit/537.36 (KHTML, like Gecko; compatible; GPTBot/1.4; +https://openai.com/gptbot)"
74.7.227.12 - - [11/Jun/2026:04:25:11 +0700] "GET /wp-content/uploads/2025/09/may-nen-khi-truc-vit-to-hop-pegasus-20hp-15kw-model-tmcp-20a.jpg HTTP/2" 200 37410 "https://www.pemco.com.vn/san-pham/may-nen-khi-truc-vit-tong-hop-pegasus-model-tmcp-30hp/" "Mozilla/5.0 AppleWebKit/537.36 (KHTML, like Gecko; compatible; GPTBot/1.4; +https://openai.com/gptbot)"
131.0.196.182 - - [11/Jun/2026:04:25:08 +0700] "GET /san-pham/may-khoan-be-tong-avt-makita-hr2651-kem-hut-bui/ HTTP/1.1" 200 64137 "https://dienmaychuyennghiep.com/san-pham/may-khoan-bosch-gbm-400/" "Mozilla/5.0 (Linux; Android 15; M2102J21) AppleWebKit/537.36 (KHTML, like Gecko) Chrome/145.0.5522.38 Mobile Safari/537.36"
216.73.216.144 - - [11/Jun/2026:04:25:11 +0700] "GET /?filesrc=%2Fvar%2Fwww%2Fvhosts%2Fdienmaychuyennghiep.com%2Fhttpdocs%2Fwp-includes%2Fcache-compat.php&path=%2Fvar%2Fwww%2Fvhosts%2Fdienmaychuyennghiep.com%2Fhttpdocs%2Fwp-includes HTTP/2" 403 370 "-" "Mozilla/5.0 AppleWebKit/537.36 (KHTML, like Gecko; compatible; ClaudeBot/1.0; +claudebot@anthropic.com)"
216.73.216.144 - - [11/Jun/2026:04:25:12 +0700] "GET /?filesrc=%2Fvar%2Fwww%2Fvhosts%2Fdienmaychuyennghiep.com%2Fhttpdocs%2Fwp-includes%2Fdefault-widgets.php&path=%2Fvar%2Fwww%2Fvhosts%2Fdienmaychuyennghiep.com%2Fhttpdocs%2Fwp-includes HTTP/2" 403 370 "-" "Mozilla/5.0 AppleWebKit/537.36 (KHTML, like Gecko; compatible; ClaudeBot/1.0; +claudebot@anthropic.com)"
216.73.216.144 - - [11/Jun/2026:04:25:12 +0700] "GET /?filesrc=%2Fvar%2Fwww%2Fvhosts%2Fdienmaychuyennghiep.com%2Fhttpdocs%2Fwp-includes%2Fclass-wp-block-bindings-source.php&path=%2Fvar%2Fwww%2Fvhosts%2Fdienmaychuyennghiep.com%2Fhttpdocs%2Fwp-includes HTTP/2" 403 370 "-" "Mozilla/5.0 AppleWebKit/537.36 (KHTML, like Gecko; compatible; ClaudeBot/1.0; +claudebot@anthropic.com)"
216.73.216.144 - - [11/Jun/2026:04:25:12 +0700] "GET /?filesrc=%2Fvar%2Fwww%2Fvhosts%2Fdienmaychuyennghiep.com%2Fhttpdocs%2Fwp-includes%2Fclass-wp-feed-cache.php&path=%2Fvar%2Fwww%2Fvhosts%2Fdienmaychuyennghiep.com%2Fhttpdocs%2Fwp-includes HTTP/2" 403 370 "-" "Mozilla/5.0 AppleWebKit/537.36 (KHTML, like Gecko; compatible; ClaudeBot/1.0; +claudebot@anthropic.com)"
216.73.216.144 - - [11/Jun/2026:04:25:12 +0700] "GET /?filesrc=%2Fvar%2Fwww%2Fvhosts%2Fdienmaychuyennghiep.com%2Fhttpdocs%2Fwp-includes%2Fclass-wp-http.php&path=%2Fvar%2Fwww%2Fvhosts%2Fdienmaychuyennghiep.com%2Fhttpdocs%2Fwp-includes HTTP/2" 403 370 "-" "Mozilla/5.0 AppleWebKit/537.36 (KHTML, like Gecko; compatible; ClaudeBot/1.0; +claudebot@anthropic.com)"
216.73.216.144 - - [11/Jun/2026:04:25:12 +0700] "GET /?filesrc=%2Fvar%2Fwww%2Fvhosts%2Fdienmaychuyennghiep.com%2Fhttpdocs%2Fwp-includes%2Fclass-wp-speculation-rules.php&path=%2Fvar%2Fwww%2Fvhosts%2Fdienmaychuyennghiep.com%2Fhttpdocs%2Fwp-includes HTTP/2" 403 370 "-" "Mozilla/5.0 AppleWebKit/537.36 (KHTML, like Gecko; compatible; ClaudeBot/1.0; +claudebot@anthropic.com)"
74.7.227.12 - - [11/Jun/2026:04:25:12 +0700] "GET /wp-content/uploads/2025/09/may-nen-khi-truc-vit-bien-tan-pegasus-30hp-tmbt30a-1.jpg HTTP/2" 200 42280 "https://www.pemco.com.vn/san-pham/may-nen-khi-truc-vit-bien-tan-tiet-kiem-dien-pegasus-model-tmbt-75hp/" "Mozilla/5.0 AppleWebKit/537.36 (KHTML, like Gecko; compatible; GPTBot/1.4; +https://openai.com/gptbot)"
74.7.227.12 - - [11/Jun/2026:04:25:12 +0700] "GET /wp-content/uploads/2025/09/may-nen-khi-truc-vit-to-hop-pegasus-20hp-tmcp20a.jpg HTTP/2" 200 38004 "https://www.pemco.com.vn/san-pham/may-nen-khi-truc-vit-tong-hop-pegasus-model-tmcp-20hp/" "Mozilla/5.0 AppleWebKit/537.36 (KHTML, like Gecko; compatible; GPTBot/1.4; +https://openai.com/gptbot)"
51.161.65.163 - - [11/Jun/2026:04:25:11 +0700] "GET /products/12597148314 HTTP/2" 200 19756 "-" "Mozilla/5.0 (compatible; AhrefsBot/7.0; +http://ahrefs.com/robot/)"
216.73.216.144 - - [11/Jun/2026:04:25:13 +0700] "GET /?filesrc=%2Fvar%2Fwww%2Fvhosts%2Fdienmaychuyennghiep.com%2Fhttpdocs%2Fwp-includes%2Fclass-wp-theme-json.php&path=%2Fvar%2Fwww%2Fvhosts%2Fdienmaychuyennghiep.com%2Fhttpdocs%2Fwp-includes HTTP/2" 403 370 "-" "Mozilla/5.0 AppleWebKit/537.36 (KHTML, like Gecko; compatible; ClaudeBot/1.0; +claudebot@anthropic.com)"
216.73.216.144 - - [11/Jun/2026:04:25:13 +0700] "GET /?filesrc=%2Fvar%2Fwww%2Fvhosts%2Fdienmaychuyennghiep.com%2Fhttpdocs%2Fwp-includes%2Fclass-wp-embed.php&path=%2Fvar%2Fwww%2Fvhosts%2Fdienmaychuyennghiep.com%2Fhttpdocs%2Fwp-includes HTTP/2" 403 370 "-" "Mozilla/5.0 AppleWebKit/537.36 (KHTML, like Gecko; compatible; ClaudeBot/1.0; +claudebot@anthropic.com)"
216.73.216.144 - - [11/Jun/2026:04:25:13 +0700] "GET /?filesrc=%2Fvar%2Fwww%2Fvhosts%2Fdienmaychuyennghiep.com%2Fhttpdocs%2Fwp-includes%2Fclass-http.php&path=%2Fvar%2Fwww%2Fvhosts%2Fdienmaychuyennghiep.com%2Fhttpdocs%2Fwp-includes HTTP/2" 403 370 "-" "Mozilla/5.0 AppleWebKit/537.36 (KHTML, like Gecko; compatible; ClaudeBot/1.0; +claudebot@anthropic.com)"
216.73.216.144 - - [11/Jun/2026:04:25:13 +0700] "GET /?filesrc=%2Fvar%2Fwww%2Fvhosts%2Fdienmaychuyennghiep.com%2Fhttpdocs%2Fwp-admin%2Foptions-permalink.php&path=%2Fvar%2Fwww%2Fvhosts%2Fdienmaychuyennghiep.com%2Fhttpdocs%2Fwp-admin HTTP/2" 403 370 "-" "Mozilla/5.0 AppleWebKit/537.36 (KHTML, like Gecko; compatible; ClaudeBot/1.0; +claudebot@anthropic.com)"
74.7.227.12 - - [11/Jun/2026:04:25:13 +0700] "GET /wp-content/uploads/2025/10/may-van-bu-long-dong-luc-pin-dewalt-dcf902d2-kr-12v11-700x467-1-100x100.jpg HTTP/2" 200 3744 "https://www.pemco.com.vn/san-pham/may-van-bu-long-dong-luc-dung-pin-dewalt-dcf911n-b1/" "Mozilla/5.0 AppleWebKit/537.36 (KHTML, like Gecko; compatible; GPTBot/1.4; +https://openai.com/gptbot)"
74.7.227.12 - - [11/Jun/2026:04:25:13 +0700] "GET /wp-content/uploads/2025/09/may-nen-khi-truc-vit-bien-tan-pegasus-30hp-tmbt30a-100x100.jpg HTTP/2" 200 2961 "https://www.pemco.com.vn/san-pham/may-nen-khi-truc-vit-bien-tan-tiet-kiem-dien-pegasus-model-tmbt-30hp/" "Mozilla/5.0 AppleWebKit/537.36 (KHTML, like Gecko; compatible; GPTBot/1.4; +https://openai.com/gptbot)"
74.7.227.12 - - [11/Jun/2026:04:25:14 +0700] "GET /wp-content/uploads/2025/10/may-van-bulong-dung-pin-dewalt-20v-dcf892n-kr-chua-pin-sac.jpg HTTP/2" 200 13703 "https://www.pemco.com.vn/san-pham/may-van-bu-long-dong-luc-dung-pin-dewalt-dcf892n-b1/" "Mozilla/5.0 AppleWebKit/537.36 (KHTML, like Gecko; compatible; GPTBot/1.4; +https://openai.com/gptbot)"
74.7.227.12 - - [11/Jun/2026:04:25:14 +0700] "GET /wp-content/uploads/2025/09/may-nen-khi-truc-vit-to-hop-pegasus-20hp-tmcp20a-100x100.jpg HTTP/2" 200 2755 "https://www.pemco.com.vn/san-pham/may-nen-khi-truc-vit-tong-hop-pegasus-model-tmcp-30hp/" "Mozilla/5.0 AppleWebKit/537.36 (KHTML, like Gecko; compatible; GPTBot/1.4; +https://openai.com/gptbot)"
74.7.227.12 - - [11/Jun/2026:04:25:15 +0700] "GET /wp-content/uploads/2025/10/may-van-bulong-dung-pin-dewalt-20v-dcf892n-kr-chua-pin-sac-2.jpg HTTP/2" 200 13739 "https://www.pemco.com.vn/san-pham/may-van-bu-long-dong-luc-dung-pin-dewalt-dcf892n-b1/" "Mozilla/5.0 AppleWebKit/537.36 (KHTML, like Gecko; compatible; GPTBot/1.4; +https://openai.com/gptbot)"
74.7.243.201 - - [11/Jun/2026:04:25:11 +0700] "GET /tu-khoa-san-pham/may-van-vit-dong-luc-dung-pin/?path=/var/www/vhosts/dienmaychuyennghiep.com/.ssh HTTP/2" 200 56478 "https://www.dienmaychuyennghiep.com/tu-khoa-san-pham/may-van-vit-dong-luc-dung-pin/?path=/var/www/vhosts/dienmaychuyennghiep.com" "Mozilla/5.0 AppleWebKit/537.36 (KHTML, like Gecko; compatible; GPTBot/1.4; +https://openai.com/gptbot)"
74.7.227.12 - - [11/Jun/2026:04:25:15 +0700] "GET /wp-content/uploads/2025/10/may-van-bulong-dung-pin-dewalt-20v-dcf892n-kr-chua-pin-sac-247x296.jpg HTTP/2" 200 9596 "https://www.pemco.com.vn/san-pham/may-van-bu-long-dong-luc-dung-pin-dewalt-dcf892n-b1/" "Mozilla/5.0 AppleWebKit/537.36 (KHTML, like Gecko; compatible; GPTBot/1.4; +https://openai.com/gptbot)"
74.7.227.12 - - [11/Jun/2026:04:25:16 +0700] "GET /wp-content/uploads/2025/10/may-siet-bu-long-dung-pin-20v-max-dewalt-dcf922n-chua-pin-sac-1646195153-510x510.jpg HTTP/2" 200 32587 "https://www.pemco.com.vn/san-pham/may-van-bu-long-dong-luc-dung-pin-dewalt-dcf922n-b1/" "Mozilla/5.0 AppleWebKit/537.36 (KHTML, like Gecko; compatible; GPTBot/1.4; +https://openai.com/gptbot)"
74.7.227.12 - - [11/Jun/2026:04:25:16 +0700] "GET /wp-content/uploads/2025/10/may-siet-bu-long-dung-pin-20v-max-dewalt-dcf922n-chua-pin-sac-1646195153-100x100.jpg HTTP/2" 200 10890 "https://www.pemco.com.vn/san-pham/may-van-bu-long-dong-luc-dung-pin-dewalt-dcf921n-b1/" "Mozilla/5.0 AppleWebKit/537.36 (KHTML, like Gecko; compatible; GPTBot/1.4; +https://openai.com/gptbot)"
74.7.227.12 - - [11/Jun/2026:04:25:17 +0700] "GET /wp-content/uploads/2025/10/may-siet-bu-long-dung-pin-20v-max-dewalt-dcf922n-chua-pin-sac-1646195153-247x296.jpg HTTP/2" 200 19128 "https://www.pemco.com.vn/san-pham/may-van-bu-long-dong-luc-dung-pin-dewalt-dcf922n-b1/" "Mozilla/5.0 AppleWebKit/537.36 (KHTML, like Gecko; compatible; GPTBot/1.4; +https://openai.com/gptbot)"
15.235.96.42 - - [11/Jun/2026:04:25:16 +0700] "GET /products/12597144816 HTTP/2" 200 19519 "-" "Mozilla/5.0 (compatible; AhrefsBot/7.0; +http://ahrefs.com/robot/)"
74.7.227.12 - - [11/Jun/2026:04:25:18 +0700] "GET /wp-content/uploads/2025/09/pxbee_eraser_2025-09-23_14-49-05-510x510.jpg HTTP/2" 200 27472 "https://www.pemco.com.vn/san-pham/may-nen-khi-truc-vit-bien-tan-tiet-kiem-dien-pegasus-model-tmbt-30hp/" "Mozilla/5.0 AppleWebKit/537.36 (KHTML, like Gecko; compatible; GPTBot/1.4; +https://openai.com/gptbot)"
74.7.227.12 - - [11/Jun/2026:04:25:18 +0700] "GET /wp-content/uploads/2025/10/may-van-bulong-dung-pin-dewalt-20v-dcf892n-kr-chua-pin-sac-1646626295-510x510.jpg HTTP/2" 200 36498 "https://www.pemco.com.vn/san-pham/may-van-bu-long-dong-luc-dung-pin-dewalt-dcf892n-b1/" "Mozilla/5.0 AppleWebKit/537.36 (KHTML, like Gecko; compatible; GPTBot/1.4; +https://openai.com/gptbot)"
74.7.243.201 - - [11/Jun/2026:04:25:16 +0700] "GET /tu-khoa-san-pham/may-khoan-be-tong-dung-pin/?path=/var/www/vhosts/dienmaychuyennghiep.com/.ssh HTTP/2" 200 57272 "https://www.dienmaychuyennghiep.com/tu-khoa-san-pham/may-khoan-be-tong-dung-pin/?path=/var/www/vhosts/dienmaychuyennghiep.com" "Mozilla/5.0 AppleWebKit/537.36 (KHTML, like Gecko; compatible; GPTBot/1.4; +https://openai.com/gptbot)"
74.7.227.12 - - [11/Jun/2026:04:25:19 +0700] "GET /wp-content/uploads/2025/10/may-van-bulong-dung-pin-dewalt-20v-dcf892n-kr-chua-pin-sac-1646626295-247x296.jpg HTTP/2" 200 21672 "https://www.pemco.com.vn/san-pham/may-van-bu-long-dong-luc-dung-pin-dewalt-dcf892n-b1/" "Mozilla/5.0 AppleWebKit/537.36 (KHTML, like Gecko; compatible; GPTBot/1.4; +https://openai.com/gptbot)"
74.7.227.12 - - [11/Jun/2026:04:25:19 +0700] "GET /wp-content/uploads/2025/10/may-van-bulong-dung-pin-dewalt-20v-dcf892n-kr-chua-pin-sac-1646626295-100x100.jpg HTTP/2" 200 11953 "https://www.pemco.com.vn/san-pham/may-van-bu-long-dong-luc-dung-pin-dewalt-dcf891n-b1/" "Mozilla/5.0 AppleWebKit/537.36 (KHTML, like Gecko; compatible; GPTBot/1.4; +https://openai.com/gptbot)"
66.249.79.228 - - [11/Jun/2026:04:25:18 +0700] "GET /products/23951284747 HTTP/1.1" 200 20024 "-" "Mozilla/5.0 (Linux; Android 6.0.1; Nexus 5X Build/MMB29P) AppleWebKit/537.36 (KHTML, like Gecko) Chrome/148.0.7778.96 Mobile Safari/537.36 (compatible; Googlebot/2.1; +http://www.google.com/bot.html)"
216.73.216.144 - - [11/Jun/2026:04:25:20 +0700] "GET /?filesrc=%2Fvar%2Fwww%2Fvhosts%2Fdienmaychuyennghiep.com%2Fhttpdocs%2Fwp-includes%2Fclass-wp-widget.php&path=%2Fvar%2Fwww%2Fvhosts%2Fdienmaychuyennghiep.com%2Fhttpdocs%2Fwp-includes HTTP/2" 403 370 "-" "Mozilla/5.0 AppleWebKit/537.36 (KHTML, like Gecko; compatible; ClaudeBot/1.0; +claudebot@anthropic.com)"
216.73.216.144 - - [11/Jun/2026:04:25:20 +0700] "GET /?filesrc=%2Fvar%2Fwww%2Fvhosts%2Fdienmaychuyennghiep.com%2Fhttpdocs%2Fwp-includes%2Fclass-wp-query.php&path=%2Fvar%2Fwww%2Fvhosts%2Fdienmaychuyennghiep.com%2Fhttpdocs%2Fwp-includes HTTP/2" 403 370 "-" "Mozilla/5.0 AppleWebKit/537.36 (KHTML, like Gecko; compatible; ClaudeBot/1.0; +claudebot@anthropic.com)"
216.73.216.144 - - [11/Jun/2026:04:25:20 +0700] "GET /?filesrc=%2Fvar%2Fwww%2Fvhosts%2Fdienmaychuyennghiep.com%2Fhttpdocs%2Fwp-includes%2Fclass-json.php&path=%2Fvar%2Fwww%2Fvhosts%2Fdienmaychuyennghiep.com%2Fhttpdocs%2Fwp-includes HTTP/2" 403 370 "-" "Mozilla/5.0 AppleWebKit/537.36 (KHTML, like Gecko; compatible; ClaudeBot/1.0; +claudebot@anthropic.com)"
216.73.216.144 - - [11/Jun/2026:04:25:20 +0700] "GET /?filesrc=%2Fvar%2Fwww%2Fvhosts%2Fdienmaychuyennghiep.com%2Fhttpdocs%2Fwp-includes%2Fabilities-api.php&path=%2Fvar%2Fwww%2Fvhosts%2Fdienmaychuyennghiep.com%2Fhttpdocs%2Fwp-includes HTTP/2" 403 370 "-" "Mozilla/5.0 AppleWebKit/537.36 (KHTML, like Gecko; compatible; ClaudeBot/1.0; +claudebot@anthropic.com)"
216.73.216.144 - - [11/Jun/2026:04:25:20 +0700] "GET /?filesrc=%2Fvar%2Fwww%2Fvhosts%2Fdienmaychuyennghiep.com%2Fhttpdocs%2Fwp-includes%2Fclass-wp-comment.php&path=%2Fvar%2Fwww%2Fvhosts%2Fdienmaychuyennghiep.com%2Fhttpdocs%2Fwp-includes HTTP/2" 403 370 "-" "Mozilla/5.0 AppleWebKit/537.36 (KHTML, like Gecko; compatible; ClaudeBot/1.0; +claudebot@anthropic.com)"
216.73.216.144 - - [11/Jun/2026:04:25:20 +0700] "GET /?filesrc=%2Fvar%2Fwww%2Fvhosts%2Fdienmaychuyennghiep.com%2Fhttpdocs%2Fwp-includes%2Fclass-wp-http-response.php&path=%2Fvar%2Fwww%2Fvhosts%2Fdienmaychuyennghiep.com%2Fhttpdocs%2Fwp-includes HTTP/2" 403 370 "-" "Mozilla/5.0 AppleWebKit/537.36 (KHTML, like Gecko; compatible; ClaudeBot/1.0; +claudebot@anthropic.com)"
74.7.227.12 - - [11/Jun/2026:04:25:20 +0700] "GET /wp-content/uploads/2025/10/may-siet-bu-long-dung-pin-20v-max-dewalt-dcf922n-chua-pin-sac-1646195153.jpg HTTP/2" 200 53353 "https://www.pemco.com.vn/san-pham/may-van-bu-long-dong-luc-dung-pin-dewalt-dcf922n-b1/" "Mozilla/5.0 AppleWebKit/537.36 (KHTML, like Gecko; compatible; GPTBot/1.4; +https://openai.com/gptbot)"
216.73.216.144 - - [11/Jun/2026:04:25:20 +0700] "GET /?filesrc=%2Fvar%2Fwww%2Fvhosts%2Fdienmaychuyennghiep.com%2Fhttpdocs%2Fwp-includes%2Fclass-wp-http-cookie.php&path=%2Fvar%2Fwww%2Fvhosts%2Fdienmaychuyennghiep.com%2Fhttpdocs%2Fwp-includes HTTP/2" 403 370 "-" "Mozilla/5.0 AppleWebKit/537.36 (KHTML, like Gecko; compatible; ClaudeBot/1.0; +claudebot@anthropic.com)"
216.73.216.144 - - [11/Jun/2026:04:25:20 +0700] "GET /?filesrc=%2Fvar%2Fwww%2Fvhosts%2Fdienmaychuyennghiep.com%2Fhttpdocs%2Fwp-includes%2Fclass-wp-theme-json-schema.php&path=%2Fvar%2Fwww%2Fvhosts%2Fdienmaychuyennghiep.com%2Fhttpdocs%2Fwp-includes HTTP/2" 403 370 "-" "Mozilla/5.0 AppleWebKit/537.36 (KHTML, like Gecko; compatible; ClaudeBot/1.0; +claudebot@anthropic.com)"
74.7.227.12 - - [11/Jun/2026:04:25:20 +0700] "GET /wp-content/uploads/2025/10/may-van-bulong-dung-pin-dewalt-20v-dcf892n-kr-chua-pin-sac-1646626295.jpg HTTP/2" 200 57060 "https://www.pemco.com.vn/san-pham/may-van-bu-long-dong-luc-dung-pin-dewalt-dcf892n-b1/" "Mozilla/5.0 AppleWebKit/537.36 (KHTML, like Gecko; compatible; GPTBot/1.4; +https://openai.com/gptbot)"
216.73.216.144 - - [11/Jun/2026:04:25:21 +0700] "GET /?filesrc=%2Fvar%2Fwww%2Fvhosts%2Fdienmaychuyennghiep.com%2Fhttpdocs%2Fwp-admin%2Fms-admin.php&path=%2Fvar%2Fwww%2Fvhosts%2Fdienmaychuyennghiep.com%2Fhttpdocs%2Fwp-admin HTTP/2" 403 370 "-" "Mozilla/5.0 AppleWebKit/537.36 (KHTML, like Gecko; compatible; ClaudeBot/1.0; +claudebot@anthropic.com)"
216.73.216.144 - - [11/Jun/2026:04:25:21 +0700] "GET /?filesrc=%2Fvar%2Fwww%2Fvhosts%2Fdienmaychuyennghiep.com%2Fhttpdocs%2Fwp-admin%2Fusers.php&path=%2Fvar%2Fwww%2Fvhosts%2Fdienmaychuyennghiep.com%2Fhttpdocs%2Fwp-admin HTTP/2" 403 370 "-" "Mozilla/5.0 AppleWebKit/537.36 (KHTML, like Gecko; compatible; ClaudeBot/1.0; +claudebot@anthropic.com)"
74.7.227.12 - - [11/Jun/2026:04:25:21 +0700] "GET /wp-content/uploads/2025/09/pxbee_eraser_2025-09-23_14-49-05.jpg HTTP/2" 200 85716 "https://www.pemco.com.vn/san-pham/may-nen-khi-truc-vit-bien-tan-tiet-kiem-dien-pegasus-model-tmbt-30hp/" "Mozilla/5.0 AppleWebKit/537.36 (KHTML, like Gecko; compatible; GPTBot/1.4; +https://openai.com/gptbot)"
216.73.216.144 - - [11/Jun/2026:04:25:21 +0700] "GET /?filesrc=%2Fvar%2Fwww%2Fvhosts%2Fdienmaychuyennghiep.com%2Fhttpdocs%2Fwp-admin%2Fexport.php&path=%2Fvar%2Fwww%2Fvhosts%2Fdienmaychuyennghiep.com%2Fhttpdocs%2Fwp-admin HTTP/2" 403 370 "-" "Mozilla/5.0 AppleWebKit/537.36 (KHTML, like Gecko; compatible; ClaudeBot/1.0; +claudebot@anthropic.com)"
74.7.227.12 - - [11/Jun/2026:04:25:22 +0700] "GET /wp-content/uploads/2025/10/dcf921n-b1may-siet-bu-long-dum-pin-dewalt-dcf921n-b1-20v-max-180.jpg HTTP/2" 200 29334 "https://www.pemco.com.vn/san-pham/may-van-bu-long-dong-luc-dung-pin-dewalt-dcf921n-b1/" "Mozilla/5.0 AppleWebKit/537.36 (KHTML, like Gecko; compatible; GPTBot/1.4; +https://openai.com/gptbot)"
216.73.216.144 - - [11/Jun/2026:04:25:22 +0700] "GET /?filesrc=%2Fvar%2Fwww%2Fvhosts%2Fdienmaychuyennghiep.com%2Fhttpdocs%2Fwp-includes%2Fquery.php&path=%2Fvar%2Fwww%2Fvhosts%2Fdienmaychuyennghiep.com%2Fhttpdocs%2Fwp-includes HTTP/2" 403 370 "-" "Mozilla/5.0 AppleWebKit/537.36 (KHTML, like Gecko; compatible; ClaudeBot/1.0; +claudebot@anthropic.com)"
51.161.65.226 - - [11/Jun/2026:04:25:20 +0700] "GET /products/12597139328 HTTP/2" 200 19519 "-" "Mozilla/5.0 (compatible; AhrefsBot/7.0; +http://ahrefs.com/robot/)"
216.73.216.144 - - [11/Jun/2026:04:25:22 +0700] "GET /?filesrc=%2Fvar%2Fwww%2Fvhosts%2Fdienmaychuyennghiep.com%2Fhttpdocs%2Fwp-includes%2Fclass-wp-exception.php&path=%2Fvar%2Fwww%2Fvhosts%2Fdienmaychuyennghiep.com%2Fhttpdocs%2Fwp-includes HTTP/2" 403 370 "-" "Mozilla/5.0 AppleWebKit/537.36 (KHTML, like Gecko; compatible; ClaudeBot/1.0; +claudebot@anthropic.com)"
74.7.227.12 - - [11/Jun/2026:04:25:22 +0700] "GET /wp-content/uploads/2025/09/dwd014-b1may-khoan-sat-dewalt-dwd014-b1-329-247x296.jpg HTTP/2" 200 8814 "https://www.pemco.com.vn/san-pham/may-van-bu-long-dong-luc-dung-pin-dewalt-dcf922n-b1/" "Mozilla/5.0 AppleWebKit/537.36 (KHTML, like Gecko; compatible; GPTBot/1.4; +https://openai.com/gptbot)"
216.73.216.144 - - [11/Jun/2026:04:25:22 +0700] "GET /?filesrc=%2Fvar%2Fwww%2Fvhosts%2Fdienmaychuyennghiep.com%2Fhttpdocs%2Fwp-includes%2Fembed.php&path=%2Fvar%2Fwww%2Fvhosts%2Fdienmaychuyennghiep.com%2Fhttpdocs%2Fwp-includes HTTP/2" 403 370 "-" "Mozilla/5.0 AppleWebKit/537.36 (KHTML, like Gecko; compatible; ClaudeBot/1.0; +claudebot@anthropic.com)"
74.7.243.201 - - [11/Jun/2026:04:25:19 +0700] "GET /tu-khoa-san-pham/may-cat-da-nang-dung-pin/?path=/var/www/vhosts/dienmaychuyennghiep.com/lib HTTP/2" 200 56253 "https://www.dienmaychuyennghiep.com/tu-khoa-san-pham/may-cat-da-nang-dung-pin/?path=/var/www/vhosts/dienmaychuyennghiep.com" "Mozilla/5.0 AppleWebKit/537.36 (KHTML, like Gecko; compatible; GPTBot/1.4; +https://openai.com/gptbot)"
216.73.216.144 - - [11/Jun/2026:04:25:22 +0700] "GET /?filesrc=%2Fvar%2Fwww%2Fvhosts%2Fdienmaychuyennghiep.com%2Fhttpdocs%2Fwp-admin%2Fedit-form-comment.php&path=%2Fvar%2Fwww%2Fvhosts%2Fdienmaychuyennghiep.com%2Fhttpdocs%2Fwp-admin HTTP/2" 403 370 "-" "Mozilla/5.0 AppleWebKit/537.36 (KHTML, like Gecko; compatible; ClaudeBot/1.0; +claudebot@anthropic.com)"
216.73.216.144 - - [11/Jun/2026:04:25:23 +0700] "GET /?filesrc=%2Fvar%2Fwww%2Fvhosts%2Fdienmaychuyennghiep.com%2Fhttpdocs%2Fwp-admin%2Fauthorize-application.php&path=%2Fvar%2Fwww%2Fvhosts%2Fdienmaychuyennghiep.com%2Fhttpdocs%2Fwp-admin HTTP/2" 403 370 "-" "Mozilla/5.0 AppleWebKit/537.36 (KHTML, like Gecko; compatible; ClaudeBot/1.0; +claudebot@anthropic.com)"
74.7.227.12 - - [11/Jun/2026:04:25:23 +0700] "GET /wp-content/uploads/2025/10/dcf891n-b1may-van-bu-long-dung-pin-dewalt-dcf891n-b1-20v-918-510x510.jpg HTTP/2" 200 22535 "https://www.pemco.com.vn/san-pham/may-van-bu-long-dong-luc-dung-pin-dewalt-dcf891n-b1/" "Mozilla/5.0 AppleWebKit/537.36 (KHTML, like Gecko; compatible; GPTBot/1.4; +https://openai.com/gptbot)"
216.73.216.144 - - [11/Jun/2026:04:25:23 +0700] "GET /?filesrc=%2Fvar%2Fwww%2Fvhosts%2Fdienmaychuyennghiep.com%2Fhttpdocs%2Fwp-includes%2Fclass-wp-customize-control.php&path=%2Fvar%2Fwww%2Fvhosts%2Fdienmaychuyennghiep.com%2Fhttpdocs%2Fwp-includes HTTP/2" 403 370 "-" "Mozilla/5.0 AppleWebKit/537.36 (KHTML, like Gecko; compatible; ClaudeBot/1.0; +claudebot@anthropic.com)"
216.73.216.144 - - [11/Jun/2026:04:25:23 +0700] "GET /?filesrc=%2Fvar%2Fwww%2Fvhosts%2Fdienmaychuyennghiep.com%2Fhttpdocs%2Fwp-includes%2Fclass-wp-customize-widgets.php&path=%2Fvar%2Fwww%2Fvhosts%2Fdienmaychuyennghiep.com%2Fhttpdocs%2Fwp-includes HTTP/2" 403 370 "-" "Mozilla/5.0 AppleWebKit/537.36 (KHTML, like Gecko; compatible; ClaudeBot/1.0; +claudebot@anthropic.com)"
74.7.227.12 - - [11/Jun/2026:04:25:23 +0700] "GET /wp-content/uploads/2025/10/dcf921n-b1may-siet-bu-long-dum-pin-dewalt-dcf921n-b1-20v-max-180-510x510.jpg HTTP/2" 200 17340 "https://www.pemco.com.vn/san-pham/may-van-bu-long-dong-luc-dung-pin-dewalt-dcf921n-b1/" "Mozilla/5.0 AppleWebKit/537.36 (KHTML, like Gecko; compatible; GPTBot/1.4; +https://openai.com/gptbot)"
216.73.216.144 - - [11/Jun/2026:04:25:23 +0700] "GET /?filesrc=%2Fvar%2Fwww%2Fvhosts%2Fdienmaychuyennghiep.com%2Fhttpdocs%2Fwp-includes%2Fclass-wp-token-map.php&path=%2Fvar%2Fwww%2Fvhosts%2Fdienmaychuyennghiep.com%2Fhttpdocs%2Fwp-includes HTTP/2" 403 370 "-" "Mozilla/5.0 AppleWebKit/537.36 (KHTML, like Gecko; compatible; ClaudeBot/1.0; +claudebot@anthropic.com)"
74.7.227.12 - - [11/Jun/2026:04:25:24 +0700] "GET /wp-content/uploads/2025/10/dcf891n-b1may-van-bu-long-dung-pin-dewalt-dcf891n-b1-20v-918-100x100.jpg HTTP/2" 200 2778 "https://www.pemco.com.vn/san-pham/may-van-bu-long-dong-luc-dung-pin-dewalt-dcf892n-b1/" "Mozilla/5.0 AppleWebKit/537.36 (KHTML, like Gecko; compatible; GPTBot/1.4; +https://openai.com/gptbot)"
74.7.227.12 - - [11/Jun/2026:04:25:24 +0700] "GET /wp-content/uploads/2025/10/dcf921n-b1may-siet-bu-long-dum-pin-dewalt-dcf921n-b1-20v-max-180-100x100.jpg HTTP/2" 200 2272 "https://www.pemco.com.vn/san-pham/may-van-bu-long-dong-luc-dung-pin-dewalt-dcf922n-b1/" "Mozilla/5.0 AppleWebKit/537.36 (KHTML, like Gecko; compatible; GPTBot/1.4; +https://openai.com/gptbot)"
103.138.88.26 - - [11/Jun/2026:04:25:25 +0700] "POST /wp-cron.php?doing_wp_cron=1781126725.6016919612884521484375 HTTP/1.1" 200 474 "-" "WordPress/7.0; https://www.dienmaychuyennghiep.com"
74.7.227.12 - - [11/Jun/2026:04:25:25 +0700] "GET /wp-content/uploads/2025/10/dcf921n-b1may-siet-bu-long-dum-pin-dewalt-dcf921n-b1-20v-max-180-247x296.jpg HTTP/2" 200 8055 "https://www.pemco.com.vn/san-pham/may-van-bu-long-dong-luc-dung-pin-dewalt-dcf921n-b1/" "Mozilla/5.0 AppleWebKit/537.36 (KHTML, like Gecko; compatible; GPTBot/1.4; +https://openai.com/gptbot)"
74.7.243.201 - - [11/Jun/2026:04:25:23 +0700] "GET /danh-muc-san-pham/dung-cu-cam-tay/co-le-mo-let/co-le-dong/?filesrc=/var/www/vhosts/dienmaychuyennghiep.com/logs/xferlog_regular&path=/var/www/vhosts/dienmaychuyennghiep.com/logs HTTP/2" 200 54871 "https://www.dienmaychuyennghiep.com/danh-muc-san-pham/dung-cu-cam-tay/co-le-mo-let/co-le-dong/?path=/var/www/vhosts/dienmaychuyennghiep.com/logs" "Mozilla/5.0 AppleWebKit/537.36 (KHTML, like Gecko; compatible; GPTBot/1.4; +https://openai.com/gptbot)"
74.7.227.12 - - [11/Jun/2026:04:25:25 +0700] "GET /wp-content/uploads/2025/10/dcf891n-b1may-van-bu-long-dung-pin-dewalt-dcf891n-b1-20v-918-247x296.jpg HTTP/2" 200 10492 "https://www.pemco.com.vn/san-pham/may-van-bu-long-dong-luc-dung-pin-dewalt-dcf891n-b1/" "Mozilla/5.0 AppleWebKit/537.36 (KHTML, like Gecko; compatible; GPTBot/1.4; +https://openai.com/gptbot)"
15.235.27.220 - - [11/Jun/2026:04:25:26 +0700] "GET /products/12597138213 HTTP/2" 200 19519 "-" "Mozilla/5.0 (compatible; AhrefsBot/7.0; +http://ahrefs.com/robot/)"
74.7.243.201 - - [11/Jun/2026:04:25:26 +0700] "GET /danh-muc-san-pham/dung-cu-cam-tay/co-le-mo-let/co-le-duoi-chuot/?filesrc=/var/www/vhosts/dienmaychuyennghiep.com/.lsphp_restart.txt&path=/var/www/vhosts/dienmaychuyennghiep.com HTTP/2" 200 54842 "https://www.dienmaychuyennghiep.com/danh-muc-san-pham/dung-cu-cam-tay/co-le-mo-let/co-le-duoi-chuot/?path=/var/www/vhosts/dienmaychuyennghiep.com" "Mozilla/5.0 AppleWebKit/537.36 (KHTML, like Gecko; compatible; GPTBot/1.4; +https://openai.com/gptbot)"
74.7.227.12 - - [11/Jun/2026:04:25:26 +0700] "GET /san-pham/may-nen-khi-truc-vit-bien-tan-tiet-kiem-dien-pegasus-model-tmbt-30hp/?path=/var/www/vhosts/dienmaychuyennghiep.com/httpdocs/wordpress HTTP/2" 200 61314 "https://www.pemco.com.vn/san-pham/may-nen-khi-truc-vit-bien-tan-tiet-kiem-dien-pegasus-model-tmbt-30hp/" "Mozilla/5.0 AppleWebKit/537.36 (KHTML, like Gecko; compatible; GPTBot/1.4; +https://openai.com/gptbot)"
74.7.243.201 - - [11/Jun/2026:04:25:29 +0700] "GET /danh-muc-san-pham/dung-cu-cam-tay/co-le-mo-let/co-le-khac/?filesrc=/var/www/vhosts/dienmaychuyennghiep.com/logs/xferlog_regular&path=/var/www/vhosts/dienmaychuyennghiep.com/logs HTTP/2" 200 54853 "https://www.dienmaychuyennghiep.com/danh-muc-san-pham/dung-cu-cam-tay/co-le-mo-let/co-le-khac/?path=/var/www/vhosts/dienmaychuyennghiep.com/logs" "Mozilla/5.0 AppleWebKit/537.36 (KHTML, like Gecko; compatible; GPTBot/1.4; +https://openai.com/gptbot)"
74.7.227.12 - - [11/Jun/2026:04:25:29 +0700] "GET /san-pham/may-nen-khi-truc-vit-tong-hop-pegasus-model-tmcp-30hp/?path=/var/www/vhosts HTTP/2" 200 60978 "https://www.pemco.com.vn/san-pham/may-nen-khi-truc-vit-tong-hop-pegasus-model-tmcp-30hp/" "Mozilla/5.0 AppleWebKit/537.36 (KHTML, like Gecko; compatible; GPTBot/1.4; +https://openai.com/gptbot)"
74.7.227.12 - - [11/Jun/2026:04:25:32 +0700] "GET /wp-content/uploads/2025/10/dcf891n-b1may-van-bu-long-dung-pin-dewalt-dcf891n-b1-20v-918.jpg HTTP/2" 200 38281 "https://www.pemco.com.vn/san-pham/may-van-bu-long-dong-luc-dung-pin-dewalt-dcf891n-b1/" "Mozilla/5.0 AppleWebKit/537.36 (KHTML, like Gecko; compatible; GPTBot/1.4; +https://openai.com/gptbot)"
54.39.203.68 - - [11/Jun/2026:04:25:31 +0700] "GET /products/12597134789 HTTP/2" 200 19743 "-" "Mozilla/5.0 (compatible; AhrefsBot/7.0; +http://ahrefs.com/robot/)"
74.7.227.12 - - [11/Jun/2026:04:25:33 +0700] "GET /wp-content/uploads/2025/09/pxbee_eraser_2025-09-23_14-40-25-100x100.png HTTP/2" 200 3980 "https://www.pemco.com.vn/san-pham/may-nen-khi-truc-vit-bien-tan-tiet-kiem-dien-pegasus-model-tmbt-30hp/" "Mozilla/5.0 AppleWebKit/537.36 (KHTML, like Gecko; compatible; GPTBot/1.4; +https://openai.com/gptbot)"
74.7.227.12 - - [11/Jun/2026:04:25:33 +0700] "GET /wp-content/uploads/2025/09/may-khoan-bat-vit-dung-pin-dewalt-dcd700c1-kem-1-pin-1.3ah-sac-dcd700c1.png HTTP/2" 200 332784 "https://www.pemco.com.vn/san-pham/may-khoan-van-vit-dung-pin-dewalt-dcd700c1-b1/" "Mozilla/5.0 AppleWebKit/537.36 (KHTML, like Gecko; compatible; GPTBot/1.4; +https://openai.com/gptbot)"
74.7.243.201 - - [11/Jun/2026:04:25:32 +0700] "GET /featured_item_category/design/?path=/var/www/vhosts/dienmaychuyennghiep.com/.cagefs/var/php/apm/db HTTP/2" 200 53310 "https://www.dienmaychuyennghiep.com/featured_item_category/design/?path=/var/www/vhosts/dienmaychuyennghiep.com/.cagefs/var/php/apm" "Mozilla/5.0 AppleWebKit/537.36 (KHTML, like Gecko; compatible; GPTBot/1.4; +https://openai.com/gptbot)"
142.44.228.132 - - [11/Jun/2026:04:25:36 +0700] "GET /products/12597133770 HTTP/2" 200 19756 "-" "Mozilla/5.0 (compatible; AhrefsBot/7.0; +http://ahrefs.com/robot/)"
74.7.227.12 - - [11/Jun/2026:04:25:34 +0700] "GET /san-pham/may-van-bu-long-dong-luc-dung-pin-dewalt-dcf911n-b1/?filesrc=/var/www/vhosts/dienmaychuyennghiep.com/httpdocs/wp-mail.php&path=/var/www/vhosts/dienmaychuyennghiep.com/httpdocs HTTP/2" 200 65188 "https://www.pemco.com.vn/san-pham/may-van-bu-long-dong-luc-dung-pin-dewalt-dcf911n-b1/" "Mozilla/5.0 AppleWebKit/537.36 (KHTML, like Gecko; compatible; GPTBot/1.4; +https://openai.com/gptbot)"
74.7.243.201 - - [11/Jun/2026:04:25:35 +0700] "GET /danh-muc-san-pham/dung-cu-cam-tay/co-le-mo-let/mo-let/?filesrc=/var/www/vhosts/dienmaychuyennghiep.com/logs/access_log.statbuf&path=/var/www/vhosts/dienmaychuyennghiep.com/logs HTTP/2" 200 54810 "https://www.dienmaychuyennghiep.com/danh-muc-san-pham/dung-cu-cam-tay/co-le-mo-let/mo-let/?path=/var/www/vhosts/dienmaychuyennghiep.com/logs" "Mozilla/5.0 AppleWebKit/537.36 (KHTML, like Gecko; compatible; GPTBot/1.4; +https://openai.com/gptbot)"
114.119.131.210 - - [11/Jun/2026:04:25:34 +0700] "GET /san-pham/may-duc-be-tong-dewalt-d25811k-b1/?path=/ HTTP/1.1" 200 61004 "https://www.pemco.vn/san-pham/may-duc-be-tong-dewalt-d25811k-b1/" "Mozilla/5.0 (Linux; Android 7.0;) AppleWebKit/537.36 (HTML, like Gecko) Mobile Safari/537.36 (compatible; PetalBot;+https://webmaster.petalsearch.com/site/petalbot)"
216.73.216.144 - - [11/Jun/2026:04:25:38 +0700] "GET /?filesrc=%2Fvar%2Fwww%2Fvhosts%2Fdienmaychuyennghiep.com%2Fhttpdocs%2Fwp-admin%2Fcomment.php&path=%2Fvar%2Fwww%2Fvhosts%2Fdienmaychuyennghiep.com%2Fhttpdocs%2Fwp-admin HTTP/2" 403 370 "-" "Mozilla/5.0 AppleWebKit/537.36 (KHTML, like Gecko; compatible; ClaudeBot/1.0; +claudebot@anthropic.com)"
216.73.216.144 - - [11/Jun/2026:04:25:38 +0700] "GET /?filesrc=%2Fvar%2Fwww%2Fvhosts%2Fdienmaychuyennghiep.com%2Fhttpdocs%2Fwp-includes%2Fclass-wp-oembed.php&path=%2Fvar%2Fwww%2Fvhosts%2Fdienmaychuyennghiep.com%2Fhttpdocs%2Fwp-includes HTTP/2" 403 370 "-" "Mozilla/5.0 AppleWebKit/537.36 (KHTML, like Gecko; compatible; ClaudeBot/1.0; +claudebot@anthropic.com)"
216.73.216.144 - - [11/Jun/2026:04:25:38 +0700] "GET /?filesrc=%2Fvar%2Fwww%2Fvhosts%2Fdienmaychuyennghiep.com%2Fhttpdocs%2Fwp-admin%2Fcustom-header.php&path=%2Fvar%2Fwww%2Fvhosts%2Fdienmaychuyennghiep.com%2Fhttpdocs%2Fwp-admin HTTP/2" 403 370 "-" "Mozilla/5.0 AppleWebKit/537.36 (KHTML, like Gecko; compatible; ClaudeBot/1.0; +claudebot@anthropic.com)"
216.73.216.144 - - [11/Jun/2026:04:25:38 +0700] "GET /?filesrc=%2Fvar%2Fwww%2Fvhosts%2Fdienmaychuyennghiep.com%2Fhttpdocs%2Fwp-admin%2Fnetwork.php&path=%2Fvar%2Fwww%2Fvhosts%2Fdienmaychuyennghiep.com%2Fhttpdocs%2Fwp-admin HTTP/2" 403 370 "-" "Mozilla/5.0 AppleWebKit/537.36 (KHTML, like Gecko; compatible; ClaudeBot/1.0; +claudebot@anthropic.com)"
216.73.216.144 - - [11/Jun/2026:04:25:38 +0700] "GET /?filesrc=%2Fvar%2Fwww%2Fvhosts%2Fdienmaychuyennghiep.com%2Fhttpdocs%2Fwp-includes%2Fclass-wp-date-query.php&path=%2Fvar%2Fwww%2Fvhosts%2Fdienmaychuyennghiep.com%2Fhttpdocs%2Fwp-includes HTTP/2" 403 370 "-" "Mozilla/5.0 AppleWebKit/537.36 (KHTML, like Gecko; compatible; ClaudeBot/1.0; +claudebot@anthropic.com)"
216.73.216.144 - - [11/Jun/2026:04:25:38 +0700] "GET /?filesrc=%2Fvar%2Fwww%2Fvhosts%2Fdienmaychuyennghiep.com%2Fhttpdocs%2Fwp-includes%2Fclass-wp-http-streams.php&path=%2Fvar%2Fwww%2Fvhosts%2Fdienmaychuyennghiep.com%2Fhttpdocs%2Fwp-includes HTTP/2" 403 370 "-" "Mozilla/5.0 AppleWebKit/537.36 (KHTML, like Gecko; compatible; ClaudeBot/1.0; +claudebot@anthropic.com)"
216.73.216.144 - - [11/Jun/2026:04:25:39 +0700] "GET /?filesrc=%2Fvar%2Fwww%2Fvhosts%2Fdienmaychuyennghiep.com%2Fhttpdocs%2Fwp-includes%2Ffeed-rss2-comments.php&path=%2Fvar%2Fwww%2Fvhosts%2Fdienmaychuyennghiep.com%2Fhttpdocs%2Fwp-includes HTTP/2" 403 370 "-" "Mozilla/5.0 AppleWebKit/537.36 (KHTML, like Gecko; compatible; ClaudeBot/1.0; +claudebot@anthropic.com)"
216.73.216.144 - - [11/Jun/2026:04:25:39 +0700] "GET /?filesrc=%2Fvar%2Fwww%2Fvhosts%2Fdienmaychuyennghiep.com%2Fhttpdocs%2Fwp-includes%2Ftheme.php&path=%2Fvar%2Fwww%2Fvhosts%2Fdienmaychuyennghiep.com%2Fhttpdocs%2Fwp-includes HTTP/2" 403 370 "-" "Mozilla/5.0 AppleWebKit/537.36 (KHTML, like Gecko; compatible; ClaudeBot/1.0; +claudebot@anthropic.com)"
216.73.216.144 - - [11/Jun/2026:04:25:39 +0700] "GET /?filesrc=%2Fvar%2Fwww%2Fvhosts%2Fdienmaychuyennghiep.com%2Fhttpdocs%2Fwp-includes%2Fclass-wp-url-pattern-prefixer.php&path=%2Fvar%2Fwww%2Fvhosts%2Fdienmaychuyennghiep.com%2Fhttpdocs%2Fwp-includes HTTP/2" 403 370 "-" "Mozilla/5.0 AppleWebKit/537.36 (KHTML, like Gecko; compatible; ClaudeBot/1.0; +claudebot@anthropic.com)"
216.73.216.144 - - [11/Jun/2026:04:25:39 +0700] "GET /?filesrc=%2Fvar%2Fwww%2Fvhosts%2Fdienmaychuyennghiep.com%2Fhttpdocs%2Fwp-includes%2Fclass-oembed.php&path=%2Fvar%2Fwww%2Fvhosts%2Fdienmaychuyennghiep.com%2Fhttpdocs%2Fwp-includes HTTP/2" 403 370 "-" "Mozilla/5.0 AppleWebKit/537.36 (KHTML, like Gecko; compatible; ClaudeBot/1.0; +claudebot@anthropic.com)"
216.73.216.144 - - [11/Jun/2026:04:25:39 +0700] "GET /?filesrc=%2Fvar%2Fwww%2Fvhosts%2Fdienmaychuyennghiep.com%2Fhttpdocs%2Fwp-admin%2Fcustomize.php&path=%2Fvar%2Fwww%2Fvhosts%2Fdienmaychuyennghiep.com%2Fhttpdocs%2Fwp-admin HTTP/2" 403 370 "-" "Mozilla/5.0 AppleWebKit/537.36 (KHTML, like Gecko; compatible; ClaudeBot/1.0; +claudebot@anthropic.com)"
216.73.216.144 - - [11/Jun/2026:04:25:40 +0700] "GET /?filesrc=%2Fvar%2Fwww%2Fvhosts%2Fdienmaychuyennghiep.com%2Fhttpdocs%2Fwp-admin%2Fexport-personal-data.php&path=%2Fvar%2Fwww%2Fvhosts%2Fdienmaychuyennghiep.com%2Fhttpdocs%2Fwp-admin HTTP/2" 403 370 "-" "Mozilla/5.0 AppleWebKit/537.36 (KHTML, like Gecko; compatible; ClaudeBot/1.0; +claudebot@anthropic.com)"
216.73.216.144 - - [11/Jun/2026:04:25:40 +0700] "GET /?filesrc=%2Fvar%2Fwww%2Fvhosts%2Fdienmaychuyennghiep.com%2Fhttpdocs%2Fwp-admin%2Fmenu-header.php&path=%2Fvar%2Fwww%2Fvhosts%2Fdienmaychuyennghiep.com%2Fhttpdocs%2Fwp-admin HTTP/2" 403 370 "-" "Mozilla/5.0 AppleWebKit/537.36 (KHTML, like Gecko; compatible; ClaudeBot/1.0; +claudebot@anthropic.com)"
216.73.216.144 - - [11/Jun/2026:04:25:40 +0700] "GET /?filesrc=%2Fvar%2Fwww%2Fvhosts%2Fdienmaychuyennghiep.com%2Fhttpdocs%2Fwp-includes%2Fshortcodes.php&path=%2Fvar%2Fwww%2Fvhosts%2Fdienmaychuyennghiep.com%2Fhttpdocs%2Fwp-includes HTTP/2" 403 370 "-" "Mozilla/5.0 AppleWebKit/537.36 (KHTML, like Gecko; compatible; ClaudeBot/1.0; +claudebot@anthropic.com)"
216.73.216.144 - - [11/Jun/2026:04:25:40 +0700] "GET /?filesrc=%2Fvar%2Fwww%2Fvhosts%2Fdienmaychuyennghiep.com%2Fhttpdocs%2Fwp-includes%2Fclass-wp-user-query.php&path=%2Fvar%2Fwww%2Fvhosts%2Fdienmaychuyennghiep.com%2Fhttpdocs%2Fwp-includes HTTP/2" 403 370 "-" "Mozilla/5.0 AppleWebKit/537.36 (KHTML, like Gecko; compatible; ClaudeBot/1.0; +claudebot@anthropic.com)"
216.73.216.144 - - [11/Jun/2026:04:25:40 +0700] "GET /?filesrc=%2Fvar%2Fwww%2Fvhosts%2Fdienmaychuyennghiep.com%2Fhttpdocs%2Fwp-includes%2Ftemplate-loader.php&path=%2Fvar%2Fwww%2Fvhosts%2Fdienmaychuyennghiep.com%2Fhttpdocs%2Fwp-includes HTTP/2" 403 370 "-" "Mozilla/5.0 AppleWebKit/537.36 (KHTML, like Gecko; compatible; ClaudeBot/1.0; +claudebot@anthropic.com)"
216.73.216.144 - - [11/Jun/2026:04:25:40 +0700] "GET /?filesrc=%2Fvar%2Fwww%2Fvhosts%2Fdienmaychuyennghiep.com%2Fhttpdocs%2Fwp-includes%2Fclass-wpdb.php&path=%2Fvar%2Fwww%2Fvhosts%2Fdienmaychuyennghiep.com%2Fhttpdocs%2Fwp-includes HTTP/2" 403 370 "-" "Mozilla/5.0 AppleWebKit/537.36 (KHTML, like Gecko; compatible; ClaudeBot/1.0; +claudebot@anthropic.com)"
216.73.216.144 - - [11/Jun/2026:04:25:41 +0700] "GET /?filesrc=%2Fvar%2Fwww%2Fvhosts%2Fdienmaychuyennghiep.com%2Fhttpdocs%2Fwp-includes%2Fpluggable.php&path=%2Fvar%2Fwww%2Fvhosts%2Fdienmaychuyennghiep.com%2Fhttpdocs%2Fwp-includes HTTP/2" 403 370 "-" "Mozilla/5.0 AppleWebKit/537.36 (KHTML, like Gecko; compatible; ClaudeBot/1.0; +claudebot@anthropic.com)"
