103.138.88.26 - - [11/Jun/2026:04:52:34 +0700] "POST /wp-cron.php?doing_wp_cron=1781128353.8395860195159912109375 HTTP/1.1" 200 474 "-" "WordPress/7.0; https://www.pemco.com.vn"
103.138.88.26 - - [11/Jun/2026:04:52:34 +0700] "POST /wp-cron.php?doing_wp_cron=1781128354.2287929058074951171875 HTTP/1.1" 200 474 "-" "WordPress/7.0; https://pemco.vn"
74.7.227.12 - - [11/Jun/2026:04:52:24 +0700] "GET /san-pham/may-khoan-be-tong-dung-pin-adzc22/ HTTP/2" 200 62500 "https://www.pemco.com.vn/wp-sitemap-posts-product-1.xml" "Mozilla/5.0 AppleWebKit/537.36 (KHTML, like Gecko; compatible; GPTBot/1.4; +https://openai.com/gptbot)"
103.138.88.26 - - [11/Jun/2026:04:52:34 +0700] "POST /wp-cron.php?doing_wp_cron=1781128354.6432800292968750000000 HTTP/1.1" 200 474 "-" "WordPress/7.0; https://pemcom.vn"
103.138.88.26 - - [11/Jun/2026:04:52:35 +0700] "POST /wp-cron.php?doing_wp_cron=1781128355.2424008846282958984375 HTTP/1.1" 200 474 "-" "WordPress/7.0; https://pemco.vn"
142.44.220.151 - - [11/Jun/2026:04:52:27 +0700] "GET /san-pham/may-mai-goc-dck-ksm12-100/feed/ HTTP/2" 200 20184 "-" "Mozilla/5.0 (compatible; AhrefsBot/7.0; +http://ahrefs.com/robot/)"
74.7.243.201 - - [11/Jun/2026:04:52:24 +0700] "GET /tu-khoa-san-pham/may-thoi-gio/?path=/var/www/vhosts/dienmaychuyennghiep.com/httpdocs HTTP/2" 200 56934 "https://www.dienmaychuyennghiep.com/tu-khoa-san-pham/may-thoi-gio/" "Mozilla/5.0 AppleWebKit/537.36 (KHTML, like Gecko; compatible; GPTBot/1.4; +https://openai.com/gptbot)"
103.138.88.26 - - [11/Jun/2026:04:52:35 +0700] "POST /wp-cron.php?doing_wp_cron=1781128355.6511259078979492187500 HTTP/1.1" 200 474 "-" "WordPress/7.0; https://www.dienmaychuyennghiep.com"
103.138.88.26 - - [11/Jun/2026:04:52:37 +0700] "POST /wp-cron.php?doing_wp_cron=1781128357.2470750808715820312500 HTTP/1.1" 200 474 "-" "WordPress/7.0; https://dienmaychuyennghiep.com"
148.113.128.114 - - [11/Jun/2026:04:52:29 +0700] "GET /products/7213425507 HTTP/2" 200 19519 "-" "Mozilla/5.0 (compatible; AhrefsBot/7.0; +http://ahrefs.com/robot/)"
216.73.216.144 - - [11/Jun/2026:04:52:29 +0700] "GET /wp-sitemap.xml?filesrc=%2Fvar%2Fwww%2Fvhosts%2Fdienmaychuyennghiep.com%2Fhttpdocs%2Fwp-content%2Fuploads%2F2024%2F07%2FBO4556-1-510x287.png&path=%2Fvar%2Fwww%2Fvhosts%2Fdienmaychuyennghiep.com%2Fhttpdocs%2Fwp-content%2Fuploads%2F2024%2F07 HTTP/2" 200 111637 "-" "Mozilla/5.0 AppleWebKit/537.36 (KHTML, like Gecko; compatible; ClaudeBot/1.0; +claudebot@anthropic.com)"
103.138.88.26 - - [11/Jun/2026:04:52:37 +0700] "POST /wp-cron.php?doing_wp_cron=1781128356.9447429180145263671875 HTTP/1.1" 200 474 "-" "WordPress/7.0; https://dienmaychuyennghiep.com"
148.113.128.143 - - [11/Jun/2026:04:52:32 +0700] "GET /products/72134216996 HTTP/2" 200 19756 "-" "Mozilla/5.0 (compatible; AhrefsBot/7.0; +http://ahrefs.com/robot/)"
103.138.88.26 - - [11/Jun/2026:04:52:37 +0700] "POST /wp-cron.php?doing_wp_cron=1781128357.2208271026611328125000 HTTP/1.1" 200 474 "-" "WordPress/7.0; https://dienmaychuyennghiep.com"
51.222.168.87 - - [11/Jun/2026:04:52:31 +0700] "GET /products/72134232399 HTTP/2" 200 19756 "-" "Mozilla/5.0 (compatible; AhrefsBot/7.0; +http://ahrefs.com/robot/)"
103.138.88.26 - - [11/Jun/2026:04:52:38 +0700] "POST /wp-cron.php?doing_wp_cron=1781128358.1445729732513427734375 HTTP/1.1" 200 474 "-" "WordPress/7.0; https://dienmaychuyennghiep.com"
167.114.139.122 - - [11/Jun/2026:04:52:31 +0700] "GET /products/7213423197 HTTP/2" 200 19756 "-" "Mozilla/5.0 (compatible; AhrefsBot/7.0; +http://ahrefs.com/robot/)"
142.44.220.235 - - [11/Jun/2026:04:52:38 +0700] "GET /products/72134124920 HTTP/2" 500 928 "-" "Mozilla/5.0 (compatible; AhrefsBot/7.0; +http://ahrefs.com/robot/)"
51.161.37.45 - - [11/Jun/2026:04:52:41 +0700] "GET /products/72134102511 HTTP/2" 500 928 "-" "Mozilla/5.0 (compatible; AhrefsBot/7.0; +http://ahrefs.com/robot/)"
103.138.88.26 - - [11/Jun/2026:04:52:42 +0700] "POST /wp-cron.php?doing_wp_cron=1781128361.5406029224395751953125 HTTP/1.1" 200 474 "-" "WordPress/7.0; https://dienmaychuyennghiep.com"
15.235.98.46 - - [11/Jun/2026:04:52:31 +0700] "GET /products/72134106531 HTTP/2" 200 19500 "-" "Mozilla/5.0 (compatible; AhrefsBot/7.0; +http://ahrefs.com/robot/)"
103.138.88.26 - - [11/Jun/2026:04:52:44 +0700] "POST /wp-cron.php?doing_wp_cron=1781128363.6394751071929931640625 HTTP/1.1" 200 474 "-" "WordPress/7.0; https://dienmaychuyennghiep.com"
15.235.27.244 - - [11/Jun/2026:04:52:34 +0700] "GET /products/72134203121 HTTP/2" 200 19756 "-" "Mozilla/5.0 (compatible; AhrefsBot/7.0; +http://ahrefs.com/robot/)"
51.222.168.30 - - [11/Jun/2026:04:52:33 +0700] "GET /products/72134215177 HTTP/2" 200 19519 "-" "Mozilla/5.0 (compatible; AhrefsBot/7.0; +http://ahrefs.com/robot/)"
54.39.89.14 - - [11/Jun/2026:04:52:34 +0700] "GET /products/72134207846 HTTP/2" 200 19756 "-" "Mozilla/5.0 (compatible; AhrefsBot/7.0; +http://ahrefs.com/robot/)"
150.241.162.143 - - [11/Jun/2026:04:51:24 +0700] "GET /wp-content/uploads/2024/07/M6001B-2-510x510.png HTTP/1.1" 200 187200 "-" "Mozilla/5.0 (compatible; crawler)"
142.44.228.182 - - [11/Jun/2026:04:52:33 +0700] "GET /products/72134210482 HTTP/2" 200 19756 "-" "Mozilla/5.0 (compatible; AhrefsBot/7.0; +http://ahrefs.com/robot/)"
216.73.216.144 - - [11/Jun/2026:04:52:34 +0700] "GET /wp-sitemap.xml?filesrc=%2Fvar%2Fwww%2Fvhosts%2Fdienmaychuyennghiep.com%2Fhttpdocs%2Fwp-content%2Fuploads%2F2025%2F09%2FDWE7470-B1-548x400.jpg&path=%2Fvar%2Fwww%2Fvhosts%2Fdienmaychuyennghiep.com%2Fhttpdocs%2Fwp-content%2Fuploads%2F2025%2F09 HTTP/2" 200 39325 "-" "Mozilla/5.0 AppleWebKit/537.36 (KHTML, like Gecko; compatible; ClaudeBot/1.0; +claudebot@anthropic.com)"
216.73.216.144 - - [11/Jun/2026:04:52:34 +0700] "GET /wp-sitemap.xml?filesrc=%2Fvar%2Fwww%2Fvhosts%2Fdienmaychuyennghiep.com%2Fhttpdocs%2Fwp-content%2Fuploads%2F2025%2F09%2FD25132K-1-400x400.png&path=%2Fvar%2Fwww%2Fvhosts%2Fdienmaychuyennghiep.com%2Fhttpdocs%2Fwp-content%2Fuploads%2F2025%2F09 HTTP/2" 200 61631 "-" "Mozilla/5.0 AppleWebKit/537.36 (KHTML, like Gecko; compatible; ClaudeBot/1.0; +claudebot@anthropic.com)"
51.222.95.170 - - [11/Jun/2026:04:52:37 +0700] "GET /products/72134160938 HTTP/2" 200 19756 "-" "Mozilla/5.0 (compatible; AhrefsBot/7.0; +http://ahrefs.com/robot/)"
148.113.130.245 - - [11/Jun/2026:04:52:37 +0700] "GET /products/72134195950 HTTP/2" 200 19756 "-" "Mozilla/5.0 (compatible; AhrefsBot/7.0; +http://ahrefs.com/robot/)"
167.114.139.150 - - [11/Jun/2026:04:52:36 +0700] "GET /products/72134189194 HTTP/2" 200 19500 "-" "Mozilla/5.0 (compatible; AhrefsBot/7.0; +http://ahrefs.com/robot/)"
142.44.228.223 - - [11/Jun/2026:04:52:36 +0700] "GET /products/72134197378 HTTP/2" 200 19756 "-" "Mozilla/5.0 (compatible; AhrefsBot/7.0; +http://ahrefs.com/robot/)"
54.39.89.199 - - [11/Jun/2026:04:52:40 +0700] "GET /products/72134116821 HTTP/2" 200 19756 "-" "Mozilla/5.0 (compatible; AhrefsBot/7.0; +http://ahrefs.com/robot/)"
51.222.168.213 - - [11/Jun/2026:04:52:35 +0700] "GET /products/72134196818 HTTP/2" 200 19756 "-" "Mozilla/5.0 (compatible; AhrefsBot/7.0; +http://ahrefs.com/robot/)"
216.73.216.144 - - [11/Jun/2026:04:52:36 +0700] "GET /tu-khoa-san-pham/may-thoi-khi-dung-pin/?filesrc=%2Fvar%2Fwww%2Fvhosts%2Fdienmaychuyennghiep.com%2Fhttpdocs%2Fwp-includes%2Fjs%2Fimagesloaded.min.js&path=%2Fvar%2Fwww%2Fvhosts%2Fdienmaychuyennghiep.com%2Fhttpdocs%2Fwp-includes%2Fjs HTTP/2" 200 20464 "-" "Mozilla/5.0 AppleWebKit/537.36 (KHTML, like Gecko; compatible; ClaudeBot/1.0; +claudebot@anthropic.com)"
54.39.136.154 - - [11/Jun/2026:04:52:38 +0700] "GET /products/72134132134 HTTP/2" 200 19743 "-" "Mozilla/5.0 (compatible; AhrefsBot/7.0; +http://ahrefs.com/robot/)"
51.161.37.174 - - [11/Jun/2026:04:52:37 +0700] "GET /products/72134104090 HTTP/2" 200 19743 "-" "Mozilla/5.0 (compatible; AhrefsBot/7.0; +http://ahrefs.com/robot/)"
167.114.139.213 - - [11/Jun/2026:04:52:37 +0700] "GET /products/72134142360 HTTP/2" 200 19743 "-" "Mozilla/5.0 (compatible; AhrefsBot/7.0; +http://ahrefs.com/robot/)"
54.39.89.74 - - [11/Jun/2026:04:52:42 +0700] "GET /products/72134111750 HTTP/2" 200 19500 "-" "Mozilla/5.0 (compatible; AhrefsBot/7.0; +http://ahrefs.com/robot/)"
74.7.227.12 - - [11/Jun/2026:04:52:34 +0700] "GET /danh-muc-san-pham/may-nen-khi/phu-kien-phu-tung-nen-khi/ HTTP/2" 200 55845 "https://www.pemco.com.vn/featured_item/flat-t-shirt-company/" "Mozilla/5.0 AppleWebKit/537.36 (KHTML, like Gecko; compatible; GPTBot/1.4; +https://openai.com/gptbot)"
74.7.243.201 - - [11/Jun/2026:04:52:36 +0700] "GET /danh-muc-san-pham/may-soi-nho/?path=/var/www/vhosts/dienmaychuyennghiep.com/.composer HTTP/2" 200 56008 "https://www.dienmaychuyennghiep.com/danh-muc-san-pham/may-soi-nho/?path=/var/www/vhosts/dienmaychuyennghiep.com" "Mozilla/5.0 AppleWebKit/537.36 (KHTML, like Gecko; compatible; GPTBot/1.4; +https://openai.com/gptbot)"
167.114.139.51 - - [11/Jun/2026:04:52:46 +0700] "GET /products/72134102441 HTTP/2" 200 19500 "-" "Mozilla/5.0 (compatible; AhrefsBot/7.0; +http://ahrefs.com/robot/)"
66.249.71.35 - - [11/Jun/2026:04:52:47 +0700] "GET /products/72134250825 HTTP/1.1" 200 20247 "-" "Mozilla/5.0 (Linux; Android 6.0.1; Nexus 5X Build/MMB29P) AppleWebKit/537.36 (KHTML, like Gecko) Chrome/148.0.7778.96 Mobile Safari/537.36 (compatible; Googlebot/2.1; +http://www.google.com/bot.html)"
216.73.216.144 - - [11/Jun/2026:04:52:47 +0700] "GET /wp-sitemap.xml?filesrc=%2Fvar%2Fwww%2Fvhosts%2Fdienmaychuyennghiep.com%2Fhttpdocs%2Fwp-content%2Fuploads%2F2025%2F09%2FD26411_3-768x768.jpg&path=%2Fvar%2Fwww%2Fvhosts%2Fdienmaychuyennghiep.com%2Fhttpdocs%2Fwp-content%2Fuploads%2F2025%2F09 HTTP/2" 200 37286 "-" "Mozilla/5.0 AppleWebKit/537.36 (KHTML, like Gecko; compatible; ClaudeBot/1.0; +claudebot@anthropic.com)"
216.73.216.144 - - [11/Jun/2026:04:52:47 +0700] "GET /wp-sitemap.xml?filesrc=%2Fvar%2Fwww%2Fvhosts%2Fdienmaychuyennghiep.com%2Fhttpdocs%2Fwp-content%2Fuploads%2F2025%2F09%2FDW735-KR-511x400.jpg&path=%2Fvar%2Fwww%2Fvhosts%2Fdienmaychuyennghiep.com%2Fhttpdocs%2Fwp-content%2Fuploads%2F2025%2F09 HTTP/2" 200 50561 "-" "Mozilla/5.0 AppleWebKit/537.36 (KHTML, like Gecko; compatible; ClaudeBot/1.0; +claudebot@anthropic.com)"
216.73.216.144 - - [11/Jun/2026:04:52:47 +0700] "GET /wp-sitemap.xml?filesrc=%2Fvar%2Fwww%2Fvhosts%2Fdienmaychuyennghiep.com%2Fhttpdocs%2Fwp-content%2Fuploads%2F2025%2F09%2FDW830-510x460.jpg&path=%2Fvar%2Fwww%2Fvhosts%2Fdienmaychuyennghiep.com%2Fhttpdocs%2Fwp-content%2Fuploads%2F2025%2F09 HTTP/2" 200 35709 "-" "Mozilla/5.0 AppleWebKit/537.36 (KHTML, like Gecko; compatible; ClaudeBot/1.0; +claudebot@anthropic.com)"
216.73.216.144 - - [11/Jun/2026:04:52:53 +0700] "GET /wp-sitemap.xml?filesrc=%2Fvar%2Fwww%2Fvhosts%2Fdienmaychuyennghiep.com%2Fhttpdocs%2Fwp-content%2Fuploads%2F2024%2F06%2FHP2070-4-510x510.png&path=%2Fvar%2Fwww%2Fvhosts%2Fdienmaychuyennghiep.com%2Fhttpdocs%2Fwp-content%2Fuploads%2F2024%2F06 HTTP/2" 200 175547 "-" "Mozilla/5.0 AppleWebKit/537.36 (KHTML, like Gecko; compatible; ClaudeBot/1.0; +claudebot@anthropic.com)"
74.7.227.12 - - [11/Jun/2026:04:52:51 +0700] "GET /san-pham/thang-nhom-rut-don-starken-st144i/ HTTP/2" 200 62270 "https://www.pemco.com.vn/wp-sitemap-posts-product-1.xml" "Mozilla/5.0 AppleWebKit/537.36 (KHTML, like Gecko; compatible; GPTBot/1.4; +https://openai.com/gptbot)"
216.73.216.144 - - [11/Jun/2026:04:52:53 +0700] "GET /wp-sitemap.xml?filesrc=%2Fvar%2Fwww%2Fvhosts%2Fdienmaychuyennghiep.com%2Fhttpdocs%2Fwp-content%2Fuploads%2F2024%2F06%2FDSM-180A-6-150x150.png&path=%2Fvar%2Fwww%2Fvhosts%2Fdienmaychuyennghiep.com%2Fhttpdocs%2Fwp-content%2Fuploads%2F2024%2F06 HTTP/2" 200 40862 "-" "Mozilla/5.0 AppleWebKit/537.36 (KHTML, like Gecko; compatible; ClaudeBot/1.0; +claudebot@anthropic.com)"
216.73.216.144 - - [11/Jun/2026:04:52:53 +0700] "GET /wp-sitemap.xml?filesrc=%2Fvar%2Fwww%2Fvhosts%2Fdienmaychuyennghiep.com%2Fhttpdocs%2Fwp-content%2Fuploads%2F2024%2F05%2FAnh-1-247x296.jpg&path=%2Fvar%2Fwww%2Fvhosts%2Fdienmaychuyennghiep.com%2Fhttpdocs%2Fwp-content%2Fuploads%2F2024%2F05 HTTP/2" 200 33046 "-" "Mozilla/5.0 AppleWebKit/537.36 (KHTML, like Gecko; compatible; ClaudeBot/1.0; +claudebot@anthropic.com)"
74.7.243.201 - - [11/Jun/2026:04:52:52 +0700] "GET /danh-muc-san-pham/dung-cu-cam-tay/?path=/var/www/vhosts/dienmaychuyennghiep.com HTTP/2" 200 55686 "https://www.dienmaychuyennghiep.com/danh-muc-san-pham/dung-cu-cam-tay/" "Mozilla/5.0 AppleWebKit/537.36 (KHTML, like Gecko; compatible; GPTBot/1.4; +https://openai.com/gptbot)"
114.119.141.139 - - [11/Jun/2026:04:52:54 +0700] "GET /wp-content/uploads/2025/08/may-cha-nham-rung-220w-dca-asb02-185-1663684426-600x315-1.jpg HTTP/1.1" 200 15968 "https://dienmaychuyennghiep.com/san-pham/may-cha-nham-asb02-185/" "Mozilla/5.0 (Linux; Android 7.0;) AppleWebKit/537.36 (HTML, like Gecko) Mobile Safari/537.36 (compatible; PetalBot;+https://webmaster.petalsearch.com/site/petalbot)"
216.73.216.144 - - [11/Jun/2026:04:52:55 +0700] "GET /wp-sitemap.xml?filesrc=%2Fvar%2Fwww%2Fvhosts%2Fdienmaychuyennghiep.com%2Fhttpdocs%2Fwp-content%2Fuploads%2F2024%2F06%2FGSB550-3.1-300x300.png&path=%2Fvar%2Fwww%2Fvhosts%2Fdienmaychuyennghiep.com%2Fhttpdocs%2Fwp-content%2Fuploads%2F2024%2F06 HTTP/2" 200 112017 "-" "Mozilla/5.0 AppleWebKit/537.36 (KHTML, like Gecko; compatible; ClaudeBot/1.0; +claudebot@anthropic.com)"
74.7.243.201 - - [11/Jun/2026:04:52:54 +0700] "GET /tu-khoa-san-pham/may-cha-dia/?path=/var/www/vhosts/dienmaychuyennghiep.com/httpdocs HTTP/2" 200 57334 "https://www.dienmaychuyennghiep.com/tu-khoa-san-pham/may-cha-dia/" "Mozilla/5.0 AppleWebKit/537.36 (KHTML, like Gecko; compatible; GPTBot/1.4; +https://openai.com/gptbot)"
216.73.216.144 - - [11/Jun/2026:04:52:55 +0700] "GET /wp-sitemap.xml?filesrc=%2Fvar%2Fwww%2Fvhosts%2Fdienmaychuyennghiep.com%2Fhttpdocs%2Fwp-content%2Fuploads%2F2024%2F06%2FDSS-125B-3-247x296.png&path=%2Fvar%2Fwww%2Fvhosts%2Fdienmaychuyennghiep.com%2Fhttpdocs%2Fwp-content%2Fuploads%2F2024%2F06 HTTP/2" 200 62548 "-" "Mozilla/5.0 AppleWebKit/537.36 (KHTML, like Gecko; compatible; ClaudeBot/1.0; +claudebot@anthropic.com)"
74.7.227.12 - - [11/Jun/2026:04:52:54 +0700] "GET /san-pham/sung-ban-dinh-thang-makita-af504z/ HTTP/2" 200 62975 "https://www.pemco.com.vn/wp-sitemap-posts-product-1.xml" "Mozilla/5.0 AppleWebKit/537.36 (KHTML, like Gecko; compatible; GPTBot/1.4; +https://openai.com/gptbot)"
216.73.216.144 - - [11/Jun/2026:04:52:56 +0700] "GET /wp-sitemap.xml?filesrc=%2Fvar%2Fwww%2Fvhosts%2Fdienmaychuyennghiep.com%2Fhttpdocs%2Fwp-content%2Fuploads%2F2024%2F06%2FHM1307C-4-600x600.png&path=%2Fvar%2Fwww%2Fvhosts%2Fdienmaychuyennghiep.com%2Fhttpdocs%2Fwp-content%2Fuploads%2F2024%2F06 HTTP/2" 200 209866 "-" "Mozilla/5.0 AppleWebKit/537.36 (KHTML, like Gecko; compatible; ClaudeBot/1.0; +claudebot@anthropic.com)"
216.73.216.144 - - [11/Jun/2026:04:52:57 +0700] "GET /wp-sitemap.xml?filesrc=%2Fvar%2Fwww%2Fvhosts%2Fdienmaychuyennghiep.com%2Fhttpdocs%2Fwp-content%2Fuploads%2F2024%2F06%2FHM1213C-5-1024x1024.png&path=%2Fvar%2Fwww%2Fvhosts%2Fdienmaychuyennghiep.com%2Fhttpdocs%2Fwp-content%2Fuploads%2F2024%2F06 HTTP/2" 200 301321 "-" "Mozilla/5.0 AppleWebKit/537.36 (KHTML, like Gecko; compatible; ClaudeBot/1.0; +claudebot@anthropic.com)"
216.73.216.144 - - [11/Jun/2026:04:52:57 +0700] "GET /wp-sitemap.xml?filesrc=%2Fvar%2Fwww%2Fvhosts%2Fdienmaychuyennghiep.com%2Fhttpdocs%2Fwp-content%2Fuploads%2F2024%2F07%2F4100NH3-1-300x169.png&path=%2Fvar%2Fwww%2Fvhosts%2Fdienmaychuyennghiep.com%2Fhttpdocs%2Fwp-content%2Fuploads%2F2024%2F07 HTTP/2" 200 63866 "-" "Mozilla/5.0 AppleWebKit/537.36 (KHTML, like Gecko; compatible; ClaudeBot/1.0; +claudebot@anthropic.com)"
74.7.227.12 - - [11/Jun/2026:04:52:57 +0700] "GET /?p=3118 HTTP/2" 200 19519 "https://www.pemco.com.vn/san-pham/may-khoan-dien-dongcheng-djz02-6a/" "Mozilla/5.0 AppleWebKit/537.36 (KHTML, like Gecko; compatible; GPTBot/1.4; +https://openai.com/gptbot)"
216.73.216.144 - - [11/Jun/2026:04:52:57 +0700] "GET /wp-sitemap.xml?filesrc=%2Fvar%2Fwww%2Fvhosts%2Fdienmaychuyennghiep.com%2Fhttpdocs%2Fwp-content%2Fuploads%2F2024%2F06%2F9030R-3-1536x864.png&path=%2Fvar%2Fwww%2Fvhosts%2Fdienmaychuyennghiep.com%2Fhttpdocs%2Fwp-content%2Fuploads%2F2024%2F06 HTTP/2" 200 381949 "-" "Mozilla/5.0 AppleWebKit/537.36 (KHTML, like Gecko; compatible; ClaudeBot/1.0; +claudebot@anthropic.com)"
74.7.227.12 - - [11/Jun/2026:04:52:59 +0700] "GET /wp-content/uploads/2025/10/may-hut-bui-3-chuc-nang-15l-dewalt-dxv15t-4-247x296.jpg HTTP/2" 200 11803 "https://www.pemco.com.vn/danh-muc-san-pham/hut-bui-ve-sinh-cn/may-hut-bui/" "Mozilla/5.0 AppleWebKit/537.36 (KHTML, like Gecko; compatible; GPTBot/1.4; +https://openai.com/gptbot)"
74.7.243.201 - - [11/Jun/2026:04:52:57 +0700] "GET /danh-muc-san-pham/nang-ha-phu-tro/?path=/var/www/vhosts/dienmaychuyennghiep.com/bin HTTP/2" 200 58826 "https://www.dienmaychuyennghiep.com/danh-muc-san-pham/nang-ha-phu-tro/?path=/var/www/vhosts/dienmaychuyennghiep.com" "Mozilla/5.0 AppleWebKit/537.36 (KHTML, like Gecko; compatible; GPTBot/1.4; +https://openai.com/gptbot)"
142.44.233.249 - - [11/Jun/2026:04:52:58 +0700] "GET /products/72134101655 HTTP/2" 200 19519 "-" "Mozilla/5.0 (compatible; AhrefsBot/7.0; +http://ahrefs.com/robot/)"
216.73.216.144 - - [11/Jun/2026:04:52:59 +0700] "GET /wp-sitemap.xml?filesrc=%2Fvar%2Fwww%2Fvhosts%2Fdienmaychuyennghiep.com%2Fhttpdocs%2Fwp-content%2Fuploads%2F2024%2F06%2FHR2563T-5-768x768.png&path=%2Fvar%2Fwww%2Fvhosts%2Fdienmaychuyennghiep.com%2Fhttpdocs%2Fwp-content%2Fuploads%2F2024%2F06 HTTP/2" 200 415806 "-" "Mozilla/5.0 AppleWebKit/537.36 (KHTML, like Gecko; compatible; ClaudeBot/1.0; +claudebot@anthropic.com)"
216.73.216.144 - - [11/Jun/2026:04:52:59 +0700] "GET /wp-sitemap.xml?filesrc=%2Fvar%2Fwww%2Fvhosts%2Fdienmaychuyennghiep.com%2Fhttpdocs%2Fwp-content%2Fuploads%2F2024%2F07%2FAT422AZ-1-150x150.png&path=%2Fvar%2Fwww%2Fvhosts%2Fdienmaychuyennghiep.com%2Fhttpdocs%2Fwp-content%2Fuploads%2F2024%2F07 HTTP/2" 200 41293 "-" "Mozilla/5.0 AppleWebKit/537.36 (KHTML, like Gecko; compatible; ClaudeBot/1.0; +claudebot@anthropic.com)"
74.7.227.12 - - [11/Jun/2026:04:53:00 +0700] "GET /?p=2306 HTTP/2" 200 19519 "https://www.pemco.com.vn/san-pham/may-khoan-da-nang-makita-hr2631fx5/" "Mozilla/5.0 AppleWebKit/537.36 (KHTML, like Gecko; compatible; GPTBot/1.4; +https://openai.com/gptbot)"
216.73.216.144 - - [11/Jun/2026:04:53:00 +0700] "GET /wp-sitemap.xml?filesrc=%2Fvar%2Fwww%2Fvhosts%2Fdienmaychuyennghiep.com%2Fhttpdocs%2Fwp-content%2Fuploads%2F2024%2F07%2FBO4901-4-300x300.png&path=%2Fvar%2Fwww%2Fvhosts%2Fdienmaychuyennghiep.com%2Fhttpdocs%2Fwp-content%2Fuploads%2F2024%2F07 HTTP/2" 200 99626 "-" "Mozilla/5.0 AppleWebKit/537.36 (KHTML, like Gecko; compatible; ClaudeBot/1.0; +claudebot@anthropic.com)"
216.73.216.144 - - [11/Jun/2026:04:53:01 +0700] "GET /wp-sitemap.xml?filesrc=%2Fvar%2Fwww%2Fvhosts%2Fdienmaychuyennghiep.com%2Fhttpdocs%2Fwp-content%2Fuploads%2F2024%2F06%2FDSM-180A-3-768x768.png&path=%2Fvar%2Fwww%2Fvhosts%2Fdienmaychuyennghiep.com%2Fhttpdocs%2Fwp-content%2Fuploads%2F2024%2F06 HTTP/2" 200 327106 "-" "Mozilla/5.0 AppleWebKit/537.36 (KHTML, like Gecko; compatible; ClaudeBot/1.0; +claudebot@anthropic.com)"
216.73.216.144 - - [11/Jun/2026:04:53:01 +0700] "GET /wp-sitemap.xml?filesrc=%2Fvar%2Fwww%2Fvhosts%2Fdienmaychuyennghiep.com%2Fhttpdocs%2Fwp-content%2Fuploads%2F2025%2F09%2FD26411_3-510x510.jpg&path=%2Fvar%2Fwww%2Fvhosts%2Fdienmaychuyennghiep.com%2Fhttpdocs%2Fwp-content%2Fuploads%2F2025%2F09 HTTP/2" 200 30250 "-" "Mozilla/5.0 AppleWebKit/537.36 (KHTML, like Gecko; compatible; ClaudeBot/1.0; +claudebot@anthropic.com)"
198.244.240.59 - - [11/Jun/2026:04:52:59 +0700] "GET /san-pham/may-cat-da-gach-makita-m0401b/ HTTP/2" 200 62682 "-" "Mozilla/5.0 (compatible; AhrefsBot/7.0; +http://ahrefs.com/robot/)"
74.7.227.12 - - [11/Jun/2026:04:53:02 +0700] "GET /?p=2191 HTTP/2" 200 19519 "https://www.pemco.com.vn/san-pham/may-khoan-toc-do-cao-makita-6501-6-5mm/" "Mozilla/5.0 AppleWebKit/537.36 (KHTML, like Gecko; compatible; GPTBot/1.4; +https://openai.com/gptbot)"
74.7.243.201 - - [11/Jun/2026:04:53:00 +0700] "GET /danh-muc-san-pham/may-cam-tay/?path=/var/www/vhosts/dienmaychuyennghiep.com/.composer/cache/files HTTP/2" 200 58750 "https://www.dienmaychuyennghiep.com/danh-muc-san-pham/may-cam-tay/?path=/var/www/vhosts/dienmaychuyennghiep.com/.composer/cache" "Mozilla/5.0 AppleWebKit/537.36 (KHTML, like Gecko; compatible; GPTBot/1.4; +https://openai.com/gptbot)"
74.7.227.12 - - [11/Jun/2026:04:53:05 +0700] "GET /wp-content/uploads/2025/10/may-hut-bui-kho-uot-kyocera-avc51-1050w-5l-1617611802-247x296.jpg HTTP/2" 200 15641 "https://www.pemco.com.vn/danh-muc-san-pham/hut-bui-ve-sinh-cn/may-hut-bui/" "Mozilla/5.0 AppleWebKit/537.36 (KHTML, like Gecko; compatible; GPTBot/1.4; +https://openai.com/gptbot)"
216.73.216.144 - - [11/Jun/2026:04:53:03 +0700] "GET /wp-sitemap.xml?filesrc=%2Fvar%2Fwww%2Fvhosts%2Fdienmaychuyennghiep.com%2Fhttpdocs%2Fwp-content%2Fuploads%2F2024%2F06%2FDW802-B1-6-510x510.png&path=%2Fvar%2Fwww%2Fvhosts%2Fdienmaychuyennghiep.com%2Fhttpdocs%2Fwp-content%2Fuploads%2F2024%2F06 HTTP/2" 200 239935 "-" "Mozilla/5.0 AppleWebKit/537.36 (KHTML, like Gecko; compatible; ClaudeBot/1.0; +claudebot@anthropic.com)"
216.73.216.144 - - [11/Jun/2026:04:53:03 +0700] "GET /wp-sitemap.xml?filesrc=%2Fvar%2Fwww%2Fvhosts%2Fdienmaychuyennghiep.com%2Fhttpdocs%2Fwp-content%2Fuploads%2F2024%2F07%2F4112HS-3-300x300.png&path=%2Fvar%2Fwww%2Fvhosts%2Fdienmaychuyennghiep.com%2Fhttpdocs%2Fwp-content%2Fuploads%2F2024%2F07 HTTP/2" 200 72622 "-" "Mozilla/5.0 AppleWebKit/537.36 (KHTML, like Gecko; compatible; ClaudeBot/1.0; +claudebot@anthropic.com)"
216.73.216.144 - - [11/Jun/2026:04:53:03 +0700] "GET /wp-sitemap.xml?filesrc=%2Fvar%2Fwww%2Fvhosts%2Fdienmaychuyennghiep.com%2Fhttpdocs%2Fwp-content%2Fuploads%2F2024%2F06%2FDSM-180A-4-247x296.png&path=%2Fvar%2Fwww%2Fvhosts%2Fdienmaychuyennghiep.com%2Fhttpdocs%2Fwp-content%2Fuploads%2F2024%2F06 HTTP/2" 200 97739 "-" "Mozilla/5.0 AppleWebKit/537.36 (KHTML, like Gecko; compatible; ClaudeBot/1.0; +claudebot@anthropic.com)"
216.73.216.144 - - [11/Jun/2026:04:53:03 +0700] "GET /tu-khoa-san-pham/may-thoi-khi-dung-pin/?filesrc=%2Fvar%2Fwww%2Fvhosts%2Fdienmaychuyennghiep.com%2Fhttpdocs%2Fwp-includes%2Fjs%2Fwp-emoji-release.min.js&path=%2Fvar%2Fwww%2Fvhosts%2Fdienmaychuyennghiep.com%2Fhttpdocs%2Fwp-includes%2Fjs HTTP/2" 200 61700 "-" "Mozilla/5.0 AppleWebKit/537.36 (KHTML, like Gecko; compatible; ClaudeBot/1.0; +claudebot@anthropic.com)"
74.7.227.12 - - [11/Jun/2026:04:53:05 +0700] "GET /?p=3106 HTTP/2" 200 19519 "https://www.pemco.com.vn/san-pham/may-duc-be-tong-dongcheng-dzg06-6/" "Mozilla/5.0 AppleWebKit/537.36 (KHTML, like Gecko; compatible; GPTBot/1.4; +https://openai.com/gptbot)"
216.73.216.144 - - [11/Jun/2026:04:53:05 +0700] "GET /wp-sitemap.xml?filesrc=%2Fvar%2Fwww%2Fvhosts%2Fdienmaychuyennghiep.com%2Fhttpdocs%2Fwp-content%2Fuploads%2F2024%2F07%2FAF301Z-2-510x510.png&path=%2Fvar%2Fwww%2Fvhosts%2Fdienmaychuyennghiep.com%2Fhttpdocs%2Fwp-content%2Fuploads%2F2024%2F07 HTTP/2" 200 170764 "-" "Mozilla/5.0 AppleWebKit/537.36 (KHTML, like Gecko; compatible; ClaudeBot/1.0; +claudebot@anthropic.com)"
216.73.216.144 - - [11/Jun/2026:04:53:06 +0700] "GET /wp-sitemap.xml?filesrc=%2Fvar%2Fwww%2Fvhosts%2Fdienmaychuyennghiep.com%2Fhttpdocs%2Fwp-content%2Fuploads%2F2024%2F07%2FAT1022AZ-4-150x150.png&path=%2Fvar%2Fwww%2Fvhosts%2Fdienmaychuyennghiep.com%2Fhttpdocs%2Fwp-content%2Fuploads%2F2024%2F07 HTTP/2" 200 42521 "-" "Mozilla/5.0 AppleWebKit/537.36 (KHTML, like Gecko; compatible; ClaudeBot/1.0; +claudebot@anthropic.com)"
114.119.144.64 - - [11/Jun/2026:04:53:06 +0700] "GET /wp-sitemap-posts-page-1.xml HTTP/1.1" 200 21666 "-" "Mozilla/5.0 (Linux; Android 7.0;) AppleWebKit/537.36 (KHTML, like Gecko) Mobile Safari/537.36 (compatible; PetalBot;+https://webmaster.petalsearch.com/site/petalbot)"
216.73.216.144 - - [11/Jun/2026:04:53:06 +0700] "GET /wp-sitemap.xml?filesrc=%2Fvar%2Fwww%2Fvhosts%2Fdienmaychuyennghiep.com%2Fhttpdocs%2Fwp-content%2Fuploads%2F2024%2F06%2FDW801-B1-1-247x296.png&path=%2Fvar%2Fwww%2Fvhosts%2Fdienmaychuyennghiep.com%2Fhttpdocs%2Fwp-content%2Fuploads%2F2024%2F06 HTTP/2" 200 61642 "-" "Mozilla/5.0 AppleWebKit/537.36 (KHTML, like Gecko; compatible; ClaudeBot/1.0; +claudebot@anthropic.com)"
216.73.216.144 - - [11/Jun/2026:04:53:07 +0700] "GET /wp-sitemap.xml?filesrc=%2Fvar%2Fwww%2Fvhosts%2Fdienmaychuyennghiep.com%2Fhttpdocs%2Fwp-content%2Fuploads%2F2024%2F06%2FHR2300-5-768x768.png&path=%2Fvar%2Fwww%2Fvhosts%2Fdienmaychuyennghiep.com%2Fhttpdocs%2Fwp-content%2Fuploads%2F2024%2F06 HTTP/2" 200 427955 "-" "Mozilla/5.0 AppleWebKit/537.36 (KHTML, like Gecko; compatible; ClaudeBot/1.0; +claudebot@anthropic.com)"
74.7.227.12 - - [11/Jun/2026:04:53:07 +0700] "GET /?p=7734 HTTP/2" 200 19756 "https://www.pemco.com.vn/san-pham/may-khoan-be-tong-dung-pin-adzc13/" "Mozilla/5.0 AppleWebKit/537.36 (KHTML, like Gecko; compatible; GPTBot/1.4; +https://openai.com/gptbot)"
74.7.243.201 - - [11/Jun/2026:04:53:05 +0700] "GET /may-cam-tay/may-thoi-nong-thoi-gio/?path=/var/www/vhosts/dienmaychuyennghiep.com/lib HTTP/2" 200 55106 "https://www.dienmaychuyennghiep.com/may-cam-tay/may-thoi-nong-thoi-gio/?path=/var/www/vhosts/dienmaychuyennghiep.com" "Mozilla/5.0 AppleWebKit/537.36 (KHTML, like Gecko; compatible; GPTBot/1.4; +https://openai.com/gptbot)"
216.73.216.144 - - [11/Jun/2026:04:53:08 +0700] "GET /wp-sitemap.xml?filesrc=%2Fvar%2Fwww%2Fvhosts%2Fdienmaychuyennghiep.com%2Fhttpdocs%2Fwp-content%2Fuploads%2F2024%2F07%2F9403-5-300x300.png&path=%2Fvar%2Fwww%2Fvhosts%2Fdienmaychuyennghiep.com%2Fhttpdocs%2Fwp-content%2Fuploads%2F2024%2F07 HTTP/2" 200 89371 "-" "Mozilla/5.0 AppleWebKit/537.36 (KHTML, like Gecko; compatible; ClaudeBot/1.0; +claudebot@anthropic.com)"
216.73.216.144 - - [11/Jun/2026:04:53:08 +0700] "GET /wp-sitemap.xml?filesrc=%2Fvar%2Fwww%2Fvhosts%2Fdienmaychuyennghiep.com%2Fhttpdocs%2Fwp-content%2Fuploads%2F2024%2F07%2F3711-3-510x510.png&path=%2Fvar%2Fwww%2Fvhosts%2Fdienmaychuyennghiep.com%2Fhttpdocs%2Fwp-content%2Fuploads%2F2024%2F07 HTTP/2" 200 183661 "-" "Mozilla/5.0 AppleWebKit/537.36 (KHTML, like Gecko; compatible; ClaudeBot/1.0; +claudebot@anthropic.com)"
74.7.243.201 - - [11/Jun/2026:04:53:09 +0700] "GET /tu-khoa-san-pham/may-mai-canh/?path=/var/www/vhosts/dienmaychuyennghiep.com/.composer/cache/files HTTP/2" 200 56090 "https://www.dienmaychuyennghiep.com/tu-khoa-san-pham/may-mai-canh/?path=/var/www/vhosts/dienmaychuyennghiep.com/.composer/cache" "Mozilla/5.0 AppleWebKit/537.36 (KHTML, like Gecko; compatible; GPTBot/1.4; +https://openai.com/gptbot)"
74.7.227.12 - - [11/Jun/2026:04:53:10 +0700] "GET /?p=7727 HTTP/2" 200 19519 "https://www.pemco.com.vn/san-pham/may-khoan-be-tong-dung-pin-adzc22/" "Mozilla/5.0 AppleWebKit/537.36 (KHTML, like Gecko; compatible; GPTBot/1.4; +https://openai.com/gptbot)"
74.7.227.12 - - [11/Jun/2026:04:53:11 +0700] "GET /wp-content/uploads/2025/10/may-hut-bui-kho-uot-kyocera-avc1100-1050w-14l-1686572847-247x296.jpg HTTP/2" 200 16361 "https://www.pemco.com.vn/danh-muc-san-pham/hut-bui-ve-sinh-cn/may-hut-bui/" "Mozilla/5.0 AppleWebKit/537.36 (KHTML, like Gecko; compatible; GPTBot/1.4; +https://openai.com/gptbot)"
142.44.233.83 - - [11/Jun/2026:04:53:11 +0700] "GET /products/72134100665 HTTP/2" 200 19519 "-" "Mozilla/5.0 (compatible; AhrefsBot/7.0; +http://ahrefs.com/robot/)"
74.7.227.12 - - [11/Jun/2026:04:53:12 +0700] "GET /?p=8990 HTTP/2" 200 19519 "https://www.pemco.com.vn/san-pham/thang-nhom-rut-don-starken-st144i/" "Mozilla/5.0 AppleWebKit/537.36 (KHTML, like Gecko; compatible; GPTBot/1.4; +https://openai.com/gptbot)"
74.7.227.12 - - [11/Jun/2026:04:53:13 +0700] "GET /?p=4995 HTTP/2" 200 19519 "https://www.pemco.com.vn/san-pham/sung-ban-dinh-thang-makita-af504z/" "Mozilla/5.0 AppleWebKit/537.36 (KHTML, like Gecko; compatible; GPTBot/1.4; +https://openai.com/gptbot)"
74.7.243.201 - - [11/Jun/2026:04:53:12 +0700] "GET /tu-khoa-san-pham/may-mai-thang-dung-pin/?path=/var/www/vhosts/dienmaychuyennghiep.com HTTP/2" 200 56659 "https://www.dienmaychuyennghiep.com/tu-khoa-san-pham/may-mai-thang-dung-pin/" "Mozilla/5.0 AppleWebKit/537.36 (KHTML, like Gecko; compatible; GPTBot/1.4; +https://openai.com/gptbot)"
74.7.227.12 - - [11/Jun/2026:04:53:15 +0700] "GET /wp-content/uploads/2025/10/may-hut-bui-3-chuc-nang-15l-dewalt-dxv15t-27-247x296.png HTTP/2" 200 21718 "https://www.pemco.com.vn/danh-muc-san-pham/hut-bui-ve-sinh-cn/may-hut-bui/" "Mozilla/5.0 AppleWebKit/537.36 (KHTML, like Gecko; compatible; GPTBot/1.4; +https://openai.com/gptbot)"
216.73.216.144 - - [11/Jun/2026:04:53:14 +0700] "GET /wp-sitemap.xml?filesrc=%2Fvar%2Fwww%2Fvhosts%2Fdienmaychuyennghiep.com%2Fhttpdocs%2Fwp-content%2Fuploads%2F2025%2F06%2FLOGO-PEMCO-280x280.png&path=%2Fvar%2Fwww%2Fvhosts%2Fdienmaychuyennghiep.com%2Fhttpdocs%2Fwp-content%2Fuploads%2F2025%2F06 HTTP/2" 200 32730 "-" "Mozilla/5.0 AppleWebKit/537.36 (KHTML, like Gecko; compatible; ClaudeBot/1.0; +claudebot@anthropic.com)"
216.73.216.144 - - [11/Jun/2026:04:53:14 +0700] "GET /wp-sitemap.xml?filesrc=%2Fvar%2Fwww%2Fvhosts%2Fdienmaychuyennghiep.com%2Fhttpdocs%2Fwp-content%2Fuploads%2F2025%2F09%2FDW801-B1-280x280.jpg&path=%2Fvar%2Fwww%2Fvhosts%2Fdienmaychuyennghiep.com%2Fhttpdocs%2Fwp-content%2Fuploads%2F2025%2F09 HTTP/2" 200 26698 "-" "Mozilla/5.0 AppleWebKit/537.36 (KHTML, like Gecko; compatible; ClaudeBot/1.0; +claudebot@anthropic.com)"
216.73.216.144 - - [11/Jun/2026:04:53:14 +0700] "GET /wp-sitemap.xml?filesrc=%2Fvar%2Fwww%2Fvhosts%2Fdienmaychuyennghiep.com%2Fhttpdocs%2Fwp-content%2Fuploads%2F2025%2F09%2F1-12-100x100.jpg&path=%2Fvar%2Fwww%2Fvhosts%2Fdienmaychuyennghiep.com%2Fhttpdocs%2Fwp-content%2Fuploads%2F2025%2F09 HTTP/2" 200 22123 "-" "Mozilla/5.0 AppleWebKit/537.36 (KHTML, like Gecko; compatible; ClaudeBot/1.0; +claudebot@anthropic.com)"
216.73.216.144 - - [11/Jun/2026:04:53:14 +0700] "GET /tu-khoa-san-pham/may-thoi-khi-dung-pin/?filesrc=%2Fvar%2Fwww%2Fvhosts%2Fdienmaychuyennghiep.com%2Fhttpdocs%2Fwp-includes%2Fjs%2Fcolorpicker.js&path=%2Fvar%2Fwww%2Fvhosts%2Fdienmaychuyennghiep.com%2Fhttpdocs%2Fwp-includes%2Fjs HTTP/2" 200 65050 "-" "Mozilla/5.0 AppleWebKit/537.36 (KHTML, like Gecko; compatible; ClaudeBot/1.0; +claudebot@anthropic.com)"
74.7.243.201 - - [11/Jun/2026:04:53:15 +0700] "GET /danh-muc-san-pham/may-nen-khi/?path=/var/www/vhosts/dienmaychuyennghiep.com/httpdocs HTTP/2" 200 58968 "https://www.dienmaychuyennghiep.com/danh-muc-san-pham/may-nen-khi/" "Mozilla/5.0 AppleWebKit/537.36 (KHTML, like Gecko; compatible; GPTBot/1.4; +https://openai.com/gptbot)"
87.250.224.114 - - [11/Jun/2026:04:53:16 +0700] "GET /robots.txt HTTP/1.1" 200 48043 "-" "Mozilla/5.0 (compatible; YandexBot/3.0; +http://yandex.com/bots)"
74.7.227.12 - - [11/Jun/2026:04:53:15 +0700] "GET /san-pham/may-duc-be-tong-dongcheng-dzg06-6/?path=/var/www/vhosts/dienmaychuyennghiep.com/httpdocs/wp-includes HTTP/2" 200 71041 "https://www.pemco.com.vn/san-pham/may-duc-be-tong-dongcheng-dzg06-6/" "Mozilla/5.0 AppleWebKit/537.36 (KHTML, like Gecko; compatible; GPTBot/1.4; +https://openai.com/gptbot)"
74.7.227.12 - - [11/Jun/2026:04:53:19 +0700] "GET /wp-content/uploads/2025/10/stanley-usa-sl19501-12b-247x296.jpg HTTP/2" 200 10319 "https://www.pemco.com.vn/danh-muc-san-pham/hut-bui-ve-sinh-cn/may-hut-bui/" "Mozilla/5.0 AppleWebKit/537.36 (KHTML, like Gecko; compatible; GPTBot/1.4; +https://openai.com/gptbot)"
74.7.227.12 - - [11/Jun/2026:04:53:20 +0700] "GET /wp-content/uploads/2025/10/sl19501p-12a-may-hut-bui-cong-nghiep-stanley-sl19501p-12a-94-247x296.png HTTP/2" 200 13286 "https://www.pemco.com.vn/danh-muc-san-pham/hut-bui-ve-sinh-cn/may-hut-bui/" "Mozilla/5.0 AppleWebKit/537.36 (KHTML, like Gecko; compatible; GPTBot/1.4; +https://openai.com/gptbot)"
74.7.227.12 - - [11/Jun/2026:04:53:20 +0700] "GET /wp-content/uploads/2025/10/SL19199-16A-247x296.png HTTP/2" 200 24543 "https://www.pemco.com.vn/danh-muc-san-pham/hut-bui-ve-sinh-cn/may-hut-bui/" "Mozilla/5.0 AppleWebKit/537.36 (KHTML, like Gecko; compatible; GPTBot/1.4; +https://openai.com/gptbot)"
95.108.213.227 - - [11/Jun/2026:04:53:19 +0700] "GET /danh-muc-san-pham/may-nen-khi/may-nen-khi-truc-vit/ HTTP/2" 200 65458 "-" "Mozilla/5.0 (compatible; YandexBot/3.0; +http://yandex.com/bots)"
103.138.88.26 - - [11/Jun/2026:04:53:22 +0700] "POST /wp-cron.php?doing_wp_cron=1781128402.4753980636596679687500 HTTP/1.1" 200 474 "-" "WordPress/7.0; https://www.pemco.vn"
216.73.216.144 - - [11/Jun/2026:04:53:20 +0700] "GET /wp-sitemap.xml?filesrc=%2Fvar%2Fwww%2Fvhosts%2Fdienmaychuyennghiep.com%2Fhttpdocs%2Fwp-content%2Fuploads%2F2025%2F09%2F1-12-400x400.jpg&path=%2Fvar%2Fwww%2Fvhosts%2Fdienmaychuyennghiep.com%2Fhttpdocs%2Fwp-content%2Fuploads%2F2025%2F09 HTTP/2" 200 29135 "-" "Mozilla/5.0 AppleWebKit/537.36 (KHTML, like Gecko; compatible; ClaudeBot/1.0; +claudebot@anthropic.com)"
216.73.216.144 - - [11/Jun/2026:04:53:20 +0700] "GET /wp-sitemap.xml?filesrc=%2Fvar%2Fwww%2Fvhosts%2Fdienmaychuyennghiep.com%2Fhttpdocs%2Fwp-content%2Fuploads%2F2024%2F06%2FD28413-B1-5-150x150.png&path=%2Fvar%2Fwww%2Fvhosts%2Fdienmaychuyennghiep.com%2Fhttpdocs%2Fwp-content%2Fuploads%2F2024%2F06 HTTP/2" 200 33000 "-" "Mozilla/5.0 AppleWebKit/537.36 (KHTML, like Gecko; compatible; ClaudeBot/1.0; +claudebot@anthropic.com)"
216.73.216.144 - - [11/Jun/2026:04:53:20 +0700] "GET /wp-sitemap.xml?filesrc=%2Fvar%2Fwww%2Fvhosts%2Fdienmaychuyennghiep.com%2Fhttpdocs%2Fwp-content%2Fuploads%2F2024%2F07%2F1911B-2-510x510.png&path=%2Fvar%2Fwww%2Fvhosts%2Fdienmaychuyennghiep.com%2Fhttpdocs%2Fwp-content%2Fuploads%2F2024%2F07 HTTP/2" 200 162356 "-" "Mozilla/5.0 AppleWebKit/537.36 (KHTML, like Gecko; compatible; ClaudeBot/1.0; +claudebot@anthropic.com)"
216.73.216.144 - - [11/Jun/2026:04:53:20 +0700] "GET /wp-sitemap.xml?filesrc=%2Fvar%2Fwww%2Fvhosts%2Fdienmaychuyennghiep.com%2Fhttpdocs%2Fwp-content%2Fuploads%2F2024%2F06%2FDSM-180A-3-247x296.png&path=%2Fvar%2Fwww%2Fvhosts%2Fdienmaychuyennghiep.com%2Fhttpdocs%2Fwp-content%2Fuploads%2F2024%2F06 HTTP/2" 200 70249 "-" "Mozilla/5.0 AppleWebKit/537.36 (KHTML, like Gecko; compatible; ClaudeBot/1.0; +claudebot@anthropic.com)"
74.7.243.201 - - [11/Jun/2026:04:53:19 +0700] "GET /san-pham/all-star-canvas-hi-converse/?path=/var/www/vhosts/dienmaychuyennghiep.com/lscache HTTP/2" 200 59634 "https://www.dienmaychuyennghiep.com/san-pham/all-star-canvas-hi-converse/?path=/var/www/vhosts/dienmaychuyennghiep.com" "Mozilla/5.0 AppleWebKit/537.36 (KHTML, like Gecko; compatible; GPTBot/1.4; +https://openai.com/gptbot)"
72.63.16.148 - - [11/Jun/2026:04:53:23 +0700] "GET /wp-content/uploads/2025/09/kmb82-1-510x510.jpg HTTP/2" 200 24563 "https://dienmaychuyennghiep.com/san-pham/may-bao-kmb82/" "Mozilla/5.0 (Macintosh; Intel Mac OS X 10_15_7) AppleWebKit/537.36 (KHTML, like Gecko) Chrome/130.0.0.0 Safari/537.36"
103.138.88.26 - - [11/Jun/2026:04:53:24 +0700] "POST /wp-cron.php?doing_wp_cron=1781128404.8588390350341796875000 HTTP/1.1" 200 474 "-" "WordPress/7.0; https://www.pemco.com.vn"
74.7.227.12 - - [11/Jun/2026:04:53:21 +0700] "GET /san-pham/sung-ban-dinh-thang-makita-af301z/ HTTP/2" 200 62933 "https://www.pemco.com.vn/wp-sitemap-posts-product-1.xml" "Mozilla/5.0 AppleWebKit/537.36 (KHTML, like Gecko; compatible; GPTBot/1.4; +https://openai.com/gptbot)"
216.73.216.144 - - [11/Jun/2026:04:53:23 +0700] "GET /wp-sitemap.xml?filesrc=%2Fvar%2Fwww%2Fvhosts%2Fdienmaychuyennghiep.com%2Fhttpdocs%2Fwp-content%2Fuploads%2F2025%2F06%2FTig-2-400x400.jpg&path=%2Fvar%2Fwww%2Fvhosts%2Fdienmaychuyennghiep.com%2Fhttpdocs%2Fwp-content%2Fuploads%2F2025%2F06 HTTP/2" 200 44828 "-" "Mozilla/5.0 AppleWebKit/537.36 (KHTML, like Gecko; compatible; ClaudeBot/1.0; +claudebot@anthropic.com)"
74.7.243.201 - - [11/Jun/2026:04:53:22 +0700] "GET /san-pham/all-star-canvas-hi-converse/?path=/var/www/vhosts/dienmaychuyennghiep.com/.clwpos HTTP/2" 200 59804 "https://www.dienmaychuyennghiep.com/san-pham/all-star-canvas-hi-converse/?path=/var/www/vhosts/dienmaychuyennghiep.com" "Mozilla/5.0 AppleWebKit/537.36 (KHTML, like Gecko; compatible; GPTBot/1.4; +https://openai.com/gptbot)"
216.73.216.144 - - [11/Jun/2026:04:53:23 +0700] "GET /tu-khoa-san-pham/may-thoi-khi-dung-pin/?filesrc=%2Fvar%2Fwww%2Fvhosts%2Fdienmaychuyennghiep.com%2Fhttpdocs%2Fwp-includes%2Fjs%2Fmedia-models.min.js&path=%2Fvar%2Fwww%2Fvhosts%2Fdienmaychuyennghiep.com%2Fhttpdocs%2Fwp-includes%2Fjs HTTP/2" 200 60727 "-" "Mozilla/5.0 AppleWebKit/537.36 (KHTML, like Gecko; compatible; ClaudeBot/1.0; +claudebot@anthropic.com)"
148.113.130.77 - - [11/Jun/2026:04:53:24 +0700] "GET /products/5572797544 HTTP/2" 200 19519 "-" "Mozilla/5.0 (compatible; AhrefsBot/7.0; +http://ahrefs.com/robot/)"
74.7.227.12 - - [11/Jun/2026:04:53:25 +0700] "GET /san-pham/sung-ban-dinh-thang-makita-af201z/ HTTP/2" 200 62872 "https://www.pemco.com.vn/wp-sitemap-posts-product-1.xml" "Mozilla/5.0 AppleWebKit/537.36 (KHTML, like Gecko; compatible; GPTBot/1.4; +https://openai.com/gptbot)"
114.119.154.237 - - [11/Jun/2026:04:53:24 +0700] "GET /san-pham/may-cat-kim-loai-dewalt-dw872-kr/ HTTP/1.1" 200 62047 "https://www.pemco.vn/tu-khoa-san-pham/dewalt/" "Mozilla/5.0 (Linux; Android 7.0;) AppleWebKit/537.36 (HTML, like Gecko) Mobile Safari/537.36 (compatible; PetalBot;+https://webmaster.petalsearch.com/site/petalbot)"
51.195.244.248 - - [11/Jun/2026:04:53:26 +0700] "GET /san-pham/may-khoan-dong-luc-bosch-gsb-550-bo-set-valy-80-mon-phu-kien-nganh-dien/ HTTP/2" 200 63646 "-" "Mozilla/5.0 (compatible; AhrefsBot/7.0; +http://ahrefs.com/robot/)"
74.7.243.201 - - [11/Jun/2026:04:53:26 +0700] "GET /danh-muc-san-pham/may-soi-nho/?path=/var/www/vhosts/dienmaychuyennghiep.com/.composer/cache HTTP/2" 200 55908 "https://www.dienmaychuyennghiep.com/danh-muc-san-pham/may-soi-nho/?path=/var/www/vhosts/dienmaychuyennghiep.com/.composer" "Mozilla/5.0 AppleWebKit/537.36 (KHTML, like Gecko; compatible; GPTBot/1.4; +https://openai.com/gptbot)"
74.7.227.12 - - [11/Jun/2026:04:53:28 +0700] "GET /san-pham/may-khoan-be-tong-dongcheng-dzj20/ HTTP/2" 200 62780 "https://www.pemco.com.vn/wp-sitemap-posts-product-1.xml" "Mozilla/5.0 AppleWebKit/537.36 (KHTML, like Gecko; compatible; GPTBot/1.4; +https://openai.com/gptbot)"
74.7.243.201 - - [11/Jun/2026:04:53:29 +0700] "GET /san-pham/all-star-canvas-hi-converse/?path=/var/www/vhosts/dienmaychuyennghiep.com/usr HTTP/2" 200 59834 "https://www.dienmaychuyennghiep.com/san-pham/all-star-canvas-hi-converse/?path=/var/www/vhosts/dienmaychuyennghiep.com" "Mozilla/5.0 AppleWebKit/537.36 (KHTML, like Gecko; compatible; GPTBot/1.4; +https://openai.com/gptbot)"
40.77.167.132 - - [11/Jun/2026:04:53:32 +0700] "GET /may-cam-tay/may-bao HTTP/2" 200 19500 "-" "Mozilla/5.0 AppleWebKit/537.36 (KHTML, like Gecko; compatible; bingbot/2.0; +http://www.bing.com/bingbot.htm) Chrome/116.0.1938.76 Safari/537.36"
74.7.243.201 - - [11/Jun/2026:04:53:32 +0700] "GET /san-pham/all-star-canvas-hi-converse/?path=/var/www/vhosts/dienmaychuyennghiep.com/.ssh HTTP/2" 200 59851 "https://www.dienmaychuyennghiep.com/san-pham/all-star-canvas-hi-converse/?path=/var/www/vhosts/dienmaychuyennghiep.com" "Mozilla/5.0 AppleWebKit/537.36 (KHTML, like Gecko; compatible; GPTBot/1.4; +https://openai.com/gptbot)"
74.7.227.12 - - [11/Jun/2026:04:53:31 +0700] "GET /san-pham/may-say-khi-nen-pegasus-tmmsk-155/ HTTP/2" 200 62018 "https://www.pemco.com.vn/wp-sitemap-posts-product-1.xml" "Mozilla/5.0 AppleWebKit/537.36 (KHTML, like Gecko; compatible; GPTBot/1.4; +https://openai.com/gptbot)"
74.7.227.12 - - [11/Jun/2026:04:53:34 +0700] "GET /san-pham/may-say-khi-nen-pegasus-tmmsk-115/ HTTP/2" 200 61988 "https://www.pemco.com.vn/wp-sitemap-posts-product-1.xml" "Mozilla/5.0 AppleWebKit/537.36 (KHTML, like Gecko; compatible; GPTBot/1.4; +https://openai.com/gptbot)"
74.7.243.201 - - [11/Jun/2026:04:53:34 +0700] "GET /danh-muc-san-pham/nang-ha-phu-tro/?filesrc=/var/www/vhosts/dienmaychuyennghiep.com/bin/head&path=/var/www/vhosts/dienmaychuyennghiep.com/bin HTTP/2" 200 76890 "https://www.dienmaychuyennghiep.com/danh-muc-san-pham/nang-ha-phu-tro/?path=/var/www/vhosts/dienmaychuyennghiep.com/bin" "Mozilla/5.0 AppleWebKit/537.36 (KHTML, like Gecko; compatible; GPTBot/1.4; +https://openai.com/gptbot)"
54.39.203.185 - - [11/Jun/2026:04:53:38 +0700] "GET /products/5572791929 HTTP/2" 200 19519 "-" "Mozilla/5.0 (compatible; AhrefsBot/7.0; +http://ahrefs.com/robot/)"
74.7.227.12 - - [11/Jun/2026:04:53:37 +0700] "GET /san-pham/may-say-khi-nen-pegasus-tmmsk-250/ HTTP/2" 200 62034 "https://www.pemco.com.vn/wp-sitemap-posts-product-1.xml" "Mozilla/5.0 AppleWebKit/537.36 (KHTML, like Gecko; compatible; GPTBot/1.4; +https://openai.com/gptbot)"
74.7.243.201 - - [11/Jun/2026:04:53:37 +0700] "GET /danh-muc-san-pham/nang-ha-phu-tro/?filesrc=/var/www/vhosts/dienmaychuyennghiep.com/bin/pwd&path=/var/www/vhosts/dienmaychuyennghiep.com/bin HTTP/2" 200 72752 "https://www.dienmaychuyennghiep.com/danh-muc-san-pham/nang-ha-phu-tro/?path=/var/www/vhosts/dienmaychuyennghiep.com/bin" "Mozilla/5.0 AppleWebKit/537.36 (KHTML, like Gecko; compatible; GPTBot/1.4; +https://openai.com/gptbot)"
74.7.227.12 - - [11/Jun/2026:04:53:40 +0700] "GET /san-pham/may-khoan-ban-hong-ky-eco-kbe100c/ HTTP/2" 200 63411 "https://www.pemco.com.vn/wp-sitemap-posts-product-1.xml" "Mozilla/5.0 AppleWebKit/537.36 (KHTML, like Gecko; compatible; GPTBot/1.4; +https://openai.com/gptbot)"
74.7.243.201 - - [11/Jun/2026:04:53:40 +0700] "GET /san-pham/all-star-canvas-hi-converse/?path=/var/www/vhosts/dienmaychuyennghiep.com/tmp HTTP/2" 200 59642 "https://www.dienmaychuyennghiep.com/san-pham/all-star-canvas-hi-converse/?path=/var/www/vhosts/dienmaychuyennghiep.com" "Mozilla/5.0 AppleWebKit/537.36 (KHTML, like Gecko; compatible; GPTBot/1.4; +https://openai.com/gptbot)"
74.7.227.12 - - [11/Jun/2026:04:53:43 +0700] "GET /san-pham/may-duc-be-tong-dongcheng-dzg06-6/?filesrc=/var/www/vhosts/dienmaychuyennghiep.com/httpdocs/wp-includes/class-walker-page-dropdown.php&path=/var/www/vhosts/dienmaychuyennghiep.com/httpdocs/wp-includes HTTP/2" 200 63246 "https://www.pemco.com.vn/san-pham/may-duc-be-tong-dongcheng-dzg06-6/?path=/var/www/vhosts/dienmaychuyennghiep.com/httpdocs/wp-includes" "Mozilla/5.0 AppleWebKit/537.36 (KHTML, like Gecko; compatible; GPTBot/1.4; +https://openai.com/gptbot)"
74.7.243.201 - - [11/Jun/2026:04:53:43 +0700] "GET /danh-muc-san-pham/dung-cu-cam-tay/?path=/var/www/vhosts/dienmaychuyennghiep.com/.composer HTTP/2" 200 54768 "https://www.dienmaychuyennghiep.com/danh-muc-san-pham/dung-cu-cam-tay/?path=/var/www/vhosts/dienmaychuyennghiep.com" "Mozilla/5.0 AppleWebKit/537.36 (KHTML, like Gecko; compatible; GPTBot/1.4; +https://openai.com/gptbot)"
74.7.243.201 - - [11/Jun/2026:04:53:45 +0700] "GET /tu-khoa-san-pham/may-mai-thang-dung-pin/?path=/var/www/vhosts/dienmaychuyennghiep.com/usr HTTP/2" 200 56014 "https://www.dienmaychuyennghiep.com/tu-khoa-san-pham/may-mai-thang-dung-pin/?path=/var/www/vhosts/dienmaychuyennghiep.com" "Mozilla/5.0 AppleWebKit/537.36 (KHTML, like Gecko; compatible; GPTBot/1.4; +https://openai.com/gptbot)"
74.7.227.12 - - [11/Jun/2026:04:53:45 +0700] "GET /san-pham/may-duc-be-tong-dongcheng-dzg06-6/?filesrc=/var/www/vhosts/dienmaychuyennghiep.com/httpdocs/wp-includes/class-wp-http-encoding.php&path=/var/www/vhosts/dienmaychuyennghiep.com/httpdocs/wp-includes HTTP/2" 200 64259 "https://www.pemco.com.vn/san-pham/may-duc-be-tong-dongcheng-dzg06-6/?path=/var/www/vhosts/dienmaychuyennghiep.com/httpdocs/wp-includes" "Mozilla/5.0 AppleWebKit/537.36 (KHTML, like Gecko; compatible; GPTBot/1.4; +https://openai.com/gptbot)"
74.7.227.12 - - [11/Jun/2026:04:53:47 +0700] "GET /danh-muc-san-pham/phu-kien-may-cam-tay/phu-kien-cat-mai/ HTTP/2" 200 55650 "https://www.pemco.com.vn/featured_item/flat-t-shirt-company/" "Mozilla/5.0 AppleWebKit/537.36 (KHTML, like Gecko; compatible; GPTBot/1.4; +https://openai.com/gptbot)"
74.7.227.12 - - [11/Jun/2026:04:53:50 +0700] "GET /wp-content/uploads/2025/09/pxbee_eraser_2025-09-23_14-40-25-400x400.png HTTP/2" 200 31346 "https://www.pemco.com.vn/san-pham/may-nen-khi-truc-vit-bien-tan-tiet-kiem-dien-pegasus-model-tmbt-20hp/" "Mozilla/5.0 AppleWebKit/537.36 (KHTML, like Gecko; compatible; GPTBot/1.4; +https://openai.com/gptbot)"
74.7.243.201 - - [11/Jun/2026:04:53:48 +0700] "GET /tu-khoa-san-pham/may-mai-thang-dung-pin/?path=/var/www/vhosts/dienmaychuyennghiep.com/etc HTTP/2" 200 56012 "https://www.dienmaychuyennghiep.com/tu-khoa-san-pham/may-mai-thang-dung-pin/?path=/var/www/vhosts/dienmaychuyennghiep.com" "Mozilla/5.0 AppleWebKit/537.36 (KHTML, like Gecko; compatible; GPTBot/1.4; +https://openai.com/gptbot)"
198.244.168.233 - - [11/Jun/2026:04:53:49 +0700] "GET /san-pham/may-khoan-bua-bosch-gbh-2-28-dfv/ HTTP/2" 200 63477 "-" "Mozilla/5.0 (compatible; AhrefsBot/7.0; +http://ahrefs.com/robot/)"
74.7.243.201 - - [11/Jun/2026:04:53:51 +0700] "GET /tu-khoa-san-pham/may-mai-thang-dung-pin/?path=/var/www/vhosts/dienmaychuyennghiep.com/tmp HTTP/2" 200 55812 "https://www.dienmaychuyennghiep.com/tu-khoa-san-pham/may-mai-thang-dung-pin/?path=/var/www/vhosts/dienmaychuyennghiep.com" "Mozilla/5.0 AppleWebKit/537.36 (KHTML, like Gecko; compatible; GPTBot/1.4; +https://openai.com/gptbot)"
74.7.227.12 - - [11/Jun/2026:04:53:51 +0700] "GET /danh-muc-san-pham/may-nen-khi/may-nen-khi-truc-vit/ HTTP/2" 200 58504 "https://www.pemco.com.vn/wp-sitemap-taxonomies-product_cat-1.xml" "Mozilla/5.0 AppleWebKit/537.36 (KHTML, like Gecko; compatible; GPTBot/1.4; +https://openai.com/gptbot)"
74.7.227.12 - - [11/Jun/2026:04:53:53 +0700] "GET /?p=4993 HTTP/2" 200 19519 "https://www.pemco.com.vn/san-pham/sung-ban-dinh-thang-makita-af301z/" "Mozilla/5.0 AppleWebKit/537.36 (KHTML, like Gecko; compatible; GPTBot/1.4; +https://openai.com/gptbot)"
15.235.98.176 - - [11/Jun/2026:04:53:53 +0700] "GET /products/5572784515 HTTP/2" 200 19519 "-" "Mozilla/5.0 (compatible; AhrefsBot/7.0; +http://ahrefs.com/robot/)"
43.153.26.165 - - [11/Jun/2026:04:53:53 +0700] "GET /wp-json/wp/v2/pages/36?path=/var/www/vhosts HTTP/1.1" 200 22522 "-" "Mozilla/5.0 (iPhone; CPU iPhone OS 13_2_3 like Mac OS X) AppleWebKit/605.1.15 (KHTML, like Gecko) Version/13.0.3 Mobile/15E148 Safari/604.1"
74.7.243.201 - - [11/Jun/2026:04:53:53 +0700] "GET /danh-muc-san-pham/dung-cu-cam-tay/?path=/var/www/vhosts/dienmaychuyennghiep.com/lscache HTTP/2" 200 54673 "https://www.dienmaychuyennghiep.com/danh-muc-san-pham/dung-cu-cam-tay/?path=/var/www/vhosts/dienmaychuyennghiep.com" "Mozilla/5.0 AppleWebKit/537.36 (KHTML, like Gecko; compatible; GPTBot/1.4; +https://openai.com/gptbot)"
66.249.68.8 - - [11/Jun/2026:04:53:54 +0700] "GET /products/10546200307?filesrc=/var/www/vhosts/dienmaychuyennghiep.com/httpdocs/wp-includes/class-wp-tax-query.php&path=/var/www/vhosts/dienmaychuyennghiep.com/httpdocs/wp-includes HTTP/1.1" 200 24781 "-" "Mozilla/5.0 (Linux; Android 6.0.1; Nexus 5X Build/MMB29P) AppleWebKit/537.36 (KHTML, like Gecko) Chrome/148.0.7778.96 Mobile Safari/537.36 (compatible; GoogleOther)"
74.7.227.12 - - [11/Jun/2026:04:53:55 +0700] "GET /?p=4992 HTTP/2" 200 19519 "https://www.pemco.com.vn/san-pham/sung-ban-dinh-thang-makita-af201z/" "Mozilla/5.0 AppleWebKit/537.36 (KHTML, like Gecko; compatible; GPTBot/1.4; +https://openai.com/gptbot)"
74.7.227.12 - - [11/Jun/2026:04:53:57 +0700] "GET /?p=3111 HTTP/2" 200 19519 "https://www.pemco.com.vn/san-pham/may-khoan-be-tong-dongcheng-dzj20/" "Mozilla/5.0 AppleWebKit/537.36 (KHTML, like Gecko; compatible; GPTBot/1.4; +https://openai.com/gptbot)"
74.7.243.201 - - [11/Jun/2026:04:53:56 +0700] "GET /san-pham/all-star-canvas-hi-converse/?path=/var/www/vhosts/dienmaychuyennghiep.com/.composer HTTP/2" 200 59911 "https://www.dienmaychuyennghiep.com/san-pham/all-star-canvas-hi-converse/?path=/var/www/vhosts/dienmaychuyennghiep.com" "Mozilla/5.0 AppleWebKit/537.36 (KHTML, like Gecko; compatible; GPTBot/1.4; +https://openai.com/gptbot)"
216.73.216.144 - - [11/Jun/2026:04:53:59 +0700] "GET /wp-sitemap.xml?filesrc=%2Fvar%2Fwww%2Fvhosts%2Fdienmaychuyennghiep.com%2Fhttpdocs%2Fwp-content%2Fuploads%2F2025%2F09%2FDCG405N-KR-100x100.jpg&path=%2Fvar%2Fwww%2Fvhosts%2Fdienmaychuyennghiep.com%2Fhttpdocs%2Fwp-content%2Fuploads%2F2025%2F09 HTTP/2" 200 20589 "-" "Mozilla/5.0 AppleWebKit/537.36 (KHTML, like Gecko; compatible; ClaudeBot/1.0; +claudebot@anthropic.com)"
74.7.227.12 - - [11/Jun/2026:04:53:59 +0700] "GET /?p=8350 HTTP/2" 200 19519 "https://www.pemco.com.vn/san-pham/may-say-khi-nen-pegasus-tmmsk-155/" "Mozilla/5.0 AppleWebKit/537.36 (KHTML, like Gecko; compatible; GPTBot/1.4; +https://openai.com/gptbot)"
216.73.216.144 - - [11/Jun/2026:04:53:59 +0700] "GET /tu-khoa-san-pham/may-thoi-khi-dung-pin/?filesrc=%2Fvar%2Fwww%2Fvhosts%2Fdienmaychuyennghiep.com%2Fhttpdocs%2Fwp-includes%2Fjs%2Fzxcvbn.min.js&path=%2Fvar%2Fwww%2Fvhosts%2Fdienmaychuyennghiep.com%2Fhttpdocs%2Fwp-includes%2Fjs HTTP/2" 200 452003 "-" "Mozilla/5.0 AppleWebKit/537.36 (KHTML, like Gecko; compatible; ClaudeBot/1.0; +claudebot@anthropic.com)"
216.73.216.144 - - [11/Jun/2026:04:53:59 +0700] "GET /tu-khoa-san-pham/may-thoi-khi-dung-pin/?filesrc=%2Fvar%2Fwww%2Fvhosts%2Fdienmaychuyennghiep.com%2Fhttpdocs%2Fwp-includes%2Fjs%2Fwp-emoji.min.js&path=%2Fvar%2Fwww%2Fvhosts%2Fdienmaychuyennghiep.com%2Fhttpdocs%2Fwp-includes%2Fjs HTTP/2" 200 57673 "-" "Mozilla/5.0 AppleWebKit/537.36 (KHTML, like Gecko; compatible; ClaudeBot/1.0; +claudebot@anthropic.com)"
216.73.216.144 - - [11/Jun/2026:04:53:59 +0700] "GET /tu-khoa-san-pham/may-thoi-khi-dung-pin/?filesrc=%2Fvar%2Fwww%2Fvhosts%2Fdienmaychuyennghiep.com%2Fhttpdocs%2Fwp-includes%2Fjs%2Ftwemoji.js&path=%2Fvar%2Fwww%2Fvhosts%2Fdienmaychuyennghiep.com%2Fhttpdocs%2Fwp-includes%2Fjs HTTP/2" 200 65438 "-" "Mozilla/5.0 AppleWebKit/537.36 (KHTML, like Gecko; compatible; ClaudeBot/1.0; +claudebot@anthropic.com)"
74.7.227.12 - - [11/Jun/2026:04:54:01 +0700] "GET /?p=8349 HTTP/2" 200 19756 "https://www.pemco.com.vn/san-pham/may-say-khi-nen-pegasus-tmmsk-115/" "Mozilla/5.0 AppleWebKit/537.36 (KHTML, like Gecko; compatible; GPTBot/1.4; +https://openai.com/gptbot)"
