216.73.216.144 - - [11/Jun/2026:04:39:02 +0700] "GET /wp-sitemap.xml?filesrc=%2Fvar%2Fwww%2Fvhosts%2Fdienmaychuyennghiep.com%2Fhttpdocs%2Fwp-content%2Fuploads%2F2024%2F06%2F6307-4-510x510.png&path=%2Fvar%2Fwww%2Fvhosts%2Fdienmaychuyennghiep.com%2Fhttpdocs%2Fwp-content%2Fuploads%2F2024%2F06 HTTP/2" 200 214075 "-" "Mozilla/5.0 AppleWebKit/537.36 (KHTML, like Gecko; compatible; ClaudeBot/1.0; +claudebot@anthropic.com)"
216.73.216.144 - - [11/Jun/2026:04:39:02 +0700] "GET /wp-sitemap.xml?filesrc=%2Fvar%2Fwww%2Fvhosts%2Fdienmaychuyennghiep.com%2Fhttpdocs%2Fwp-content%2Fuploads%2F2024%2F06%2F7080-3-300x300.png&path=%2Fvar%2Fwww%2Fvhosts%2Fdienmaychuyennghiep.com%2Fhttpdocs%2Fwp-content%2Fuploads%2F2024%2F06 HTTP/2" 200 64360 "-" "Mozilla/5.0 AppleWebKit/537.36 (KHTML, like Gecko; compatible; ClaudeBot/1.0; +claudebot@anthropic.com)"
216.73.216.144 - - [11/Jun/2026:04:39:02 +0700] "GET /wp-sitemap.xml?filesrc=%2Fvar%2Fwww%2Fvhosts%2Fdienmaychuyennghiep.com%2Fhttpdocs%2Fwp-content%2Fuploads%2F2025%2F09%2FDWE4118-100x100.jpg&path=%2Fvar%2Fwww%2Fvhosts%2Fdienmaychuyennghiep.com%2Fhttpdocs%2Fwp-content%2Fuploads%2F2025%2F09 HTTP/2" 200 20469 "-" "Mozilla/5.0 AppleWebKit/537.36 (KHTML, like Gecko; compatible; ClaudeBot/1.0; +claudebot@anthropic.com)"
216.73.216.144 - - [11/Jun/2026:04:39:02 +0700] "GET /wp-sitemap.xml?filesrc=%2Fvar%2Fwww%2Fvhosts%2Fdienmaychuyennghiep.com%2Fhttpdocs%2Fwp-content%2Fuploads%2F2024%2F06%2FDW801-B1-5-600x600.png&path=%2Fvar%2Fwww%2Fvhosts%2Fdienmaychuyennghiep.com%2Fhttpdocs%2Fwp-content%2Fuploads%2F2024%2F06 HTTP/2" 200 188914 "-" "Mozilla/5.0 AppleWebKit/537.36 (KHTML, like Gecko; compatible; ClaudeBot/1.0; +claudebot@anthropic.com)"
216.73.216.144 - - [11/Jun/2026:04:39:02 +0700] "GET /wp-sitemap.xml?filesrc=%2Fvar%2Fwww%2Fvhosts%2Fdienmaychuyennghiep.com%2Fhttpdocs%2Fwp-content%2Fuploads%2F2024%2F07%2F3600H-6-768x768.png&path=%2Fvar%2Fwww%2Fvhosts%2Fdienmaychuyennghiep.com%2Fhttpdocs%2Fwp-content%2Fuploads%2F2024%2F07 HTTP/2" 200 256758 "-" "Mozilla/5.0 AppleWebKit/537.36 (KHTML, like Gecko; compatible; ClaudeBot/1.0; +claudebot@anthropic.com)"
216.73.216.144 - - [11/Jun/2026:04:39:02 +0700] "GET /wp-sitemap.xml?filesrc=%2Fvar%2Fwww%2Fvhosts%2Fdienmaychuyennghiep.com%2Fusr%2Flib64%2Flibpcre.so.1&path=%2Fvar%2Fwww%2Fvhosts%2Fdienmaychuyennghiep.com%2Fusr%2Flib64 HTTP/2" 200 187847 "-" "Mozilla/5.0 AppleWebKit/537.36 (KHTML, like Gecko; compatible; ClaudeBot/1.0; +claudebot@anthropic.com)"
74.7.227.12 - - [11/Jun/2026:04:39:08 +0700] "GET /wp-content/uploads/2025/07/HKTIG250C-510x401.webp HTTP/2" 200 15714 "https://www.pemco.com.vn/san-pham/may-han-tig-lanh-hong-ky-master-hktig250c/" "Mozilla/5.0 AppleWebKit/537.36 (KHTML, like Gecko; compatible; GPTBot/1.4; +https://openai.com/gptbot)"
74.7.227.12 - - [11/Jun/2026:04:39:09 +0700] "GET /wp-content/uploads/2025/07/HKTIG250C.webp HTTP/2" 200 77086 "https://www.pemco.com.vn/san-pham/may-han-tig-lanh-hong-ky-master-hktig250c/" "Mozilla/5.0 AppleWebKit/537.36 (KHTML, like Gecko; compatible; GPTBot/1.4; +https://openai.com/gptbot)"
216.73.216.144 - - [11/Jun/2026:04:39:02 +0700] "GET /san-pham/may-duc-be-tong-kzg06-6s/feed/?filesrc=%2Fvar%2Fwww%2Fvhosts%2Fdienmaychuyennghiep.com%2Fhttpdocs%2Fwp-includes%2Fl10n%2Fclass-wp-translation-file.php&path=%2Fvar%2Fwww%2Fvhosts%2Fdienmaychuyennghiep.com%2Fhttpdocs%2Fwp-includes%2Fl10n HTTP/2" 200 20876 "-" "Mozilla/5.0 AppleWebKit/537.36 (KHTML, like Gecko; compatible; ClaudeBot/1.0; +claudebot@anthropic.com)"
216.73.216.144 - - [11/Jun/2026:04:39:02 +0700] "GET /wp-sitemap.xml?filesrc=%2Fvar%2Fwww%2Fvhosts%2Fdienmaychuyennghiep.com%2Fhttpdocs%2Fwp-content%2Fuploads%2F2025%2F06%2FLOGO-PEMCO-CN.png&path=%2Fvar%2Fwww%2Fvhosts%2Fdienmaychuyennghiep.com%2Fhttpdocs%2Fwp-content%2Fuploads%2F2025%2F06 HTTP/2" 200 110061 "-" "Mozilla/5.0 AppleWebKit/537.36 (KHTML, like Gecko; compatible; ClaudeBot/1.0; +claudebot@anthropic.com)"
216.73.216.144 - - [11/Jun/2026:04:39:02 +0700] "GET /san-pham/may-duc-be-tong-kzg06-6s/feed/?filesrc=%2Fvar%2Fwww%2Fvhosts%2Fdienmaychuyennghiep.com%2Fhttpdocs%2Fwp-includes%2Fl10n%2Fclass-wp-translation-file-mo.php&path=%2Fvar%2Fwww%2Fvhosts%2Fdienmaychuyennghiep.com%2Fhttpdocs%2Fwp-includes%2Fl10n HTTP/2" 200 21339 "-" "Mozilla/5.0 AppleWebKit/537.36 (KHTML, like Gecko; compatible; ClaudeBot/1.0; +claudebot@anthropic.com)"
216.73.216.144 - - [11/Jun/2026:04:39:02 +0700] "GET /wp-sitemap.xml?filesrc=%2Fvar%2Fwww%2Fvhosts%2Fdienmaychuyennghiep.com%2Fhttpdocs%2Fwp-content%2Fuploads%2F2024%2F07%2FAF301Z-1-150x150.png&path=%2Fvar%2Fwww%2Fvhosts%2Fdienmaychuyennghiep.com%2Fhttpdocs%2Fwp-content%2Fuploads%2F2024%2F07 HTTP/2" 200 43036 "-" "Mozilla/5.0 AppleWebKit/537.36 (KHTML, like Gecko; compatible; ClaudeBot/1.0; +claudebot@anthropic.com)"
142.44.225.198 - - [11/Jun/2026:04:39:04 +0700] "GET /products/7903372977 HTTP/2" 200 19756 "-" "Mozilla/5.0 (compatible; AhrefsBot/7.0; +http://ahrefs.com/robot/)"
216.73.216.144 - - [11/Jun/2026:04:39:02 +0700] "GET /wp-sitemap.xml?filesrc=%2Fvar%2Fwww%2Fvhosts%2Fdienmaychuyennghiep.com%2Fhttpdocs%2Fwp-content%2Fuploads%2F2025%2F09%2FDWE8100T-247x296.jpg&path=%2Fvar%2Fwww%2Fvhosts%2Fdienmaychuyennghiep.com%2Fhttpdocs%2Fwp-content%2Fuploads%2F2025%2F09 HTTP/2" 200 29675 "-" "Mozilla/5.0 AppleWebKit/537.36 (KHTML, like Gecko; compatible; ClaudeBot/1.0; +claudebot@anthropic.com)"
216.73.216.144 - - [11/Jun/2026:04:39:08 +0700] "GET /wp-sitemap.xml?filesrc=%2Fvar%2Fwww%2Fvhosts%2Fdienmaychuyennghiep.com%2Fhttpdocs%2Fwp-content%2Fuploads%2F2025%2F09%2FDW735_2-eps-800x800.jpg&path=%2Fvar%2Fwww%2Fvhosts%2Fdienmaychuyennghiep.com%2Fhttpdocs%2Fwp-content%2Fuploads%2F2025%2F09 HTTP/2" 200 66930 "-" "Mozilla/5.0 AppleWebKit/537.36 (KHTML, like Gecko; compatible; ClaudeBot/1.0; +claudebot@anthropic.com)"
74.7.227.12 - - [11/Jun/2026:04:39:10 +0700] "GET /wp-content/uploads/2025/10/picture22-247x296.webp HTTP/2" 200 37974 "https://www.pemco.com.vn/san-pham/may-nen-khi-pegasus-model-tm-of750x3-70l/" "Mozilla/5.0 AppleWebKit/537.36 (KHTML, like Gecko; compatible; GPTBot/1.4; +https://openai.com/gptbot)"
142.44.220.40 - - [11/Jun/2026:04:39:08 +0700] "GET /products/790337027 HTTP/2" 200 19756 "-" "Mozilla/5.0 (compatible; AhrefsBot/7.0; +http://ahrefs.com/robot/)"
74.7.243.201 - - [11/Jun/2026:04:39:04 +0700] "GET /san-pham/ss-crew-california-sub-river-island/?path=/var/www/vhosts/dienmaychuyennghiep.com/.ssh HTTP/2" 200 60066 "https://www.dienmaychuyennghiep.com/san-pham/ss-crew-california-sub-river-island/?path=/var/www/vhosts/dienmaychuyennghiep.com" "Mozilla/5.0 AppleWebKit/537.36 (KHTML, like Gecko; compatible; GPTBot/1.4; +https://openai.com/gptbot)"
153.51.224.70 - - [11/Jun/2026:04:39:03 +0700] "GET /san-pham/may-hut-bui-cong-nghiep-3-chuc-nang-stanley-sl19199-16a/?path=/var/www/vhosts HTTP/1.1" 200 61984 "https://dienmaychuyennghiep.com/san-pham/may-hut-bui-cong-nghiep-3-chuc-nang-stanley-sl19199-16a/" "Mozilla/5.0 (iPhone; CPU iPhone OS 16_1 like Mac OS X) AppleWebKit/605.1.15 (KHTML, like Gecko) Version/16.1 Mobile/15E148 Safari/604.1"
216.73.216.144 - - [11/Jun/2026:04:39:11 +0700] "GET /san-pham/may-duc-be-tong-bosch-gsh-5/whatsapp:/send?filesrc=%2Fvar%2Fwww%2Fvhosts%2Fdienmaychuyennghiep.com%2Flogs%2Faccess_ssl_log.processed&path=%2Fvar%2Fwww%2Fvhosts%2Fdienmaychuyennghiep.com%2Flogs HTTP/2" 200 18560 "-" "Mozilla/5.0 AppleWebKit/537.36 (KHTML, like Gecko; compatible; ClaudeBot/1.0; +claudebot@anthropic.com)"
216.73.216.144 - - [11/Jun/2026:04:39:11 +0700] "GET /san-pham/may-duc-be-tong-kzg06-6s/feed/?filesrc=%2Fvar%2Fwww%2Fvhosts%2Fdienmaychuyennghiep.com%2Fhttpdocs%2Fwp-admin%2Fimages%2Fabout-header-default.webp&path=%2Fvar%2Fwww%2Fvhosts%2Fdienmaychuyennghiep.com%2Fhttpdocs%2Fwp-admin%2Fimages HTTP/2" 200 35377 "-" "Mozilla/5.0 AppleWebKit/537.36 (KHTML, like Gecko; compatible; ClaudeBot/1.0; +claudebot@anthropic.com)"
216.73.216.144 - - [11/Jun/2026:04:39:11 +0700] "GET /san-pham/may-duc-be-tong-kzg06-6s/feed/?filesrc=%2Fvar%2Fwww%2Fvhosts%2Fdienmaychuyennghiep.com%2Fhttpdocs%2Fwp-admin%2Fimages%2Fcontribute-code.svg&path=%2Fvar%2Fwww%2Fvhosts%2Fdienmaychuyennghiep.com%2Fhttpdocs%2Fwp-admin%2Fimages HTTP/2" 200 20461 "-" "Mozilla/5.0 AppleWebKit/537.36 (KHTML, like Gecko; compatible; ClaudeBot/1.0; +claudebot@anthropic.com)"
216.73.216.144 - - [11/Jun/2026:04:39:11 +0700] "GET /san-pham/may-duc-be-tong-kzg06-6s/feed/?filesrc=%2Fvar%2Fwww%2Fvhosts%2Fdienmaychuyennghiep.com%2Fhttpdocs%2Fwp-admin%2Fimages%2Fabout-header-get-involved.webp&path=%2Fvar%2Fwww%2Fvhosts%2Fdienmaychuyennghiep.com%2Fhttpdocs%2Fwp-admin%2Fimages HTTP/2" 200 32559 "-" "Mozilla/5.0 AppleWebKit/537.36 (KHTML, like Gecko; compatible; ClaudeBot/1.0; +claudebot@anthropic.com)"
216.73.216.144 - - [11/Jun/2026:04:39:11 +0700] "GET /san-pham/may-duc-be-tong-kzg06-6s/feed/?filesrc=%2Fvar%2Fwww%2Fvhosts%2Fdienmaychuyennghiep.com%2Fhttpdocs%2Fwp-admin%2Fimages%2Fabout-header-privacy-rtl.webp&path=%2Fvar%2Fwww%2Fvhosts%2Fdienmaychuyennghiep.com%2Fhttpdocs%2Fwp-admin%2Fimages HTTP/2" 200 28398 "-" "Mozilla/5.0 AppleWebKit/537.36 (KHTML, like Gecko; compatible; ClaudeBot/1.0; +claudebot@anthropic.com)"
216.73.216.144 - - [11/Jun/2026:04:39:11 +0700] "GET /san-pham/may-duc-be-tong-kzg06-6s/feed/?filesrc=%2Fvar%2Fwww%2Fvhosts%2Fdienmaychuyennghiep.com%2Fhttpdocs%2Fwp-admin%2Fimages%2Fabout-header-credits.webp&path=%2Fvar%2Fwww%2Fvhosts%2Fdienmaychuyennghiep.com%2Fhttpdocs%2Fwp-admin%2Fimages HTTP/2" 200 53481 "-" "Mozilla/5.0 AppleWebKit/537.36 (KHTML, like Gecko; compatible; ClaudeBot/1.0; +claudebot@anthropic.com)"
216.73.216.144 - - [11/Jun/2026:04:39:11 +0700] "GET /san-pham/may-duc-be-tong-kzg06-6s/feed/?filesrc=%2Fvar%2Fwww%2Fvhosts%2Fdienmaychuyennghiep.com%2Fhttpdocs%2Fwp-admin%2Fimages%2Fabout-header-get-involved-rtl.webp&path=%2Fvar%2Fwww%2Fvhosts%2Fdienmaychuyennghiep.com%2Fhttpdocs%2Fwp-admin%2Fimages HTTP/2" 200 30706 "-" "Mozilla/5.0 AppleWebKit/537.36 (KHTML, like Gecko; compatible; ClaudeBot/1.0; +claudebot@anthropic.com)"
216.73.216.144 - - [11/Jun/2026:04:39:11 +0700] "GET /san-pham/may-duc-be-tong-kzg06-6s/feed/?filesrc=%2Fvar%2Fwww%2Fvhosts%2Fdienmaychuyennghiep.com%2Fhttpdocs%2Fwp-admin%2Fimages%2Fabout-header-default-rtl.webp&path=%2Fvar%2Fwww%2Fvhosts%2Fdienmaychuyennghiep.com%2Fhttpdocs%2Fwp-admin%2Fimages HTTP/2" 200 33820 "-" "Mozilla/5.0 AppleWebKit/537.36 (KHTML, like Gecko; compatible; ClaudeBot/1.0; +claudebot@anthropic.com)"
216.73.216.144 - - [11/Jun/2026:04:39:11 +0700] "GET /san-pham/may-duc-be-tong-kzg06-6s/feed/?filesrc=%2Fvar%2Fwww%2Fvhosts%2Fdienmaychuyennghiep.com%2Fhttpdocs%2Fwp-admin%2Fimages%2Fcontribute-no-code.svg&path=%2Fvar%2Fwww%2Fvhosts%2Fdienmaychuyennghiep.com%2Fhttpdocs%2Fwp-admin%2Fimages HTTP/2" 200 20455 "-" "Mozilla/5.0 AppleWebKit/537.36 (KHTML, like Gecko; compatible; ClaudeBot/1.0; +claudebot@anthropic.com)"
74.7.227.12 - - [11/Jun/2026:04:39:10 +0700] "GET /san-pham/may-han-tig-xung-nhom-tig315-pac-dc-e303-jasic/ HTTP/2" 200 63843 "https://www.pemco.com.vn/wp-sitemap-posts-product-1.xml" "Mozilla/5.0 AppleWebKit/537.36 (KHTML, like Gecko; compatible; GPTBot/1.4; +https://openai.com/gptbot)"
54.39.203.82 - - [11/Jun/2026:04:39:12 +0700] "GET /products/7903369012 HTTP/2" 200 19519 "-" "Mozilla/5.0 (compatible; AhrefsBot/7.0; +http://ahrefs.com/robot/)"
216.73.216.144 - - [11/Jun/2026:04:39:11 +0700] "GET /san-pham/may-duc-be-tong-bosch-gsh-5/whatsapp:/send?filesrc=%2Fvar%2Fwww%2Fvhosts%2Fdienmaychuyennghiep.com%2Flogs%2Faccess_ssl_log.webstat&path=%2Fvar%2Fwww%2Fvhosts%2Fdienmaychuyennghiep.com%2Flogs HTTP/2" 200 2952703 "-" "Mozilla/5.0 AppleWebKit/537.36 (KHTML, like Gecko; compatible; ClaudeBot/1.0; +claudebot@anthropic.com)"
51.161.65.70 - - [11/Jun/2026:04:39:16 +0700] "GET /products/790336883 HTTP/2" 200 19519 "-" "Mozilla/5.0 (compatible; AhrefsBot/7.0; +http://ahrefs.com/robot/)"
66.249.71.101 - - [11/Jun/2026:04:39:16 +0700] "GET /products/10546200307?filesrc=/var/www/vhosts/dienmaychuyennghiep.com/httpdocs/wp-includes/class-wp-user-meta-session-tokens.php&path=/var/www/vhosts/dienmaychuyennghiep.com/httpdocs/wp-includes HTTP/1.1" 200 19963 "-" "Mozilla/5.0 (Linux; Android 6.0.1; Nexus 5X Build/MMB29P) AppleWebKit/537.36 (KHTML, like Gecko) Chrome/148.0.7778.96 Mobile Safari/537.36 (compatible; GoogleOther)"
216.73.216.144 - - [11/Jun/2026:04:39:11 +0700] "GET /san-pham/may-duc-be-tong-kzg06-6s/feed/?filesrc=%2Fvar%2Fwww%2Fvhosts%2Fdienmaychuyennghiep.com%2Fhttpdocs%2Fwp-admin%2Fimages%2Fabout-header-privacy.webp&path=%2Fvar%2Fwww%2Fvhosts%2Fdienmaychuyennghiep.com%2Fhttpdocs%2Fwp-admin%2Fimages HTTP/2" 200 27843 "-" "Mozilla/5.0 AppleWebKit/537.36 (KHTML, like Gecko; compatible; ClaudeBot/1.0; +claudebot@anthropic.com)"
216.73.216.144 - - [11/Jun/2026:04:39:16 +0700] "GET /san-pham/may-duc-be-tong-kzg06-6s/feed/?filesrc=%2Fvar%2Fwww%2Fvhosts%2Fdienmaychuyennghiep.com%2Fhttpdocs%2Fwp-includes%2Fl10n%2Fclass-wp-translations.php&path=%2Fvar%2Fwww%2Fvhosts%2Fdienmaychuyennghiep.com%2Fhttpdocs%2Fwp-includes%2Fl10n HTTP/2" 200 20258 "-" "Mozilla/5.0 AppleWebKit/537.36 (KHTML, like Gecko; compatible; ClaudeBot/1.0; +claudebot@anthropic.com)"
74.7.227.12 - - [11/Jun/2026:04:39:18 +0700] "GET /san-pham/may-khoan-be-tong-dung-pin-dartek-a7-6608-1/ HTTP/2" 200 62814 "https://www.pemco.com.vn/wp-sitemap-posts-product-1.xml" "Mozilla/5.0 AppleWebKit/537.36 (KHTML, like Gecko; compatible; GPTBot/1.4; +https://openai.com/gptbot)"
74.7.243.201 - - [11/Jun/2026:04:39:11 +0700] "GET /san-pham/ss-crew-california-sub-river-island/?path=/var/www/vhosts/dienmaychuyennghiep.com/.composer HTTP/2" 200 60124 "https://www.dienmaychuyennghiep.com/san-pham/ss-crew-california-sub-river-island/?path=/var/www/vhosts/dienmaychuyennghiep.com" "Mozilla/5.0 AppleWebKit/537.36 (KHTML, like Gecko; compatible; GPTBot/1.4; +https://openai.com/gptbot)"
51.161.37.54 - - [11/Jun/2026:04:39:21 +0700] "GET /products/790336626 HTTP/2" 200 19519 "-" "Mozilla/5.0 (compatible; AhrefsBot/7.0; +http://ahrefs.com/robot/)"
74.7.227.12 - - [11/Jun/2026:04:39:21 +0700] "GET /san-pham/may-khoan-be-tong-dung-pin-dartek-a7-6618-2/ HTTP/2" 200 62579 "https://www.pemco.com.vn/wp-sitemap-posts-product-1.xml" "Mozilla/5.0 AppleWebKit/537.36 (KHTML, like Gecko; compatible; GPTBot/1.4; +https://openai.com/gptbot)"
74.7.243.201 - - [11/Jun/2026:04:39:20 +0700] "GET /san-pham/ss-crew-california-sub-river-island/?path=/var/www/vhosts/dienmaychuyennghiep.com/logs HTTP/2" 200 61037 "https://www.dienmaychuyennghiep.com/san-pham/ss-crew-california-sub-river-island/?path=/var/www/vhosts/dienmaychuyennghiep.com" "Mozilla/5.0 AppleWebKit/537.36 (KHTML, like Gecko; compatible; GPTBot/1.4; +https://openai.com/gptbot)"
66.249.68.1 - - [11/Jun/2026:04:39:23 +0700] "GET /products/298272004?path=/var/www/vhosts/dienmaychuyennghiep.com/httpdocs/.well-known HTTP/1.1" 200 19272 "-" "Mozilla/5.0 (Linux; Android 6.0.1; Nexus 5X Build/MMB29P) AppleWebKit/537.36 (KHTML, like Gecko) Chrome/148.0.7778.96 Mobile Safari/537.36 (compatible; Googlebot/2.1; +http://www.google.com/bot.html)"
74.7.227.12 - - [11/Jun/2026:04:39:24 +0700] "GET /san-pham/may-thoi-la-dung-pin-dewalt-dcmba572n-xj/ HTTP/2" 200 62906 "https://www.pemco.com.vn/wp-sitemap-posts-product-1.xml" "Mozilla/5.0 AppleWebKit/537.36 (KHTML, like Gecko; compatible; GPTBot/1.4; +https://openai.com/gptbot)"
74.7.243.201 - - [11/Jun/2026:04:39:23 +0700] "GET /san-pham/ss-crew-california-sub-river-island/?path=/var/www/vhosts/dienmaychuyennghiep.com/.clwpos HTTP/2" 200 60138 "https://www.dienmaychuyennghiep.com/san-pham/ss-crew-california-sub-river-island/?path=/var/www/vhosts/dienmaychuyennghiep.com" "Mozilla/5.0 AppleWebKit/537.36 (KHTML, like Gecko; compatible; GPTBot/1.4; +https://openai.com/gptbot)"
148.113.130.71 - - [11/Jun/2026:04:39:25 +0700] "GET /products/7903357500 HTTP/2" 200 19519 "-" "Mozilla/5.0 (compatible; AhrefsBot/7.0; +http://ahrefs.com/robot/)"
74.7.243.201 - - [11/Jun/2026:04:39:26 +0700] "GET /san-pham/ss-crew-california-sub-river-island/?path=/var/www/vhosts/dienmaychuyennghiep.com/error_docs HTTP/2" 200 60910 "https://www.dienmaychuyennghiep.com/san-pham/ss-crew-california-sub-river-island/?path=/var/www/vhosts/dienmaychuyennghiep.com" "Mozilla/5.0 AppleWebKit/537.36 (KHTML, like Gecko; compatible; GPTBot/1.4; +https://openai.com/gptbot)"
74.7.227.12 - - [11/Jun/2026:04:39:26 +0700] "GET /san-pham/may-nen-khi-pegasus-model-tm-of5502-70l/ HTTP/2" 200 62134 "https://www.pemco.com.vn/wp-sitemap-posts-product-1.xml" "Mozilla/5.0 AppleWebKit/537.36 (KHTML, like Gecko; compatible; GPTBot/1.4; +https://openai.com/gptbot)"
103.138.88.26 - - [11/Jun/2026:04:39:29 +0700] "POST /wp-cron.php?doing_wp_cron=1781127569.7559809684753417968750 HTTP/1.1" 200 474 "-" "WordPress/7.0; https://pemcom.vn"
15.235.96.98 - - [11/Jun/2026:04:39:28 +0700] "GET /san-pham/may-khoan-bua-bosch-gbh2-24dre-24mm/feed/ HTTP/2" 200 19519 "-" "Mozilla/5.0 (compatible; AhrefsBot/7.0; +http://ahrefs.com/robot/)"
74.7.243.201 - - [11/Jun/2026:04:39:28 +0700] "GET /san-pham/ss-crew-california-sub-river-island/?path=/var/www/vhosts/dienmaychuyennghiep.com/.cagefs HTTP/2" 200 60005 "https://www.dienmaychuyennghiep.com/san-pham/ss-crew-california-sub-river-island/?path=/var/www/vhosts/dienmaychuyennghiep.com" "Mozilla/5.0 AppleWebKit/537.36 (KHTML, like Gecko; compatible; GPTBot/1.4; +https://openai.com/gptbot)"
103.138.88.26 - - [11/Jun/2026:04:39:31 +0700] "POST /wp-cron.php?doing_wp_cron=1781127571.3769960403442382812500 HTTP/1.1" 200 474 "-" "WordPress/7.0; https://www.pemco.com.vn"
114.119.154.113 - - [11/Jun/2026:04:39:29 +0700] "GET /san-pham/may-cha-nham-quy-dao-makita-bo5041/?path=/var/www/vhosts/dienmaychuyennghiep.com HTTP/1.1" 200 63502 "https://www.pemco.vn/san-pham/may-cha-nham-quy-dao-makita-bo5041/" "Mozilla/5.0 (Linux; Android 7.0;) AppleWebKit/537.36 (HTML, like Gecko) Mobile Safari/537.36 (compatible; PetalBot;+https://webmaster.petalsearch.com/site/petalbot)"
74.7.227.12 - - [11/Jun/2026:04:39:28 +0700] "GET /san-pham/may-hut-bui-gia-dung-stanley-sl19301-4b/ HTTP/2" 200 62976 "https://www.pemco.com.vn/wp-sitemap-posts-product-1.xml" "Mozilla/5.0 AppleWebKit/537.36 (KHTML, like Gecko; compatible; GPTBot/1.4; +https://openai.com/gptbot)"
103.138.88.26 - - [11/Jun/2026:04:39:31 +0700] "POST /wp-cron.php?doing_wp_cron=1781127571.5948820114135742187500 HTTP/1.1" 200 474 "-" "WordPress/7.0; https://www.pemco.vn"
103.138.88.26 - - [11/Jun/2026:04:39:31 +0700] "POST /wp-cron.php?doing_wp_cron=1781127571.3169140815734863281250 HTTP/1.1" 200 474 "-" "WordPress/7.0; https://www.dienmaychuyennghiep.com"
142.44.228.32 - - [11/Jun/2026:04:39:30 +0700] "GET /products/7903356615 HTTP/2" 200 19519 "-" "Mozilla/5.0 (compatible; AhrefsBot/7.0; +http://ahrefs.com/robot/)"
74.7.243.201 - - [11/Jun/2026:04:39:31 +0700] "GET /san-pham/ss-crew-california-sub-river-island/?path=/var/www/vhosts/dienmaychuyennghiep.com/.cl.selector HTTP/2" 200 59968 "https://www.dienmaychuyennghiep.com/san-pham/ss-crew-california-sub-river-island/?path=/var/www/vhosts/dienmaychuyennghiep.com" "Mozilla/5.0 AppleWebKit/537.36 (KHTML, like Gecko; compatible; GPTBot/1.4; +https://openai.com/gptbot)"
74.7.227.12 - - [11/Jun/2026:04:39:31 +0700] "GET /san-pham/may-han-tig-lanh-model-tig300-w229-jasic/ HTTP/2" 200 63791 "https://www.pemco.com.vn/wp-sitemap-posts-product-1.xml" "Mozilla/5.0 AppleWebKit/537.36 (KHTML, like Gecko; compatible; GPTBot/1.4; +https://openai.com/gptbot)"
74.7.243.201 - - [11/Jun/2026:04:39:34 +0700] "GET /san-pham/ss-crew-california-sub-river-island/?path=/var/www/vhosts/dienmaychuyennghiep.com/lib HTTP/2" 200 59853 "https://www.dienmaychuyennghiep.com/san-pham/ss-crew-california-sub-river-island/?path=/var/www/vhosts/dienmaychuyennghiep.com" "Mozilla/5.0 AppleWebKit/537.36 (KHTML, like Gecko; compatible; GPTBot/1.4; +https://openai.com/gptbot)"
51.222.168.167 - - [11/Jun/2026:04:39:36 +0700] "GET /products/7903355828 HTTP/2" 200 19756 "-" "Mozilla/5.0 (compatible; AhrefsBot/7.0; +http://ahrefs.com/robot/)"
74.7.243.201 - - [11/Jun/2026:04:39:37 +0700] "GET /san-pham/ss-crew-california-sub-river-island/?path=/var/www/vhosts/dienmaychuyennghiep.com/etc HTTP/2" 200 60115 "https://www.dienmaychuyennghiep.com/san-pham/ss-crew-california-sub-river-island/?path=/var/www/vhosts/dienmaychuyennghiep.com" "Mozilla/5.0 AppleWebKit/537.36 (KHTML, like Gecko; compatible; GPTBot/1.4; +https://openai.com/gptbot)"
54.39.6.40 - - [11/Jun/2026:04:39:40 +0700] "GET /products/7903355359 HTTP/2" 200 19519 "-" "Mozilla/5.0 (compatible; AhrefsBot/7.0; +http://ahrefs.com/robot/)"
74.7.243.201 - - [11/Jun/2026:04:39:39 +0700] "GET /san-pham/ss-crew-california-sub-river-island/?path=/var/www/vhosts/dienmaychuyennghiep.com/tmp HTTP/2" 200 59856 "https://www.dienmaychuyennghiep.com/san-pham/ss-crew-california-sub-river-island/?path=/var/www/vhosts/dienmaychuyennghiep.com" "Mozilla/5.0 AppleWebKit/537.36 (KHTML, like Gecko; compatible; GPTBot/1.4; +https://openai.com/gptbot)"
74.7.243.201 - - [11/Jun/2026:04:39:42 +0700] "GET /san-pham/ss-crew-california-sub-river-island/?path=/var/www/vhosts/dienmaychuyennghiep.com/bin HTTP/2" 200 61113 "https://www.dienmaychuyennghiep.com/san-pham/ss-crew-california-sub-river-island/?path=/var/www/vhosts/dienmaychuyennghiep.com" "Mozilla/5.0 AppleWebKit/537.36 (KHTML, like Gecko; compatible; GPTBot/1.4; +https://openai.com/gptbot)"
148.113.128.27 - - [11/Jun/2026:04:39:43 +0700] "GET /products/7903353701 HTTP/2" 200 19519 "-" "Mozilla/5.0 (compatible; AhrefsBot/7.0; +http://ahrefs.com/robot/)"
74.7.227.12 - - [11/Jun/2026:04:39:35 +0700] "GET /san-pham/may-khoan-dong-luc-stanley-stdh7213-b1-2/ HTTP/2" 200 63137 "https://www.pemco.com.vn/wp-sitemap-posts-product-1.xml" "Mozilla/5.0 AppleWebKit/537.36 (KHTML, like Gecko; compatible; GPTBot/1.4; +https://openai.com/gptbot)"
74.7.227.12 - - [11/Jun/2026:04:39:44 +0700] "GET /san-pham/may-khoan-van-vit-dung-pin-dartek-q3-50-1/ HTTP/2" 200 62580 "https://www.pemco.com.vn/wp-sitemap-posts-product-1.xml" "Mozilla/5.0 AppleWebKit/537.36 (KHTML, like Gecko; compatible; GPTBot/1.4; +https://openai.com/gptbot)"
74.7.243.201 - - [11/Jun/2026:04:39:44 +0700] "GET /san-pham/ss-crew-california-sub-river-island/?path=/var/www/vhosts/dienmaychuyennghiep.com/usr HTTP/2" 200 60055 "https://www.dienmaychuyennghiep.com/san-pham/ss-crew-california-sub-river-island/?path=/var/www/vhosts/dienmaychuyennghiep.com" "Mozilla/5.0 AppleWebKit/537.36 (KHTML, like Gecko; compatible; GPTBot/1.4; +https://openai.com/gptbot)"
74.7.227.12 - - [11/Jun/2026:04:39:47 +0700] "GET /wp-content/uploads/2025/10/cdaeb8ef51051df96cd4f9672c176018.webp HTTP/2" 200 36656 "https://www.pemco.com.vn/san-pham/may-khoan-dong-luc-kyocera-pd-550k/" "Mozilla/5.0 AppleWebKit/537.36 (KHTML, like Gecko; compatible; GPTBot/1.4; +https://openai.com/gptbot)"
142.44.233.28 - - [11/Jun/2026:04:39:48 +0700] "GET /products/7903348889 HTTP/2" 200 19519 "-" "Mozilla/5.0 (compatible; AhrefsBot/7.0; +http://ahrefs.com/robot/)"
74.7.243.201 - - [11/Jun/2026:04:39:46 +0700] "GET /danh-muc-san-pham/phu-kien-may-cam-tay/phu-kien-may-cha-nham/?path=/var/www/vhosts HTTP/2" 200 54884 "https://www.dienmaychuyennghiep.com/danh-muc-san-pham/phu-kien-may-cam-tay/phu-kien-may-cha-nham/" "Mozilla/5.0 AppleWebKit/537.36 (KHTML, like Gecko; compatible; GPTBot/1.4; +https://openai.com/gptbot)"
74.7.227.12 - - [11/Jun/2026:04:39:47 +0700] "GET /san-pham/may-khoan-than-nhom-dongcheng-djz02-13/ HTTP/2" 200 63025 "https://www.pemco.com.vn/wp-sitemap-posts-product-1.xml" "Mozilla/5.0 AppleWebKit/537.36 (KHTML, like Gecko; compatible; GPTBot/1.4; +https://openai.com/gptbot)"
74.7.243.201 - - [11/Jun/2026:04:39:49 +0700] "GET /may-cam-tay/may-duc/?path=/var/www/vhosts/dienmaychuyennghiep.com/httpdocs/.well-known HTTP/2" 200 55249 "https://www.dienmaychuyennghiep.com/may-cam-tay/may-duc/" "Mozilla/5.0 AppleWebKit/537.36 (KHTML, like Gecko; compatible; GPTBot/1.4; +https://openai.com/gptbot)"
74.7.227.12 - - [11/Jun/2026:04:39:50 +0700] "GET /?p=6191 HTTP/2" 200 19519 "https://www.pemco.com.vn/san-pham/may-han-tig-xung-nhom-tig315-pac-dc-e303-jasic/" "Mozilla/5.0 AppleWebKit/537.36 (KHTML, like Gecko; compatible; GPTBot/1.4; +https://openai.com/gptbot)"
74.7.227.12 - - [11/Jun/2026:04:39:51 +0700] "GET /?p=8788 HTTP/2" 200 19519 "https://www.pemco.com.vn/san-pham/may-khoan-be-tong-dung-pin-dartek-a7-6608-1/" "Mozilla/5.0 AppleWebKit/537.36 (KHTML, like Gecko; compatible; GPTBot/1.4; +https://openai.com/gptbot)"
74.7.243.201 - - [11/Jun/2026:04:39:51 +0700] "GET /tu-khoa-san-pham/may-cat-canh/?path=/var/www/vhosts/dienmaychuyennghiep.com/error_docs HTTP/2" 200 57043 "https://www.dienmaychuyennghiep.com/tu-khoa-san-pham/may-cat-canh/?path=/var/www/vhosts/dienmaychuyennghiep.com" "Mozilla/5.0 AppleWebKit/537.36 (KHTML, like Gecko; compatible; GPTBot/1.4; +https://openai.com/gptbot)"
74.7.227.12 - - [11/Jun/2026:04:39:52 +0700] "GET /?p=8790 HTTP/2" 200 19519 "https://www.pemco.com.vn/san-pham/may-khoan-be-tong-dung-pin-dartek-a7-6618-2/" "Mozilla/5.0 AppleWebKit/537.36 (KHTML, like Gecko; compatible; GPTBot/1.4; +https://openai.com/gptbot)"
74.7.227.12 - - [11/Jun/2026:04:39:54 +0700] "GET /?p=8633 HTTP/2" 200 19519 "https://www.pemco.com.vn/san-pham/may-thoi-la-dung-pin-dewalt-dcmba572n-xj/" "Mozilla/5.0 AppleWebKit/537.36 (KHTML, like Gecko; compatible; GPTBot/1.4; +https://openai.com/gptbot)"
15.235.27.23 - - [11/Jun/2026:04:39:54 +0700] "GET /products/7903347247 HTTP/2" 200 19519 "-" "Mozilla/5.0 (compatible; AhrefsBot/7.0; +http://ahrefs.com/robot/)"
74.7.243.201 - - [11/Jun/2026:04:39:54 +0700] "GET /may-cam-tay/may-phay/?path=/var/www/vhosts/dienmaychuyennghiep.com/wordpress-backups HTTP/2" 200 55250 "https://www.dienmaychuyennghiep.com/may-cam-tay/may-phay/?path=/var/www/vhosts/dienmaychuyennghiep.com" "Mozilla/5.0 AppleWebKit/537.36 (KHTML, like Gecko; compatible; GPTBot/1.4; +https://openai.com/gptbot)"
216.73.216.144 - - [11/Jun/2026:04:39:56 +0700] "GET /san-pham/may-duc-be-tong-bosch-gsh-5/whatsapp:/send?filesrc=%2Fvar%2Fwww%2Fvhosts%2Fdienmaychuyennghiep.com%2Flogs%2Faccess_log.webstat&path=%2Fvar%2Fwww%2Fvhosts%2Fdienmaychuyennghiep.com%2Flogs HTTP/2" 200 18556 "-" "Mozilla/5.0 AppleWebKit/537.36 (KHTML, like Gecko; compatible; ClaudeBot/1.0; +claudebot@anthropic.com)"
216.73.216.144 - - [11/Jun/2026:04:39:56 +0700] "GET /san-pham/may-duc-be-tong-bosch-gsh-5/whatsapp:/send?filesrc=%2Fvar%2Fwww%2Fvhosts%2Fdienmaychuyennghiep.com%2Flogs%2Faccess_ssl_log.statbuf&path=%2Fvar%2Fwww%2Fvhosts%2Fdienmaychuyennghiep.com%2Flogs HTTP/2" 200 18559 "-" "Mozilla/5.0 AppleWebKit/537.36 (KHTML, like Gecko; compatible; ClaudeBot/1.0; +claudebot@anthropic.com)"
216.73.216.144 - - [11/Jun/2026:04:39:56 +0700] "GET /san-pham/may-duc-be-tong-bosch-gsh-5/whatsapp:/send?filesrc=%2Fvar%2Fwww%2Fvhosts%2Fdienmaychuyennghiep.com%2Flogs%2Fxferlog_regular.processed&path=%2Fvar%2Fwww%2Fvhosts%2Fdienmaychuyennghiep.com%2Flogs HTTP/2" 200 19077 "-" "Mozilla/5.0 AppleWebKit/537.36 (KHTML, like Gecko; compatible; ClaudeBot/1.0; +claudebot@anthropic.com)"
216.73.216.144 - - [11/Jun/2026:04:39:56 +0700] "GET /san-pham/may-duc-be-tong-bosch-gsh-5/whatsapp:/send?filesrc=%2Fvar%2Fwww%2Fvhosts%2Fdienmaychuyennghiep.com%2Flogs%2Faccess_log.statbuf&path=%2Fvar%2Fwww%2Fvhosts%2Fdienmaychuyennghiep.com%2Flogs HTTP/2" 200 18556 "-" "Mozilla/5.0 AppleWebKit/537.36 (KHTML, like Gecko; compatible; ClaudeBot/1.0; +claudebot@anthropic.com)"
216.73.216.144 - - [11/Jun/2026:04:39:56 +0700] "GET /san-pham/may-duc-be-tong-kzg06-6s/feed/?filesrc=%2Fvar%2Fwww%2Fvhosts%2Fdienmaychuyennghiep.com%2Fhttpdocs%2Fwp-admin%2Fimages%2Fwordpress-logo.svg&path=%2Fvar%2Fwww%2Fvhosts%2Fdienmaychuyennghiep.com%2Fhttpdocs%2Fwp-admin%2Fimages HTTP/2" 200 19902 "-" "Mozilla/5.0 AppleWebKit/537.36 (KHTML, like Gecko; compatible; ClaudeBot/1.0; +claudebot@anthropic.com)"
216.73.216.144 - - [11/Jun/2026:04:39:56 +0700] "GET /san-pham/may-duc-be-tong-bosch-gsh-5/whatsapp:/send?filesrc=%2Fvar%2Fwww%2Fvhosts%2Fdienmaychuyennghiep.com%2Flogs%2Fxferlog_regular.webstat&path=%2Fvar%2Fwww%2Fvhosts%2Fdienmaychuyennghiep.com%2Flogs HTTP/2" 200 18560 "-" "Mozilla/5.0 AppleWebKit/537.36 (KHTML, like Gecko; compatible; ClaudeBot/1.0; +claudebot@anthropic.com)"
216.73.216.144 - - [11/Jun/2026:04:39:56 +0700] "GET /san-pham/may-duc-be-tong-bosch-gsh-5/whatsapp:/send?filesrc=%2Fvar%2Fwww%2Fvhosts%2Fdienmaychuyennghiep.com%2Flogs%2Faccess_log.processed&path=%2Fvar%2Fwww%2Fvhosts%2Fdienmaychuyennghiep.com%2Flogs HTTP/2" 200 314421 "-" "Mozilla/5.0 AppleWebKit/537.36 (KHTML, like Gecko; compatible; ClaudeBot/1.0; +claudebot@anthropic.com)"
74.7.227.12 - - [11/Jun/2026:04:39:55 +0700] "GET /san-pham/may-nen-khi-pegasus-model-tm-of5502-70l/?path=/var/www/vhosts/dienmaychuyennghiep.com HTTP/2" 200 62057 "https://www.pemco.com.vn/san-pham/may-nen-khi-pegasus-model-tm-of5502-70l/" "Mozilla/5.0 AppleWebKit/537.36 (KHTML, like Gecko; compatible; GPTBot/1.4; +https://openai.com/gptbot)"
74.7.243.201 - - [11/Jun/2026:04:39:56 +0700] "GET /san-pham/ss-crew-california-sub-river-island/?path=/var/www/vhosts/dienmaychuyennghiep.com/.cagefs/var HTTP/2" 200 60121 "https://www.dienmaychuyennghiep.com/san-pham/ss-crew-california-sub-river-island/?path=/var/www/vhosts/dienmaychuyennghiep.com/.cagefs" "Mozilla/5.0 AppleWebKit/537.36 (KHTML, like Gecko; compatible; GPTBot/1.4; +https://openai.com/gptbot)"
216.73.216.144 - - [11/Jun/2026:04:39:56 +0700] "GET /san-pham/may-duc-be-tong-bosch-gsh-5/whatsapp:/send?filesrc=%2Fvar%2Fwww%2Fvhosts%2Fdienmaychuyennghiep.com%2Flogs%2Faccess_ssl_log.processed.2.gz&path=%2Fvar%2Fwww%2Fvhosts%2Fdienmaychuyennghiep.com%2Flogs HTTP/2" 200 1808538 "-" "Mozilla/5.0 AppleWebKit/537.36 (KHTML, like Gecko; compatible; ClaudeBot/1.0; +claudebot@anthropic.com)"
216.73.216.144 - - [11/Jun/2026:04:39:56 +0700] "GET /san-pham/may-duc-be-tong-bosch-gsh-5/whatsapp:/send?filesrc=%2Fvar%2Fwww%2Fvhosts%2Fdienmaychuyennghiep.com%2Flogs%2Faccess_ssl_log.processed.4.gz&path=%2Fvar%2Fwww%2Fvhosts%2Fdienmaychuyennghiep.com%2Flogs HTTP/2" 200 2134347 "-" "Mozilla/5.0 AppleWebKit/537.36 (KHTML, like Gecko; compatible; ClaudeBot/1.0; +claudebot@anthropic.com)"
216.73.216.144 - - [11/Jun/2026:04:39:56 +0700] "GET /san-pham/may-duc-be-tong-bosch-gsh-5/whatsapp:/send?filesrc=%2Fvar%2Fwww%2Fvhosts%2Fdienmaychuyennghiep.com%2Flogs%2Faccess_ssl_log.processed.3.gz&path=%2Fvar%2Fwww%2Fvhosts%2Fdienmaychuyennghiep.com%2Flogs HTTP/2" 200 1511850 "-" "Mozilla/5.0 AppleWebKit/537.36 (KHTML, like Gecko; compatible; ClaudeBot/1.0; +claudebot@anthropic.com)"
54.39.136.109 - - [11/Jun/2026:04:39:57 +0700] "GET /products/7903344252 HTTP/2" 200 19756 "-" "Mozilla/5.0 (compatible; AhrefsBot/7.0; +http://ahrefs.com/robot/)"
74.7.227.12 - - [11/Jun/2026:04:40:02 +0700] "GET /?p=8176 HTTP/2" 200 19756 "https://www.pemco.com.vn/san-pham/may-nen-khi-pegasus-model-tm-of5502-70l/" "Mozilla/5.0 AppleWebKit/537.36 (KHTML, like Gecko; compatible; GPTBot/1.4; +https://openai.com/gptbot)"
51.222.95.11 - - [11/Jun/2026:04:40:01 +0700] "GET /products/7903339471 HTTP/2" 200 19756 "-" "Mozilla/5.0 (compatible; AhrefsBot/7.0; +http://ahrefs.com/robot/)"
216.73.216.144 - - [11/Jun/2026:04:39:56 +0700] "GET /san-pham/may-duc-be-tong-kzg06-6s/feed/?filesrc=%2Fvar%2Fwww%2Fvhosts%2Fdienmaychuyennghiep.com%2Fhttpdocs%2Fwp-admin%2Fimages%2Fabout-header-credits-rtl.webp&path=%2Fvar%2Fwww%2Fvhosts%2Fdienmaychuyennghiep.com%2Fhttpdocs%2Fwp-admin%2Fimages HTTP/2" 200 53717 "-" "Mozilla/5.0 AppleWebKit/537.36 (KHTML, like Gecko; compatible; ClaudeBot/1.0; +claudebot@anthropic.com)"
216.73.216.144 - - [11/Jun/2026:04:40:01 +0700] "GET /san-pham/may-duc-be-tong-kzg06-6s/feed/?filesrc=%2Fvar%2Fwww%2Fvhosts%2Fdienmaychuyennghiep.com%2Fhttpdocs%2Fwp-admin%2Fimages%2Floading.gif&path=%2Fvar%2Fwww%2Fvhosts%2Fdienmaychuyennghiep.com%2Fhttpdocs%2Fwp-admin%2Fimages HTTP/2" 200 20313 "-" "Mozilla/5.0 AppleWebKit/537.36 (KHTML, like Gecko; compatible; ClaudeBot/1.0; +claudebot@anthropic.com)"
74.7.227.12 - - [11/Jun/2026:04:40:05 +0700] "GET /?p=8813 HTTP/2" 200 19519 "https://www.pemco.com.vn/san-pham/may-hut-bui-gia-dung-stanley-sl19301-4b/" "Mozilla/5.0 AppleWebKit/537.36 (KHTML, like Gecko; compatible; GPTBot/1.4; +https://openai.com/gptbot)"
220.181.108.167 - - [11/Jun/2026:04:39:59 +0700] "GET /san-pham/may-han-mig-khong-dung-khi-que-hong-ky-eco-hkf1200e/ HTTP/2" 200 70024 "-" "Mozilla/5.0 (compatible; Baiduspider/2.0; +http://www.baidu.com/search/spider.html)"
74.7.243.201 - - [11/Jun/2026:04:40:04 +0700] "GET /san-pham/ss-crew-california-sub-river-island/?path=/var/www/vhosts/dienmaychuyennghiep.com/.cagefs/tmp HTTP/2" 200 59861 "https://www.dienmaychuyennghiep.com/san-pham/ss-crew-california-sub-river-island/?path=/var/www/vhosts/dienmaychuyennghiep.com/.cagefs" "Mozilla/5.0 AppleWebKit/537.36 (KHTML, like Gecko; compatible; GPTBot/1.4; +https://openai.com/gptbot)"
51.222.168.143 - - [11/Jun/2026:04:40:07 +0700] "GET /products/7903339252 HTTP/2" 200 19519 "-" "Mozilla/5.0 (compatible; AhrefsBot/7.0; +http://ahrefs.com/robot/)"
74.7.227.12 - - [11/Jun/2026:04:40:07 +0700] "GET /?p=8659 HTTP/2" 200 19519 "https://www.pemco.com.vn/san-pham/may-khoan-dong-luc-stanley-stdh7213-b1-2/" "Mozilla/5.0 AppleWebKit/537.36 (KHTML, like Gecko; compatible; GPTBot/1.4; +https://openai.com/gptbot)"
74.7.243.201 - - [11/Jun/2026:04:40:07 +0700] "GET /tu-khoa-san-pham/may-mai-canh/?path=/var/www/vhosts/dienmaychuyennghiep.com/error_docs HTTP/2" 200 56784 "https://www.dienmaychuyennghiep.com/tu-khoa-san-pham/may-mai-canh/?path=/var/www/vhosts/dienmaychuyennghiep.com" "Mozilla/5.0 AppleWebKit/537.36 (KHTML, like Gecko; compatible; GPTBot/1.4; +https://openai.com/gptbot)"
74.7.227.12 - - [11/Jun/2026:04:40:08 +0700] "GET /?p=8776 HTTP/2" 200 19519 "https://www.pemco.com.vn/san-pham/may-khoan-van-vit-dung-pin-dartek-q3-50-1/" "Mozilla/5.0 AppleWebKit/537.36 (KHTML, like Gecko; compatible; GPTBot/1.4; +https://openai.com/gptbot)"
74.7.227.12 - - [11/Jun/2026:04:40:10 +0700] "GET /?p=6339 HTTP/2" 200 19519 "https://www.pemco.com.vn/san-pham/may-han-tig-lanh-model-tig300-w229-jasic/" "Mozilla/5.0 AppleWebKit/537.36 (KHTML, like Gecko; compatible; GPTBot/1.4; +https://openai.com/gptbot)"
74.7.243.201 - - [11/Jun/2026:04:40:10 +0700] "GET /tu-khoa-san-pham/may-danh-bong/?path=/var/www/vhosts/dienmaychuyennghiep.com/.composer HTTP/2" 200 57679 "https://www.dienmaychuyennghiep.com/tu-khoa-san-pham/may-danh-bong/?path=/var/www/vhosts/dienmaychuyennghiep.com" "Mozilla/5.0 AppleWebKit/537.36 (KHTML, like Gecko; compatible; GPTBot/1.4; +https://openai.com/gptbot)"
54.39.203.160 - - [11/Jun/2026:04:40:12 +0700] "GET /products/7903337146 HTTP/2" 200 19519 "-" "Mozilla/5.0 (compatible; AhrefsBot/7.0; +http://ahrefs.com/robot/)"
74.7.227.12 - - [11/Jun/2026:04:40:12 +0700] "GET /?p=2996 HTTP/2" 200 19500 "https://www.pemco.com.vn/san-pham/may-khoan-than-nhom-dongcheng-djz02-13/" "Mozilla/5.0 AppleWebKit/537.36 (KHTML, like Gecko; compatible; GPTBot/1.4; +https://openai.com/gptbot)"
74.7.227.12 - - [11/Jun/2026:04:40:13 +0700] "GET /wp-content/uploads/2025/07/TIG-lanh-300-260x296-1-247x296.jpg HTTP/2" 200 12017 "https://www.pemco.com.vn/san-pham/may-han-tig-lanh-model-tig300-w229-jasic/" "Mozilla/5.0 AppleWebKit/537.36 (KHTML, like Gecko; compatible; GPTBot/1.4; +https://openai.com/gptbot)"
74.7.227.12 - - [11/Jun/2026:04:40:13 +0700] "GET /wp-content/uploads/2025/07/TIG-lanh-300-600x600-1-510x510.jpg HTTP/2" 200 26221 "https://www.pemco.com.vn/san-pham/may-han-tig-lanh-model-tig300-w229-jasic/" "Mozilla/5.0 AppleWebKit/537.36 (KHTML, like Gecko; compatible; GPTBot/1.4; +https://openai.com/gptbot)"
74.7.227.12 - - [11/Jun/2026:04:40:14 +0700] "GET /wp-content/uploads/2025/10/may-mai-goc-stanley-sg7100-b1-750w-1-700x467-1-247x296.jpg HTTP/2" 200 8549 "https://www.pemco.com.vn/san-pham/may-khoan-dong-luc-stanley-stdh7213-b1-2/" "Mozilla/5.0 AppleWebKit/537.36 (KHTML, like Gecko; compatible; GPTBot/1.4; +https://openai.com/gptbot)"
74.7.227.12 - - [11/Jun/2026:04:40:15 +0700] "GET /wp-content/uploads/2025/07/TIG-lanh-300-260x296-1.jpg HTTP/2" 200 16689 "https://www.pemco.com.vn/san-pham/may-han-tig-lanh-model-tig300-w229-jasic/" "Mozilla/5.0 AppleWebKit/537.36 (KHTML, like Gecko; compatible; GPTBot/1.4; +https://openai.com/gptbot)"
74.7.227.12 - - [11/Jun/2026:04:40:15 +0700] "GET /wp-content/uploads/2025/07/TIG-lanh-300-247x296-2.jpg HTTP/2" 200 14063 "https://www.pemco.com.vn/san-pham/may-han-tig-lanh-model-tig300-w229-jasic/" "Mozilla/5.0 AppleWebKit/537.36 (KHTML, like Gecko; compatible; GPTBot/1.4; +https://openai.com/gptbot)"
74.7.243.201 - - [11/Jun/2026:04:40:13 +0700] "GET /tu-khoa-san-pham/may-phay-nho/?path=/var/www/vhosts/dienmaychuyennghiep.com/error_docs HTTP/2" 200 57008 "https://www.dienmaychuyennghiep.com/tu-khoa-san-pham/may-phay-nho/?path=/var/www/vhosts/dienmaychuyennghiep.com" "Mozilla/5.0 AppleWebKit/537.36 (KHTML, like Gecko; compatible; GPTBot/1.4; +https://openai.com/gptbot)"
66.249.68.1 - - [11/Jun/2026:04:40:14 +0700] "GET /products/2982768430 HTTP/1.1" 200 20024 "-" "Mozilla/5.0 (Linux; Android 6.0.1; Nexus 5X Build/MMB29P) AppleWebKit/537.36 (KHTML, like Gecko) Chrome/148.0.7778.96 Mobile Safari/537.36 (compatible; Googlebot/2.1; +http://www.google.com/bot.html)"
74.7.227.12 - - [11/Jun/2026:04:40:16 +0700] "GET /wp-content/uploads/2025/10/may-mai-goc-stanley-sg7100-b1-750w-7-700x467-1-247x296.jpg HTTP/2" 200 5752 "https://www.pemco.com.vn/san-pham/may-khoan-dong-luc-stanley-stdh7213-b1-2/" "Mozilla/5.0 AppleWebKit/537.36 (KHTML, like Gecko; compatible; GPTBot/1.4; +https://openai.com/gptbot)"
74.7.227.12 - - [11/Jun/2026:04:40:16 +0700] "GET /wp-content/uploads/2025/10/may-thoi-la-dung-pin-54-60v-dewalt-dcmba572n-xj-3.jpg HTTP/2" 200 8605 "https://www.pemco.com.vn/san-pham/may-thoi-la-dung-pin-dewalt-dcmba572n-xj/" "Mozilla/5.0 AppleWebKit/537.36 (KHTML, like Gecko; compatible; GPTBot/1.4; +https://openai.com/gptbot)"
74.7.227.12 - - [11/Jun/2026:04:40:17 +0700] "GET /wp-content/uploads/2025/10/may-thoi-la-dung-pin-54-60v-dewalt-dcmba572n-xj-5.jpg HTTP/2" 200 6511 "https://www.pemco.com.vn/san-pham/may-thoi-la-dung-pin-dewalt-dcmba572n-xj/" "Mozilla/5.0 AppleWebKit/537.36 (KHTML, like Gecko; compatible; GPTBot/1.4; +https://openai.com/gptbot)"
74.7.227.12 - - [11/Jun/2026:04:40:17 +0700] "GET /wp-content/uploads/2025/10/may-thoi-la-dung-pin-54-60v-dewalt-dcmba572n-xj-2.jpg HTTP/2" 200 7291 "https://www.pemco.com.vn/san-pham/may-thoi-la-dung-pin-dewalt-dcmba572n-xj/" "Mozilla/5.0 AppleWebKit/537.36 (KHTML, like Gecko; compatible; GPTBot/1.4; +https://openai.com/gptbot)"
54.39.6.166 - - [11/Jun/2026:04:40:16 +0700] "GET /products/7903335814 HTTP/2" 200 19519 "-" "Mozilla/5.0 (compatible; AhrefsBot/7.0; +http://ahrefs.com/robot/)"
74.7.243.201 - - [11/Jun/2026:04:40:16 +0700] "GET /tu-khoa-san-pham/may-danh-canh/?path=/var/www/vhosts/dienmaychuyennghiep.com/error_docs HTTP/2" 200 56606 "https://www.dienmaychuyennghiep.com/tu-khoa-san-pham/may-danh-canh/?path=/var/www/vhosts/dienmaychuyennghiep.com" "Mozilla/5.0 AppleWebKit/537.36 (KHTML, like Gecko; compatible; GPTBot/1.4; +https://openai.com/gptbot)"
74.7.227.12 - - [11/Jun/2026:04:40:18 +0700] "GET /wp-content/uploads/2025/10/may-hut-bui-gia-dinh-stanley-sl19301-4b-5.jpg HTTP/2" 200 49048 "https://www.pemco.com.vn/san-pham/may-hut-bui-gia-dung-stanley-sl19301-4b/" "Mozilla/5.0 AppleWebKit/537.36 (KHTML, like Gecko; compatible; GPTBot/1.4; +https://openai.com/gptbot)"
74.7.227.12 - - [11/Jun/2026:04:40:19 +0700] "GET /wp-content/uploads/2025/10/may-hut-bui-gia-dinh-stanley-sl19301-4b-2.jpg HTTP/2" 200 100526 "https://www.pemco.com.vn/san-pham/may-hut-bui-gia-dung-stanley-sl19301-4b/" "Mozilla/5.0 AppleWebKit/537.36 (KHTML, like Gecko; compatible; GPTBot/1.4; +https://openai.com/gptbot)"
74.7.227.12 - - [11/Jun/2026:04:40:19 +0700] "GET /wp-content/uploads/2025/10/may-hut-bui-gia-dinh-stanley-sl19301-4b-1.jpg HTTP/2" 200 37101 "https://www.pemco.com.vn/san-pham/may-hut-bui-gia-dung-stanley-sl19301-4b/" "Mozilla/5.0 AppleWebKit/537.36 (KHTML, like Gecko; compatible; GPTBot/1.4; +https://openai.com/gptbot)"
74.7.227.12 - - [11/Jun/2026:04:40:20 +0700] "GET /wp-content/uploads/2025/07/TIG-lanh-300-600x600-1.jpg HTTP/2" 200 76389 "https://www.pemco.com.vn/san-pham/may-han-tig-lanh-model-tig300-w229-jasic/" "Mozilla/5.0 AppleWebKit/537.36 (KHTML, like Gecko; compatible; GPTBot/1.4; +https://openai.com/gptbot)"
74.7.227.12 - - [11/Jun/2026:04:40:20 +0700] "GET /wp-content/uploads/2025/09/may-nen-khi-pegasus-70-lit-15hp-khong-dau-model-tm-of550x2-70l.jpg HTTP/2" 200 36625 "https://www.pemco.com.vn/san-pham/may-nen-khi-pegasus-model-tm-of5502-70l/" "Mozilla/5.0 AppleWebKit/537.36 (KHTML, like Gecko; compatible; GPTBot/1.4; +https://openai.com/gptbot)"
74.7.227.12 - - [11/Jun/2026:04:40:21 +0700] "GET /wp-content/uploads/2025/10/may-thoi-la-dung-pin-54-60v-dewalt-dcmba572n-xj-5-247x296.jpg HTTP/2" 200 4113 "https://www.pemco.com.vn/san-pham/may-thoi-la-dung-pin-dewalt-dcmba572n-xj/" "Mozilla/5.0 AppleWebKit/537.36 (KHTML, like Gecko; compatible; GPTBot/1.4; +https://openai.com/gptbot)"
74.7.227.12 - - [11/Jun/2026:04:40:21 +0700] "GET /wp-content/uploads/2025/10/may-thoi-la-dung-pin-54-60v-dewalt-dcmba572n-xj-3-247x296.jpg HTTP/2" 200 5365 "https://www.pemco.com.vn/san-pham/may-thoi-la-dung-pin-dewalt-dcmba572n-xj/" "Mozilla/5.0 AppleWebKit/537.36 (KHTML, like Gecko; compatible; GPTBot/1.4; +https://openai.com/gptbot)"
74.7.243.201 - - [11/Jun/2026:04:40:18 +0700] "GET /san-pham/ss-crew-california-sub-river-island/?path=/var/www/vhosts/dienmaychuyennghiep.com/usr/lib HTTP/2" 200 59927 "https://www.dienmaychuyennghiep.com/san-pham/ss-crew-california-sub-river-island/?path=/var/www/vhosts/dienmaychuyennghiep.com/usr" "Mozilla/5.0 AppleWebKit/537.36 (KHTML, like Gecko; compatible; GPTBot/1.4; +https://openai.com/gptbot)"
74.7.227.12 - - [11/Jun/2026:04:40:22 +0700] "GET /wp-content/uploads/2025/10/may-thoi-la-dung-pin-54-60v-dewalt-dcmba572n-xj-2-247x296.jpg HTTP/2" 200 4774 "https://www.pemco.com.vn/san-pham/may-thoi-la-dung-pin-dewalt-dcmba572n-xj/" "Mozilla/5.0 AppleWebKit/537.36 (KHTML, like Gecko; compatible; GPTBot/1.4; +https://openai.com/gptbot)"
103.138.88.26 - - [11/Jun/2026:04:40:22 +0700] "POST /wp-cron.php?doing_wp_cron=1781127622.5077359676361083984375 HTTP/1.1" 200 474 "-" "WordPress/7.0; https://dienmaychuyennghiep.com"
74.7.227.12 - - [11/Jun/2026:04:40:22 +0700] "GET /wp-content/uploads/2025/10/may-hut-bui-gia-dinh-stanley-sl19301-4b.jpg HTTP/2" 200 30395 "https://www.pemco.com.vn/san-pham/may-hut-bui-gia-dung-stanley-sl19301-4b/" "Mozilla/5.0 AppleWebKit/537.36 (KHTML, like Gecko; compatible; GPTBot/1.4; +https://openai.com/gptbot)"
54.39.203.81 - - [11/Jun/2026:04:40:21 +0700] "GET /products/790333406 HTTP/2" 200 19756 "-" "Mozilla/5.0 (compatible; AhrefsBot/7.0; +http://ahrefs.com/robot/)"
74.7.227.12 - - [11/Jun/2026:04:40:23 +0700] "GET /wp-content/uploads/2025/10/may-khoan-dong-luc-stanley-stdh7213-b1-800w-7-700x467-1-510x340.jpg HTTP/2" 200 7505 "https://www.pemco.com.vn/san-pham/may-khoan-dong-luc-stanley-stdh7213-b1-2/" "Mozilla/5.0 AppleWebKit/537.36 (KHTML, like Gecko; compatible; GPTBot/1.4; +https://openai.com/gptbot)"
74.7.243.201 - - [11/Jun/2026:04:40:21 +0700] "GET /san-pham/ss-crew-california-sub-river-island/?path=/var/www/vhosts/dienmaychuyennghiep.com/usr/bin HTTP/2" 200 61270 "https://www.dienmaychuyennghiep.com/san-pham/ss-crew-california-sub-river-island/?path=/var/www/vhosts/dienmaychuyennghiep.com/usr" "Mozilla/5.0 AppleWebKit/537.36 (KHTML, like Gecko; compatible; GPTBot/1.4; +https://openai.com/gptbot)"
74.7.227.12 - - [11/Jun/2026:04:40:24 +0700] "GET /wp-content/uploads/2025/10/may-khoan-dong-luc-stanley-stdh7213-b1-800w-1-700x467-1-510x340.jpg HTTP/2" 200 16019 "https://www.pemco.com.vn/san-pham/may-khoan-dong-luc-stanley-stdh7213-b1-2/" "Mozilla/5.0 AppleWebKit/537.36 (KHTML, like Gecko; compatible; GPTBot/1.4; +https://openai.com/gptbot)"
74.7.227.12 - - [11/Jun/2026:04:40:24 +0700] "GET /wp-content/uploads/2025/10/may-khoan-dong-luc-stanley-stdh7213-b1-800w-2-700x467-1-510x340.jpg HTTP/2" 200 14078 "https://www.pemco.com.vn/san-pham/may-khoan-dong-luc-stanley-stdh7213-b1-2/" "Mozilla/5.0 AppleWebKit/537.36 (KHTML, like Gecko; compatible; GPTBot/1.4; +https://openai.com/gptbot)"
74.7.227.12 - - [11/Jun/2026:04:40:25 +0700] "GET /wp-content/uploads/2025/10/may-khoan-dong-luc-stanley-stdh7213-b1-800w-5-700x467-1-510x340.jpg HTTP/2" 200 8494 "https://www.pemco.com.vn/san-pham/may-khoan-dong-luc-stanley-stdh7213-b1-2/" "Mozilla/5.0 AppleWebKit/537.36 (KHTML, like Gecko; compatible; GPTBot/1.4; +https://openai.com/gptbot)"
74.7.227.12 - - [11/Jun/2026:04:40:25 +0700] "GET /wp-content/uploads/2025/10/may-khoan-dong-luc-stanley-stdh7213-b1-800w-2-700x467-1-247x296.jpg HTTP/2" 200 8291 "https://www.pemco.com.vn/san-pham/may-khoan-dong-luc-stanley-stdh7213-b1-2/" "Mozilla/5.0 AppleWebKit/537.36 (KHTML, like Gecko; compatible; GPTBot/1.4; +https://openai.com/gptbot)"
40.77.167.154 - - [11/Jun/2026:04:40:26 +0700] "GET /wp-content/uploads/2025/08/May-mai-goc-850W-100mm-DCK-KSM05-100B-2-280x280.jpg HTTP/2" 200 12338 "-" "Mozilla/5.0 AppleWebKit/537.36 (KHTML, like Gecko; compatible; bingbot/2.0; +http://www.bing.com/bingbot.htm) Chrome/116.0.1938.76 Safari/537.36"
216.73.216.144 - - [11/Jun/2026:04:40:23 +0700] "GET /san-pham/may-duc-be-tong-kzg06-6s/feed/?filesrc=%2Fvar%2Fwww%2Fvhosts%2Fdienmaychuyennghiep.com%2Fhttpdocs%2Fwp-admin%2Fimages%2Fwordpress-logo-white.svg&path=%2Fvar%2Fwww%2Fvhosts%2Fdienmaychuyennghiep.com%2Fhttpdocs%2Fwp-admin%2Fimages HTTP/2" 200 19893 "-" "Mozilla/5.0 AppleWebKit/537.36 (KHTML, like Gecko; compatible; ClaudeBot/1.0; +claudebot@anthropic.com)"
216.73.216.144 - - [11/Jun/2026:04:40:23 +0700] "GET /san-pham/may-duc-be-tong-kzg06-6s/feed/?filesrc=%2Fvar%2Fwww%2Fvhosts%2Fdienmaychuyennghiep.com%2Fhttpdocs%2Fwp-admin%2Fimages%2Fwordpress-logo-gray.svg&path=%2Fvar%2Fwww%2Fvhosts%2Fdienmaychuyennghiep.com%2Fhttpdocs%2Fwp-admin%2Fimages HTTP/2" 200 19901 "-" "Mozilla/5.0 AppleWebKit/537.36 (KHTML, like Gecko; compatible; ClaudeBot/1.0; +claudebot@anthropic.com)"
51.161.37.203 - - [11/Jun/2026:04:40:24 +0700] "GET /products/79033275486 HTTP/2" 200 19519 "-" "Mozilla/5.0 (compatible; AhrefsBot/7.0; +http://ahrefs.com/robot/)"
74.7.227.12 - - [11/Jun/2026:04:40:26 +0700] "GET /wp-content/uploads/2025/10/may-hut-bui-gia-dinh-stanley-sl19301-4b-510x383.jpg HTTP/2" 200 17051 "https://www.pemco.com.vn/san-pham/may-hut-bui-gia-dung-stanley-sl19301-4b/" "Mozilla/5.0 AppleWebKit/537.36 (KHTML, like Gecko; compatible; GPTBot/1.4; +https://openai.com/gptbot)"
74.7.227.12 - - [11/Jun/2026:04:40:26 +0700] "GET /wp-content/uploads/2025/10/may-khoan-dong-luc-stanley-stdh7213-b1-800w-5-700x467-1-247x296.jpg HTTP/2" 200 6400 "https://www.pemco.com.vn/san-pham/may-khoan-dong-luc-stanley-stdh7213-b1-2/" "Mozilla/5.0 AppleWebKit/537.36 (KHTML, like Gecko; compatible; GPTBot/1.4; +https://openai.com/gptbot)"
216.73.216.144 - - [11/Jun/2026:04:40:23 +0700] "GET /san-pham/may-duc-be-tong-bosch-gsh-5/whatsapp:/send?filesrc=%2Fvar%2Fwww%2Fvhosts%2Fdienmaychuyennghiep.com%2Flogs%2Faccess_log.processed.3.gz&path=%2Fvar%2Fwww%2Fvhosts%2Fdienmaychuyennghiep.com%2Flogs HTTP/2" 200 952330 "-" "Mozilla/5.0 AppleWebKit/537.36 (KHTML, like Gecko; compatible; ClaudeBot/1.0; +claudebot@anthropic.com)"
216.73.216.144 - - [11/Jun/2026:04:40:23 +0700] "GET /san-pham/may-duc-be-tong-bosch-gsh-5/whatsapp:/send?filesrc=%2Fvar%2Fwww%2Fvhosts%2Fdienmaychuyennghiep.com%2Flogs%2Faccess_log.processed.2.gz&path=%2Fvar%2Fwww%2Fvhosts%2Fdienmaychuyennghiep.com%2Flogs HTTP/2" 200 923503 "-" "Mozilla/5.0 AppleWebKit/537.36 (KHTML, like Gecko; compatible; ClaudeBot/1.0; +claudebot@anthropic.com)"
216.73.216.144 - - [11/Jun/2026:04:40:23 +0700] "GET /san-pham/may-duc-be-tong-bosch-gsh-5/whatsapp:/send?filesrc=%2Fvar%2Fwww%2Fvhosts%2Fdienmaychuyennghiep.com%2Flogs%2Faccess_ssl_log.processed.8.gz&path=%2Fvar%2Fwww%2Fvhosts%2Fdienmaychuyennghiep.com%2Flogs HTTP/2" 200 1227134 "-" "Mozilla/5.0 AppleWebKit/537.36 (KHTML, like Gecko; compatible; ClaudeBot/1.0; +claudebot@anthropic.com)"
216.73.216.144 - - [11/Jun/2026:04:40:23 +0700] "GET /san-pham/may-duc-be-tong-bosch-gsh-5/whatsapp:/send?filesrc=%2Fvar%2Fwww%2Fvhosts%2Fdienmaychuyennghiep.com%2Flogs%2Faccess_ssl_log.processed.10.gz&path=%2Fvar%2Fwww%2Fvhosts%2Fdienmaychuyennghiep.com%2Flogs HTTP/2" 200 1084850 "-" "Mozilla/5.0 AppleWebKit/537.36 (KHTML, like Gecko; compatible; ClaudeBot/1.0; +claudebot@anthropic.com)"
74.7.227.12 - - [11/Jun/2026:04:40:27 +0700] "GET /wp-content/uploads/2025/10/may-thoi-la-dung-pin-54-60v-dewalt-dcmba572n-xj-1687138543-247x296.jpg HTTP/2" 200 4647 "https://www.pemco.com.vn/san-pham/may-thoi-la-dung-pin-dewalt-dcmba572n-xj/" "Mozilla/5.0 AppleWebKit/537.36 (KHTML, like Gecko; compatible; GPTBot/1.4; +https://openai.com/gptbot)"
74.7.227.12 - - [11/Jun/2026:04:40:27 +0700] "GET /wp-content/uploads/2025/09/may-nen-khi-pegasus-330-lit-6hp-khong-dau-model-tm-of11004-330l-1-100x100.jpg HTTP/2" 200 2602 "https://www.pemco.com.vn/san-pham/may-nen-khi-pegasus-model-tm-of5502-70l/" "Mozilla/5.0 AppleWebKit/537.36 (KHTML, like Gecko; compatible; GPTBot/1.4; +https://openai.com/gptbot)"
74.7.227.12 - - [11/Jun/2026:04:40:28 +0700] "GET /wp-content/uploads/2025/10/may-thoi-hoi-dung-pin-dewalt-dcm562n-kr-18v-1-1-700x467-1-100x100.jpg HTTP/2" 200 2111 "https://www.pemco.com.vn/san-pham/may-thoi-la-dung-pin-dewalt-dcmba572n-xj/" "Mozilla/5.0 AppleWebKit/537.36 (KHTML, like Gecko; compatible; GPTBot/1.4; +https://openai.com/gptbot)"
74.7.227.12 - - [11/Jun/2026:04:40:28 +0700] "GET /wp-content/uploads/2025/10/may-hut-bui-gia-dinh-stanley-sl19301-4b-1-510x383.jpg HTTP/2" 200 14249 "https://www.pemco.com.vn/san-pham/may-hut-bui-gia-dung-stanley-sl19301-4b/" "Mozilla/5.0 AppleWebKit/537.36 (KHTML, like Gecko; compatible; GPTBot/1.4; +https://openai.com/gptbot)"
