74.7.227.12 - - [11/Jun/2026:04:46:00 +0700] "GET /?p=3239 HTTP/2" 200 19519 "https://www.pemco.com.vn/san-pham/may-thoi-hoi-nong-makita-hg6530vk/" "Mozilla/5.0 AppleWebKit/537.36 (KHTML, like Gecko; compatible; GPTBot/1.4; +https://openai.com/gptbot)"
51.161.65.31 - - [11/Jun/2026:04:46:01 +0700] "GET /products/79033233781 HTTP/2" 200 19756 "-" "Mozilla/5.0 (compatible; AhrefsBot/7.0; +http://ahrefs.com/robot/)"
74.7.227.12 - - [11/Jun/2026:04:46:02 +0700] "GET /?p=2528 HTTP/2" 200 19519 "https://www.pemco.com.vn/san-pham/may-khoan-bosch-gsb-10-re-valy-nhua-bo-mui-khoan-dau-vit/" "Mozilla/5.0 AppleWebKit/537.36 (KHTML, like Gecko; compatible; GPTBot/1.4; +https://openai.com/gptbot)"
37.248.176.186 - - [11/Jun/2026:04:46:01 +0700] "GET /san-pham/may-hut-bui-3-chuc-nang-dewalt-dxv15t/?path=/var/www/vhosts/dienmaychuyennghiep.com/error_docs HTTP/1.1" 200 63350 "https://dienmaychuyennghiep.com/san-pham/may-hut-bui-3-chuc-nang-dewalt-dxv15t/?path=/var/www/vhosts/dienmaychuyennghiep.com" "Mozilla/5.0 (Linux; Android 12; OPPO PCLM8) AppleWebKit/537.36 (KHTML, like Gecko) Chrome/154.0.5783.27 Mobile Safari/537.36"
74.7.243.201 - - [11/Jun/2026:04:46:03 +0700] "GET /danh-muc-san-pham/may-cam-tay/may-ban-dinh/?path=/var/www/vhosts/dienmaychuyennghiep.com/.cagefs/var/spool/cron HTTP/2" 200 57660 "https://www.dienmaychuyennghiep.com/danh-muc-san-pham/may-cam-tay/may-ban-dinh/?path=/var/www/vhosts/dienmaychuyennghiep.com/.cagefs/var/spool" "Mozilla/5.0 AppleWebKit/537.36 (KHTML, like Gecko; compatible; GPTBot/1.4; +https://openai.com/gptbot)"
74.7.227.12 - - [11/Jun/2026:04:46:03 +0700] "GET /?p=9147 HTTP/2" 200 19500 "https://www.pemco.com.vn/san-pham/may-cat-sat-tien-dat-f400-khong-dong-co/" "Mozilla/5.0 AppleWebKit/537.36 (KHTML, like Gecko; compatible; GPTBot/1.4; +https://openai.com/gptbot)"
51.222.168.211 - - [11/Jun/2026:04:46:05 +0700] "GET /products/7213446168 HTTP/2" 200 19519 "-" "Mozilla/5.0 (compatible; AhrefsBot/7.0; +http://ahrefs.com/robot/)"
74.7.227.12 - - [11/Jun/2026:04:46:05 +0700] "GET /?p=2517 HTTP/2" 200 19519 "https://www.pemco.com.vn/san-pham/may-khoan-bua-bosch-gbh2-24dre-24mm/" "Mozilla/5.0 AppleWebKit/537.36 (KHTML, like Gecko; compatible; GPTBot/1.4; +https://openai.com/gptbot)"
74.7.227.12 - - [11/Jun/2026:04:46:07 +0700] "GET /wp-content/uploads/2025/10/may-han-tien-dat-200a-400x400-1-247x296.jpg HTTP/2" 200 12687 "https://www.pemco.com.vn/san-pham/may-cat-sat-tien-dat-f400-khong-dong-co/" "Mozilla/5.0 AppleWebKit/537.36 (KHTML, like Gecko; compatible; GPTBot/1.4; +https://openai.com/gptbot)"
74.7.227.12 - - [11/Jun/2026:04:46:07 +0700] "GET /wp-content/uploads/2025/10/may-cat-sat-tien-dat-f400-khong-dong-co1-247x296.jpg HTTP/2" 200 13656 "https://www.pemco.com.vn/san-pham/may-cat-sat-tien-dat-f400-khong-dong-co/" "Mozilla/5.0 AppleWebKit/537.36 (KHTML, like Gecko; compatible; GPTBot/1.4; +https://openai.com/gptbot)"
74.7.243.201 - - [11/Jun/2026:04:46:06 +0700] "GET /tu-khoa-san-pham/may-danh-bong/?path=/var/www/vhosts/dienmaychuyennghiep.com/wordpress-backups HTTP/2" 200 57339 "https://www.dienmaychuyennghiep.com/tu-khoa-san-pham/may-danh-bong/?path=/var/www/vhosts/dienmaychuyennghiep.com" "Mozilla/5.0 AppleWebKit/537.36 (KHTML, like Gecko; compatible; GPTBot/1.4; +https://openai.com/gptbot)"
74.7.227.12 - - [11/Jun/2026:04:46:08 +0700] "GET /wp-content/uploads/2025/10/may-van-vit-dung-pin-18v-dewalt-dcf860n-b1-chua-pin-sac-1718269749-1.jpg HTTP/2" 200 195625 "https://www.pemco.com.vn/san-pham/may-van-vit-dung-pin-dewalt-dcf860n-b1/" "Mozilla/5.0 AppleWebKit/537.36 (KHTML, like Gecko; compatible; GPTBot/1.4; +https://openai.com/gptbot)"
74.7.227.12 - - [11/Jun/2026:04:46:09 +0700] "GET /wp-content/uploads/2025/10/may-van-vit-dung-pin-20v-dewalt-dcf845n-b1-chua-pin-sac-1682928252-100x100.jpg HTTP/2" 200 10634 "https://www.pemco.com.vn/san-pham/may-van-vit-dung-pin-dewalt-dcf840n-b1/" "Mozilla/5.0 AppleWebKit/537.36 (KHTML, like Gecko; compatible; GPTBot/1.4; +https://openai.com/gptbot)"
74.7.227.12 - - [11/Jun/2026:04:46:09 +0700] "GET /wp-content/uploads/2025/10/may-van-vit-dung-pin-18v-dewalt-dcf860n-b1-chua-pin-sac-1718269749-1-510x510.jpg HTTP/2" 200 34680 "https://www.pemco.com.vn/san-pham/may-van-vit-dung-pin-dewalt-dcf860n-b1/" "Mozilla/5.0 AppleWebKit/537.36 (KHTML, like Gecko; compatible; GPTBot/1.4; +https://openai.com/gptbot)"
74.7.227.12 - - [11/Jun/2026:04:46:10 +0700] "GET /wp-content/uploads/2025/10/may-van-vit-dung-pin-18v-dewalt-dcf860n-b1-chua-pin-sac-1718269749-1-247x296.jpg HTTP/2" 200 20294 "https://www.pemco.com.vn/san-pham/may-van-vit-dung-pin-dewalt-dcf860n-b1/" "Mozilla/5.0 AppleWebKit/537.36 (KHTML, like Gecko; compatible; GPTBot/1.4; +https://openai.com/gptbot)"
74.7.227.12 - - [11/Jun/2026:04:46:10 +0700] "GET /wp-content/uploads/2025/10/may-cat-sat-tien-dat-f400-khong-dong-co1-510x510.jpg HTTP/2" 200 25250 "https://www.pemco.com.vn/san-pham/may-cat-sat-tien-dat-f400-khong-dong-co/" "Mozilla/5.0 AppleWebKit/537.36 (KHTML, like Gecko; compatible; GPTBot/1.4; +https://openai.com/gptbot)"
74.7.227.12 - - [11/Jun/2026:04:46:11 +0700] "GET /wp-content/uploads/2025/10/may-van-vit-dung-pin-18v-dewalt-dcf860n-b1-chua-pin-sac-2-100x100.jpg HTTP/2" 200 2172 "https://www.pemco.com.vn/san-pham/may-van-vit-dung-pin-dewalt-dcf850n-b1/" "Mozilla/5.0 AppleWebKit/537.36 (KHTML, like Gecko; compatible; GPTBot/1.4; +https://openai.com/gptbot)"
51.222.168.255 - - [11/Jun/2026:04:46:10 +0700] "GET /products/7213442105 HTTP/2" 200 19519 "-" "Mozilla/5.0 (compatible; AhrefsBot/7.0; +http://ahrefs.com/robot/)"
74.7.243.201 - - [11/Jun/2026:04:46:09 +0700] "GET /danh-muc-san-pham/may-cam-tay/may-cua-kiem/?path=/var/www/vhosts/dienmaychuyennghiep.com/.cagefs/var/spool/cron HTTP/2" 200 57660 "https://www.dienmaychuyennghiep.com/danh-muc-san-pham/may-cam-tay/may-cua-kiem/?path=/var/www/vhosts/dienmaychuyennghiep.com/.cagefs/var/spool" "Mozilla/5.0 AppleWebKit/537.36 (KHTML, like Gecko; compatible; GPTBot/1.4; +https://openai.com/gptbot)"
74.7.227.12 - - [11/Jun/2026:04:46:11 +0700] "GET /wp-content/uploads/2025/10/may-van-vit-dung-pin-18v-dewalt-dcf860n-b1-chua-pin-sac-4-247x296.jpg HTTP/2" 200 9618 "https://www.pemco.com.vn/san-pham/may-van-vit-dung-pin-dewalt-dcf860n-b1/" "Mozilla/5.0 AppleWebKit/537.36 (KHTML, like Gecko; compatible; GPTBot/1.4; +https://openai.com/gptbot)"
74.7.227.12 - - [11/Jun/2026:04:46:12 +0700] "GET /wp-content/uploads/2025/10/may-khoan-pin-ryobi-bd-120c-2b-12v-1-100x100.jpg HTTP/2" 200 2176 "https://www.pemco.com.vn/san-pham/may-khoan-van-vit-dung-pin-dartek-a7-3319/" "Mozilla/5.0 AppleWebKit/537.36 (KHTML, like Gecko; compatible; GPTBot/1.4; +https://openai.com/gptbot)"
74.7.227.12 - - [11/Jun/2026:04:46:12 +0700] "GET /wp-content/uploads/2025/09/may-cat-sat-2200w-kjg04-355s-dck-247x296.jpg HTTP/2" 200 16771 "https://www.pemco.com.vn/san-pham/may-cat-sat-tien-dat-f400-khong-dong-co/" "Mozilla/5.0 AppleWebKit/537.36 (KHTML, like Gecko; compatible; GPTBot/1.4; +https://openai.com/gptbot)"
74.7.227.12 - - [11/Jun/2026:04:46:13 +0700] "GET /wp-content/uploads/2025/10/may-van-vit-dung-pin-18v-dewalt-dcf860n-b1-chua-pin-sac-2.jpg HTTP/2" 200 13942 "https://www.pemco.com.vn/san-pham/may-van-vit-dung-pin-dewalt-dcf860n-b1/" "Mozilla/5.0 AppleWebKit/537.36 (KHTML, like Gecko; compatible; GPTBot/1.4; +https://openai.com/gptbot)"
74.7.243.201 - - [11/Jun/2026:04:46:12 +0700] "GET /dung-cu-cam-tay/uon-cat-ong/?path=/var/www/vhosts/dienmaychuyennghiep.com/httpdocs/.well-known HTTP/2" 200 55165 "https://www.dienmaychuyennghiep.com/dung-cu-cam-tay/uon-cat-ong/" "Mozilla/5.0 AppleWebKit/537.36 (KHTML, like Gecko; compatible; GPTBot/1.4; +https://openai.com/gptbot)"
74.7.227.12 - - [11/Jun/2026:04:46:14 +0700] "GET /wp-content/uploads/2025/10/may-van-vit-dung-pin-18v-dewalt-dcf860n-b1-chua-pin-sac-4.jpg HTTP/2" 200 13964 "https://www.pemco.com.vn/san-pham/may-van-vit-dung-pin-dewalt-dcf860n-b1/" "Mozilla/5.0 AppleWebKit/537.36 (KHTML, like Gecko; compatible; GPTBot/1.4; +https://openai.com/gptbot)"
74.7.227.12 - - [11/Jun/2026:04:46:14 +0700] "GET /wp-content/uploads/2025/10/may-van-vit-dung-pin-18v-dewalt-dcf860n-b1-chua-pin-sac-3.jpg HTTP/2" 200 12849 "https://www.pemco.com.vn/san-pham/may-van-vit-dung-pin-dewalt-dcf860n-b1/" "Mozilla/5.0 AppleWebKit/537.36 (KHTML, like Gecko; compatible; GPTBot/1.4; +https://openai.com/gptbot)"
51.161.65.245 - - [11/Jun/2026:04:46:13 +0700] "GET /products/7213437182 HTTP/2" 200 19519 "-" "Mozilla/5.0 (compatible; AhrefsBot/7.0; +http://ahrefs.com/robot/)"
74.7.227.12 - - [11/Jun/2026:04:46:15 +0700] "GET /wp-content/uploads/2025/10/may-cat-sat-tien-dat-f400-khong-dong-co1.jpg HTTP/2" 200 32133 "https://www.pemco.com.vn/san-pham/may-cat-sat-tien-dat-f400-khong-dong-co/" "Mozilla/5.0 AppleWebKit/537.36 (KHTML, like Gecko; compatible; GPTBot/1.4; +https://openai.com/gptbot)"
74.7.227.12 - - [11/Jun/2026:04:46:15 +0700] "GET /wp-content/uploads/2025/10/1-46.jpg HTTP/2" 200 63144 "https://www.pemco.com.vn/san-pham/may-van-vit-dung-pin-dewalt-dcf840n-b1/" "Mozilla/5.0 AppleWebKit/537.36 (KHTML, like Gecko; compatible; GPTBot/1.4; +https://openai.com/gptbot)"
74.7.243.201 - - [11/Jun/2026:04:46:14 +0700] "GET /danh-muc-san-pham/may-cam-tay/may-ghep-mong/?path=/var/www/vhosts/dienmaychuyennghiep.com/.cagefs/var/lib/php/session HTTP/2" 200 55775 "https://www.dienmaychuyennghiep.com/danh-muc-san-pham/may-cam-tay/may-ghep-mong/?path=/var/www/vhosts/dienmaychuyennghiep.com/.cagefs/var/lib/php" "Mozilla/5.0 AppleWebKit/537.36 (KHTML, like Gecko; compatible; GPTBot/1.4; +https://openai.com/gptbot)"
74.7.227.12 - - [11/Jun/2026:04:46:16 +0700] "GET /wp-content/uploads/2025/10/DCF887N_1-100x100.jpg HTTP/2" 200 5237 "https://www.pemco.com.vn/san-pham/may-van-vit-dung-pin-dewalt-dcf860n-b1/" "Mozilla/5.0 AppleWebKit/537.36 (KHTML, like Gecko; compatible; GPTBot/1.4; +https://openai.com/gptbot)"
74.7.227.12 - - [11/Jun/2026:04:46:16 +0700] "GET /wp-content/uploads/2025/10/dcf850n-b1may-van-vit-pin-dewalt-dcf850n-b1-18v-khong-kem-pin-sac-786.jpg HTTP/2" 200 36449 "https://www.pemco.com.vn/san-pham/may-van-vit-dung-pin-dewalt-dcf850n-b1/" "Mozilla/5.0 AppleWebKit/537.36 (KHTML, like Gecko; compatible; GPTBot/1.4; +https://openai.com/gptbot)"
54.39.6.171 - - [11/Jun/2026:04:46:15 +0700] "GET /products/7213436578 HTTP/2" 200 19519 "-" "Mozilla/5.0 (compatible; AhrefsBot/7.0; +http://ahrefs.com/robot/)"
74.7.227.12 - - [11/Jun/2026:04:46:17 +0700] "GET /wp-content/uploads/2025/10/Screenshot-2025-10-15-143345.jpg HTTP/2" 200 12026 "https://www.pemco.com.vn/san-pham/may-khoan-van-vit-dung-pin-dartek-a7-3319/" "Mozilla/5.0 AppleWebKit/537.36 (KHTML, like Gecko; compatible; GPTBot/1.4; +https://openai.com/gptbot)"
74.7.227.12 - - [11/Jun/2026:04:46:17 +0700] "GET /wp-content/uploads/2025/10/dcf850n-b1may-van-vit-pin-dewalt-dcf850n-b1-18v-khong-kem-pin-sac-786-510x510.jpg HTTP/2" 200 21277 "https://www.pemco.com.vn/san-pham/may-van-vit-dung-pin-dewalt-dcf850n-b1/" "Mozilla/5.0 AppleWebKit/537.36 (KHTML, like Gecko; compatible; GPTBot/1.4; +https://openai.com/gptbot)"
74.7.227.12 - - [11/Jun/2026:04:46:18 +0700] "GET /wp-content/uploads/2025/10/dcf850n-b1may-van-vit-pin-dewalt-dcf850n-b1-18v-khong-kem-pin-sac-786-100x100.jpg HTTP/2" 200 2562 "https://www.pemco.com.vn/san-pham/may-van-vit-dung-pin-dewalt-dcf860n-b1/" "Mozilla/5.0 AppleWebKit/537.36 (KHTML, like Gecko; compatible; GPTBot/1.4; +https://openai.com/gptbot)"
74.7.227.12 - - [11/Jun/2026:04:46:18 +0700] "GET /wp-content/uploads/2025/10/Screenshot_15-10-2025_102748_dartek.com_.vn_-100x100.jpeg HTTP/2" 200 2982 "https://www.pemco.com.vn/san-pham/may-cat-sat-tien-dat-f400-khong-dong-co/" "Mozilla/5.0 AppleWebKit/537.36 (KHTML, like Gecko; compatible; GPTBot/1.4; +https://openai.com/gptbot)"
74.7.243.201 - - [11/Jun/2026:04:46:17 +0700] "GET /tu-khoa-san-pham/may-cua-go/?path=/var/www/vhosts/dienmaychuyennghiep.com/httpdocs/.well-known HTTP/2" 200 56617 "https://www.dienmaychuyennghiep.com/tu-khoa-san-pham/may-cua-go/" "Mozilla/5.0 AppleWebKit/537.36 (KHTML, like Gecko; compatible; GPTBot/1.4; +https://openai.com/gptbot)"
74.7.227.12 - - [11/Jun/2026:04:46:19 +0700] "GET /wp-content/uploads/2025/10/Screenshot_15-10-2025_114250_dartek.vn_.jpeg HTTP/2" 200 29981 "https://www.pemco.com.vn/san-pham/may-thoi-hoi-nong-dartek-phg01-2000/" "Mozilla/5.0 AppleWebKit/537.36 (KHTML, like Gecko; compatible; GPTBot/1.4; +https://openai.com/gptbot)"
54.39.210.204 - - [11/Jun/2026:04:46:18 +0700] "GET /products/7213432657 HTTP/2" 200 19519 "-" "Mozilla/5.0 (compatible; AhrefsBot/7.0; +http://ahrefs.com/robot/)"
74.7.227.12 - - [11/Jun/2026:04:46:20 +0700] "GET /wp-content/uploads/2025/10/Screenshot_15-10-2025_141336_dartek.vn_.jpeg HTTP/2" 200 35945 "https://www.pemco.com.vn/san-pham/may-khoan-van-vit-dung-pin-dartek-1006/" "Mozilla/5.0 AppleWebKit/537.36 (KHTML, like Gecko; compatible; GPTBot/1.4; +https://openai.com/gptbot)"
74.7.227.12 - - [11/Jun/2026:04:46:20 +0700] "GET /wp-content/uploads/2025/10/f400-2-5hp-100x100.webp HTTP/2" 200 1604 "https://www.pemco.com.vn/san-pham/may-cat-sat-tien-dat-f400-khong-dong-co/" "Mozilla/5.0 AppleWebKit/537.36 (KHTML, like Gecko; compatible; GPTBot/1.4; +https://openai.com/gptbot)"
74.7.227.12 - - [11/Jun/2026:04:46:21 +0700] "GET /wp-content/uploads/2025/10/Screenshot-2025-10-15-142628-100x100.png HTTP/2" 200 5091 "https://www.pemco.com.vn/san-pham/may-khoan-van-vit-dung-pin-dartek-a7-3319/" "Mozilla/5.0 AppleWebKit/537.36 (KHTML, like Gecko; compatible; GPTBot/1.4; +https://openai.com/gptbot)"
103.138.88.26 - - [11/Jun/2026:04:46:22 +0700] "POST /wp-cron.php?doing_wp_cron=1781127982.2916569709777832031250 HTTP/1.1" 200 474 "-" "WordPress/7.0; https://www.dienmaychuyennghiep.com"
74.7.243.201 - - [11/Jun/2026:04:46:20 +0700] "GET /san-pham/ss-crew-california-sub-river-island/?path=/var/www/vhosts/dienmaychuyennghiep.com/var/tmp HTTP/2" 200 59910 "https://www.dienmaychuyennghiep.com/san-pham/ss-crew-california-sub-river-island/?path=/var/www/vhosts/dienmaychuyennghiep.com/var" "Mozilla/5.0 AppleWebKit/537.36 (KHTML, like Gecko; compatible; GPTBot/1.4; +https://openai.com/gptbot)"
103.138.88.26 - - [11/Jun/2026:04:46:24 +0700] "POST /wp-cron.php?doing_wp_cron=1781127984.3266100883483886718750 HTTP/1.1" 200 474 "-" "WordPress/7.0; https://www.pemco.com.vn"
51.222.95.225 - - [11/Jun/2026:04:46:23 +0700] "GET /products/79033219827 HTTP/2" 200 19519 "-" "Mozilla/5.0 (compatible; AhrefsBot/7.0; +http://ahrefs.com/robot/)"
74.7.227.12 - - [11/Jun/2026:04:46:21 +0700] "GET /san-pham/may-khoan-sat-toc-do-cao-makita-dp4010/ HTTP/2" 200 62923 "https://www.pemco.com.vn/wp-sitemap-posts-product-1.xml" "Mozilla/5.0 AppleWebKit/537.36 (KHTML, like Gecko; compatible; GPTBot/1.4; +https://openai.com/gptbot)"
54.39.136.161 - - [11/Jun/2026:04:46:22 +0700] "GET /products/7213429602 HTTP/2" 200 19519 "-" "Mozilla/5.0 (compatible; AhrefsBot/7.0; +http://ahrefs.com/robot/)"
74.7.227.12 - - [11/Jun/2026:04:46:24 +0700] "GET /san-pham/may-han-mig-hong-ky-master-hkmig250s-3/ HTTP/2" 200 64114 "https://www.pemco.com.vn/wp-sitemap-posts-product-1.xml" "Mozilla/5.0 AppleWebKit/537.36 (KHTML, like Gecko; compatible; GPTBot/1.4; +https://openai.com/gptbot)"
148.113.128.179 - - [11/Jun/2026:04:46:25 +0700] "GET /products/79033213522 HTTP/2" 200 19519 "-" "Mozilla/5.0 (compatible; AhrefsBot/7.0; +http://ahrefs.com/robot/)"
142.44.228.174 - - [11/Jun/2026:04:46:26 +0700] "GET /products/72134293392 HTTP/2" 200 19519 "-" "Mozilla/5.0 (compatible; AhrefsBot/7.0; +http://ahrefs.com/robot/)"
74.7.243.201 - - [11/Jun/2026:04:46:22 +0700] "GET /san-pham/wicked-ss-o-neck-selected-homme/?path=/var/www/vhosts/dienmaychuyennghiep.com/usr/lib HTTP/2" 200 60041 "https://www.dienmaychuyennghiep.com/san-pham/wicked-ss-o-neck-selected-homme/?path=/var/www/vhosts/dienmaychuyennghiep.com/usr" "Mozilla/5.0 AppleWebKit/537.36 (KHTML, like Gecko; compatible; GPTBot/1.4; +https://openai.com/gptbot)"
74.7.243.201 - - [11/Jun/2026:04:46:25 +0700] "GET /tu-khoa-san-pham/may-khoan-dong-luc-dung-pin/?path=/var/www/vhosts/dienmaychuyennghiep.com/bin HTTP/2" 200 57822 "https://www.dienmaychuyennghiep.com/tu-khoa-san-pham/may-khoan-dong-luc-dung-pin/?path=/var/www/vhosts/dienmaychuyennghiep.com" "Mozilla/5.0 AppleWebKit/537.36 (KHTML, like Gecko; compatible; GPTBot/1.4; +https://openai.com/gptbot)"
114.119.151.175 - - [11/Jun/2026:04:46:26 +0700] "GET /san-pham/may-cha-nham-asb185/?path=/var/www HTTP/1.1" 200 61427 "https://www.pemco.vn/san-pham/may-cha-nham-asb185/" "Mozilla/5.0 (Linux; Android 7.0;) AppleWebKit/537.36 (HTML, like Gecko) Mobile Safari/537.36 (compatible; PetalBot;+https://webmaster.petalsearch.com/site/petalbot)"
74.7.227.12 - - [11/Jun/2026:04:46:27 +0700] "GET /san-pham/may-siet-bu-long-dung-pin-dartek-a7-560-2/ HTTP/2" 200 62469 "https://www.pemco.com.vn/wp-sitemap-posts-product-1.xml" "Mozilla/5.0 AppleWebKit/537.36 (KHTML, like Gecko; compatible; GPTBot/1.4; +https://openai.com/gptbot)"
74.7.243.201 - - [11/Jun/2026:04:46:27 +0700] "GET /tu-khoa-san-pham/may-khoan-dong-luc-dung-pin/?path=/var/www/vhosts/dienmaychuyennghiep.com/lib HTTP/2" 200 56707 "https://www.dienmaychuyennghiep.com/tu-khoa-san-pham/may-khoan-dong-luc-dung-pin/?path=/var/www/vhosts/dienmaychuyennghiep.com" "Mozilla/5.0 AppleWebKit/537.36 (KHTML, like Gecko; compatible; GPTBot/1.4; +https://openai.com/gptbot)"
142.44.228.39 - - [11/Jun/2026:04:46:29 +0700] "GET /san-pham/may-khoan-bua-makita-hr3011fcwj/feed/ HTTP/2" 200 20178 "-" "Mozilla/5.0 (compatible; AhrefsBot/7.0; +http://ahrefs.com/robot/)"
54.39.89.230 - - [11/Jun/2026:04:46:30 +0700] "GET /products/7213429204 HTTP/2" 200 19519 "-" "Mozilla/5.0 (compatible; AhrefsBot/7.0; +http://ahrefs.com/robot/)"
198.244.240.21 - - [11/Jun/2026:04:46:29 +0700] "GET /san-pham/may-cat-goc-da-nang-makita-ls1018l/ HTTP/2" 200 63681 "-" "Mozilla/5.0 (compatible; AhrefsBot/7.0; +http://ahrefs.com/robot/)"
74.7.227.12 - - [11/Jun/2026:04:46:29 +0700] "GET /san-pham/may-khoan-be-tong-dung-pin-dartek-20-28-2/ HTTP/2" 200 62687 "https://www.pemco.com.vn/wp-sitemap-posts-product-1.xml" "Mozilla/5.0 AppleWebKit/537.36 (KHTML, like Gecko; compatible; GPTBot/1.4; +https://openai.com/gptbot)"
74.7.243.201 - - [11/Jun/2026:04:46:30 +0700] "GET /danh-muc-san-pham/nang-ha-phu-tro/xe-day-hang/?path=/var/www/vhosts/dienmaychuyennghiep.com/.composer/cache HTTP/2" 200 57891 "https://www.dienmaychuyennghiep.com/danh-muc-san-pham/nang-ha-phu-tro/xe-day-hang/?path=/var/www/vhosts/dienmaychuyennghiep.com/.composer" "Mozilla/5.0 AppleWebKit/537.36 (KHTML, like Gecko; compatible; GPTBot/1.4; +https://openai.com/gptbot)"
15.235.96.145 - - [11/Jun/2026:04:46:33 +0700] "GET /products/72134291911 HTTP/2" 200 19519 "-" "Mozilla/5.0 (compatible; AhrefsBot/7.0; +http://ahrefs.com/robot/)"
74.7.227.12 - - [11/Jun/2026:04:46:32 +0700] "GET /danh-muc-san-pham/dong-co-dien/phu-kien-va-phu-tung-dong-co/ HTTP/2" 200 55610 "https://www.pemco.com.vn/featured_item/flat-t-shirt-company/" "Mozilla/5.0 AppleWebKit/537.36 (KHTML, like Gecko; compatible; GPTBot/1.4; +https://openai.com/gptbot)"
51.75.236.133 - - [11/Jun/2026:04:46:32 +0700] "GET /danh-muc-san-pham/phu-kien-may-cam-tay/phu-kien-siet-bu-long/ HTTP/2" 200 55631 "-" "Mozilla/5.0 (compatible; AhrefsBot/7.0; +http://ahrefs.com/robot/)"
74.7.243.201 - - [11/Jun/2026:04:46:33 +0700] "GET /danh-muc-san-pham/may-cam-tay/may-cua-kiem/?path=/var/www/vhosts/dienmaychuyennghiep.com/httpdocs/wordpress HTTP/2" 200 57777 "https://www.dienmaychuyennghiep.com/danh-muc-san-pham/may-cam-tay/may-cua-kiem/" "Mozilla/5.0 AppleWebKit/537.36 (KHTML, like Gecko; compatible; GPTBot/1.4; +https://openai.com/gptbot)"
15.235.98.185 - - [11/Jun/2026:04:46:35 +0700] "GET /products/79033190673 HTTP/2" 200 19519 "-" "Mozilla/5.0 (compatible; AhrefsBot/7.0; +http://ahrefs.com/robot/)"
15.235.27.151 - - [11/Jun/2026:04:46:36 +0700] "GET /products/72134291099 HTTP/2" 200 19519 "-" "Mozilla/5.0 (compatible; AhrefsBot/7.0; +http://ahrefs.com/robot/)"
74.7.243.201 - - [11/Jun/2026:04:46:36 +0700] "GET /danh-muc-san-pham/may-cam-tay/may-cha-nham-rung/?path=/var/www/vhosts/dienmaychuyennghiep.com/httpdocs/wordpress HTTP/2" 200 58264 "https://www.dienmaychuyennghiep.com/danh-muc-san-pham/may-cam-tay/may-cha-nham-rung/" "Mozilla/5.0 AppleWebKit/537.36 (KHTML, like Gecko; compatible; GPTBot/1.4; +https://openai.com/gptbot)"
51.222.95.252 - - [11/Jun/2026:04:46:38 +0700] "GET /products/79033174637 HTTP/2" 200 19519 "-" "Mozilla/5.0 (compatible; AhrefsBot/7.0; +http://ahrefs.com/robot/)"
142.44.233.70 - - [11/Jun/2026:04:46:39 +0700] "GET /products/79033165820 HTTP/2" 200 19519 "-" "Mozilla/5.0 (compatible; AhrefsBot/7.0; +http://ahrefs.com/robot/)"
167.114.139.6 - - [11/Jun/2026:04:46:39 +0700] "GET /products/72134287663 HTTP/2" 200 19519 "-" "Mozilla/5.0 (compatible; AhrefsBot/7.0; +http://ahrefs.com/robot/)"
74.7.243.201 - - [11/Jun/2026:04:46:39 +0700] "GET /danh-muc-san-pham/may-cam-tay/may-cua-soc/?path=/var/www/vhosts/dienmaychuyennghiep.com/wordpress-backups HTTP/2" 200 56282 "https://www.dienmaychuyennghiep.com/danh-muc-san-pham/may-cam-tay/may-cua-soc/?path=/var/www/vhosts/dienmaychuyennghiep.com" "Mozilla/5.0 AppleWebKit/537.36 (KHTML, like Gecko; compatible; GPTBot/1.4; +https://openai.com/gptbot)"
51.222.168.206 - - [11/Jun/2026:04:46:43 +0700] "GET /products/79033148057 HTTP/2" 200 19519 "-" "Mozilla/5.0 (compatible; AhrefsBot/7.0; +http://ahrefs.com/robot/)"
54.39.203.115 - - [11/Jun/2026:04:46:43 +0700] "GET /products/72134287547 HTTP/2" 200 19519 "-" "Mozilla/5.0 (compatible; AhrefsBot/7.0; +http://ahrefs.com/robot/)"
74.7.227.12 - - [11/Jun/2026:04:46:35 +0700] "GET /san-pham/may-khoan-dung-pin-dewalt-dcd999n-b1/ HTTP/2" 200 62514 "https://www.pemco.com.vn/wp-sitemap-posts-product-1.xml" "Mozilla/5.0 AppleWebKit/537.36 (KHTML, like Gecko; compatible; GPTBot/1.4; +https://openai.com/gptbot)"
74.7.243.201 - - [11/Jun/2026:04:46:42 +0700] "GET /danh-muc-san-pham/may-cam-tay/may-cua-soc/?path=/var/www/vhosts/dienmaychuyennghiep.com/httpdocs/.well-known/acme-challenge HTTP/2" 200 56430 "https://www.dienmaychuyennghiep.com/danh-muc-san-pham/may-cam-tay/may-cua-soc/?path=/var/www/vhosts/dienmaychuyennghiep.com/httpdocs/.well-known" "Mozilla/5.0 AppleWebKit/537.36 (KHTML, like Gecko; compatible; GPTBot/1.4; +https://openai.com/gptbot)"
142.44.220.69 - - [11/Jun/2026:04:46:44 +0700] "GET /products/79033122915 HTTP/2" 200 19519 "-" "Mozilla/5.0 (compatible; AhrefsBot/7.0; +http://ahrefs.com/robot/)"
74.7.227.12 - - [11/Jun/2026:04:46:44 +0700] "GET /san-pham/may-han-mig-nb270d-j346-dau-lien-jasic/ HTTP/2" 200 64294 "https://www.pemco.com.vn/wp-sitemap-posts-product-1.xml" "Mozilla/5.0 AppleWebKit/537.36 (KHTML, like Gecko; compatible; GPTBot/1.4; +https://openai.com/gptbot)"
142.44.233.32 - - [11/Jun/2026:04:46:39 +0700] "GET /products/79033159976 HTTP/2" 200 19519 "-" "Mozilla/5.0 (compatible; AhrefsBot/7.0; +http://ahrefs.com/robot/)"
142.44.225.189 - - [11/Jun/2026:04:46:46 +0700] "GET /products/79033112873 HTTP/2" 200 19519 "-" "Mozilla/5.0 (compatible; AhrefsBot/7.0; +http://ahrefs.com/robot/)"
51.161.65.113 - - [11/Jun/2026:04:46:46 +0700] "GET /products/72134285305 HTTP/2" 200 19519 "-" "Mozilla/5.0 (compatible; AhrefsBot/7.0; +http://ahrefs.com/robot/)"
54.39.89.11 - - [11/Jun/2026:04:46:48 +0700] "GET /products/79033100837 HTTP/2" 200 19519 "-" "Mozilla/5.0 (compatible; AhrefsBot/7.0; +http://ahrefs.com/robot/)"
74.7.227.12 - - [11/Jun/2026:04:46:47 +0700] "GET /san-pham/may-han-mig-model-mig350-j1601-jasic/ HTTP/2" 200 63973 "https://www.pemco.com.vn/wp-sitemap-posts-product-1.xml" "Mozilla/5.0 AppleWebKit/537.36 (KHTML, like Gecko; compatible; GPTBot/1.4; +https://openai.com/gptbot)"
74.7.243.201 - - [11/Jun/2026:04:46:44 +0700] "GET /danh-muc-san-pham/may-cam-tay/may-cua-soc/?path=/var/www/vhosts/dienmaychuyennghiep.com/httpdocs/wordpress HTTP/2" 200 56440 "https://www.dienmaychuyennghiep.com/danh-muc-san-pham/may-cam-tay/may-cua-soc/" "Mozilla/5.0 AppleWebKit/537.36 (KHTML, like Gecko; compatible; GPTBot/1.4; +https://openai.com/gptbot)"
74.7.243.201 - - [11/Jun/2026:04:46:47 +0700] "GET /danh-muc-san-pham/may-cam-tay/may-cua/?path=/var/www/vhosts/dienmaychuyennghiep.com/httpdocs/.well-known/acme-challenge HTTP/2" 200 58504 "https://www.dienmaychuyennghiep.com/danh-muc-san-pham/may-cam-tay/may-cua/?path=/var/www/vhosts/dienmaychuyennghiep.com/httpdocs/.well-known" "Mozilla/5.0 AppleWebKit/537.36 (KHTML, like Gecko; compatible; GPTBot/1.4; +https://openai.com/gptbot)"
15.235.27.238 - - [11/Jun/2026:04:46:48 +0700] "GET /products/7213493733 HTTP/2" 200 19519 "-" "Mozilla/5.0 (compatible; AhrefsBot/7.0; +http://ahrefs.com/robot/)"
54.39.136.79 - - [11/Jun/2026:04:46:49 +0700] "GET /products/72134282608 HTTP/2" 200 19519 "-" "Mozilla/5.0 (compatible; AhrefsBot/7.0; +http://ahrefs.com/robot/)"
51.222.95.210 - - [11/Jun/2026:04:46:49 +0700] "GET /products/7213483819 HTTP/2" 200 19743 "-" "Mozilla/5.0 (compatible; AhrefsBot/7.0; +http://ahrefs.com/robot/)"
74.7.227.12 - - [11/Jun/2026:04:46:49 +0700] "GET /san-pham/may-han-mig-model-mig500-j8110-jasic/ HTTP/2" 200 64172 "https://www.pemco.com.vn/wp-sitemap-posts-product-1.xml" "Mozilla/5.0 AppleWebKit/537.36 (KHTML, like Gecko; compatible; GPTBot/1.4; +https://openai.com/gptbot)"
148.113.130.114 - - [11/Jun/2026:04:46:52 +0700] "GET /products/7213452898 HTTP/2" 200 19519 "-" "Mozilla/5.0 (compatible; AhrefsBot/7.0; +http://ahrefs.com/robot/)"
51.222.168.193 - - [11/Jun/2026:04:46:52 +0700] "GET /products/72134281901 HTTP/2" 200 19519 "-" "Mozilla/5.0 (compatible; AhrefsBot/7.0; +http://ahrefs.com/robot/)"
54.39.210.228 - - [11/Jun/2026:04:46:51 +0700] "GET /products/7213474304 HTTP/2" 200 19519 "-" "Mozilla/5.0 (compatible; AhrefsBot/7.0; +http://ahrefs.com/robot/)"
74.7.243.201 - - [11/Jun/2026:04:46:50 +0700] "GET /danh-muc-san-pham/may-cam-tay/may-ban-dinh/?path=/var/www/vhosts/dienmaychuyennghiep.com/httpdocs/wordpress HTTP/2" 200 57738 "https://www.dienmaychuyennghiep.com/danh-muc-san-pham/may-cam-tay/may-ban-dinh/" "Mozilla/5.0 AppleWebKit/537.36 (KHTML, like Gecko; compatible; GPTBot/1.4; +https://openai.com/gptbot)"
15.235.96.106 - - [11/Jun/2026:04:46:51 +0700] "GET /products/7213472097 HTTP/2" 200 19519 "-" "Mozilla/5.0 (compatible; AhrefsBot/7.0; +http://ahrefs.com/robot/)"
74.7.243.201 - - [11/Jun/2026:04:46:53 +0700] "GET /danh-muc-san-pham/may-han/may-cut-plasma/?path=/var/www/vhosts/dienmaychuyennghiep.com/httpdocs/wordpress HTTP/2" 200 58014 "https://www.dienmaychuyennghiep.com/danh-muc-san-pham/may-han/may-cut-plasma/" "Mozilla/5.0 AppleWebKit/537.36 (KHTML, like Gecko; compatible; GPTBot/1.4; +https://openai.com/gptbot)"
74.7.227.12 - - [11/Jun/2026:04:46:53 +0700] "GET /danh-muc-san-pham/may-nen-khi/may-nen-khi-chay-bang-dau-diesel/ HTTP/2" 200 57530 "https://www.pemco.com.vn/wp-sitemap-taxonomies-product_cat-1.xml" "Mozilla/5.0 AppleWebKit/537.36 (KHTML, like Gecko; compatible; GPTBot/1.4; +https://openai.com/gptbot)"
54.39.203.101 - - [11/Jun/2026:04:46:56 +0700] "GET /products/72134278825 HTTP/2" 200 19756 "-" "Mozilla/5.0 (compatible; AhrefsBot/7.0; +http://ahrefs.com/robot/)"
216.73.216.144 - - [11/Jun/2026:04:46:59 +0700] "GET /san-pham/may-khoan-duc-be-tong-bosch-gsh-11e/feed/?filesrc=%2Fvar%2Fwww%2Fvhosts%2Fdienmaychuyennghiep.com%2Fhttpdocs%2Fwp-includes%2Fclass-wp-user-request.php&path=%2Fvar%2Fwww%2Fvhosts%2Fdienmaychuyennghiep.com%2Fhttpdocs%2Fwp-includes HTTP/2" 403 370 "-" "Mozilla/5.0 AppleWebKit/537.36 (KHTML, like Gecko; compatible; ClaudeBot/1.0; +claudebot@anthropic.com)"
216.73.216.144 - - [11/Jun/2026:04:46:59 +0700] "GET /tu-khoa-san-pham/may-thoi-khi-dung-pin/?path=%2Fvar%2Fwww%2Fvhosts%2Fdienmaychuyennghiep.com%2Fhttpdocs%2Fwp-includes%2Fjs%2Fmediaelement HTTP/2" 403 370 "-" "Mozilla/5.0 AppleWebKit/537.36 (KHTML, like Gecko; compatible; ClaudeBot/1.0; +claudebot@anthropic.com)"
216.73.216.144 - - [11/Jun/2026:04:46:59 +0700] "GET /san-pham/may-khoan-dung-pin-dcjz2060i/?filesrc=%2Fvar%2Fwww%2Fvhosts%2Fdienmaychuyennghiep.com%2Fhttpdocs%2Fwp-includes%2Ftemplate-loader.php&path=%2Fvar%2Fwww%2Fvhosts%2Fdienmaychuyennghiep.com%2Fhttpdocs%2Fwp-includes HTTP/2" 403 370 "-" "Mozilla/5.0 AppleWebKit/537.36 (KHTML, like Gecko; compatible; ClaudeBot/1.0; +claudebot@anthropic.com)"
216.73.216.144 - - [11/Jun/2026:04:46:59 +0700] "GET /tu-khoa-san-pham/may-thoi-khi-dung-pin/?filesrc=%2Fvar%2Fwww%2Fvhosts%2Fdienmaychuyennghiep.com%2Fhttpdocs%2Fwp-includes%2Fclass-oembed.php&path=%2Fvar%2Fwww%2Fvhosts%2Fdienmaychuyennghiep.com%2Fhttpdocs%2Fwp-includes HTTP/2" 403 370 "-" "Mozilla/5.0 AppleWebKit/537.36 (KHTML, like Gecko; compatible; ClaudeBot/1.0; +claudebot@anthropic.com)"
216.73.216.144 - - [11/Jun/2026:04:46:59 +0700] "GET /san-pham/may-khoan-dung-pin-dcjz2060i/?filesrc=%2Fvar%2Fwww%2Fvhosts%2Fdienmaychuyennghiep.com%2Fhttpdocs%2Fwp-includes%2Fembed.php&path=%2Fvar%2Fwww%2Fvhosts%2Fdienmaychuyennghiep.com%2Fhttpdocs%2Fwp-includes HTTP/2" 403 370 "-" "Mozilla/5.0 AppleWebKit/537.36 (KHTML, like Gecko; compatible; ClaudeBot/1.0; +claudebot@anthropic.com)"
216.73.216.144 - - [11/Jun/2026:04:46:59 +0700] "GET /tu-khoa-san-pham/may-thoi-khi-dung-pin/?path=%2Fvar%2Fwww%2Fvhosts%2Fdienmaychuyennghiep.com%2Fhttpdocs%2Fwp-includes%2Fjs%2Fplupload HTTP/2" 403 370 "-" "Mozilla/5.0 AppleWebKit/537.36 (KHTML, like Gecko; compatible; ClaudeBot/1.0; +claudebot@anthropic.com)"
216.73.216.144 - - [11/Jun/2026:04:46:59 +0700] "GET /tu-khoa-san-pham/may-thoi-khi-dung-pin/?filesrc=%2Fvar%2Fwww%2Fvhosts%2Fdienmaychuyennghiep.com%2Fhttpdocs%2Fwp-includes%2Fclass-wp-hook.php&path=%2Fvar%2Fwww%2Fvhosts%2Fdienmaychuyennghiep.com%2Fhttpdocs%2Fwp-includes HTTP/2" 403 370 "-" "Mozilla/5.0 AppleWebKit/537.36 (KHTML, like Gecko; compatible; ClaudeBot/1.0; +claudebot@anthropic.com)"
216.73.216.144 - - [11/Jun/2026:04:46:59 +0700] "GET /tu-khoa-san-pham/may-thoi-khi-dung-pin/?filesrc=%2Fvar%2Fwww%2Fvhosts%2Fdienmaychuyennghiep.com%2Fhttpdocs%2Fwp-includes%2Fjs%2Fwp-pointer.js&path=%2Fvar%2Fwww%2Fvhosts%2Fdienmaychuyennghiep.com%2Fhttpdocs%2Fwp-includes%2Fjs HTTP/2" 403 370 "-" "Mozilla/5.0 AppleWebKit/537.36 (KHTML, like Gecko; compatible; ClaudeBot/1.0; +claudebot@anthropic.com)"
216.73.216.144 - - [11/Jun/2026:04:46:59 +0700] "GET /tu-khoa-san-pham/may-thoi-khi-dung-pin/?filesrc=%2Fvar%2Fwww%2Fvhosts%2Fdienmaychuyennghiep.com%2Fhttpdocs%2Fwp-includes%2Fclass-wp-user.php&path=%2Fvar%2Fwww%2Fvhosts%2Fdienmaychuyennghiep.com%2Fhttpdocs%2Fwp-includes HTTP/2" 403 370 "-" "Mozilla/5.0 AppleWebKit/537.36 (KHTML, like Gecko; compatible; ClaudeBot/1.0; +claudebot@anthropic.com)"
216.73.216.144 - - [11/Jun/2026:04:46:59 +0700] "GET /san-pham/may-khoan-dung-pin-dcjz2060i/?filesrc=%2Fvar%2Fwww%2Fvhosts%2Fdienmaychuyennghiep.com%2Fhttpdocs%2Fwp-includes%2Fspl-autoload-compat.php&path=%2Fvar%2Fwww%2Fvhosts%2Fdienmaychuyennghiep.com%2Fhttpdocs%2Fwp-includes HTTP/2" 403 370 "-" "Mozilla/5.0 AppleWebKit/537.36 (KHTML, like Gecko; compatible; ClaudeBot/1.0; +claudebot@anthropic.com)"
216.73.216.144 - - [11/Jun/2026:04:46:59 +0700] "GET /san-pham/may-khoan-dung-pin-dcjz2060i/?filesrc=%2Fvar%2Fwww%2Fvhosts%2Fdienmaychuyennghiep.com%2Fhttpdocs%2Fwp-includes%2Fclass-wp-user.php&path=%2Fvar%2Fwww%2Fvhosts%2Fdienmaychuyennghiep.com%2Fhttpdocs%2Fwp-includes HTTP/2" 403 370 "-" "Mozilla/5.0 AppleWebKit/537.36 (KHTML, like Gecko; compatible; ClaudeBot/1.0; +claudebot@anthropic.com)"
216.73.216.144 - - [11/Jun/2026:04:46:59 +0700] "GET /san-pham/may-khoan-dung-pin-dcjz2060i/?filesrc=%2Fvar%2Fwww%2Fvhosts%2Fdienmaychuyennghiep.com%2Fhttpdocs%2Fwp-includes%2Fclass-wp-hook.php&path=%2Fvar%2Fwww%2Fvhosts%2Fdienmaychuyennghiep.com%2Fhttpdocs%2Fwp-includes HTTP/2" 403 370 "-" "Mozilla/5.0 AppleWebKit/537.36 (KHTML, like Gecko; compatible; ClaudeBot/1.0; +claudebot@anthropic.com)"
216.73.216.144 - - [11/Jun/2026:04:46:59 +0700] "GET /danh-muc-san-pham/music/albums/feed/?path=%2Fvar%2Fwww%2Fvhosts%2Fdienmaychuyennghiep.com%2Fhttpdocs%2Fwp-content%2Fplugins%2Fwoocommerce%2Fincludes%2Fimport HTTP/2" 403 370 "-" "Mozilla/5.0 AppleWebKit/537.36 (KHTML, like Gecko; compatible; ClaudeBot/1.0; +claudebot@anthropic.com)"
216.73.216.144 - - [11/Jun/2026:04:46:59 +0700] "GET /san-pham/may-khoan-dung-pin-dcjz2060i/?path=%2Fvar%2Fwww%2Fvhosts%2Fdienmaychuyennghiep.com%2Fhttpdocs%2Fwp-includes%2Fjs HTTP/2" 403 370 "-" "Mozilla/5.0 AppleWebKit/537.36 (KHTML, like Gecko; compatible; ClaudeBot/1.0; +claudebot@anthropic.com)"
216.73.216.144 - - [11/Jun/2026:04:46:59 +0700] "GET /danh-muc-san-pham/music/albums/feed/?path=%2Fvar%2Fwww%2Fvhosts%2Fdienmaychuyennghiep.com%2Fhttpdocs%2Fwp-content%2Fplugins%2Fwoocommerce%2Fsrc%2FCheckout HTTP/2" 403 370 "-" "Mozilla/5.0 AppleWebKit/537.36 (KHTML, like Gecko; compatible; ClaudeBot/1.0; +claudebot@anthropic.com)"
216.73.216.144 - - [11/Jun/2026:04:46:59 +0700] "GET /tu-khoa-san-pham/may-thoi-khi-dung-pin/?filesrc=%2Fvar%2Fwww%2Fvhosts%2Fdienmaychuyennghiep.com%2Fhttpdocs%2Fwp-content%2Fplugins%2Findex.php&path=%2Fvar%2Fwww%2Fvhosts%2Fdienmaychuyennghiep.com%2Fhttpdocs%2Fwp-content%2Fplugins HTTP/2" 403 370 "-" "Mozilla/5.0 AppleWebKit/537.36 (KHTML, like Gecko; compatible; ClaudeBot/1.0; +claudebot@anthropic.com)"
74.7.227.12 - - [11/Jun/2026:04:46:56 +0700] "GET /san-pham/may-cua-da-goc-truot-makita-ls1219l/ HTTP/2" 200 63164 "https://www.pemco.com.vn/wp-sitemap-posts-product-1.xml" "Mozilla/5.0 AppleWebKit/537.36 (KHTML, like Gecko; compatible; GPTBot/1.4; +https://openai.com/gptbot)"
74.7.243.201 - - [11/Jun/2026:04:46:56 +0700] "GET /tu-khoa-san-pham/may-khoan-dong-luc-dung-pin/?filesrc=/var/www/vhosts/dienmaychuyennghiep.com/bin/tar&path=/var/www/vhosts/dienmaychuyennghiep.com/bin HTTP/2" 200 254241 "https://www.dienmaychuyennghiep.com/tu-khoa-san-pham/may-khoan-dong-luc-dung-pin/?path=/var/www/vhosts/dienmaychuyennghiep.com/bin" "Mozilla/5.0 AppleWebKit/537.36 (KHTML, like Gecko; compatible; GPTBot/1.4; +https://openai.com/gptbot)"
216.73.216.144 - - [11/Jun/2026:04:47:00 +0700] "GET /danh-muc-san-pham/music/albums/feed/?path=%2Fvar%2Fwww%2Fvhosts%2Fdienmaychuyennghiep.com%2Fhttpdocs%2Fwp-content%2Fplugins%2Fwoocommerce%2Fincludes%2Fblocks HTTP/2" 403 370 "-" "Mozilla/5.0 AppleWebKit/537.36 (KHTML, like Gecko; compatible; ClaudeBot/1.0; +claudebot@anthropic.com)"
216.73.216.144 - - [11/Jun/2026:04:47:00 +0700] "GET /tu-khoa-san-pham/may-thoi-khi-dung-pin/?filesrc=%2Fvar%2Fwww%2Fvhosts%2Fdienmaychuyennghiep.com%2Fhttpdocs%2Fwp-includes%2Fclass-wp-block-editor-context.php&path=%2Fvar%2Fwww%2Fvhosts%2Fdienmaychuyennghiep.com%2Fhttpdocs%2Fwp-includes HTTP/2" 403 370 "-" "Mozilla/5.0 AppleWebKit/537.36 (KHTML, like Gecko; compatible; ClaudeBot/1.0; +claudebot@anthropic.com)"
216.73.216.144 - - [11/Jun/2026:04:47:00 +0700] "GET /tu-khoa-san-pham/may-thoi-khi-dung-pin/?filesrc=%2Fvar%2Fwww%2Fvhosts%2Fdienmaychuyennghiep.com%2Fhttpdocs%2Fwp-includes%2Fclass-json.php&path=%2Fvar%2Fwww%2Fvhosts%2Fdienmaychuyennghiep.com%2Fhttpdocs%2Fwp-includes HTTP/2" 403 370 "-" "Mozilla/5.0 AppleWebKit/537.36 (KHTML, like Gecko; compatible; ClaudeBot/1.0; +claudebot@anthropic.com)"
216.73.216.144 - - [11/Jun/2026:04:47:00 +0700] "GET /danh-muc-san-pham/music/albums/feed/?path=%2Fvar%2Fwww%2Fvhosts%2Fdienmaychuyennghiep.com%2Fhttpdocs%2Fwp-content%2Fplugins%2Fwoocommerce%2Fincludes%2Femails HTTP/2" 403 370 "-" "Mozilla/5.0 AppleWebKit/537.36 (KHTML, like Gecko; compatible; ClaudeBot/1.0; +claudebot@anthropic.com)"
216.73.216.144 - - [11/Jun/2026:04:47:00 +0700] "GET /san-pham/may-khoan-dung-pin-dcjz2060i/?filesrc=%2Fvar%2Fwww%2Fvhosts%2Fdienmaychuyennghiep.com%2Fhttpdocs%2Fwp-includes%2Fclass-wp-block-editor-context.php&path=%2Fvar%2Fwww%2Fvhosts%2Fdienmaychuyennghiep.com%2Fhttpdocs%2Fwp-includes HTTP/2" 403 370 "-" "Mozilla/5.0 AppleWebKit/537.36 (KHTML, like Gecko; compatible; ClaudeBot/1.0; +claudebot@anthropic.com)"
216.73.216.144 - - [11/Jun/2026:04:47:00 +0700] "GET /san-pham/may-khoan-dung-pin-dcjz2060i/?filesrc=%2Fvar%2Fwww%2Fvhosts%2Fdienmaychuyennghiep.com%2Fhttpdocs%2Fwp-includes%2Fclass-json.php&path=%2Fvar%2Fwww%2Fvhosts%2Fdienmaychuyennghiep.com%2Fhttpdocs%2Fwp-includes HTTP/2" 403 370 "-" "Mozilla/5.0 AppleWebKit/537.36 (KHTML, like Gecko; compatible; ClaudeBot/1.0; +claudebot@anthropic.com)"
216.73.216.144 - - [11/Jun/2026:04:47:00 +0700] "GET /tu-khoa-san-pham/may-thoi-khi-dung-pin/?filesrc=%2Fvar%2Fwww%2Fvhosts%2Fdienmaychuyennghiep.com%2Fhttpdocs%2Fwp-includes%2Fquery.php&path=%2Fvar%2Fwww%2Fvhosts%2Fdienmaychuyennghiep.com%2Fhttpdocs%2Fwp-includes HTTP/2" 403 370 "-" "Mozilla/5.0 AppleWebKit/537.36 (KHTML, like Gecko; compatible; ClaudeBot/1.0; +claudebot@anthropic.com)"
74.7.227.12 - - [11/Jun/2026:04:46:59 +0700] "GET /?p=2193 HTTP/2" 200 19743 "https://www.pemco.com.vn/san-pham/may-khoan-sat-toc-do-cao-makita-dp4010/" "Mozilla/5.0 AppleWebKit/537.36 (KHTML, like Gecko; compatible; GPTBot/1.4; +https://openai.com/gptbot)"
51.222.95.102 - - [11/Jun/2026:04:47:00 +0700] "GET /products/72134278411 HTTP/2" 200 19519 "-" "Mozilla/5.0 (compatible; AhrefsBot/7.0; +http://ahrefs.com/robot/)"
216.73.216.144 - - [11/Jun/2026:04:46:59 +0700] "GET /san-pham/may-khoan-dung-pin-dcjz2060i/?filesrc=%2Fvar%2Fwww%2Fvhosts%2Fdienmaychuyennghiep.com%2Fhttpdocs%2Fwp-includes%2Fclass-oembed.php&path=%2Fvar%2Fwww%2Fvhosts%2Fdienmaychuyennghiep.com%2Fhttpdocs%2Fwp-includes HTTP/2" 200 61532 "-" "Mozilla/5.0 AppleWebKit/537.36 (KHTML, like Gecko; compatible; ClaudeBot/1.0; +claudebot@anthropic.com)"
74.7.243.201 - - [11/Jun/2026:04:47:00 +0700] "GET /danh-muc-san-pham/may-cam-tay/may-cha-nham-rung/?path=/var/www/vhosts/dienmaychuyennghiep.com/.composer/cache/files HTTP/2" 200 58133 "https://www.dienmaychuyennghiep.com/danh-muc-san-pham/may-cam-tay/may-cha-nham-rung/?path=/var/www/vhosts/dienmaychuyennghiep.com/.composer/cache" "Mozilla/5.0 AppleWebKit/537.36 (KHTML, like Gecko; compatible; GPTBot/1.4; +https://openai.com/gptbot)"
74.7.227.12 - - [11/Jun/2026:04:47:02 +0700] "GET /?p=6727 HTTP/2" 200 19743 "https://www.pemco.com.vn/san-pham/may-han-mig-hong-ky-master-hkmig250s-3/" "Mozilla/5.0 AppleWebKit/537.36 (KHTML, like Gecko; compatible; GPTBot/1.4; +https://openai.com/gptbot)"
51.222.95.122 - - [11/Jun/2026:04:47:02 +0700] "GET /products/7213427691 HTTP/2" 200 19743 "-" "Mozilla/5.0 (compatible; AhrefsBot/7.0; +http://ahrefs.com/robot/)"
74.7.227.12 - - [11/Jun/2026:04:47:04 +0700] "GET /?p=8786 HTTP/2" 200 19519 "https://www.pemco.com.vn/san-pham/may-siet-bu-long-dung-pin-dartek-a7-560-2/" "Mozilla/5.0 AppleWebKit/537.36 (KHTML, like Gecko; compatible; GPTBot/1.4; +https://openai.com/gptbot)"
130.94.223.116 - - [11/Jun/2026:04:47:06 +0700] "GET /wp-content/uploads/2025/07/1633317100_DSM-230A-247x296.jpg HTTP/2" 200 65025 "https://dienmaychuyennghiep.com/san-pham/may-mai-goc-dsm230a/" "Mozilla/5.0 (Macintosh; Intel Mac OS X 10_15_7) AppleWebKit/537.36 (KHTML, like Gecko) Chrome/130.0.0.0 Safari/537.36"
74.7.243.201 - - [11/Jun/2026:04:47:03 +0700] "GET /danh-muc-san-pham/nang-ha-phu-tro/xe-day-hang/?path=/var/www/vhosts/dienmaychuyennghiep.com/.composer/cache/files HTTP/2" 200 57706 "https://www.dienmaychuyennghiep.com/danh-muc-san-pham/nang-ha-phu-tro/xe-day-hang/?path=/var/www/vhosts/dienmaychuyennghiep.com/.composer/cache" "Mozilla/5.0 AppleWebKit/537.36 (KHTML, like Gecko; compatible; GPTBot/1.4; +https://openai.com/gptbot)"
54.39.210.212 - - [11/Jun/2026:04:47:04 +0700] "GET /products/721342769 HTTP/2" 200 19519 "-" "Mozilla/5.0 (compatible; AhrefsBot/7.0; +http://ahrefs.com/robot/)"
74.7.227.12 - - [11/Jun/2026:04:47:05 +0700] "GET /?p=8792 HTTP/2" 200 19743 "https://www.pemco.com.vn/san-pham/may-khoan-be-tong-dung-pin-dartek-20-28-2/" "Mozilla/5.0 AppleWebKit/537.36 (KHTML, like Gecko; compatible; GPTBot/1.4; +https://openai.com/gptbot)"
74.7.227.12 - - [11/Jun/2026:04:47:07 +0700] "GET /wp-content/uploads/2025/10/Screenshot_15-10-2025_94712_dartek.com_.vn_-247x296.jpeg HTTP/2" 200 6788 "https://www.pemco.com.vn/san-pham/may-siet-bu-long-dung-pin-dartek-a7-560-2/" "Mozilla/5.0 AppleWebKit/537.36 (KHTML, like Gecko; compatible; GPTBot/1.4; +https://openai.com/gptbot)"
74.7.227.12 - - [11/Jun/2026:04:47:07 +0700] "GET /?p=8473 HTTP/2" 200 19756 "https://www.pemco.com.vn/san-pham/may-khoan-dung-pin-dewalt-dcd999n-b1/" "Mozilla/5.0 AppleWebKit/537.36 (KHTML, like Gecko; compatible; GPTBot/1.4; +https://openai.com/gptbot)"
74.7.243.201 - - [11/Jun/2026:04:47:06 +0700] "GET /danh-muc-san-pham/may-cam-tay/may-ghep-mong/?path=/var/www/vhosts/dienmaychuyennghiep.com/httpdocs/wordpress HTTP/2" 200 55979 "https://www.dienmaychuyennghiep.com/danh-muc-san-pham/may-cam-tay/may-ghep-mong/" "Mozilla/5.0 AppleWebKit/537.36 (KHTML, like Gecko; compatible; GPTBot/1.4; +https://openai.com/gptbot)"
74.7.227.12 - - [11/Jun/2026:04:47:09 +0700] "GET /?p=6394 HTTP/2" 200 19519 "https://www.pemco.com.vn/san-pham/may-han-mig-nb270d-j346-dau-lien-jasic/" "Mozilla/5.0 AppleWebKit/537.36 (KHTML, like Gecko; compatible; GPTBot/1.4; +https://openai.com/gptbot)"
142.44.225.226 - - [11/Jun/2026:04:47:09 +0700] "GET /products/72134275929 HTTP/2" 200 19519 "-" "Mozilla/5.0 (compatible; AhrefsBot/7.0; +http://ahrefs.com/robot/)"
74.7.243.201 - - [11/Jun/2026:04:47:10 +0700] "GET /danh-muc-san-pham/nang-ha-phu-tro/xe-day-hang/?path=/var/www/vhosts/dienmaychuyennghiep.com/httpdocs/wordpress HTTP/2" 200 57898 "https://www.dienmaychuyennghiep.com/danh-muc-san-pham/nang-ha-phu-tro/xe-day-hang/" "Mozilla/5.0 AppleWebKit/537.36 (KHTML, like Gecko; compatible; GPTBot/1.4; +https://openai.com/gptbot)"
74.7.227.12 - - [11/Jun/2026:04:47:10 +0700] "GET /?p=6434 HTTP/2" 200 19519 "https://www.pemco.com.vn/san-pham/may-han-mig-model-mig350-j1601-jasic/" "Mozilla/5.0 AppleWebKit/537.36 (KHTML, like Gecko; compatible; GPTBot/1.4; +https://openai.com/gptbot)"
38.30.253.69 - - [11/Jun/2026:04:47:04 +0700] "GET /wp-content/uploads/2024/07/M6001B-4-510x510.png HTTP/1.1" 200 190186 "-" "Mozilla/5.0 (compatible; crawler)"
142.44.233.216 - - [11/Jun/2026:04:47:12 +0700] "GET /products/72134272934 HTTP/2" 200 19519 "-" "Mozilla/5.0 (compatible; AhrefsBot/7.0; +http://ahrefs.com/robot/)"
74.7.227.12 - - [11/Jun/2026:04:47:12 +0700] "GET /?p=6453 HTTP/2" 200 19519 "https://www.pemco.com.vn/san-pham/may-han-mig-model-mig500-j8110-jasic/" "Mozilla/5.0 AppleWebKit/537.36 (KHTML, like Gecko; compatible; GPTBot/1.4; +https://openai.com/gptbot)"
74.7.227.12 - - [11/Jun/2026:04:47:13 +0700] "GET /wp-content/uploads/2025/10/Screenshot_15-10-2025_101650_dartek.com_.vn_-247x291.jpeg HTTP/2" 200 13805 "https://www.pemco.com.vn/san-pham/may-siet-bu-long-dung-pin-dartek-a7-560-2/" "Mozilla/5.0 AppleWebKit/537.36 (KHTML, like Gecko; compatible; GPTBot/1.4; +https://openai.com/gptbot)"
142.44.233.67 - - [11/Jun/2026:04:47:13 +0700] "GET /products/79033201474 HTTP/2" 200 19756 "-" "Mozilla/5.0 (compatible; AhrefsBot/7.0; +http://ahrefs.com/robot/)"
15.235.96.129 - - [11/Jun/2026:04:47:14 +0700] "GET /products/79033187650 HTTP/2" 200 19519 "-" "Mozilla/5.0 (compatible; AhrefsBot/7.0; +http://ahrefs.com/robot/)"
74.7.243.201 - - [11/Jun/2026:04:47:13 +0700] "GET /danh-muc-san-pham/dung-cu-cam-tay/uon-cat-ong/?path=/var/www/vhosts/dienmaychuyennghiep.com/.composer/cache HTTP/2" 200 54865 "https://www.dienmaychuyennghiep.com/danh-muc-san-pham/dung-cu-cam-tay/uon-cat-ong/?path=/var/www/vhosts/dienmaychuyennghiep.com/.composer" "Mozilla/5.0 AppleWebKit/537.36 (KHTML, like Gecko; compatible; GPTBot/1.4; +https://openai.com/gptbot)"
216.73.216.144 - - [11/Jun/2026:04:47:18 +0700] "GET /danh-muc-san-pham/music/albums/feed/?path=%2Fvar%2Fwww%2Fvhosts%2Fdienmaychuyennghiep.com%2Fhttpdocs%2Fwp-content%2Fplugins%2Fwordpress-seo%2Fimages%2Fsupport HTTP/2" 403 370 "-" "Mozilla/5.0 AppleWebKit/537.36 (KHTML, like Gecko; compatible; ClaudeBot/1.0; +claudebot@anthropic.com)"
216.73.216.144 - - [11/Jun/2026:04:47:18 +0700] "GET /san-pham/may-khoan-dung-pin-dcjz2060i/?filesrc=%2Fvar%2Fwww%2Fvhosts%2Fdienmaychuyennghiep.com%2Fhttpdocs%2Fwp-includes%2Fclass-wp-http-response.php&path=%2Fvar%2Fwww%2Fvhosts%2Fdienmaychuyennghiep.com%2Fhttpdocs%2Fwp-includes HTTP/2" 403 370 "-" "Mozilla/5.0 AppleWebKit/537.36 (KHTML, like Gecko; compatible; ClaudeBot/1.0; +claudebot@anthropic.com)"
216.73.216.144 - - [11/Jun/2026:04:47:18 +0700] "GET /tu-khoa-san-pham/may-thoi-khi-dung-pin/?filesrc=%2Fvar%2Fwww%2Fvhosts%2Fdienmaychuyennghiep.com%2Fhttpdocs%2Fwp-includes%2Ffunctions.wp-styles.php&path=%2Fvar%2Fwww%2Fvhosts%2Fdienmaychuyennghiep.com%2Fhttpdocs%2Fwp-includes HTTP/2" 403 370 "-" "Mozilla/5.0 AppleWebKit/537.36 (KHTML, like Gecko; compatible; ClaudeBot/1.0; +claudebot@anthropic.com)"
216.73.216.144 - - [11/Jun/2026:04:47:18 +0700] "GET /tu-khoa-san-pham/may-thoi-khi-dung-pin/?filesrc=%2Fvar%2Fwww%2Fvhosts%2Fdienmaychuyennghiep.com%2Fhttpdocs%2Fwp-includes%2Fjs%2Fapi-request.min.js&path=%2Fvar%2Fwww%2Fvhosts%2Fdienmaychuyennghiep.com%2Fhttpdocs%2Fwp-includes%2Fjs HTTP/2" 403 370 "-" "Mozilla/5.0 AppleWebKit/537.36 (KHTML, like Gecko; compatible; ClaudeBot/1.0; +claudebot@anthropic.com)"
216.73.216.144 - - [11/Jun/2026:04:47:18 +0700] "GET /san-pham/may-khoan-dung-pin-dcjz2060i/?filesrc=%2Fvar%2Fwww%2Fvhosts%2Fdienmaychuyennghiep.com%2Fhttpdocs%2Fwp-includes%2Fclass.wp-dependencies.php&path=%2Fvar%2Fwww%2Fvhosts%2Fdienmaychuyennghiep.com%2Fhttpdocs%2Fwp-includes HTTP/2" 403 370 "-" "Mozilla/5.0 AppleWebKit/537.36 (KHTML, like Gecko; compatible; ClaudeBot/1.0; +claudebot@anthropic.com)"
216.73.216.144 - - [11/Jun/2026:04:47:18 +0700] "GET /san-pham/may-khoan-dung-pin-dcjz2060i/?filesrc=%2Fvar%2Fwww%2Fvhosts%2Fdienmaychuyennghiep.com%2Fhttpdocs%2Fwp-includes%2Fclass-requests.php&path=%2Fvar%2Fwww%2Fvhosts%2Fdienmaychuyennghiep.com%2Fhttpdocs%2Fwp-includes HTTP/2" 403 370 "-" "Mozilla/5.0 AppleWebKit/537.36 (KHTML, like Gecko; compatible; ClaudeBot/1.0; +claudebot@anthropic.com)"
216.73.216.144 - - [11/Jun/2026:04:47:18 +0700] "GET /tu-khoa-san-pham/may-thoi-khi-dung-pin/?filesrc=%2Fvar%2Fwww%2Fvhosts%2Fdienmaychuyennghiep.com%2Fhttpdocs%2Fwp-includes%2Fclass.wp-styles.php&path=%2Fvar%2Fwww%2Fvhosts%2Fdienmaychuyennghiep.com%2Fhttpdocs%2Fwp-includes HTTP/2" 403 370 "-" "Mozilla/5.0 AppleWebKit/537.36 (KHTML, like Gecko; compatible; ClaudeBot/1.0; +claudebot@anthropic.com)"
216.73.216.144 - - [11/Jun/2026:04:47:18 +0700] "GET /tu-khoa-san-pham/may-thoi-khi-dung-pin/?filesrc=%2Fvar%2Fwww%2Fvhosts%2Fdienmaychuyennghiep.com%2Fhttpdocs%2Fwp-includes%2Fclass-wp-http-response.php&path=%2Fvar%2Fwww%2Fvhosts%2Fdienmaychuyennghiep.com%2Fhttpdocs%2Fwp-includes HTTP/2" 403 370 "-" "Mozilla/5.0 AppleWebKit/537.36 (KHTML, like Gecko; compatible; ClaudeBot/1.0; +claudebot@anthropic.com)"
216.73.216.144 - - [11/Jun/2026:04:47:18 +0700] "GET /san-pham/may-khoan-dung-pin-dcjz2060i/?filesrc=%2Fvar%2Fwww%2Fvhosts%2Fdienmaychuyennghiep.com%2Fhttpdocs%2Fwp-includes%2Fclass.wp-styles.php&path=%2Fvar%2Fwww%2Fvhosts%2Fdienmaychuyennghiep.com%2Fhttpdocs%2Fwp-includes HTTP/2" 403 370 "-" "Mozilla/5.0 AppleWebKit/537.36 (KHTML, like Gecko; compatible; ClaudeBot/1.0; +claudebot@anthropic.com)"
216.73.216.144 - - [11/Jun/2026:04:47:18 +0700] "GET /danh-muc-san-pham/music/albums/feed/?filesrc=%2Fvar%2Fwww%2Fvhosts%2Fdienmaychuyennghiep.com%2Fhttpdocs%2Fwp-content%2Fwflogs%2Fattack-data.php&path=%2Fvar%2Fwww%2Fvhosts%2Fdienmaychuyennghiep.com%2Fhttpdocs%2Fwp-content%2Fwflogs HTTP/2" 403 370 "-" "Mozilla/5.0 AppleWebKit/537.36 (KHTML, like Gecko; compatible; ClaudeBot/1.0; +claudebot@anthropic.com)"
216.73.216.144 - - [11/Jun/2026:04:47:18 +0700] "GET /tu-khoa-san-pham/may-thoi-khi-dung-pin/?filesrc=%2Fvar%2Fwww%2Fvhosts%2Fdienmaychuyennghiep.com%2Fhttpdocs%2Fwp-includes%2Ffeed-atom-comments.php&path=%2Fvar%2Fwww%2Fvhosts%2Fdienmaychuyennghiep.com%2Fhttpdocs%2Fwp-includes HTTP/2" 403 370 "-" "Mozilla/5.0 AppleWebKit/537.36 (KHTML, like Gecko; compatible; ClaudeBot/1.0; +claudebot@anthropic.com)"
216.73.216.144 - - [11/Jun/2026:04:47:18 +0700] "GET /san-pham/may-khoan-dung-pin-dcjz2060i/?filesrc=%2Fvar%2Fwww%2Fvhosts%2Fdienmaychuyennghiep.com%2Fhttpdocs%2Fwp-includes%2Ffunctions.wp-styles.php&path=%2Fvar%2Fwww%2Fvhosts%2Fdienmaychuyennghiep.com%2Fhttpdocs%2Fwp-includes HTTP/2" 403 370 "-" "Mozilla/5.0 AppleWebKit/537.36 (KHTML, like Gecko; compatible; ClaudeBot/1.0; +claudebot@anthropic.com)"
216.73.216.144 - - [11/Jun/2026:04:47:18 +0700] "GET /danh-muc-san-pham/music/albums/feed/?path=%2Fvar%2Fwww%2Fvhosts%2Fdienmaychuyennghiep.com%2Fhttpdocs%2Fwp-content%2Fplugins%2Fwoocommerce%2Fincludes%2Fgateways HTTP/2" 403 370 "-" "Mozilla/5.0 AppleWebKit/537.36 (KHTML, like Gecko; compatible; ClaudeBot/1.0; +claudebot@anthropic.com)"
216.73.216.144 - - [11/Jun/2026:04:47:18 +0700] "GET /san-pham/may-khoan-dung-pin-dcjz2060i/?filesrc=%2Fvar%2Fwww%2Fvhosts%2Fdienmaychuyennghiep.com%2Fhttpdocs%2Fwp-includes%2Ffeed-atom-comments.php&path=%2Fvar%2Fwww%2Fvhosts%2Fdienmaychuyennghiep.com%2Fhttpdocs%2Fwp-includes HTTP/2" 403 370 "-" "Mozilla/5.0 AppleWebKit/537.36 (KHTML, like Gecko; compatible; ClaudeBot/1.0; +claudebot@anthropic.com)"
216.73.216.144 - - [11/Jun/2026:04:47:19 +0700] "GET /tu-khoa-san-pham/may-thoi-khi-dung-pin/?filesrc=%2Fvar%2Fwww%2Fvhosts%2Fdienmaychuyennghiep.com%2Fhttpdocs%2Fwp-includes%2Fclass-wp-http-requests-hooks.php&path=%2Fvar%2Fwww%2Fvhosts%2Fdienmaychuyennghiep.com%2Fhttpdocs%2Fwp-includes HTTP/2" 403 370 "-" "Mozilla/5.0 AppleWebKit/537.36 (KHTML, like Gecko; compatible; ClaudeBot/1.0; +claudebot@anthropic.com)"
51.222.95.182 - - [11/Jun/2026:04:47:14 +0700] "GET /products/79033177867 HTTP/2" 200 19756 "-" "Mozilla/5.0 (compatible; AhrefsBot/7.0; +http://ahrefs.com/robot/)"
216.73.216.144 - - [11/Jun/2026:04:47:19 +0700] "GET /san-pham/may-khoan-dung-pin-dcjz2060i/?filesrc=%2Fvar%2Fwww%2Fvhosts%2Fdienmaychuyennghiep.com%2Fhttpdocs%2Fwp-includes%2Fclass-wp-http-requests-hooks.php&path=%2Fvar%2Fwww%2Fvhosts%2Fdienmaychuyennghiep.com%2Fhttpdocs%2Fwp-includes HTTP/2" 403 370 "-" "Mozilla/5.0 AppleWebKit/537.36 (KHTML, like Gecko; compatible; ClaudeBot/1.0; +claudebot@anthropic.com)"
